74.7.243.215 - - [03/Mar/2026:09:06:06 +0000] "GET /whsy.php?p=%2Fproc%2F24527 HTTP/2.0" 200 861 "https://sparxnovate.net.lab2454.com/whsy.php?p=%2Fproc%2F31869%2F.." "Mozilla/5.0 AppleWebKit/537.36 (KHTML, like Gecko; compatible; GPTBot/1.3; +https://openai.com/gptbot)"
74.7.241.36 - - [03/Mar/2026:09:06:07 +0000] "GET /whsy.php?e=autogroup&p=%2Fproc%2F31877 HTTP/2.0" 200 2004 "https://www.sparxnovate.net.lab2454.com/whsy.php?p=%2Fproc%2F31877" "Mozilla/5.0 AppleWebKit/537.36 (KHTML, like Gecko; compatible; GPTBot/1.3; +https://openai.com/gptbot)"
74.7.243.215 - - [03/Mar/2026:09:06:14 +0000] "GET /whsy.php?p=%2Fproc%2F21475 HTTP/2.0" 200 861 "https://sparxnovate.net.lab2454.com/whsy.php?e=12358&p=%2Fproc" "Mozilla/5.0 AppleWebKit/537.36 (KHTML, like Gecko; compatible; GPTBot/1.3; +https://openai.com/gptbot)"
74.7.241.36 - - [03/Mar/2026:09:06:15 +0000] "GET /whsy.php?e=stat&p=%2Fproc%2F31877 HTTP/2.0" 200 2103 "https://www.sparxnovate.net.lab2454.com/whsy.php?p=%2Fproc%2F31877" "Mozilla/5.0 AppleWebKit/537.36 (KHTML, like Gecko; compatible; GPTBot/1.3; +https://openai.com/gptbot)"
74.7.243.215 - - [03/Mar/2026:09:06:22 +0000] "GET /whsy.php?p=%2Fproc%2F25824 HTTP/2.0" 200 861 "https://sparxnovate.net.lab2454.com/whsy.php?e=18862&p=%2Fproc" "Mozilla/5.0 AppleWebKit/537.36 (KHTML, like Gecko; compatible; GPTBot/1.3; +https://openai.com/gptbot)"
74.7.241.36 - - [03/Mar/2026:09:06:24 +0000] "GET /whsy.php?e=gid_map&p=%2Fproc%2F31877 HTTP/2.0" 200 2026 "https://www.sparxnovate.net.lab2454.com/whsy.php?p=%2Fproc%2F31877" "Mozilla/5.0 AppleWebKit/537.36 (KHTML, like Gecko; compatible; GPTBot/1.3; +https://openai.com/gptbot)"
74.7.243.215 - - [03/Mar/2026:09:06:31 +0000] "GET /whsy.php?p=%2Fproc%2F28065 HTTP/2.0" 200 861 "https://sparxnovate.net.lab2454.com/whsy.php?e=21033&p=%2Fproc" "Mozilla/5.0 AppleWebKit/537.36 (KHTML, like Gecko; compatible; GPTBot/1.3; +https://openai.com/gptbot)"
74.7.241.36 - - [03/Mar/2026:09:06:32 +0000] "GET /whsy.php?e=uid_map&p=%2Fproc%2F31877 HTTP/2.0" 200 2023 "https://www.sparxnovate.net.lab2454.com/whsy.php?p=%2Fproc%2F31877" "Mozilla/5.0 AppleWebKit/537.36 (KHTML, like Gecko; compatible; GPTBot/1.3; +https://openai.com/gptbot)"
74.7.243.215 - - [03/Mar/2026:09:06:40 +0000] "GET /whsy.php?p=%2Fproc%2F25180 HTTP/2.0" 200 861 "https://sparxnovate.net.lab2454.com/whsy.php?e=17223&p=%2Fproc" "Mozilla/5.0 AppleWebKit/537.36 (KHTML, like Gecko; compatible; GPTBot/1.3; +https://openai.com/gptbot)"
74.7.241.36 - - [03/Mar/2026:09:06:42 +0000] "GET /whsy.php?e=smaps&p=%2Fproc%2F31877 HTTP/2.0" 200 2007 "https://www.sparxnovate.net.lab2454.com/whsy.php?p=%2Fproc%2F31877" "Mozilla/5.0 AppleWebKit/537.36 (KHTML, like Gecko; compatible; GPTBot/1.3; +https://openai.com/gptbot)"
74.7.243.215 - - [03/Mar/2026:09:06:49 +0000] "GET /whsy.php?p=%2Fproc%2F23578 HTTP/2.0" 200 861 "https://sparxnovate.net.lab2454.com/whsy.php?e=16672&p=%2Fproc" "Mozilla/5.0 AppleWebKit/537.36 (KHTML, like Gecko; compatible; GPTBot/1.3; +https://openai.com/gptbot)"
74.7.241.36 - - [03/Mar/2026:09:06:51 +0000] "GET /whsy.php?e=oom_adj&p=%2Fproc%2F31877 HTTP/2.0" 200 2007 "https://www.sparxnovate.net.lab2454.com/whsy.php?p=%2Fproc%2F31877" "Mozilla/5.0 AppleWebKit/537.36 (KHTML, like Gecko; compatible; GPTBot/1.3; +https://openai.com/gptbot)"
74.7.243.215 - - [03/Mar/2026:09:06:58 +0000] "GET /whsy.php?p=%2Fproc%2F31776 HTTP/2.0" 200 861 "https://sparxnovate.net.lab2454.com/whsy.php?e=17238&p=%2Fproc" "Mozilla/5.0 AppleWebKit/537.36 (KHTML, like Gecko; compatible; GPTBot/1.3; +https://openai.com/gptbot)"
74.7.241.36 - - [03/Mar/2026:09:07:00 +0000] "GET /whsy.php?e=ksm_stat&p=%2Fproc%2F31877 HTTP/2.0" 200 1936 "https://www.sparxnovate.net.lab2454.com/whsy.php?p=%2Fproc%2F31877" "Mozilla/5.0 AppleWebKit/537.36 (KHTML, like Gecko; compatible; GPTBot/1.3; +https://openai.com/gptbot)"
74.7.243.215 - - [03/Mar/2026:09:07:07 +0000] "GET /whsy.php?p=%2Fproc%2F30726 HTTP/2.0" 200 861 "https://sparxnovate.net.lab2454.com/whsy.php?e=21763&p=%2Fproc" "Mozilla/5.0 AppleWebKit/537.36 (KHTML, like Gecko; compatible; GPTBot/1.3; +https://openai.com/gptbot)"
74.7.241.36 - - [03/Mar/2026:09:07:08 +0000] "GET /whsy.php?e=oom_score_adj&p=%2Fproc%2F31877 HTTP/2.0" 200 2008 "https://www.sparxnovate.net.lab2454.com/whsy.php?p=%2Fproc%2F31877" "Mozilla/5.0 AppleWebKit/537.36 (KHTML, like Gecko; compatible; GPTBot/1.3; +https://openai.com/gptbot)"
74.7.243.215 - - [03/Mar/2026:09:07:17 +0000] "GET /whsy.php?p=%2Fproc%2F16087 HTTP/2.0" 200 861 "https://sparxnovate.net.lab2454.com/whsy.php?e=8463&p=%2Fproc" "Mozilla/5.0 AppleWebKit/537.36 (KHTML, like Gecko; compatible; GPTBot/1.3; +https://openai.com/gptbot)"
74.7.241.36 - - [03/Mar/2026:09:07:18 +0000] "GET /whsy.php?e=clear_refs&p=%2Fproc%2F31877 HTTP/2.0" 200 1936 "https://www.sparxnovate.net.lab2454.com/whsy.php?p=%2Fproc%2F31877" "Mozilla/5.0 AppleWebKit/537.36 (KHTML, like Gecko; compatible; GPTBot/1.3; +https://openai.com/gptbot)"
74.7.243.215 - - [03/Mar/2026:09:07:26 +0000] "GET /whsy.php?e=mountinfo&p=%2Fproc%2F19541 HTTP/2.0" 200 2950 "https://sparxnovate.net.lab2454.com/whsy.php?p=%2Fproc%2F19541" "Mozilla/5.0 AppleWebKit/537.36 (KHTML, like Gecko; compatible; GPTBot/1.3; +https://openai.com/gptbot)"
74.7.241.36 - - [03/Mar/2026:09:07:28 +0000] "GET /whsy.php?e=comm&p=%2Fproc%2F31877 HTTP/2.0" 200 2020 "https://www.sparxnovate.net.lab2454.com/whsy.php?p=%2Fproc%2F31877" "Mozilla/5.0 AppleWebKit/537.36 (KHTML, like Gecko; compatible; GPTBot/1.3; +https://openai.com/gptbot)"
74.7.243.215 - - [03/Mar/2026:09:07:35 +0000] "GET /whsy.php?e=timerslack_ns&p=%2Fproc%2F19541 HTTP/2.0" 200 2007 "https://sparxnovate.net.lab2454.com/whsy.php?p=%2Fproc%2F19541" "Mozilla/5.0 AppleWebKit/537.36 (KHTML, like Gecko; compatible; GPTBot/1.3; +https://openai.com/gptbot)"
74.7.241.36 - - [03/Mar/2026:09:07:37 +0000] "GET /whsy.php?e=maps&p=%2Fproc%2F31877 HTTP/2.0" 200 2005 "https://www.sparxnovate.net.lab2454.com/whsy.php?p=%2Fproc%2F31877" "Mozilla/5.0 AppleWebKit/537.36 (KHTML, like Gecko; compatible; GPTBot/1.3; +https://openai.com/gptbot)"
74.7.243.215 - - [03/Mar/2026:09:07:44 +0000] "GET /whsy.php?e=statm&p=%2Fproc%2F19541 HTTP/2.0" 200 2034 "https://sparxnovate.net.lab2454.com/whsy.php?p=%2Fproc%2F19541" "Mozilla/5.0 AppleWebKit/537.36 (KHTML, like Gecko; compatible; GPTBot/1.3; +https://openai.com/gptbot)"
74.7.241.36 - - [03/Mar/2026:09:07:45 +0000] "GET /whsy.php?e=cmdline&p=%2Fproc%2F31877 HTTP/2.0" 200 2003 "https://www.sparxnovate.net.lab2454.com/whsy.php?p=%2Fproc%2F31877" "Mozilla/5.0 AppleWebKit/537.36 (KHTML, like Gecko; compatible; GPTBot/1.3; +https://openai.com/gptbot)"
74.7.243.215 - - [03/Mar/2026:09:07:51 +0000] "GET /whsy.php?e=stack&p=%2Fproc%2F19541 HTTP/2.0" 200 1936 "https://sparxnovate.net.lab2454.com/whsy.php?p=%2Fproc%2F19541" "Mozilla/5.0 AppleWebKit/537.36 (KHTML, like Gecko; compatible; GPTBot/1.3; +https://openai.com/gptbot)"
74.7.241.36 - - [03/Mar/2026:09:07:52 +0000] "GET /whsy.php?e=smaps_rollup&p=%2Fproc%2F31877 HTTP/2.0" 200 2009 "https://www.sparxnovate.net.lab2454.com/whsy.php?p=%2Fproc%2F31877" "Mozilla/5.0 AppleWebKit/537.36 (KHTML, like Gecko; compatible; GPTBot/1.3; +https://openai.com/gptbot)"
74.7.243.215 - - [03/Mar/2026:09:07:58 +0000] "GET /whsy.php?e=auxv&p=%2Fproc%2F19541 HTTP/2.0" 200 1936 "https://sparxnovate.net.lab2454.com/whsy.php?p=%2Fproc%2F19541" "Mozilla/5.0 AppleWebKit/537.36 (KHTML, like Gecko; compatible; GPTBot/1.3; +https://openai.com/gptbot)"
74.7.241.36 - - [03/Mar/2026:09:07:59 +0000] "GET /whsy.php?e=timens_offsets&p=%2Fproc%2F31877 HTTP/2.0" 200 2023 "https://www.sparxnovate.net.lab2454.com/whsy.php?p=%2Fproc%2F31877" "Mozilla/5.0 AppleWebKit/537.36 (KHTML, like Gecko; compatible; GPTBot/1.3; +https://openai.com/gptbot)"
74.7.243.215 - - [03/Mar/2026:09:08:07 +0000] "GET /whsy.php?e=wchan&p=%2Fproc%2F19541 HTTP/2.0" 200 2005 "https://sparxnovate.net.lab2454.com/whsy.php?p=%2Fproc%2F19541" "Mozilla/5.0 AppleWebKit/537.36 (KHTML, like Gecko; compatible; GPTBot/1.3; +https://openai.com/gptbot)"
74.7.241.36 - - [03/Mar/2026:09:08:07 +0000] "GET /whsy.php?e=exe&p=%2Fproc%2F31877 HTTP/2.0" 200 1936 "https://www.sparxnovate.net.lab2454.com/whsy.php?p=%2Fproc%2F31877" "Mozilla/5.0 AppleWebKit/537.36 (KHTML, like Gecko; compatible; GPTBot/1.3; +https://openai.com/gptbot)"
74.7.243.215 - - [03/Mar/2026:09:08:14 +0000] "GET /whsy.php?e=autogroup&p=%2Fproc%2F19541 HTTP/2.0" 200 2020 "https://sparxnovate.net.lab2454.com/whsy.php?p=%2Fproc%2F19541" "Mozilla/5.0 AppleWebKit/537.36 (KHTML, like Gecko; compatible; GPTBot/1.3; +https://openai.com/gptbot)"
74.7.241.36 - - [03/Mar/2026:09:08:15 +0000] "GET /whsy.php?e=cwd&p=%2Fproc%2F31877 HTTP/2.0" 200 1936 "https://www.sparxnovate.net.lab2454.com/whsy.php?p=%2Fproc%2F31877" "Mozilla/5.0 AppleWebKit/537.36 (KHTML, like Gecko; compatible; GPTBot/1.3; +https://openai.com/gptbot)"
74.7.243.215 - - [03/Mar/2026:09:08:22 +0000] "GET /whsy.php?e=setgroups&p=%2Fproc%2F19541 HTTP/2.0" 200 2007 "https://sparxnovate.net.lab2454.com/whsy.php?p=%2Fproc%2F19541" "Mozilla/5.0 AppleWebKit/537.36 (KHTML, like Gecko; compatible; GPTBot/1.3; +https://openai.com/gptbot)"
74.7.241.36 - - [03/Mar/2026:09:08:23 +0000] "GET /whsy.php?e=mem&p=%2Fproc%2F31877 HTTP/2.0" 200 1936 "https://www.sparxnovate.net.lab2454.com/whsy.php?p=%2Fproc%2F31877" "Mozilla/5.0 AppleWebKit/537.36 (KHTML, like Gecko; compatible; GPTBot/1.3; +https://openai.com/gptbot)"
74.7.243.215 - - [03/Mar/2026:09:08:29 +0000] "GET /whsy.php?e=sessionid&p=%2Fproc%2F19541 HTTP/2.0" 200 2015 "https://sparxnovate.net.lab2454.com/whsy.php?p=%2Fproc%2F19541" "Mozilla/5.0 AppleWebKit/537.36 (KHTML, like Gecko; compatible; GPTBot/1.3; +https://openai.com/gptbot)"
74.7.241.36 - - [03/Mar/2026:09:08:31 +0000] "GET /whsy.php?e=personality&p=%2Fproc%2F31877 HTTP/2.0" 200 1936 "https://www.sparxnovate.net.lab2454.com/whsy.php?p=%2Fproc%2F31877" "Mozilla/5.0 AppleWebKit/537.36 (KHTML, like Gecko; compatible; GPTBot/1.3; +https://openai.com/gptbot)"
74.7.243.215 - - [03/Mar/2026:09:08:37 +0000] "GET /whsy.php?e=schedstat&p=%2Fproc%2F19541 HTTP/2.0" 200 2032 "https://sparxnovate.net.lab2454.com/whsy.php?p=%2Fproc%2F19541" "Mozilla/5.0 AppleWebKit/537.36 (KHTML, like Gecko; compatible; GPTBot/1.3; +https://openai.com/gptbot)"
74.7.241.36 - - [03/Mar/2026:09:08:39 +0000] "GET /whsy.php?e=sched&p=%2Fproc%2F31877 HTTP/2.0" 200 2458 "https://www.sparxnovate.net.lab2454.com/whsy.php?p=%2Fproc%2F31877" "Mozilla/5.0 AppleWebKit/537.36 (KHTML, like Gecko; compatible; GPTBot/1.3; +https://openai.com/gptbot)"
74.7.243.215 - - [03/Mar/2026:09:08:45 +0000] "GET /whsy.php?e=stat&p=%2Fproc%2F19541 HTTP/2.0" 200 2132 "https://sparxnovate.net.lab2454.com/whsy.php?p=%2Fproc%2F19541" "Mozilla/5.0 AppleWebKit/537.36 (KHTML, like Gecko; compatible; GPTBot/1.3; +https://openai.com/gptbot)"
74.7.241.36 - - [03/Mar/2026:09:08:47 +0000] "GET /whsy.php?e=syscall&p=%2Fproc%2F31877 HTTP/2.0" 200 1936 "https://www.sparxnovate.net.lab2454.com/whsy.php?p=%2Fproc%2F31877" "Mozilla/5.0 AppleWebKit/537.36 (KHTML, like Gecko; compatible; GPTBot/1.3; +https://openai.com/gptbot)"
74.7.243.215 - - [03/Mar/2026:09:08:52 +0000] "GET /whsy.php?e=uid_map&p=%2Fproc%2F19541 HTTP/2.0" 200 2022 "https://sparxnovate.net.lab2454.com/whsy.php?p=%2Fproc%2F19541" "Mozilla/5.0 AppleWebKit/537.36 (KHTML, like Gecko; compatible; GPTBot/1.3; +https://openai.com/gptbot)"
74.7.241.36 - - [03/Mar/2026:09:08:55 +0000] "GET /whsy.php?e=environ&p=%2Fproc%2F31877 HTTP/2.0" 200 1936 "https://www.sparxnovate.net.lab2454.com/whsy.php?p=%2Fproc%2F31877" "Mozilla/5.0 AppleWebKit/537.36 (KHTML, like Gecko; compatible; GPTBot/1.3; +https://openai.com/gptbot)"
74.7.243.215 - - [03/Mar/2026:09:09:00 +0000] "GET /whsy.php?e=gid_map&p=%2Fproc%2F19541 HTTP/2.0" 200 2025 "https://sparxnovate.net.lab2454.com/whsy.php?p=%2Fproc%2F19541" "Mozilla/5.0 AppleWebKit/537.36 (KHTML, like Gecko; compatible; GPTBot/1.3; +https://openai.com/gptbot)"
74.7.241.36 - - [03/Mar/2026:09:09:02 +0000] "GET /whsy.php?p=%2Fproc%2F24213 HTTP/2.0" 200 861 "https://www.sparxnovate.net.lab2454.com/whsy.php?e=14994&p=%2Fproc" "Mozilla/5.0 AppleWebKit/537.36 (KHTML, like Gecko; compatible; GPTBot/1.3; +https://openai.com/gptbot)"
74.7.243.215 - - [03/Mar/2026:09:09:09 +0000] "GET /whsy.php?e=smaps&p=%2Fproc%2F19541 HTTP/2.0" 200 2121 "https://sparxnovate.net.lab2454.com/whsy.php?p=%2Fproc%2F19541" "Mozilla/5.0 AppleWebKit/537.36 (KHTML, like Gecko; compatible; GPTBot/1.3; +https://openai.com/gptbot)"
74.7.241.36 - - [03/Mar/2026:09:09:11 +0000] "GET /whsy.php?p=%2Fproc%2F19131 HTTP/2.0" 200 861 "https://www.sparxnovate.net.lab2454.com/whsy.php?e=8978&p=%2Fproc" "Mozilla/5.0 AppleWebKit/537.36 (KHTML, like Gecko; compatible; GPTBot/1.3; +https://openai.com/gptbot)"
74.7.243.215 - - [03/Mar/2026:09:09:18 +0000] "GET /whsy.php?e=oom_adj&p=%2Fproc%2F19541 HTTP/2.0" 200 2006 "https://sparxnovate.net.lab2454.com/whsy.php?p=%2Fproc%2F19541" "Mozilla/5.0 AppleWebKit/537.36 (KHTML, like Gecko; compatible; GPTBot/1.3; +https://openai.com/gptbot)"
74.7.241.36 - - [03/Mar/2026:09:09:20 +0000] "GET /whsy.php?p=%2Fproc%2F18578 HTTP/2.0" 200 861 "https://www.sparxnovate.net.lab2454.com/whsy.php?p=%2Fproc%2F31861%2F.." "Mozilla/5.0 AppleWebKit/537.36 (KHTML, like Gecko; compatible; GPTBot/1.3; +https://openai.com/gptbot)"
74.7.243.215 - - [03/Mar/2026:09:09:27 +0000] "GET /whsy.php?e=ksm_stat&p=%2Fproc%2F19541 HTTP/2.0" 200 1936 "https://sparxnovate.net.lab2454.com/whsy.php?p=%2Fproc%2F19541" "Mozilla/5.0 AppleWebKit/537.36 (KHTML, like Gecko; compatible; GPTBot/1.3; +https://openai.com/gptbot)"
74.7.241.36 - - [03/Mar/2026:09:09:29 +0000] "GET /whsy.php?p=%2Fproc%2F17367 HTTP/2.0" 200 861 "https://www.sparxnovate.net.lab2454.com/whsy.php?e=7451&p=%2Fproc" "Mozilla/5.0 AppleWebKit/537.36 (KHTML, like Gecko; compatible; GPTBot/1.3; +https://openai.com/gptbot)"
74.7.243.215 - - [03/Mar/2026:09:09:34 +0000] "GET /whsy.php?e=oom_score_adj&p=%2Fproc%2F19541 HTTP/2.0" 200 2008 "https://sparxnovate.net.lab2454.com/whsy.php?p=%2Fproc%2F19541" "Mozilla/5.0 AppleWebKit/537.36 (KHTML, like Gecko; compatible; GPTBot/1.3; +https://openai.com/gptbot)"
74.7.241.36 - - [03/Mar/2026:09:09:36 +0000] "GET /whsy.php?p=%2Fproc%2F21803 HTTP/2.0" 200 861 "https://www.sparxnovate.net.lab2454.com/whsy.php?e=10824&p=%2Fproc" "Mozilla/5.0 AppleWebKit/537.36 (KHTML, like Gecko; compatible; GPTBot/1.3; +https://openai.com/gptbot)"
74.7.243.215 - - [03/Mar/2026:09:09:42 +0000] "GET /whsy.php?e=clear_refs&p=%2Fproc%2F19541 HTTP/2.0" 200 1936 "https://sparxnovate.net.lab2454.com/whsy.php?p=%2Fproc%2F19541" "Mozilla/5.0 AppleWebKit/537.36 (KHTML, like Gecko; compatible; GPTBot/1.3; +https://openai.com/gptbot)"
74.7.241.36 - - [03/Mar/2026:09:09:44 +0000] "GET /whsy.php?p=%2Fproc%2F11455 HTTP/2.0" 200 861 "https://www.sparxnovate.net.lab2454.com/whsy.php?e=2112&p=%2Fproc" "Mozilla/5.0 AppleWebKit/537.36 (KHTML, like Gecko; compatible; GPTBot/1.3; +https://openai.com/gptbot)"
74.7.243.215 - - [03/Mar/2026:09:09:50 +0000] "GET /whsy.php?e=comm&p=%2Fproc%2F19541 HTTP/2.0" 200 2007 "https://sparxnovate.net.lab2454.com/whsy.php?p=%2Fproc%2F19541" "Mozilla/5.0 AppleWebKit/537.36 (KHTML, like Gecko; compatible; GPTBot/1.3; +https://openai.com/gptbot)"
74.7.241.36 - - [03/Mar/2026:09:09:52 +0000] "GET /whsy.php?p=%2Fproc%2F18016 HTTP/2.0" 200 861 "https://www.sparxnovate.net.lab2454.com/whsy.php?p=%2Fproc%2F31848%2F.." "Mozilla/5.0 AppleWebKit/537.36 (KHTML, like Gecko; compatible; GPTBot/1.3; +https://openai.com/gptbot)"
74.7.243.215 - - [03/Mar/2026:09:09:58 +0000] "GET /whsy.php?e=maps&p=%2Fproc%2F19541 HTTP/2.0" 200 2119 "https://sparxnovate.net.lab2454.com/whsy.php?p=%2Fproc%2F19541" "Mozilla/5.0 AppleWebKit/537.36 (KHTML, like Gecko; compatible; GPTBot/1.3; +https://openai.com/gptbot)"
74.7.241.36 - - [03/Mar/2026:09:10:01 +0000] "GET /whsy.php?p=%2Fproc%2F15247 HTTP/2.0" 200 861 "https://www.sparxnovate.net.lab2454.com/whsy.php?e=6905&p=%2Fproc" "Mozilla/5.0 AppleWebKit/537.36 (KHTML, like Gecko; compatible; GPTBot/1.3; +https://openai.com/gptbot)"
74.7.243.215 - - [03/Mar/2026:09:10:06 +0000] "GET /whsy.php?e=cmdline&p=%2Fproc%2F19541 HTTP/2.0" 200 2024 "https://sparxnovate.net.lab2454.com/whsy.php?p=%2Fproc%2F19541" "Mozilla/5.0 AppleWebKit/537.36 (KHTML, like Gecko; compatible; GPTBot/1.3; +https://openai.com/gptbot)"
74.7.241.36 - - [03/Mar/2026:09:10:10 +0000] "GET /whsy.php?p=%2Fproc%2F10140 HTTP/2.0" 200 861 "https://www.sparxnovate.net.lab2454.com/whsy.php?e=2110&p=%2Fproc" "Mozilla/5.0 AppleWebKit/537.36 (KHTML, like Gecko; compatible; GPTBot/1.3; +https://openai.com/gptbot)"
74.7.243.215 - - [03/Mar/2026:09:10:15 +0000] "GET /whsy.php?e=smaps_rollup&p=%2Fproc%2F19541 HTTP/2.0" 200 2120 "https://sparxnovate.net.lab2454.com/whsy.php?p=%2Fproc%2F19541" "Mozilla/5.0 AppleWebKit/537.36 (KHTML, like Gecko; compatible; GPTBot/1.3; +https://openai.com/gptbot)"
74.7.241.36 - - [03/Mar/2026:09:10:19 +0000] "GET /whsy.php?p=%2Fproc%2F12988 HTTP/2.0" 200 861 "https://www.sparxnovate.net.lab2454.com/whsy.php?e=2073&p=%2Fproc" "Mozilla/5.0 AppleWebKit/537.36 (KHTML, like Gecko; compatible; GPTBot/1.3; +https://openai.com/gptbot)"
74.7.243.215 - - [03/Mar/2026:09:10:24 +0000] "GET /whsy.php?e=timens_offsets&p=%2Fproc%2F19541 HTTP/2.0" 200 2022 "https://sparxnovate.net.lab2454.com/whsy.php?p=%2Fproc%2F19541" "Mozilla/5.0 AppleWebKit/537.36 (KHTML, like Gecko; compatible; GPTBot/1.3; +https://openai.com/gptbot)"
74.7.241.36 - - [03/Mar/2026:09:10:27 +0000] "GET /whsy.php?p=%2Fproc%2F18313 HTTP/2.0" 200 861 "https://www.sparxnovate.net.lab2454.com/whsy.php?e=8968&p=%2Fproc" "Mozilla/5.0 AppleWebKit/537.36 (KHTML, like Gecko; compatible; GPTBot/1.3; +https://openai.com/gptbot)"
74.7.244.20 - - [03/Mar/2026:09:10:28 +0000] "GET /robots.txt HTTP/2.0" 404 - "-" "Mozilla/5.0 (Macintosh; Intel Mac OS X 10_15_7) AppleWebKit/537.36 (KHTML, like Gecko) Chrome/131.0.0.0 Safari/537.36; compatible; OAI-SearchBot/1.3; robots.txt; +https://openai.com/searchbot"
74.7.243.215 - - [03/Mar/2026:09:10:32 +0000] "GET /whsy.php?e=mem&p=%2Fproc%2F19541 HTTP/2.0" 200 1936 "https://sparxnovate.net.lab2454.com/whsy.php?p=%2Fproc%2F19541" "Mozilla/5.0 AppleWebKit/537.36 (KHTML, like Gecko; compatible; GPTBot/1.3; +https://openai.com/gptbot)"
74.7.241.36 - - [03/Mar/2026:09:10:38 +0000] "GET /whsy.php?p=%2Fproc%2F29248 HTTP/2.0" 200 861 "https://www.sparxnovate.net.lab2454.com/whsy.php?e=20952&p=%2Fproc" "Mozilla/5.0 AppleWebKit/537.36 (KHTML, like Gecko; compatible; GPTBot/1.3; +https://openai.com/gptbot)"
74.7.243.215 - - [03/Mar/2026:09:10:43 +0000] "GET /whsy.php?e=cwd&p=%2Fproc%2F19541 HTTP/2.0" 200 1936 "https://sparxnovate.net.lab2454.com/whsy.php?p=%2Fproc%2F19541" "Mozilla/5.0 AppleWebKit/537.36 (KHTML, like Gecko; compatible; GPTBot/1.3; +https://openai.com/gptbot)"
74.7.241.36 - - [03/Mar/2026:09:10:48 +0000] "GET /whsy.php?p=%2Fproc%2F27673 HTTP/2.0" 200 861 "https://www.sparxnovate.net.lab2454.com/whsy.php?e=19377&p=%2Fproc" "Mozilla/5.0 AppleWebKit/537.36 (KHTML, like Gecko; compatible; GPTBot/1.3; +https://openai.com/gptbot)"
74.7.243.215 - - [03/Mar/2026:09:10:54 +0000] "GET /whsy.php?e=exe&p=%2Fproc%2F19541 HTTP/2.0" 200 1936 "https://sparxnovate.net.lab2454.com/whsy.php?p=%2Fproc%2F19541" "Mozilla/5.0 AppleWebKit/537.36 (KHTML, like Gecko; compatible; GPTBot/1.3; +https://openai.com/gptbot)"
74.7.241.36 - - [03/Mar/2026:09:10:59 +0000] "GET /whsy.php?p=%2Fproc%2F27683 HTTP/2.0" 200 861 "https://www.sparxnovate.net.lab2454.com/whsy.php?e=19377&p=%2Fproc" "Mozilla/5.0 AppleWebKit/537.36 (KHTML, like Gecko; compatible; GPTBot/1.3; +https://openai.com/gptbot)"
74.7.243.215 - - [03/Mar/2026:09:11:06 +0000] "GET /whsy.php?e=personality&p=%2Fproc%2F19541 HTTP/2.0" 200 1936 "https://sparxnovate.net.lab2454.com/whsy.php?p=%2Fproc%2F19541" "Mozilla/5.0 AppleWebKit/537.36 (KHTML, like Gecko; compatible; GPTBot/1.3; +https://openai.com/gptbot)"
74.7.241.36 - - [03/Mar/2026:09:11:11 +0000] "GET /whsy.php?p=%2Fproc%2F26492 HTTP/2.0" 200 861 "https://www.sparxnovate.net.lab2454.com/whsy.php?e=18267&p=%2Fproc" "Mozilla/5.0 AppleWebKit/537.36 (KHTML, like Gecko; compatible; GPTBot/1.3; +https://openai.com/gptbot)"
74.7.243.215 - - [03/Mar/2026:09:11:16 +0000] "GET /whsy.php?e=sched&p=%2Fproc%2F19541 HTTP/2.0" 200 2478 "https://sparxnovate.net.lab2454.com/whsy.php?p=%2Fproc%2F19541" "Mozilla/5.0 AppleWebKit/537.36 (KHTML, like Gecko; compatible; GPTBot/1.3; +https://openai.com/gptbot)"
74.7.241.36 - - [03/Mar/2026:09:11:20 +0000] "GET /whsy.php?p=%2Fproc%2F11448 HTTP/2.0" 200 861 "https://www.sparxnovate.net.lab2454.com/whsy.php?e=2112&p=%2Fproc" "Mozilla/5.0 AppleWebKit/537.36 (KHTML, like Gecko; compatible; GPTBot/1.3; +https://openai.com/gptbot)"
74.7.243.215 - - [03/Mar/2026:09:11:25 +0000] "GET /whsy.php?e=syscall&p=%2Fproc%2F19541 HTTP/2.0" 200 1936 "https://sparxnovate.net.lab2454.com/whsy.php?p=%2Fproc%2F19541" "Mozilla/5.0 AppleWebKit/537.36 (KHTML, like Gecko; compatible; GPTBot/1.3; +https://openai.com/gptbot)"
74.7.241.36 - - [03/Mar/2026:09:11:29 +0000] "GET /whsy.php?p=%2Fproc%2F19911 HTTP/2.0" 200 861 "https://www.sparxnovate.net.lab2454.com/whsy.php?e=8952&p=%2Fproc" "Mozilla/5.0 AppleWebKit/537.36 (KHTML, like Gecko; compatible; GPTBot/1.3; +https://openai.com/gptbot)"
74.7.243.215 - - [03/Mar/2026:09:11:33 +0000] "GET /whsy.php?e=environ&p=%2Fproc%2F19541 HTTP/2.0" 200 1936 "https://sparxnovate.net.lab2454.com/whsy.php?p=%2Fproc%2F19541" "Mozilla/5.0 AppleWebKit/537.36 (KHTML, like Gecko; compatible; GPTBot/1.3; +https://openai.com/gptbot)"
74.7.241.36 - - [03/Mar/2026:09:11:38 +0000] "GET /whsy.php?p=%2Fproc%2F23081 HTTP/2.0" 200 861 "https://www.sparxnovate.net.lab2454.com/whsy.php?e=12959&p=%2Fproc" "Mozilla/5.0 AppleWebKit/537.36 (KHTML, like Gecko; compatible; GPTBot/1.3; +https://openai.com/gptbot)"
74.7.243.215 - - [03/Mar/2026:09:11:44 +0000] "GET /whsy.php?p=%2Fproc%2F29507 HTTP/2.0" 200 861 "https://sparxnovate.net.lab2454.com/whsy.php?e=20734&p=%2Fproc" "Mozilla/5.0 AppleWebKit/537.36 (KHTML, like Gecko; compatible; GPTBot/1.3; +https://openai.com/gptbot)"
74.7.241.36 - - [03/Mar/2026:09:11:49 +0000] "GET /whsy.php?p=%2Fproc%2F15223 HTTP/2.0" 200 861 "https://www.sparxnovate.net.lab2454.com/whsy.php?e=6905&p=%2Fproc" "Mozilla/5.0 AppleWebKit/537.36 (KHTML, like Gecko; compatible; GPTBot/1.3; +https://openai.com/gptbot)"
74.7.243.215 - - [03/Mar/2026:09:11:55 +0000] "GET /whsy.php?p=%2Fproc%2F28817 HTTP/2.0" 200 861 "https://sparxnovate.net.lab2454.com/whsy.php?e=20743&p=%2Fproc" "Mozilla/5.0 AppleWebKit/537.36 (KHTML, like Gecko; compatible; GPTBot/1.3; +https://openai.com/gptbot)"
74.7.241.36 - - [03/Mar/2026:09:11:59 +0000] "GET /whsy.php?p=%2Fproc%2F23062 HTTP/2.0" 200 861 "https://www.sparxnovate.net.lab2454.com/whsy.php?e=12959&p=%2Fproc" "Mozilla/5.0 AppleWebKit/537.36 (KHTML, like Gecko; compatible; GPTBot/1.3; +https://openai.com/gptbot)"
74.7.243.215 - - [03/Mar/2026:09:12:04 +0000] "GET /whsy.php?p=%2Fproc%2F25338 HTTP/2.0" 200 861 "https://sparxnovate.net.lab2454.com/whsy.php?e=12010&p=%2Fproc" "Mozilla/5.0 AppleWebKit/537.36 (KHTML, like Gecko; compatible; GPTBot/1.3; +https://openai.com/gptbot)"
74.7.241.36 - - [03/Mar/2026:09:12:08 +0000] "GET /whsy.php?p=%2Fproc%2F11451 HTTP/2.0" 200 861 "https://www.sparxnovate.net.lab2454.com/whsy.php?e=2112&p=%2Fproc" "Mozilla/5.0 AppleWebKit/537.36 (KHTML, like Gecko; compatible; GPTBot/1.3; +https://openai.com/gptbot)"
74.7.243.215 - - [03/Mar/2026:09:12:13 +0000] "GET /whsy.php?p=%2Fproc%2F15812 HTTP/2.0" 200 861 "https://sparxnovate.net.lab2454.com/whsy.php?e=9323&p=%2Fproc" "Mozilla/5.0 AppleWebKit/537.36 (KHTML, like Gecko; compatible; GPTBot/1.3; +https://openai.com/gptbot)"
74.7.228.61 - - [03/Mar/2026:09:12:14 +0000] "GET /robots.txt HTTP/2.0" 404 - "-" "Mozilla/5.0 (Macintosh; Intel Mac OS X 10_15_7) AppleWebKit/537.36 (KHTML, like Gecko) Chrome/131.0.0.0 Safari/537.36; compatible; OAI-SearchBot/1.3; robots.txt; +https://openai.com/searchbot"
74.7.241.36 - - [03/Mar/2026:09:12:17 +0000] "GET /whsy.php?p=%2Fproc%2F13696 HTTP/2.0" 200 861 "https://www.sparxnovate.net.lab2454.com/whsy.php?e=2111&p=%2Fproc" "Mozilla/5.0 AppleWebKit/537.36 (KHTML, like Gecko; compatible; GPTBot/1.3; +https://openai.com/gptbot)"
74.7.243.215 - - [03/Mar/2026:09:12:22 +0000] "GET /whsy.php?p=%2Fproc%2F23812 HTTP/2.0" 200 861 "https://sparxnovate.net.lab2454.com/whsy.php?e=8550&p=%2Fproc" "Mozilla/5.0 AppleWebKit/537.36 (KHTML, like Gecko; compatible; GPTBot/1.3; +https://openai.com/gptbot)"
74.7.241.36 - - [03/Mar/2026:09:12:26 +0000] "GET /whsy.php?p=%2Fproc%2F18694 HTTP/2.0" 200 861 "https://www.sparxnovate.net.lab2454.com/whsy.php?p=%2Fproc%2F31861%2F.." "Mozilla/5.0 AppleWebKit/537.36 (KHTML, like Gecko; compatible; GPTBot/1.3; +https://openai.com/gptbot)"
74.7.243.215 - - [03/Mar/2026:09:12:30 +0000] "GET /whsy.php?p=%2Fproc%2F21714 HTTP/2.0" 200 861 "https://sparxnovate.net.lab2454.com/whsy.php?p=%2Fproc%2F31868%2F.." "Mozilla/5.0 AppleWebKit/537.36 (KHTML, like Gecko; compatible; GPTBot/1.3; +https://openai.com/gptbot)"
74.7.241.36 - - [03/Mar/2026:09:12:35 +0000] "GET /whsy.php?p=%2Fproc%2F31854 HTTP/2.0" 200 861 "https://www.sparxnovate.net.lab2454.com/whsy.php?e=24205&p=%2Fproc" "Mozilla/5.0 AppleWebKit/537.36 (KHTML, like Gecko; compatible; GPTBot/1.3; +https://openai.com/gptbot)"
74.7.243.215 - - [03/Mar/2026:09:12:41 +0000] "GET /whsy.php?p=%2Fproc%2F16006 HTTP/2.0" 200 861 "https://sparxnovate.net.lab2454.com/whsy.php?e=8541&p=%2Fproc" "Mozilla/5.0 AppleWebKit/537.36 (KHTML, like Gecko; compatible; GPTBot/1.3; +https://openai.com/gptbot)"
74.7.241.36 - - [03/Mar/2026:09:12:46 +0000] "GET /whsy.php?p=%2Fproc%2F11464 HTTP/2.0" 200 861 "https://www.sparxnovate.net.lab2454.com/whsy.php?e=2112&p=%2Fproc" "Mozilla/5.0 AppleWebKit/537.36 (KHTML, like Gecko; compatible; GPTBot/1.3; +https://openai.com/gptbot)"
74.7.243.215 - - [03/Mar/2026:09:12:52 +0000] "GET /whsy.php?p=%2Fproc%2F31502 HTTP/2.0" 200 861 "https://sparxnovate.net.lab2454.com/whsy.php?e=21542&p=%2Fproc" "Mozilla/5.0 AppleWebKit/537.36 (KHTML, like Gecko; compatible; GPTBot/1.3; +https://openai.com/gptbot)"
74.7.241.36 - - [03/Mar/2026:09:12:57 +0000] "GET /whsy.php?p=%2Fproc%2F12964 HTTP/2.0" 200 861 "https://www.sparxnovate.net.lab2454.com/whsy.php?e=2073&p=%2Fproc" "Mozilla/5.0 AppleWebKit/537.36 (KHTML, like Gecko; compatible; GPTBot/1.3; +https://openai.com/gptbot)"
74.7.243.215 - - [03/Mar/2026:09:13:02 +0000] "GET /whsy.php?p=%2Fproc%2F20076 HTTP/2.0" 200 861 "https://sparxnovate.net.lab2454.com/whsy.php?e=10862&p=%2Fproc" "Mozilla/5.0 AppleWebKit/537.36 (KHTML, like Gecko; compatible; GPTBot/1.3; +https://openai.com/gptbot)"
74.7.241.36 - - [03/Mar/2026:09:13:07 +0000] "GET /whsy.php?p=%2Fproc%2F27678 HTTP/2.0" 200 861 "https://www.sparxnovate.net.lab2454.com/whsy.php?e=19377&p=%2Fproc" "Mozilla/5.0 AppleWebKit/537.36 (KHTML, like Gecko; compatible; GPTBot/1.3; +https://openai.com/gptbot)"
74.7.243.215 - - [03/Mar/2026:09:13:12 +0000] "GET /whsy.php?p=%2Fproc%2F25441 HTTP/2.0" 200 861 "https://sparxnovate.net.lab2454.com/whsy.php?e=17081&p=%2Fproc" "Mozilla/5.0 AppleWebKit/537.36 (KHTML, like Gecko; compatible; GPTBot/1.3; +https://openai.com/gptbot)"
74.7.241.36 - - [03/Mar/2026:09:13:16 +0000] "GET /whsy.php?p=%2Fproc%2F11425 HTTP/2.0" 200 861 "https://www.sparxnovate.net.lab2454.com/whsy.php?e=2112&p=%2Fproc" "Mozilla/5.0 AppleWebKit/537.36 (KHTML, like Gecko; compatible; GPTBot/1.3; +https://openai.com/gptbot)"
74.7.243.215 - - [03/Mar/2026:09:13:22 +0000] "GET /whsy.php?p=%2Fproc%2F15875 HTTP/2.0" 200 861 "https://sparxnovate.net.lab2454.com/whsy.php?e=4113&p=%2Fproc" "Mozilla/5.0 AppleWebKit/537.36 (KHTML, like Gecko; compatible; GPTBot/1.3; +https://openai.com/gptbot)"
74.7.241.36 - - [03/Mar/2026:09:13:27 +0000] "GET /whsy.php?p=%2Fproc%2F31836 HTTP/2.0" 200 861 "https://www.sparxnovate.net.lab2454.com/whsy.php?e=24205&p=%2Fproc" "Mozilla/5.0 AppleWebKit/537.36 (KHTML, like Gecko; compatible; GPTBot/1.3; +https://openai.com/gptbot)"
74.7.243.215 - - [03/Mar/2026:09:13:31 +0000] "GET /whsy.php?p=%2Fproc%2F16463 HTTP/2.0" 200 861 "https://sparxnovate.net.lab2454.com/whsy.php?e=9923&p=%2Fproc" "Mozilla/5.0 AppleWebKit/537.36 (KHTML, like Gecko; compatible; GPTBot/1.3; +https://openai.com/gptbot)"
74.7.241.36 - - [03/Mar/2026:09:13:37 +0000] "GET /whsy.php?p=%2Fproc%2F22891 HTTP/2.0" 200 861 "https://www.sparxnovate.net.lab2454.com/whsy.php?p=%2Fproc%2F31862%2F.." "Mozilla/5.0 AppleWebKit/537.36 (KHTML, like Gecko; compatible; GPTBot/1.3; +https://openai.com/gptbot)"
74.7.243.215 - - [03/Mar/2026:09:13:42 +0000] "GET /whsy.php?p=%2Fproc%2F24596 HTTP/2.0" 200 861 "https://sparxnovate.net.lab2454.com/whsy.php?e=7903&p=%2Fproc" "Mozilla/5.0 AppleWebKit/537.36 (KHTML, like Gecko; compatible; GPTBot/1.3; +https://openai.com/gptbot)"
74.7.241.36 - - [03/Mar/2026:09:13:47 +0000] "GET /whsy.php?p=%2Fproc%2F31145 HTTP/2.0" 200 861 "https://www.sparxnovate.net.lab2454.com/whsy.php?e=23044&p=%2Fproc" "Mozilla/5.0 AppleWebKit/537.36 (KHTML, like Gecko; compatible; GPTBot/1.3; +https://openai.com/gptbot)"
74.7.243.215 - - [03/Mar/2026:09:13:52 +0000] "GET /whsy.php?p=%2Fproc%2F26031 HTTP/2.0" 200 861 "https://sparxnovate.net.lab2454.com/whsy.php?p=%2Fproc%2F31849%2F.." "Mozilla/5.0 AppleWebKit/537.36 (KHTML, like Gecko; compatible; GPTBot/1.3; +https://openai.com/gptbot)"
74.7.241.36 - - [03/Mar/2026:09:13:58 +0000] "GET /whsy.php?p=%2Fproc%2F29331 HTTP/2.0" 200 861 "https://www.sparxnovate.net.lab2454.com/whsy.php?e=20952&p=%2Fproc" "Mozilla/5.0 AppleWebKit/537.36 (KHTML, like Gecko; compatible; GPTBot/1.3; +https://openai.com/gptbot)"
74.7.243.215 - - [03/Mar/2026:09:14:04 +0000] "GET /whsy.php?p=%2Fproc%2F19602 HTTP/2.0" 200 861 "https://sparxnovate.net.lab2454.com/whsy.php?p=%2Fproc%2F31862%2F.." "Mozilla/5.0 AppleWebKit/537.36 (KHTML, like Gecko; compatible; GPTBot/1.3; +https://openai.com/gptbot)"
74.7.241.36 - - [03/Mar/2026:09:14:09 +0000] "GET /whsy.php?p=%2Fproc%2F18695 HTTP/2.0" 200 861 "https://www.sparxnovate.net.lab2454.com/whsy.php?p=%2Fproc%2F31861%2F.." "Mozilla/5.0 AppleWebKit/537.36 (KHTML, like Gecko; compatible; GPTBot/1.3; +https://openai.com/gptbot)"
74.7.243.215 - - [03/Mar/2026:09:14:13 +0000] "GET /whsy.php?p=%2Fproc%2F16076 HTTP/2.0" 200 861 "https://sparxnovate.net.lab2454.com/whsy.php?e=8463&p=%2Fproc" "Mozilla/5.0 AppleWebKit/537.36 (KHTML, like Gecko; compatible; GPTBot/1.3; +https://openai.com/gptbot)"
74.7.241.36 - - [03/Mar/2026:09:14:19 +0000] "GET /whsy.php?p=%2Fproc%2F23689 HTTP/2.0" 200 861 "https://www.sparxnovate.net.lab2454.com/whsy.php?e=10825&p=%2Fproc" "Mozilla/5.0 AppleWebKit/537.36 (KHTML, like Gecko; compatible; GPTBot/1.3; +https://openai.com/gptbot)"
74.7.243.215 - - [03/Mar/2026:09:14:23 +0000] "GET /whsy.php?p=%2Fproc%2F10883 HTTP/2.0" 200 861 "https://sparxnovate.net.lab2454.com/whsy.php?e=2663&p=%2Fproc" "Mozilla/5.0 AppleWebKit/537.36 (KHTML, like Gecko; compatible; GPTBot/1.3; +https://openai.com/gptbot)"
74.7.241.36 - - [03/Mar/2026:09:14:27 +0000] "GET /whsy.php?p=%2Fproc%2F10874 HTTP/2.0" 200 861 "https://www.sparxnovate.net.lab2454.com/whsy.php?e=2113&p=%2Fproc" "Mozilla/5.0 AppleWebKit/537.36 (KHTML, like Gecko; compatible; GPTBot/1.3; +https://openai.com/gptbot)"
74.7.243.215 - - [03/Mar/2026:09:14:32 +0000] "GET /whsy.php?p=%2Fproc%2F28741 HTTP/2.0" 200 861 "https://sparxnovate.net.lab2454.com/whsy.php?e=20387&p=%2Fproc" "Mozilla/5.0 AppleWebKit/537.36 (KHTML, like Gecko; compatible; GPTBot/1.3; +https://openai.com/gptbot)"
74.7.241.36 - - [03/Mar/2026:09:14:36 +0000] "GET /whsy.php?p=%2Fproc%2F18707 HTTP/2.0" 200 861 "https://www.sparxnovate.net.lab2454.com/whsy.php?p=%2Fproc%2F31861%2F.." "Mozilla/5.0 AppleWebKit/537.36 (KHTML, like Gecko; compatible; GPTBot/1.3; +https://openai.com/gptbot)"
74.7.243.215 - - [03/Mar/2026:09:14:41 +0000] "GET /whsy.php?p=%2Fproc%2F24528 HTTP/2.0" 200 861 "https://sparxnovate.net.lab2454.com/whsy.php?p=%2Fproc%2F31869%2F.." "Mozilla/5.0 AppleWebKit/537.36 (KHTML, like Gecko; compatible; GPTBot/1.3; +https://openai.com/gptbot)"
74.7.241.36 - - [03/Mar/2026:09:14:46 +0000] "GET /whsy.php?p=%2Fproc%2F19127 HTTP/2.0" 200 861 "https://www.sparxnovate.net.lab2454.com/whsy.php?e=8978&p=%2Fproc" "Mozilla/5.0 AppleWebKit/537.36 (KHTML, like Gecko; compatible; GPTBot/1.3; +https://openai.com/gptbot)"
74.7.243.215 - - [03/Mar/2026:09:14:51 +0000] "GET /whsy.php?p=%2Fproc%2F11215 HTTP/2.0" 200 861 "https://sparxnovate.net.lab2454.com/whsy.php?e=17243&p=%2Fproc" "Mozilla/5.0 AppleWebKit/537.36 (KHTML, like Gecko; compatible; GPTBot/1.3; +https://openai.com/gptbot)"
74.7.241.36 - - [03/Mar/2026:09:14:55 +0000] "GET /whsy.php?p=%2Fproc%2F18689 HTTP/2.0" 200 861 "https://www.sparxnovate.net.lab2454.com/whsy.php?p=%2Fproc%2F31861%2F.." "Mozilla/5.0 AppleWebKit/537.36 (KHTML, like Gecko; compatible; GPTBot/1.3; +https://openai.com/gptbot)"
74.7.243.215 - - [03/Mar/2026:09:15:00 +0000] "GET /whsy.php?p=%2Fproc%2F23015 HTTP/2.0" 200 861 "https://sparxnovate.net.lab2454.com/whsy.php?e=14393&p=%2Fproc" "Mozilla/5.0 AppleWebKit/537.36 (KHTML, like Gecko; compatible; GPTBot/1.3; +https://openai.com/gptbot)"
74.7.241.36 - - [03/Mar/2026:09:15:03 +0000] "GET /whsy.php?p=%2Fproc%2F26485 HTTP/2.0" 200 861 "https://www.sparxnovate.net.lab2454.com/whsy.php?e=18267&p=%2Fproc" "Mozilla/5.0 AppleWebKit/537.36 (KHTML, like Gecko; compatible; GPTBot/1.3; +https://openai.com/gptbot)"
74.7.243.215 - - [03/Mar/2026:09:15:07 +0000] "GET /whsy.php?p=%2Fproc%2F23062 HTTP/2.0" 200 861 "https://sparxnovate.net.lab2454.com/whsy.php?e=14393&p=%2Fproc" "Mozilla/5.0 AppleWebKit/537.36 (KHTML, like Gecko; compatible; GPTBot/1.3; +https://openai.com/gptbot)"
74.7.241.36 - - [03/Mar/2026:09:15:11 +0000] "GET /whsy.php?p=%2Fproc%2F18299 HTTP/2.0" 200 861 "https://www.sparxnovate.net.lab2454.com/whsy.php?e=8968&p=%2Fproc" "Mozilla/5.0 AppleWebKit/537.36 (KHTML, like Gecko; compatible; GPTBot/1.3; +https://openai.com/gptbot)"
74.7.243.215 - - [03/Mar/2026:09:15:15 +0000] "GET /whsy.php?p=%2Fproc%2F13509 HTTP/2.0" 200 861 "https://sparxnovate.net.lab2454.com/whsy.php?e=6103&p=%2Fproc" "Mozilla/5.0 AppleWebKit/537.36 (KHTML, like Gecko; compatible; GPTBot/1.3; +https://openai.com/gptbot)"
74.7.241.36 - - [03/Mar/2026:09:15:19 +0000] "GET /whsy.php?p=%2Fproc%2F17382 HTTP/2.0" 200 861 "https://www.sparxnovate.net.lab2454.com/whsy.php?e=7451&p=%2Fproc" "Mozilla/5.0 AppleWebKit/537.36 (KHTML, like Gecko; compatible; GPTBot/1.3; +https://openai.com/gptbot)"
74.7.243.215 - - [03/Mar/2026:09:15:22 +0000] "GET /whsy.php?p=%2Fproc%2F11609 HTTP/2.0" 200 861 "https://sparxnovate.net.lab2454.com/whsy.php?e=3006&p=%2Fproc" "Mozilla/5.0 AppleWebKit/537.36 (KHTML, like Gecko; compatible; GPTBot/1.3; +https://openai.com/gptbot)"
74.7.241.36 - - [03/Mar/2026:09:15:27 +0000] "GET /whsy.php?p=%2Fproc%2F20959 HTTP/2.0" 200 861 "https://www.sparxnovate.net.lab2454.com/whsy.php?p=%2Fproc%2F15809%2F.." "Mozilla/5.0 AppleWebKit/537.36 (KHTML, like Gecko; compatible; GPTBot/1.3; +https://openai.com/gptbot)"
74.7.243.215 - - [03/Mar/2026:09:15:30 +0000] "GET /whsy.php?p=%2Fproc%2F18065 HTTP/2.0" 200 861 "https://sparxnovate.net.lab2454.com/whsy.php?e=9247&p=%2Fproc" "Mozilla/5.0 AppleWebKit/537.36 (KHTML, like Gecko; compatible; GPTBot/1.3; +https://openai.com/gptbot)"
74.7.241.36 - - [03/Mar/2026:09:15:35 +0000] "GET /whsy.php?p=%2Fproc%2F21796 HTTP/2.0" 200 861 "https://www.sparxnovate.net.lab2454.com/whsy.php?e=10824&p=%2Fproc" "Mozilla/5.0 AppleWebKit/537.36 (KHTML, like Gecko; compatible; GPTBot/1.3; +https://openai.com/gptbot)"
74.7.243.215 - - [03/Mar/2026:09:15:38 +0000] "GET /whsy.php?p=%2Fproc%2F15539 HTTP/2.0" 200 861 "https://sparxnovate.net.lab2454.com/whsy.php?e=4113&p=%2Fproc" "Mozilla/5.0 AppleWebKit/537.36 (KHTML, like Gecko; compatible; GPTBot/1.3; +https://openai.com/gptbot)"
74.7.241.36 - - [03/Mar/2026:09:15:43 +0000] "GET /whsy.php?p=%2Fproc%2F10141 HTTP/2.0" 200 861 "https://www.sparxnovate.net.lab2454.com/whsy.php?e=2110&p=%2Fproc" "Mozilla/5.0 AppleWebKit/537.36 (KHTML, like Gecko; compatible; GPTBot/1.3; +https://openai.com/gptbot)"
74.7.244.20 - - [03/Mar/2026:09:15:44 +0000] "GET /robots.txt HTTP/2.0" 404 - "-" "Mozilla/5.0 (Macintosh; Intel Mac OS X 10_15_7) AppleWebKit/537.36 (KHTML, like Gecko) Chrome/131.0.0.0 Safari/537.36; compatible; OAI-SearchBot/1.3; robots.txt; +https://openai.com/searchbot"
74.7.243.215 - - [03/Mar/2026:09:15:46 +0000] "GET /whsy.php?p=%2Fproc%2F14263 HTTP/2.0" 200 861 "https://sparxnovate.net.lab2454.com/whsy.php?e=6037&p=%2Fproc" "Mozilla/5.0 AppleWebKit/537.36 (KHTML, like Gecko; compatible; GPTBot/1.3; +https://openai.com/gptbot)"
74.7.241.36 - - [03/Mar/2026:09:15:51 +0000] "GET /whsy.php?p=%2Fproc%2F18414 HTTP/2.0" 200 861 "https://www.sparxnovate.net.lab2454.com/whsy.php?p=%2Fproc%2F31861%2F.." "Mozilla/5.0 AppleWebKit/537.36 (KHTML, like Gecko; compatible; GPTBot/1.3; +https://openai.com/gptbot)"
74.7.243.215 - - [03/Mar/2026:09:15:54 +0000] "GET /whsy.php?p=%2Fproc%2F21698 HTTP/2.0" 200 861 "https://sparxnovate.net.lab2454.com/whsy.php?e=9205&p=%2Fproc" "Mozilla/5.0 AppleWebKit/537.36 (KHTML, like Gecko; compatible; GPTBot/1.3; +https://openai.com/gptbot)"
74.7.241.36 - - [03/Mar/2026:09:15:58 +0000] "GET /whsy.php?p=%2Fproc%2F27334 HTTP/2.0" 200 861 "https://www.sparxnovate.net.lab2454.com/whsy.php?e=19377&p=%2Fproc" "Mozilla/5.0 AppleWebKit/537.36 (KHTML, like Gecko; compatible; GPTBot/1.3; +https://openai.com/gptbot)"
74.7.243.215 - - [03/Mar/2026:09:16:01 +0000] "GET /whsy.php?p=%2Fproc%2F20083 HTTP/2.0" 200 861 "https://sparxnovate.net.lab2454.com/whsy.php?e=10862&p=%2Fproc" "Mozilla/5.0 AppleWebKit/537.36 (KHTML, like Gecko; compatible; GPTBot/1.3; +https://openai.com/gptbot)"
74.7.241.36 - - [03/Mar/2026:09:16:06 +0000] "GET /whsy.php?p=%2Fproc%2F28694 HTTP/2.0" 200 861 "https://www.sparxnovate.net.lab2454.com/whsy.php?p=%2Fproc%2F31848%2F.." "Mozilla/5.0 AppleWebKit/537.36 (KHTML, like Gecko; compatible; GPTBot/1.3; +https://openai.com/gptbot)"
74.7.243.215 - - [03/Mar/2026:09:16:09 +0000] "GET /whsy.php?p=%2Fproc%2F20093 HTTP/2.0" 200 861 "https://sparxnovate.net.lab2454.com/whsy.php?e=10862&p=%2Fproc" "Mozilla/5.0 AppleWebKit/537.36 (KHTML, like Gecko; compatible; GPTBot/1.3; +https://openai.com/gptbot)"
74.7.241.36 - - [03/Mar/2026:09:16:15 +0000] "GET /whsy.php?p=%2Fproc%2F27453 HTTP/2.0" 200 861 "https://www.sparxnovate.net.lab2454.com/whsy.php?e=19377&p=%2Fproc" "Mozilla/5.0 AppleWebKit/537.36 (KHTML, like Gecko; compatible; GPTBot/1.3; +https://openai.com/gptbot)"
74.7.243.215 - - [03/Mar/2026:09:16:17 +0000] "GET /whsy.php?p=%2Fproc%2F12511 HTTP/2.0" 200 861 "https://sparxnovate.net.lab2454.com/whsy.php?e=15124&p=%2Fproc" "Mozilla/5.0 AppleWebKit/537.36 (KHTML, like Gecko; compatible; GPTBot/1.3; +https://openai.com/gptbot)"
74.7.241.36 - - [03/Mar/2026:09:16:23 +0000] "GET /whsy.php?p=%2Fproc%2F17265 HTTP/2.0" 200 861 "https://www.sparxnovate.net.lab2454.com/whsy.php?e=7451&p=%2Fproc" "Mozilla/5.0 AppleWebKit/537.36 (KHTML, like Gecko; compatible; GPTBot/1.3; +https://openai.com/gptbot)"
74.7.243.215 - - [03/Mar/2026:09:16:26 +0000] "GET /whsy.php?p=%2Fproc%2F21405 HTTP/2.0" 200 861 "https://sparxnovate.net.lab2454.com/whsy.php?e=12358&p=%2Fproc" "Mozilla/5.0 AppleWebKit/537.36 (KHTML, like Gecko; compatible; GPTBot/1.3; +https://openai.com/gptbot)"
74.7.241.36 - - [03/Mar/2026:09:16:33 +0000] "GET /whsy.php?p=%2Fproc%2F12930 HTTP/2.0" 200 861 "https://www.sparxnovate.net.lab2454.com/whsy.php?e=2073&p=%2Fproc" "Mozilla/5.0 AppleWebKit/537.36 (KHTML, like Gecko; compatible; GPTBot/1.3; +https://openai.com/gptbot)"
74.7.243.215 - - [03/Mar/2026:09:16:36 +0000] "GET /whsy.php?p=%2Fproc%2F25696 HTTP/2.0" 200 861 "https://sparxnovate.net.lab2454.com/whsy.php?e=13554&p=%2Fproc" "Mozilla/5.0 AppleWebKit/537.36 (KHTML, like Gecko; compatible; GPTBot/1.3; +https://openai.com/gptbot)"
74.7.241.36 - - [03/Mar/2026:09:16:44 +0000] "GET /whsy.php?p=%2Fproc%2F27685 HTTP/2.0" 200 861 "https://www.sparxnovate.net.lab2454.com/whsy.php?e=19377&p=%2Fproc" "Mozilla/5.0 AppleWebKit/537.36 (KHTML, like Gecko; compatible; GPTBot/1.3; +https://openai.com/gptbot)"
74.7.243.215 - - [03/Mar/2026:09:16:48 +0000] "GET /whsy.php?p=%2Fproc%2F18406 HTTP/2.0" 200 861 "https://sparxnovate.net.lab2454.com/whsy.php?e=9307&p=%2Fproc" "Mozilla/5.0 AppleWebKit/537.36 (KHTML, like Gecko; compatible; GPTBot/1.3; +https://openai.com/gptbot)"
74.7.241.36 - - [03/Mar/2026:09:16:56 +0000] "GET /whsy.php?p=%2Fproc%2F13002 HTTP/2.0" 200 861 "https://www.sparxnovate.net.lab2454.com/whsy.php?e=2073&p=%2Fproc" "Mozilla/5.0 AppleWebKit/537.36 (KHTML, like Gecko; compatible; GPTBot/1.3; +https://openai.com/gptbot)"
74.7.243.215 - - [03/Mar/2026:09:16:59 +0000] "GET /whsy.php?p=%2Fproc%2F31209 HTTP/2.0" 200 861 "https://sparxnovate.net.lab2454.com/whsy.php?e=17353&p=%2Fproc" "Mozilla/5.0 AppleWebKit/537.36 (KHTML, like Gecko; compatible; GPTBot/1.3; +https://openai.com/gptbot)"
74.7.241.36 - - [03/Mar/2026:09:17:05 +0000] "GET /whsy.php?p=%2Fproc%2F12856 HTTP/2.0" 200 861 "https://www.sparxnovate.net.lab2454.com/whsy.php?e=2073&p=%2Fproc" "Mozilla/5.0 AppleWebKit/537.36 (KHTML, like Gecko; compatible; GPTBot/1.3; +https://openai.com/gptbot)"
74.7.243.215 - - [03/Mar/2026:09:17:08 +0000] "GET /whsy.php?p=%2Fproc%2F24803 HTTP/2.0" 200 861 "https://sparxnovate.net.lab2454.com/whsy.php?e=10334&p=%2Fproc" "Mozilla/5.0 AppleWebKit/537.36 (KHTML, like Gecko; compatible; GPTBot/1.3; +https://openai.com/gptbot)"
74.7.241.36 - - [03/Mar/2026:09:17:13 +0000] "GET /whsy.php?p=%2Fproc%2F12996 HTTP/2.0" 200 861 "https://www.sparxnovate.net.lab2454.com/whsy.php?e=2073&p=%2Fproc" "Mozilla/5.0 AppleWebKit/537.36 (KHTML, like Gecko; compatible; GPTBot/1.3; +https://openai.com/gptbot)"
74.7.243.215 - - [03/Mar/2026:09:17:15 +0000] "GET /whsy.php?p=%2Fproc%2F18150 HTTP/2.0" 200 861 "https://sparxnovate.net.lab2454.com/whsy.php?e=6035&p=%2Fproc" "Mozilla/5.0 AppleWebKit/537.36 (KHTML, like Gecko; compatible; GPTBot/1.3; +https://openai.com/gptbot)"
74.7.228.61 - - [03/Mar/2026:09:17:16 +0000] "GET /robots.txt HTTP/2.0" 404 - "-" "Mozilla/5.0 (Macintosh; Intel Mac OS X 10_15_7) AppleWebKit/537.36 (KHTML, like Gecko) Chrome/131.0.0.0 Safari/537.36; compatible; OAI-SearchBot/1.3; robots.txt; +https://openai.com/searchbot"
74.7.241.36 - - [03/Mar/2026:09:17:22 +0000] "GET /whsy.php?p=%2Fproc%2F15040 HTTP/2.0" 200 861 "https://www.sparxnovate.net.lab2454.com/whsy.php?e=5990&p=%2Fproc" "Mozilla/5.0 AppleWebKit/537.36 (KHTML, like Gecko; compatible; GPTBot/1.3; +https://openai.com/gptbot)"
74.7.243.215 - - [03/Mar/2026:09:17:26 +0000] "GET /whsy.php?p=%2Fproc%2F18863 HTTP/2.0" 200 861 "https://sparxnovate.net.lab2454.com/whsy.php?e=6876&p=%2Fproc" "Mozilla/5.0 AppleWebKit/537.36 (KHTML, like Gecko; compatible; GPTBot/1.3; +https://openai.com/gptbot)"
74.7.241.36 - - [03/Mar/2026:09:17:32 +0000] "GET /whsy.php?p=%2Fproc%2F13727 HTTP/2.0" 200 861 "https://www.sparxnovate.net.lab2454.com/whsy.php?e=2111&p=%2Fproc" "Mozilla/5.0 AppleWebKit/537.36 (KHTML, like Gecko; compatible; GPTBot/1.3; +https://openai.com/gptbot)"
74.7.243.215 - - [03/Mar/2026:09:17:35 +0000] "GET /whsy.php?p=%2Fproc%2F13449 HTTP/2.0" 200 861 "https://sparxnovate.net.lab2454.com/whsy.php?e=15993&p=%2Fproc" "Mozilla/5.0 AppleWebKit/537.36 (KHTML, like Gecko; compatible; GPTBot/1.3; +https://openai.com/gptbot)"
74.7.241.36 - - [03/Mar/2026:09:17:41 +0000] "GET /whsy.php?p=%2Fproc%2F23049 HTTP/2.0" 200 861 "https://www.sparxnovate.net.lab2454.com/whsy.php?e=12959&p=%2Fproc" "Mozilla/5.0 AppleWebKit/537.36 (KHTML, like Gecko; compatible; GPTBot/1.3; +https://openai.com/gptbot)"
74.7.243.215 - - [03/Mar/2026:09:17:46 +0000] "GET /whsy.php?p=%2Fproc%2F25392 HTTP/2.0" 200 861 "https://sparxnovate.net.lab2454.com/whsy.php?p=%2Fproc%2F31859%2F.." "Mozilla/5.0 AppleWebKit/537.36 (KHTML, like Gecko; compatible; GPTBot/1.3; +https://openai.com/gptbot)"
74.7.241.36 - - [03/Mar/2026:09:17:52 +0000] "GET /whsy.php?p=%2Fproc%2F31871 HTTP/2.0" 200 861 "https://www.sparxnovate.net.lab2454.com/whsy.php?e=24205&p=%2Fproc" "Mozilla/5.0 AppleWebKit/537.36 (KHTML, like Gecko; compatible; GPTBot/1.3; +https://openai.com/gptbot)"
74.7.243.215 - - [03/Mar/2026:09:17:56 +0000] "GET /whsy.php?p=%2Fproc%2F28923 HTTP/2.0" 200 861 "https://sparxnovate.net.lab2454.com/whsy.php?e=8393&p=%2Fproc" "Mozilla/5.0 AppleWebKit/537.36 (KHTML, like Gecko; compatible; GPTBot/1.3; +https://openai.com/gptbot)"
74.7.241.36 - - [03/Mar/2026:09:18:00 +0000] "GET /whsy.php?p=%2Fproc%2F19925 HTTP/2.0" 200 861 "https://www.sparxnovate.net.lab2454.com/whsy.php?e=8952&p=%2Fproc" "Mozilla/5.0 AppleWebKit/537.36 (KHTML, like Gecko; compatible; GPTBot/1.3; +https://openai.com/gptbot)"
74.7.243.215 - - [03/Mar/2026:09:18:04 +0000] "GET /whsy.php?p=%2Fproc%2F28811 HTTP/2.0" 200 861 "https://sparxnovate.net.lab2454.com/whsy.php?e=21032&p=%2Fproc" "Mozilla/5.0 AppleWebKit/537.36 (KHTML, like Gecko; compatible; GPTBot/1.3; +https://openai.com/gptbot)"
74.7.241.36 - - [03/Mar/2026:09:18:09 +0000] "GET /whsy.php?p=%2Fproc%2F27283 HTTP/2.0" 200 861 "https://www.sparxnovate.net.lab2454.com/whsy.php?e=19377&p=%2Fproc" "Mozilla/5.0 AppleWebKit/537.36 (KHTML, like Gecko; compatible; GPTBot/1.3; +https://openai.com/gptbot)"
74.7.243.215 - - [03/Mar/2026:09:18:12 +0000] "GET /whsy.php?p=%2Fproc%2F22894 HTTP/2.0" 200 861 "https://sparxnovate.net.lab2454.com/whsy.php?e=13752&p=%2Fproc" "Mozilla/5.0 AppleWebKit/537.36 (KHTML, like Gecko; compatible; GPTBot/1.3; +https://openai.com/gptbot)"
74.7.241.36 - - [03/Mar/2026:09:18:17 +0000] "GET /whsy.php?p=%2Fproc%2F19856 HTTP/2.0" 200 861 "https://www.sparxnovate.net.lab2454.com/whsy.php?e=8952&p=%2Fproc" "Mozilla/5.0 AppleWebKit/537.36 (KHTML, like Gecko; compatible; GPTBot/1.3; +https://openai.com/gptbot)"
74.7.243.215 - - [03/Mar/2026:09:18:20 +0000] "GET /whsy.php?p=%2Fproc%2F31928 HTTP/2.0" 200 861 "https://sparxnovate.net.lab2454.com/whsy.php?e=23039&p=%2Fproc" "Mozilla/5.0 AppleWebKit/537.36 (KHTML, like Gecko; compatible; GPTBot/1.3; +https://openai.com/gptbot)"
74.7.241.36 - - [03/Mar/2026:09:18:26 +0000] "GET /whsy.php?p=%2Fproc%2F15246 HTTP/2.0" 200 861 "https://www.sparxnovate.net.lab2454.com/whsy.php?e=6905&p=%2Fproc" "Mozilla/5.0 AppleWebKit/537.36 (KHTML, like Gecko; compatible; GPTBot/1.3; +https://openai.com/gptbot)"
74.7.243.215 - - [03/Mar/2026:09:18:29 +0000] "GET /whsy.php?p=%2Fproc%2F11075 HTTP/2.0" 200 861 "https://sparxnovate.net.lab2454.com/whsy.php?e=17219&p=%2Fproc" "Mozilla/5.0 AppleWebKit/537.36 (KHTML, like Gecko; compatible; GPTBot/1.3; +https://openai.com/gptbot)"
74.7.241.36 - - [03/Mar/2026:09:18:35 +0000] "GET /whsy.php?p=%2Fproc%2F31556 HTTP/2.0" 200 861 "https://www.sparxnovate.net.lab2454.com/whsy.php?e=24205&p=%2Fproc" "Mozilla/5.0 AppleWebKit/537.36 (KHTML, like Gecko; compatible; GPTBot/1.3; +https://openai.com/gptbot)"
74.7.243.215 - - [03/Mar/2026:09:18:38 +0000] "GET /whsy.php?p=%2Fproc%2F14879 HTTP/2.0" 200 861 "https://sparxnovate.net.lab2454.com/whsy.php?e=7221&p=%2Fproc" "Mozilla/5.0 AppleWebKit/537.36 (KHTML, like Gecko; compatible; GPTBot/1.3; +https://openai.com/gptbot)"
74.7.241.36 - - [03/Mar/2026:09:18:44 +0000] "GET /whsy.php?p=%2Fproc%2F10851 HTTP/2.0" 200 861 "https://www.sparxnovate.net.lab2454.com/whsy.php?e=2113&p=%2Fproc" "Mozilla/5.0 AppleWebKit/537.36 (KHTML, like Gecko; compatible; GPTBot/1.3; +https://openai.com/gptbot)"
74.7.243.215 - - [03/Mar/2026:09:18:47 +0000] "GET /whsy.php?p=%2Fproc%2F28757 HTTP/2.0" 200 861 "https://sparxnovate.net.lab2454.com/whsy.php?e=20387&p=%2Fproc" "Mozilla/5.0 AppleWebKit/537.36 (KHTML, like Gecko; compatible; GPTBot/1.3; +https://openai.com/gptbot)"
74.7.241.36 - - [03/Mar/2026:09:18:53 +0000] "GET /whsy.php?p=%2Fproc%2F20253 HTTP/2.0" 200 861 "https://www.sparxnovate.net.lab2454.com/whsy.php?p=%2Fproc%2F16478%2F.." "Mozilla/5.0 AppleWebKit/537.36 (KHTML, like Gecko; compatible; GPTBot/1.3; +https://openai.com/gptbot)"
74.7.243.215 - - [03/Mar/2026:09:18:57 +0000] "GET /whsy.php?p=%2Fproc%2F24157 HTTP/2.0" 200 861 "https://sparxnovate.net.lab2454.com/whsy.php?e=17278&p=%2Fproc" "Mozilla/5.0 AppleWebKit/537.36 (KHTML, like Gecko; compatible; GPTBot/1.3; +https://openai.com/gptbot)"
74.7.241.36 - - [03/Mar/2026:09:19:02 +0000] "GET /whsy.php?p=%2Fproc%2F20334 HTTP/2.0" 200 861 "https://www.sparxnovate.net.lab2454.com/whsy.php?p=%2Fproc%2F31848%2F.." "Mozilla/5.0 AppleWebKit/537.36 (KHTML, like Gecko; compatible; GPTBot/1.3; +https://openai.com/gptbot)"
74.7.243.215 - - [03/Mar/2026:09:19:07 +0000] "GET /whsy.php?p=%2Fproc%2F29572 HTTP/2.0" 200 861 "https://sparxnovate.net.lab2454.com/whsy.php?e=17224&p=%2Fproc" "Mozilla/5.0 AppleWebKit/537.36 (KHTML, like Gecko; compatible; GPTBot/1.3; +https://openai.com/gptbot)"
74.7.241.36 - - [03/Mar/2026:09:19:12 +0000] "GET /whsy.php?p=%2Fproc%2F15209 HTTP/2.0" 200 861 "https://www.sparxnovate.net.lab2454.com/whsy.php?e=6905&p=%2Fproc" "Mozilla/5.0 AppleWebKit/537.36 (KHTML, like Gecko; compatible; GPTBot/1.3; +https://openai.com/gptbot)"
74.7.243.215 - - [03/Mar/2026:09:19:16 +0000] "GET /whsy.php?p=%2Fproc%2F13441 HTTP/2.0" 200 861 "https://sparxnovate.net.lab2454.com/whsy.php?e=6499&p=%2Fproc" "Mozilla/5.0 AppleWebKit/537.36 (KHTML, like Gecko; compatible; GPTBot/1.3; +https://openai.com/gptbot)"
74.7.241.36 - - [03/Mar/2026:09:19:21 +0000] "GET /whsy.php?p=%2Fproc%2F19522 HTTP/2.0" 200 861 "https://www.sparxnovate.net.lab2454.com/whsy.php?p=%2Fproc%2F31849%2F.." "Mozilla/5.0 AppleWebKit/537.36 (KHTML, like Gecko; compatible; GPTBot/1.3; +https://openai.com/gptbot)"
74.7.243.215 - - [03/Mar/2026:09:19:25 +0000] "GET /whsy.php?p=%2Fproc%2F18817 HTTP/2.0" 200 861 "https://sparxnovate.net.lab2454.com/whsy.php?e=8553&p=%2Fproc" "Mozilla/5.0 AppleWebKit/537.36 (KHTML, like Gecko; compatible; GPTBot/1.3; +https://openai.com/gptbot)"
