74.7.243.215 - - [03/Mar/2026:06:15:12 +0000] "GET /whsy.php?e=12009&p=%2Fproc HTTP/2.0" 200 4158 "https://sparxnovate.net.lab2454.com/whsy.php?e=22839&p=%2Fproc" "Mozilla/5.0 AppleWebKit/537.36 (KHTML, like Gecko; compatible; GPTBot/1.3; +https://openai.com/gptbot)"
74.7.241.36 - - [03/Mar/2026:06:15:18 +0000] "GET /whsy.php?e=ptype&p=%2Fproc%2F16478%2Fnet HTTP/2.0" 200 2616 "https://www.sparxnovate.net.lab2454.com/whsy.php?p=%2Fproc%2F16478%2Fnet" "Mozilla/5.0 AppleWebKit/537.36 (KHTML, like Gecko; compatible; GPTBot/1.3; +https://openai.com/gptbot)"
74.7.243.215 - - [03/Mar/2026:06:15:23 +0000] "GET /whsy.php?e=17219&p=%2Fproc HTTP/2.0" 200 4272 "https://sparxnovate.net.lab2454.com/whsy.php?e=9495&p=%2Fproc" "Mozilla/5.0 AppleWebKit/537.36 (KHTML, like Gecko; compatible; GPTBot/1.3; +https://openai.com/gptbot)"
74.7.241.36 - - [03/Mar/2026:06:15:28 +0000] "GET /whsy.php?e=prev&p=%2Fproc%2F31862%2Fattr HTTP/2.0" 200 859 "https://www.sparxnovate.net.lab2454.com/whsy.php?p=%2Fproc%2F31862%2Fattr" "Mozilla/5.0 AppleWebKit/537.36 (KHTML, like Gecko; compatible; GPTBot/1.3; +https://openai.com/gptbot)"
74.7.243.215 - - [03/Mar/2026:06:15:32 +0000] "GET /whsy.php?e=12013&p=%2Fproc HTTP/2.0" 200 4149 "https://sparxnovate.net.lab2454.com/whsy.php?e=22839&p=%2Fproc" "Mozilla/5.0 AppleWebKit/537.36 (KHTML, like Gecko; compatible; GPTBot/1.3; +https://openai.com/gptbot)"
74.7.241.36 - - [03/Mar/2026:06:15:37 +0000] "GET /whsy.php?e=pfkey&p=%2Fproc%2F10277%2Fnet HTTP/2.0" 200 2535 "https://www.sparxnovate.net.lab2454.com/whsy.php?p=%2Fproc%2F10277%2Fnet" "Mozilla/5.0 AppleWebKit/537.36 (KHTML, like Gecko; compatible; GPTBot/1.3; +https://openai.com/gptbot)"
74.7.243.215 - - [03/Mar/2026:06:15:42 +0000] "GET /whsy.php?e=15124&p=%2Fproc HTTP/2.0" 200 4206 "https://sparxnovate.net.lab2454.com/whsy.php?e=1965&p=%2Fproc" "Mozilla/5.0 AppleWebKit/537.36 (KHTML, like Gecko; compatible; GPTBot/1.3; +https://openai.com/gptbot)"
74.7.241.36 - - [03/Mar/2026:06:15:47 +0000] "GET /whsy.php?e=exec&p=%2Fproc%2F10277%2Fattr HTTP/2.0" 200 859 "https://www.sparxnovate.net.lab2454.com/whsy.php?p=%2Fproc%2F10277%2Fattr" "Mozilla/5.0 AppleWebKit/537.36 (KHTML, like Gecko; compatible; GPTBot/1.3; +https://openai.com/gptbot)"
74.7.243.215 - - [03/Mar/2026:06:15:52 +0000] "GET /whsy.php?e=15993&p=%2Fproc HTTP/2.0" 200 4092 "https://sparxnovate.net.lab2454.com/whsy.php?e=8541&p=%2Fproc" "Mozilla/5.0 AppleWebKit/537.36 (KHTML, like Gecko; compatible; GPTBot/1.3; +https://openai.com/gptbot)"
74.7.241.36 - - [03/Mar/2026:06:15:57 +0000] "GET /whsy.php?e=ptype&p=%2Fproc%2F31849%2Fnet HTTP/2.0" 200 2617 "https://www.sparxnovate.net.lab2454.com/whsy.php?p=%2Fproc%2F31849%2Fnet" "Mozilla/5.0 AppleWebKit/537.36 (KHTML, like Gecko; compatible; GPTBot/1.3; +https://openai.com/gptbot)"
74.7.243.215 - - [03/Mar/2026:06:16:01 +0000] "GET /whsy.php?e=6037&p=%2Fproc HTTP/2.0" 200 4163 "https://sparxnovate.net.lab2454.com/whsy.php?e=28468&p=%2Fproc" "Mozilla/5.0 AppleWebKit/537.36 (KHTML, like Gecko; compatible; GPTBot/1.3; +https://openai.com/gptbot)"
74.7.241.36 - - [03/Mar/2026:06:16:06 +0000] "GET /whsy.php?e=ptype&p=%2Fproc%2F15809%2Fnet HTTP/2.0" 200 2617 "https://www.sparxnovate.net.lab2454.com/whsy.php?p=%2Fproc%2F15809%2Fnet" "Mozilla/5.0 AppleWebKit/537.36 (KHTML, like Gecko; compatible; GPTBot/1.3; +https://openai.com/gptbot)"
74.7.243.215 - - [03/Mar/2026:06:16:10 +0000] "GET /whsy.php?e=6005&p=%2Fproc HTTP/2.0" 200 4206 "https://sparxnovate.net.lab2454.com/whsy.php?e=28468&p=%2Fproc" "Mozilla/5.0 AppleWebKit/537.36 (KHTML, like Gecko; compatible; GPTBot/1.3; +https://openai.com/gptbot)"
74.7.241.36 - - [03/Mar/2026:06:16:15 +0000] "GET /whsy.php?e=packet&p=%2Fproc%2F16480%2Fnet HTTP/2.0" 200 2571 "https://www.sparxnovate.net.lab2454.com/whsy.php?p=%2Fproc%2F16480%2Fnet" "Mozilla/5.0 AppleWebKit/537.36 (KHTML, like Gecko; compatible; GPTBot/1.3; +https://openai.com/gptbot)"
74.7.243.215 - - [03/Mar/2026:06:16:19 +0000] "GET /whsy.php?e=6867&p=%2Fproc HTTP/2.0" 200 4182 "https://sparxnovate.net.lab2454.com/whsy.php?e=18707&p=%2Fproc" "Mozilla/5.0 AppleWebKit/537.36 (KHTML, like Gecko; compatible; GPTBot/1.3; +https://openai.com/gptbot)"
74.7.241.36 - - [03/Mar/2026:06:16:26 +0000] "GET /whsy.php?e=packet&p=%2Fproc%2F16478%2Fnet HTTP/2.0" 200 2571 "https://www.sparxnovate.net.lab2454.com/whsy.php?p=%2Fproc%2F16478%2Fnet" "Mozilla/5.0 AppleWebKit/537.36 (KHTML, like Gecko; compatible; GPTBot/1.3; +https://openai.com/gptbot)"
74.7.243.215 - - [03/Mar/2026:06:16:30 +0000] "GET /whsy.php?e=5129&p=%2Fproc HTTP/2.0" 200 4121 "https://sparxnovate.net.lab2454.com/whsy.php?e=27831&p=%2Fproc" "Mozilla/5.0 AppleWebKit/537.36 (KHTML, like Gecko; compatible; GPTBot/1.3; +https://openai.com/gptbot)"
74.7.241.36 - - [03/Mar/2026:06:16:36 +0000] "GET /whsy.php?e=packet&p=%2Fproc%2F15809%2Fnet HTTP/2.0" 200 2572 "https://www.sparxnovate.net.lab2454.com/whsy.php?p=%2Fproc%2F15809%2Fnet" "Mozilla/5.0 AppleWebKit/537.36 (KHTML, like Gecko; compatible; GPTBot/1.3; +https://openai.com/gptbot)"
74.7.243.215 - - [03/Mar/2026:06:16:40 +0000] "GET /whsy.php?e=8803&p=%2Fproc HTTP/2.0" 200 4267 "https://sparxnovate.net.lab2454.com/whsy.php?e=12595&p=%2Fproc" "Mozilla/5.0 AppleWebKit/537.36 (KHTML, like Gecko; compatible; GPTBot/1.3; +https://openai.com/gptbot)"
74.7.241.36 - - [03/Mar/2026:06:16:45 +0000] "GET /whsy.php?e=packet&p=%2Fproc%2F31849%2Fnet HTTP/2.0" 200 2572 "https://www.sparxnovate.net.lab2454.com/whsy.php?p=%2Fproc%2F31849%2Fnet" "Mozilla/5.0 AppleWebKit/537.36 (KHTML, like Gecko; compatible; GPTBot/1.3; +https://openai.com/gptbot)"
74.7.243.215 - - [03/Mar/2026:06:16:49 +0000] "GET /whsy.php?e=6035&p=%2Fproc HTTP/2.0" 200 4169 "https://sparxnovate.net.lab2454.com/whsy.php?e=28468&p=%2Fproc" "Mozilla/5.0 AppleWebKit/537.36 (KHTML, like Gecko; compatible; GPTBot/1.3; +https://openai.com/gptbot)"
74.7.241.36 - - [03/Mar/2026:06:16:54 +0000] "GET /whsy.php?e=ip_vs&p=%2Fproc%2F22217%2Fnet HTTP/2.0" 200 2614 "https://www.sparxnovate.net.lab2454.com/whsy.php?p=%2Fproc%2F22217%2Fnet" "Mozilla/5.0 AppleWebKit/537.36 (KHTML, like Gecko; compatible; GPTBot/1.3; +https://openai.com/gptbot)"
74.7.243.215 - - [03/Mar/2026:06:16:58 +0000] "GET /whsy.php?e=6876&p=%2Fproc HTTP/2.0" 200 4139 "https://sparxnovate.net.lab2454.com/whsy.php?e=18707&p=%2Fproc" "Mozilla/5.0 AppleWebKit/537.36 (KHTML, like Gecko; compatible; GPTBot/1.3; +https://openai.com/gptbot)"
74.7.241.36 - - [03/Mar/2026:06:17:03 +0000] "GET /whsy.php?e=tcp&p=%2Fproc%2F10277%2Fnet HTTP/2.0" 200 13472 "https://www.sparxnovate.net.lab2454.com/whsy.php?p=%2Fproc%2F10277%2Fnet" "Mozilla/5.0 AppleWebKit/537.36 (KHTML, like Gecko; compatible; GPTBot/1.3; +https://openai.com/gptbot)"
74.7.243.215 - - [03/Mar/2026:06:17:08 +0000] "GET /whsy.php?p=%2Fproc%2F11048 HTTP/2.0" 200 861 "https://sparxnovate.net.lab2454.com/whsy.php?e=17219&p=%2Fproc" "Mozilla/5.0 AppleWebKit/537.36 (KHTML, like Gecko; compatible; GPTBot/1.3; +https://openai.com/gptbot)"
74.7.241.36 - - [03/Mar/2026:06:17:12 +0000] "GET /whsy.php?e=rt_acct&p=%2Fproc%2F10277%2Fnet HTTP/2.0" 200 2530 "https://www.sparxnovate.net.lab2454.com/whsy.php?p=%2Fproc%2F10277%2Fnet" "Mozilla/5.0 AppleWebKit/537.36 (KHTML, like Gecko; compatible; GPTBot/1.3; +https://openai.com/gptbot)"
74.7.243.215 - - [03/Mar/2026:06:17:16 +0000] "GET /whsy.php?e=6014&p=%2Fproc HTTP/2.0" 200 4247 "https://sparxnovate.net.lab2454.com/whsy.php?e=28468&p=%2Fproc" "Mozilla/5.0 AppleWebKit/537.36 (KHTML, like Gecko; compatible; GPTBot/1.3; +https://openai.com/gptbot)"
74.7.241.36 - - [03/Mar/2026:06:17:20 +0000] "GET /whsy.php?e=prev&p=%2Fproc%2F10277%2Fattr HTTP/2.0" 200 859 "https://www.sparxnovate.net.lab2454.com/whsy.php?p=%2Fproc%2F10277%2Fattr" "Mozilla/5.0 AppleWebKit/537.36 (KHTML, like Gecko; compatible; GPTBot/1.3; +https://openai.com/gptbot)"
74.7.243.215 - - [03/Mar/2026:06:17:23 +0000] "GET /whsy.php?e=6008&p=%2Fproc HTTP/2.0" 200 4001 "https://sparxnovate.net.lab2454.com/whsy.php?e=28468&p=%2Fproc" "Mozilla/5.0 AppleWebKit/537.36 (KHTML, like Gecko; compatible; GPTBot/1.3; +https://openai.com/gptbot)"
74.7.241.36 - - [03/Mar/2026:06:17:27 +0000] "GET /whsy.php?e=oom_score&p=%2Fproc%2F12121 HTTP/2.0" 200 2005 "https://www.sparxnovate.net.lab2454.com/whsy.php?p=%2Fproc%2F12121" "Mozilla/5.0 AppleWebKit/537.36 (KHTML, like Gecko; compatible; GPTBot/1.3; +https://openai.com/gptbot)"
74.7.241.36 - - [03/Mar/2026:06:17:33 +0000] "GET /whsy.php?e=tcp&p=%2Fproc%2F31862%2Fnet HTTP/2.0" 200 10925 "https://www.sparxnovate.net.lab2454.com/whsy.php?p=%2Fproc%2F31862%2Fnet" "Mozilla/5.0 AppleWebKit/537.36 (KHTML, like Gecko; compatible; GPTBot/1.3; +https://openai.com/gptbot)"
74.7.243.215 - - [03/Mar/2026:06:17:36 +0000] "GET /whsy.php?p=%2Fproc%2F14292 HTTP/2.0" 200 861 "https://sparxnovate.net.lab2454.com/whsy.php?e=6037&p=%2Fproc" "Mozilla/5.0 AppleWebKit/537.36 (KHTML, like Gecko; compatible; GPTBot/1.3; +https://openai.com/gptbot)"
74.7.241.36 - - [03/Mar/2026:06:17:41 +0000] "GET /whsy.php?e=arp&p=%2Fproc%2F10277%2Fnet HTTP/2.0" 200 2581 "https://www.sparxnovate.net.lab2454.com/whsy.php?p=%2Fproc%2F10277%2Fnet" "Mozilla/5.0 AppleWebKit/537.36 (KHTML, like Gecko; compatible; GPTBot/1.3; +https://openai.com/gptbot)"
74.7.243.215 - - [03/Mar/2026:06:17:43 +0000] "GET /whsy.php?p=%2Fproc%2F14945 HTTP/2.0" 200 861 "https://sparxnovate.net.lab2454.com/whsy.php?e=6005&p=%2Fproc" "Mozilla/5.0 AppleWebKit/537.36 (KHTML, like Gecko; compatible; GPTBot/1.3; +https://openai.com/gptbot)"
74.7.241.36 - - [03/Mar/2026:06:17:48 +0000] "GET /whsy.php?p=%2Fproc%2F10277%2Fnet%2Fipt_hashlimit HTTP/2.0" 200 500 "https://www.sparxnovate.net.lab2454.com/whsy.php?p=%2Fproc%2F10277%2Fnet" "Mozilla/5.0 AppleWebKit/537.36 (KHTML, like Gecko; compatible; GPTBot/1.3; +https://openai.com/gptbot)"
74.7.243.215 - - [03/Mar/2026:06:17:51 +0000] "GET /whsy.php?e=12498&p=%2Fproc HTTP/2.0" 200 4058 "https://sparxnovate.net.lab2454.com/whsy.php?e=15124&p=%2Fproc" "Mozilla/5.0 AppleWebKit/537.36 (KHTML, like Gecko; compatible; GPTBot/1.3; +https://openai.com/gptbot)"
74.7.241.36 - - [03/Mar/2026:06:17:56 +0000] "GET /whsy.php?e=psched&p=%2Fproc%2F31861%2Fnet HTTP/2.0" 200 2532 "https://www.sparxnovate.net.lab2454.com/whsy.php?p=%2Fproc%2F31861%2Fnet" "Mozilla/5.0 AppleWebKit/537.36 (KHTML, like Gecko; compatible; GPTBot/1.3; +https://openai.com/gptbot)"
74.7.243.215 - - [03/Mar/2026:06:17:58 +0000] "GET /whsy.php?e=11087&p=%2Fproc HTTP/2.0" 200 4080 "https://sparxnovate.net.lab2454.com/whsy.php?e=17219&p=%2Fproc" "Mozilla/5.0 AppleWebKit/537.36 (KHTML, like Gecko; compatible; GPTBot/1.3; +https://openai.com/gptbot)"
74.7.241.36 - - [03/Mar/2026:06:18:04 +0000] "GET /whsy.php?e=psched&p=%2Fproc%2F31848%2Fnet HTTP/2.0" 200 2531 "https://www.sparxnovate.net.lab2454.com/whsy.php?p=%2Fproc%2F31848%2Fnet" "Mozilla/5.0 AppleWebKit/537.36 (KHTML, like Gecko; compatible; GPTBot/1.3; +https://openai.com/gptbot)"
74.7.243.215 - - [03/Mar/2026:06:18:06 +0000] "GET /whsy.php?e=17375&p=%2Fproc HTTP/2.0" 200 4189 "https://sparxnovate.net.lab2454.com/whsy.php?e=8803&p=%2Fproc" "Mozilla/5.0 AppleWebKit/537.36 (KHTML, like Gecko; compatible; GPTBot/1.3; +https://openai.com/gptbot)"
74.7.241.36 - - [03/Mar/2026:06:18:12 +0000] "GET /whsy.php?e=udplite&p=%2Fproc%2F12121%2Fnet HTTP/2.0" 200 2582 "https://www.sparxnovate.net.lab2454.com/whsy.php?p=%2Fproc%2F12121%2Fnet" "Mozilla/5.0 AppleWebKit/537.36 (KHTML, like Gecko; compatible; GPTBot/1.3; +https://openai.com/gptbot)"
74.7.243.215 - - [03/Mar/2026:06:18:15 +0000] "GET /whsy.php?e=14946&p=%2Fproc HTTP/2.0" 200 4030 "https://sparxnovate.net.lab2454.com/whsy.php?e=6005&p=%2Fproc" "Mozilla/5.0 AppleWebKit/537.36 (KHTML, like Gecko; compatible; GPTBot/1.3; +https://openai.com/gptbot)"
74.7.241.36 - - [03/Mar/2026:06:18:20 +0000] "GET /whsy.php?e=rt_acct&p=%2Fproc%2F16478%2Fnet HTTP/2.0" 200 2529 "https://www.sparxnovate.net.lab2454.com/whsy.php?p=%2Fproc%2F16478%2Fnet" "Mozilla/5.0 AppleWebKit/537.36 (KHTML, like Gecko; compatible; GPTBot/1.3; +https://openai.com/gptbot)"
74.7.243.215 - - [03/Mar/2026:06:18:24 +0000] "GET /whsy.php?e=18862&p=%2Fproc HTTP/2.0" 200 4187 "https://sparxnovate.net.lab2454.com/whsy.php?e=6876&p=%2Fproc" "Mozilla/5.0 AppleWebKit/537.36 (KHTML, like Gecko; compatible; GPTBot/1.3; +https://openai.com/gptbot)"
74.7.241.36 - - [03/Mar/2026:06:18:31 +0000] "GET /whsy.php?e=rt_acct&p=%2Fproc%2F15809%2Fnet HTTP/2.0" 200 2530 "https://www.sparxnovate.net.lab2454.com/whsy.php?p=%2Fproc%2F15809%2Fnet" "Mozilla/5.0 AppleWebKit/537.36 (KHTML, like Gecko; compatible; GPTBot/1.3; +https://openai.com/gptbot)"
74.7.243.215 - - [03/Mar/2026:06:18:33 +0000] "GET /whsy.php?e=10262&p=%2Fproc HTTP/2.0" 200 4090 "https://sparxnovate.net.lab2454.com/whsy.php?e=12009&p=%2Fproc" "Mozilla/5.0 AppleWebKit/537.36 (KHTML, like Gecko; compatible; GPTBot/1.3; +https://openai.com/gptbot)"
74.7.241.36 - - [03/Mar/2026:06:18:40 +0000] "GET /whsy.php?e=rt_acct&p=%2Fproc%2F31849%2Fnet HTTP/2.0" 200 2529 "https://www.sparxnovate.net.lab2454.com/whsy.php?p=%2Fproc%2F31849%2Fnet" "Mozilla/5.0 AppleWebKit/537.36 (KHTML, like Gecko; compatible; GPTBot/1.3; +https://openai.com/gptbot)"
74.7.243.215 - - [03/Mar/2026:06:18:42 +0000] "GET /whsy.php?p=%2Fproc%2F20407 HTTP/2.0" 200 861 "https://sparxnovate.net.lab2454.com/whsy.php?e=6014&p=%2Fproc" "Mozilla/5.0 AppleWebKit/537.36 (KHTML, like Gecko; compatible; GPTBot/1.3; +https://openai.com/gptbot)"
74.7.228.61 - - [03/Mar/2026:06:18:43 +0000] "GET /robots.txt HTTP/2.0" 404 - "-" "Mozilla/5.0 (Macintosh; Intel Mac OS X 10_15_7) AppleWebKit/537.36 (KHTML, like Gecko) Chrome/131.0.0.0 Safari/537.36; compatible; OAI-SearchBot/1.3; robots.txt; +https://openai.com/searchbot"
74.7.241.36 - - [03/Mar/2026:06:18:48 +0000] "GET /whsy.php?e=rt_acct&p=%2Fproc%2F16480%2Fnet HTTP/2.0" 200 2528 "https://www.sparxnovate.net.lab2454.com/whsy.php?p=%2Fproc%2F16480%2Fnet" "Mozilla/5.0 AppleWebKit/537.36 (KHTML, like Gecko; compatible; GPTBot/1.3; +https://openai.com/gptbot)"
74.7.243.215 - - [03/Mar/2026:06:18:51 +0000] "GET /whsy.php?e=20389&p=%2Fproc HTTP/2.0" 200 4201 "https://sparxnovate.net.lab2454.com/whsy.php?e=6014&p=%2Fproc" "Mozilla/5.0 AppleWebKit/537.36 (KHTML, like Gecko; compatible; GPTBot/1.3; +https://openai.com/gptbot)"
74.7.241.36 - - [03/Mar/2026:06:18:58 +0000] "GET /whsy.php?e=psched&p=%2Fproc%2F31862%2Fnet HTTP/2.0" 200 2531 "https://www.sparxnovate.net.lab2454.com/whsy.php?p=%2Fproc%2F31862%2Fnet" "Mozilla/5.0 AppleWebKit/537.36 (KHTML, like Gecko; compatible; GPTBot/1.3; +https://openai.com/gptbot)"
74.7.243.215 - - [03/Mar/2026:06:19:01 +0000] "GET /whsy.php?e=20387&p=%2Fproc HTTP/2.0" 200 4189 "https://sparxnovate.net.lab2454.com/whsy.php?e=6014&p=%2Fproc" "Mozilla/5.0 AppleWebKit/537.36 (KHTML, like Gecko; compatible; GPTBot/1.3; +https://openai.com/gptbot)"
74.7.241.36 - - [03/Mar/2026:06:19:07 +0000] "GET /whsy.php?e=packet&p=%2Fproc%2F10277%2Fnet HTTP/2.0" 200 2572 "https://www.sparxnovate.net.lab2454.com/whsy.php?p=%2Fproc%2F10277%2Fnet" "Mozilla/5.0 AppleWebKit/537.36 (KHTML, like Gecko; compatible; GPTBot/1.3; +https://openai.com/gptbot)"
74.7.243.215 - - [03/Mar/2026:06:19:11 +0000] "GET /whsy.php?e=20384&p=%2Fproc HTTP/2.0" 200 4145 "https://sparxnovate.net.lab2454.com/whsy.php?e=6014&p=%2Fproc" "Mozilla/5.0 AppleWebKit/537.36 (KHTML, like Gecko; compatible; GPTBot/1.3; +https://openai.com/gptbot)"
74.7.241.36 - - [03/Mar/2026:06:19:17 +0000] "GET /whsy.php?p=%2Fproc%2F25850%2Ffdinfo HTTP/2.0" 200 861 "https://www.sparxnovate.net.lab2454.com/whsy.php?p=%2Fproc%2F25850" "Mozilla/5.0 AppleWebKit/537.36 (KHTML, like Gecko; compatible; GPTBot/1.3; +https://openai.com/gptbot)"
74.7.244.20 - - [03/Mar/2026:06:19:18 +0000] "GET /robots.txt HTTP/2.0" 404 - "-" "Mozilla/5.0 (Macintosh; Intel Mac OS X 10_15_7) AppleWebKit/537.36 (KHTML, like Gecko) Chrome/131.0.0.0 Safari/537.36; compatible; OAI-SearchBot/1.3; robots.txt; +https://openai.com/searchbot"
74.7.243.215 - - [03/Mar/2026:06:19:20 +0000] "GET /whsy.php?e=29554&p=%2Fproc HTTP/2.0" 200 4123 "https://sparxnovate.net.lab2454.com/whsy.php?e=17224&p=%2Fproc" "Mozilla/5.0 AppleWebKit/537.36 (KHTML, like Gecko; compatible; GPTBot/1.3; +https://openai.com/gptbot)"
74.7.241.36 - - [03/Mar/2026:06:19:25 +0000] "GET /whsy.php?p=%2Fproc%2F20305%2Ffdinfo HTTP/2.0" 200 861 "https://www.sparxnovate.net.lab2454.com/whsy.php?p=%2Fproc%2F20305" "Mozilla/5.0 AppleWebKit/537.36 (KHTML, like Gecko; compatible; GPTBot/1.3; +https://openai.com/gptbot)"
74.7.243.215 - - [03/Mar/2026:06:19:27 +0000] "GET /whsy.php?e=11069&p=%2Fproc HTTP/2.0" 200 4083 "https://sparxnovate.net.lab2454.com/whsy.php?e=17219&p=%2Fproc" "Mozilla/5.0 AppleWebKit/537.36 (KHTML, like Gecko; compatible; GPTBot/1.3; +https://openai.com/gptbot)"
74.7.243.215 - - [03/Mar/2026:06:19:35 +0000] "GET /whsy.php?e=15972&p=%2Fproc HTTP/2.0" 200 4186 "https://sparxnovate.net.lab2454.com/whsy.php?e=8541&p=%2Fproc" "Mozilla/5.0 AppleWebKit/537.36 (KHTML, like Gecko; compatible; GPTBot/1.3; +https://openai.com/gptbot)"
74.7.243.215 - - [03/Mar/2026:06:19:45 +0000] "GET /whsy.php?e=24405&p=%2Fproc HTTP/2.0" 200 4147 "https://sparxnovate.net.lab2454.com/whsy.php?e=17375&p=%2Fproc" "Mozilla/5.0 AppleWebKit/537.36 (KHTML, like Gecko; compatible; GPTBot/1.3; +https://openai.com/gptbot)"
74.7.243.215 - - [03/Mar/2026:06:19:54 +0000] "GET /whsy.php?e=20058&p=%2Fproc HTTP/2.0" 200 4133 "https://sparxnovate.net.lab2454.com/whsy.php?e=10862&p=%2Fproc" "Mozilla/5.0 AppleWebKit/537.36 (KHTML, like Gecko; compatible; GPTBot/1.3; +https://openai.com/gptbot)"
74.7.241.36 - - [03/Mar/2026:06:19:32 +0000] "GET /whsy.php?p=%2Fproc%2F10277%2Ffdinfo HTTP/2.0" 200 161111 "https://www.sparxnovate.net.lab2454.com/whsy.php?p=%2Fproc%2F10277" "Mozilla/5.0 AppleWebKit/537.36 (KHTML, like Gecko; compatible; GPTBot/1.3; +https://openai.com/gptbot)"
74.7.243.215 - - [03/Mar/2026:06:20:03 +0000] "GET /whsy.php?e=25801&p=%2Fproc HTTP/2.0" 200 4184 "https://sparxnovate.net.lab2454.com/whsy.php?e=18862&p=%2Fproc" "Mozilla/5.0 AppleWebKit/537.36 (KHTML, like Gecko; compatible; GPTBot/1.3; +https://openai.com/gptbot)"
74.7.241.36 - - [03/Mar/2026:06:20:10 +0000] "GET /whsy.php?p=%2Fproc%2F16478%2Fnet%2Fip6t_hashlimit HTTP/2.0" 200 500 "https://www.sparxnovate.net.lab2454.com/whsy.php?p=%2Fproc%2F16478%2Fnet" "Mozilla/5.0 AppleWebKit/537.36 (KHTML, like Gecko; compatible; GPTBot/1.3; +https://openai.com/gptbot)"
74.7.243.215 - - [03/Mar/2026:06:20:11 +0000] "GET /whsy.php?p=%2Fproc%2F26557 HTTP/2.0" 200 861 "https://sparxnovate.net.lab2454.com/whsy.php?e=10262&p=%2Fproc" "Mozilla/5.0 AppleWebKit/537.36 (KHTML, like Gecko; compatible; GPTBot/1.3; +https://openai.com/gptbot)"
74.7.241.36 - - [03/Mar/2026:06:20:18 +0000] "GET /whsy.php?p=%2Fproc%2F16480%2Fnet%2Fip6t_hashlimit HTTP/2.0" 200 502 "https://www.sparxnovate.net.lab2454.com/whsy.php?p=%2Fproc%2F16480%2Fnet" "Mozilla/5.0 AppleWebKit/537.36 (KHTML, like Gecko; compatible; GPTBot/1.3; +https://openai.com/gptbot)"
74.7.243.215 - - [03/Mar/2026:06:20:19 +0000] "GET /whsy.php?e=20083&p=%2Fproc HTTP/2.0" 200 4140 "https://sparxnovate.net.lab2454.com/whsy.php?e=9248&p=%2Fproc" "Mozilla/5.0 AppleWebKit/537.36 (KHTML, like Gecko; compatible; GPTBot/1.3; +https://openai.com/gptbot)"
74.7.241.36 - - [03/Mar/2026:06:20:26 +0000] "GET /whsy.php?p=%2Fproc%2F31848%2Fnet%2Fip6t_hashlimit HTTP/2.0" 200 502 "https://www.sparxnovate.net.lab2454.com/whsy.php?p=%2Fproc%2F31848%2Fnet" "Mozilla/5.0 AppleWebKit/537.36 (KHTML, like Gecko; compatible; GPTBot/1.3; +https://openai.com/gptbot)"
74.7.243.215 - - [03/Mar/2026:06:20:27 +0000] "GET /whsy.php?p=%2Fproc%2F27905 HTTP/2.0" 200 861 "https://sparxnovate.net.lab2454.com/whsy.php?e=20389&p=%2Fproc" "Mozilla/5.0 AppleWebKit/537.36 (KHTML, like Gecko; compatible; GPTBot/1.3; +https://openai.com/gptbot)"
74.7.241.36 - - [03/Mar/2026:06:20:32 +0000] "GET /whsy.php?e=ip_vs&p=%2Fproc%2F31849%2Fnet HTTP/2.0" 200 2615 "https://www.sparxnovate.net.lab2454.com/whsy.php?p=%2Fproc%2F31849%2Fnet" "Mozilla/5.0 AppleWebKit/537.36 (KHTML, like Gecko; compatible; GPTBot/1.3; +https://openai.com/gptbot)"
74.7.243.215 - - [03/Mar/2026:06:20:33 +0000] "GET /whsy.php?e=27894&p=%2Fproc HTTP/2.0" 200 3964 "https://sparxnovate.net.lab2454.com/whsy.php?e=20389&p=%2Fproc" "Mozilla/5.0 AppleWebKit/537.36 (KHTML, like Gecko; compatible; GPTBot/1.3; +https://openai.com/gptbot)"
74.7.241.36 - - [03/Mar/2026:06:20:40 +0000] "GET /whsy.php?e=ip_vs&p=%2Fproc%2F15809%2Fnet HTTP/2.0" 200 2615 "https://www.sparxnovate.net.lab2454.com/whsy.php?p=%2Fproc%2F15809%2Fnet" "Mozilla/5.0 AppleWebKit/537.36 (KHTML, like Gecko; compatible; GPTBot/1.3; +https://openai.com/gptbot)"
74.7.243.215 - - [03/Mar/2026:06:20:40 +0000] "GET /whsy.php?e=27896&p=%2Fproc HTTP/2.0" 200 4235 "https://sparxnovate.net.lab2454.com/whsy.php?e=20389&p=%2Fproc" "Mozilla/5.0 AppleWebKit/537.36 (KHTML, like Gecko; compatible; GPTBot/1.3; +https://openai.com/gptbot)"
74.7.241.36 - - [03/Mar/2026:06:20:47 +0000] "GET /whsy.php?e=ip_vs&p=%2Fproc%2F16478%2Fnet HTTP/2.0" 200 2614 "https://www.sparxnovate.net.lab2454.com/whsy.php?p=%2Fproc%2F16478%2Fnet" "Mozilla/5.0 AppleWebKit/537.36 (KHTML, like Gecko; compatible; GPTBot/1.3; +https://openai.com/gptbot)"
74.7.243.215 - - [03/Mar/2026:06:20:48 +0000] "GET /whsy.php?e=12015&p=%2Fproc HTTP/2.0" 200 4077 "https://sparxnovate.net.lab2454.com/whsy.php?e=22839&p=%2Fproc" "Mozilla/5.0 AppleWebKit/537.36 (KHTML, like Gecko; compatible; GPTBot/1.3; +https://openai.com/gptbot)"
74.7.241.36 - - [03/Mar/2026:06:20:55 +0000] "GET /whsy.php?e=ip_vs&p=%2Fproc%2F16480%2Fnet HTTP/2.0" 200 2614 "https://www.sparxnovate.net.lab2454.com/whsy.php?p=%2Fproc%2F16480%2Fnet" "Mozilla/5.0 AppleWebKit/537.36 (KHTML, like Gecko; compatible; GPTBot/1.3; +https://openai.com/gptbot)"
74.7.243.215 - - [03/Mar/2026:06:20:56 +0000] "GET /whsy.php?e=29540&p=%2Fproc HTTP/2.0" 200 4177 "https://sparxnovate.net.lab2454.com/whsy.php?e=17224&p=%2Fproc" "Mozilla/5.0 AppleWebKit/537.36 (KHTML, like Gecko; compatible; GPTBot/1.3; +https://openai.com/gptbot)"
74.7.241.36 - - [03/Mar/2026:06:21:02 +0000] "GET /whsy.php?p=%2Fproc%2F12121%2Fnet%2Fipt_hashlimit HTTP/2.0" 200 498 "https://www.sparxnovate.net.lab2454.com/whsy.php?p=%2Fproc%2F12121%2Fnet" "Mozilla/5.0 AppleWebKit/537.36 (KHTML, like Gecko; compatible; GPTBot/1.3; +https://openai.com/gptbot)"
74.7.243.215 - - [03/Mar/2026:06:21:03 +0000] "GET /whsy.php?e=31401&p=%2Fproc HTTP/2.0" 200 4029 "https://sparxnovate.net.lab2454.com/whsy.php?e=15972&p=%2Fproc" "Mozilla/5.0 AppleWebKit/537.36 (KHTML, like Gecko; compatible; GPTBot/1.3; +https://openai.com/gptbot)"
74.7.241.36 - - [03/Mar/2026:06:21:09 +0000] "GET /whsy.php?e=netstat&p=%2Fproc%2F10277%2Fnet HTTP/2.0" 200 4243 "https://www.sparxnovate.net.lab2454.com/whsy.php?p=%2Fproc%2F10277%2Fnet" "Mozilla/5.0 AppleWebKit/537.36 (KHTML, like Gecko; compatible; GPTBot/1.3; +https://openai.com/gptbot)"
74.7.243.215 - - [03/Mar/2026:06:21:10 +0000] "GET /whsy.php?e=32183&p=%2Fproc HTTP/2.0" 200 4159 "https://sparxnovate.net.lab2454.com/whsy.php?e=24405&p=%2Fproc" "Mozilla/5.0 AppleWebKit/537.36 (KHTML, like Gecko; compatible; GPTBot/1.3; +https://openai.com/gptbot)"
74.7.241.36 - - [03/Mar/2026:06:21:16 +0000] "GET /whsy.php?e=fib_trie&p=%2Fproc%2F22217%2Fnet HTTP/2.0" 200 2693 "https://www.sparxnovate.net.lab2454.com/whsy.php?p=%2Fproc%2F22217%2Fnet" "Mozilla/5.0 AppleWebKit/537.36 (KHTML, like Gecko; compatible; GPTBot/1.3; +https://openai.com/gptbot)"
74.7.243.215 - - [03/Mar/2026:06:21:17 +0000] "GET /whsy.php?e=428&p=%2Fproc HTTP/2.0" 200 4082 "https://sparxnovate.net.lab2454.com/whsy.php?e=20058&p=%2Fproc" "Mozilla/5.0 AppleWebKit/537.36 (KHTML, like Gecko; compatible; GPTBot/1.3; +https://openai.com/gptbot)"
74.7.241.36 - - [03/Mar/2026:06:21:24 +0000] "GET /whsy.php?e=tls_stat&p=%2Fproc%2F31862%2Fnet HTTP/2.0" 200 2601 "https://www.sparxnovate.net.lab2454.com/whsy.php?p=%2Fproc%2F31862%2Fnet" "Mozilla/5.0 AppleWebKit/537.36 (KHTML, like Gecko; compatible; GPTBot/1.3; +https://openai.com/gptbot)"
74.7.243.215 - - [03/Mar/2026:06:21:25 +0000] "GET /whsy.php?e=429&p=%2Fproc HTTP/2.0" 200 4109 "https://sparxnovate.net.lab2454.com/whsy.php?e=20058&p=%2Fproc" "Mozilla/5.0 AppleWebKit/537.36 (KHTML, like Gecko; compatible; GPTBot/1.3; +https://openai.com/gptbot)"
74.7.241.36 - - [03/Mar/2026:06:21:31 +0000] "GET /whsy.php?e=rt_cache&p=%2Fproc%2F31848%2Fnet HTTP/2.0" 200 2597 "https://www.sparxnovate.net.lab2454.com/whsy.php?p=%2Fproc%2F31848%2Fnet" "Mozilla/5.0 AppleWebKit/537.36 (KHTML, like Gecko; compatible; GPTBot/1.3; +https://openai.com/gptbot)"
74.7.243.215 - - [03/Mar/2026:06:21:32 +0000] "GET /whsy.php?e=1187&p=%2Fproc HTTP/2.0" 200 4131 "https://sparxnovate.net.lab2454.com/whsy.php?e=25801&p=%2Fproc" "Mozilla/5.0 AppleWebKit/537.36 (KHTML, like Gecko; compatible; GPTBot/1.3; +https://openai.com/gptbot)"
74.7.241.36 - - [03/Mar/2026:06:21:39 +0000] "GET /whsy.php?e=netstat&p=%2Fproc%2F16478%2Fnet HTTP/2.0" 200 4241 "https://www.sparxnovate.net.lab2454.com/whsy.php?p=%2Fproc%2F16478%2Fnet" "Mozilla/5.0 AppleWebKit/537.36 (KHTML, like Gecko; compatible; GPTBot/1.3; +https://openai.com/gptbot)"
74.7.243.215 - - [03/Mar/2026:06:21:40 +0000] "GET /whsy.php?e=2418&p=%2Fproc HTTP/2.0" 200 4242 "https://sparxnovate.net.lab2454.com/whsy.php?e=20083&p=%2Fproc" "Mozilla/5.0 AppleWebKit/537.36 (KHTML, like Gecko; compatible; GPTBot/1.3; +https://openai.com/gptbot)"
74.7.241.36 - - [03/Mar/2026:06:21:47 +0000] "GET /whsy.php?e=sockstat&p=%2Fproc%2F31861%2Fnet HTTP/2.0" 200 2602 "https://www.sparxnovate.net.lab2454.com/whsy.php?p=%2Fproc%2F31861%2Fnet" "Mozilla/5.0 AppleWebKit/537.36 (KHTML, like Gecko; compatible; GPTBot/1.3; +https://openai.com/gptbot)"
74.7.243.215 - - [03/Mar/2026:06:21:48 +0000] "GET /whsy.php?e=1193&p=%2Fproc HTTP/2.0" 200 4147 "https://sparxnovate.net.lab2454.com/whsy.php?e=25801&p=%2Fproc" "Mozilla/5.0 AppleWebKit/537.36 (KHTML, like Gecko; compatible; GPTBot/1.3; +https://openai.com/gptbot)"
74.7.241.36 - - [03/Mar/2026:06:21:55 +0000] "GET /whsy.php?e=sockstat&p=%2Fproc%2F31848%2Fnet HTTP/2.0" 200 2602 "https://www.sparxnovate.net.lab2454.com/whsy.php?p=%2Fproc%2F31848%2Fnet" "Mozilla/5.0 AppleWebKit/537.36 (KHTML, like Gecko; compatible; GPTBot/1.3; +https://openai.com/gptbot)"
74.7.243.215 - - [03/Mar/2026:06:21:56 +0000] "GET /whsy.php?e=30181&p=%2Fproc HTTP/2.0" 200 4083 "https://sparxnovate.net.lab2454.com/whsy.php?e=29554&p=%2Fproc" "Mozilla/5.0 AppleWebKit/537.36 (KHTML, like Gecko; compatible; GPTBot/1.3; +https://openai.com/gptbot)"
74.7.241.36 - - [03/Mar/2026:06:22:02 +0000] "GET /whsy.php?e=netstat&p=%2Fproc%2F15809%2Fnet HTTP/2.0" 200 4241 "https://www.sparxnovate.net.lab2454.com/whsy.php?p=%2Fproc%2F15809%2Fnet" "Mozilla/5.0 AppleWebKit/537.36 (KHTML, like Gecko; compatible; GPTBot/1.3; +https://openai.com/gptbot)"
74.7.243.215 - - [03/Mar/2026:06:22:03 +0000] "GET /whsy.php?e=3984&p=%2Fproc HTTP/2.0" 200 4074 "https://sparxnovate.net.lab2454.com/whsy.php?e=27896&p=%2Fproc" "Mozilla/5.0 AppleWebKit/537.36 (KHTML, like Gecko; compatible; GPTBot/1.3; +https://openai.com/gptbot)"
74.7.241.36 - - [03/Mar/2026:06:22:10 +0000] "GET /whsy.php?e=netlink&p=%2Fproc%2F10277%2Fnet HTTP/2.0" 200 2812 "https://www.sparxnovate.net.lab2454.com/whsy.php?p=%2Fproc%2F10277%2Fnet" "Mozilla/5.0 AppleWebKit/537.36 (KHTML, like Gecko; compatible; GPTBot/1.3; +https://openai.com/gptbot)"
74.7.243.215 - - [03/Mar/2026:06:22:12 +0000] "GET /whsy.php?e=14974&p=%2Fproc HTTP/2.0" 200 4053 "https://sparxnovate.net.lab2454.com/whsy.php?e=6005&p=%2Fproc" "Mozilla/5.0 AppleWebKit/537.36 (KHTML, like Gecko; compatible; GPTBot/1.3; +https://openai.com/gptbot)"
74.7.241.36 - - [03/Mar/2026:06:22:17 +0000] "GET /whsy.php?e=rt_cache&p=%2Fproc%2F31861%2Fnet HTTP/2.0" 200 2598 "https://www.sparxnovate.net.lab2454.com/whsy.php?p=%2Fproc%2F31861%2Fnet" "Mozilla/5.0 AppleWebKit/537.36 (KHTML, like Gecko; compatible; GPTBot/1.3; +https://openai.com/gptbot)"
74.7.243.215 - - [03/Mar/2026:06:22:19 +0000] "GET /whsy.php?e=5131&p=%2Fproc HTTP/2.0" 200 3966 "https://sparxnovate.net.lab2454.com/whsy.php?e=29540&p=%2Fproc" "Mozilla/5.0 AppleWebKit/537.36 (KHTML, like Gecko; compatible; GPTBot/1.3; +https://openai.com/gptbot)"
74.7.241.36 - - [03/Mar/2026:06:22:23 +0000] "GET /whsy.php?e=rt_cache&p=%2Fproc%2F31862%2Fnet HTTP/2.0" 200 2598 "https://www.sparxnovate.net.lab2454.com/whsy.php?p=%2Fproc%2F31862%2Fnet" "Mozilla/5.0 AppleWebKit/537.36 (KHTML, like Gecko; compatible; GPTBot/1.3; +https://openai.com/gptbot)"
74.7.241.36 - - [03/Mar/2026:06:22:28 +0000] "GET /whsy.php?e=current&p=%2Fproc%2F31862%2Fattr HTTP/2.0" 200 848 "https://www.sparxnovate.net.lab2454.com/whsy.php?p=%2Fproc%2F31862%2Fattr" "Mozilla/5.0 AppleWebKit/537.36 (KHTML, like Gecko; compatible; GPTBot/1.3; +https://openai.com/gptbot)"
74.7.243.215 - - [03/Mar/2026:06:22:29 +0000] "GET /whsy.php?e=6208&p=%2Fproc HTTP/2.0" 200 3953 "https://sparxnovate.net.lab2454.com/whsy.php?e=32183&p=%2Fproc" "Mozilla/5.0 AppleWebKit/537.36 (KHTML, like Gecko; compatible; GPTBot/1.3; +https://openai.com/gptbot)"
74.7.241.36 - - [03/Mar/2026:06:22:34 +0000] "GET /whsy.php?e=netstat&p=%2Fproc%2F16480%2Fnet HTTP/2.0" 200 4239 "https://www.sparxnovate.net.lab2454.com/whsy.php?p=%2Fproc%2F16480%2Fnet" "Mozilla/5.0 AppleWebKit/537.36 (KHTML, like Gecko; compatible; GPTBot/1.3; +https://openai.com/gptbot)"
74.7.243.215 - - [03/Mar/2026:06:22:35 +0000] "GET /whsy.php?e=6831&p=%2Fproc HTTP/2.0" 200 4173 "https://sparxnovate.net.lab2454.com/whsy.php?e=428&p=%2Fproc" "Mozilla/5.0 AppleWebKit/537.36 (KHTML, like Gecko; compatible; GPTBot/1.3; +https://openai.com/gptbot)"
74.7.241.36 - - [03/Mar/2026:06:22:42 +0000] "GET /whsy.php?e=udplite&p=%2Fproc%2F10277%2Fnet HTTP/2.0" 200 2583 "https://www.sparxnovate.net.lab2454.com/whsy.php?p=%2Fproc%2F10277%2Fnet" "Mozilla/5.0 AppleWebKit/537.36 (KHTML, like Gecko; compatible; GPTBot/1.3; +https://openai.com/gptbot)"
74.7.243.215 - - [03/Mar/2026:06:22:42 +0000] "GET /whsy.php?e=stack&p=%2Fproc%2F14500 HTTP/2.0" 200 861 "https://sparxnovate.net.lab2454.com/whsy.php?p=%2Fproc%2F14500" "Mozilla/5.0 AppleWebKit/537.36 (KHTML, like Gecko; compatible; GPTBot/1.3; +https://openai.com/gptbot)"
74.7.241.36 - - [03/Mar/2026:06:22:50 +0000] "GET /whsy.php?e=current&p=%2Fproc%2F31861%2Fattr HTTP/2.0" 200 848 "https://www.sparxnovate.net.lab2454.com/whsy.php?p=%2Fproc%2F31861%2Fattr" "Mozilla/5.0 AppleWebKit/537.36 (KHTML, like Gecko; compatible; GPTBot/1.3; +https://openai.com/gptbot)"
74.7.243.215 - - [03/Mar/2026:06:22:51 +0000] "GET /whsy.php?e=8044&p=%2Fproc HTTP/2.0" 200 4297 "https://sparxnovate.net.lab2454.com/whsy.php?e=1187&p=%2Fproc" "Mozilla/5.0 AppleWebKit/537.36 (KHTML, like Gecko; compatible; GPTBot/1.3; +https://openai.com/gptbot)"
74.7.241.36 - - [03/Mar/2026:06:22:58 +0000] "GET /whsy.php?e=current&p=%2Fproc%2F31848%2Fattr HTTP/2.0" 200 848 "https://www.sparxnovate.net.lab2454.com/whsy.php?p=%2Fproc%2F31848%2Fattr" "Mozilla/5.0 AppleWebKit/537.36 (KHTML, like Gecko; compatible; GPTBot/1.3; +https://openai.com/gptbot)"
74.7.243.215 - - [03/Mar/2026:06:22:59 +0000] "GET /whsy.php?e=8662&p=%2Fproc HTTP/2.0" 200 4208 "https://sparxnovate.net.lab2454.com/whsy.php?e=2418&p=%2Fproc" "Mozilla/5.0 AppleWebKit/537.36 (KHTML, like Gecko; compatible; GPTBot/1.3; +https://openai.com/gptbot)"
74.7.241.36 - - [03/Mar/2026:06:23:07 +0000] "GET /whsy.php?e=sockstat&p=%2Fproc%2F31862%2Fnet HTTP/2.0" 200 2603 "https://www.sparxnovate.net.lab2454.com/whsy.php?p=%2Fproc%2F31862%2Fnet" "Mozilla/5.0 AppleWebKit/537.36 (KHTML, like Gecko; compatible; GPTBot/1.3; +https://openai.com/gptbot)"
74.7.243.215 - - [03/Mar/2026:06:23:09 +0000] "GET /whsy.php?e=9323&p=%2Fproc HTTP/2.0" 200 4127 "https://sparxnovate.net.lab2454.com/whsy.php?e=1193&p=%2Fproc" "Mozilla/5.0 AppleWebKit/537.36 (KHTML, like Gecko; compatible; GPTBot/1.3; +https://openai.com/gptbot)"
74.7.241.36 - - [03/Mar/2026:06:23:15 +0000] "GET /whsy.php?e=tls_stat&p=%2Fproc%2F10277%2Fnet HTTP/2.0" 200 2601 "https://www.sparxnovate.net.lab2454.com/whsy.php?p=%2Fproc%2F10277%2Fnet" "Mozilla/5.0 AppleWebKit/537.36 (KHTML, like Gecko; compatible; GPTBot/1.3; +https://openai.com/gptbot)"
74.7.243.215 - - [03/Mar/2026:06:23:17 +0000] "GET /whsy.php?e=9923&p=%2Fproc HTTP/2.0" 200 4127 "https://sparxnovate.net.lab2454.com/whsy.php?e=30181&p=%2Fproc" "Mozilla/5.0 AppleWebKit/537.36 (KHTML, like Gecko; compatible; GPTBot/1.3; +https://openai.com/gptbot)"
74.7.241.36 - - [03/Mar/2026:06:23:24 +0000] "GET /whsy.php?e=netstat&p=%2Fproc%2F31849%2Fnet HTTP/2.0" 200 4248 "https://www.sparxnovate.net.lab2454.com/whsy.php?p=%2Fproc%2F31849%2Fnet" "Mozilla/5.0 AppleWebKit/537.36 (KHTML, like Gecko; compatible; GPTBot/1.3; +https://openai.com/gptbot)"
74.7.243.215 - - [03/Mar/2026:06:23:25 +0000] "GET /whsy.php?e=9933&p=%2Fproc HTTP/2.0" 200 4237 "https://sparxnovate.net.lab2454.com/whsy.php?e=30181&p=%2Fproc" "Mozilla/5.0 AppleWebKit/537.36 (KHTML, like Gecko; compatible; GPTBot/1.3; +https://openai.com/gptbot)"
74.7.241.36 - - [03/Mar/2026:06:23:31 +0000] "GET /whsy.php?p=%2Fproc%2F31849%2Fnet%2Fip6t_hashlimit HTTP/2.0" 200 502 "https://www.sparxnovate.net.lab2454.com/whsy.php?p=%2Fproc%2F31849%2Fnet" "Mozilla/5.0 AppleWebKit/537.36 (KHTML, like Gecko; compatible; GPTBot/1.3; +https://openai.com/gptbot)"
74.7.243.215 - - [03/Mar/2026:06:23:33 +0000] "GET /whsy.php?p=%2Fproc%2F11269 HTTP/2.0" 200 861 "https://sparxnovate.net.lab2454.com/whsy.php?e=14974&p=%2Fproc" "Mozilla/5.0 AppleWebKit/537.36 (KHTML, like Gecko; compatible; GPTBot/1.3; +https://openai.com/gptbot)"
74.7.241.36 - - [03/Mar/2026:06:23:40 +0000] "GET /whsy.php?p=%2Fproc%2F15809%2Fnet%2Fip6t_hashlimit HTTP/2.0" 200 502 "https://www.sparxnovate.net.lab2454.com/whsy.php?p=%2Fproc%2F15809%2Fnet" "Mozilla/5.0 AppleWebKit/537.36 (KHTML, like Gecko; compatible; GPTBot/1.3; +https://openai.com/gptbot)"
74.7.243.215 - - [03/Mar/2026:06:23:41 +0000] "GET /whsy.php?e=9307&p=%2Fproc HTTP/2.0" 200 4159 "https://sparxnovate.net.lab2454.com/whsy.php?e=1193&p=%2Fproc" "Mozilla/5.0 AppleWebKit/537.36 (KHTML, like Gecko; compatible; GPTBot/1.3; +https://openai.com/gptbot)"
74.7.241.36 - - [03/Mar/2026:06:23:50 +0000] "GET /whsy.php?e=udplite6&p=%2Fproc%2F15809%2Fnet HTTP/2.0" 200 2586 "https://www.sparxnovate.net.lab2454.com/whsy.php?p=%2Fproc%2F15809%2Fnet" "Mozilla/5.0 AppleWebKit/537.36 (KHTML, like Gecko; compatible; GPTBot/1.3; +https://openai.com/gptbot)"
74.7.243.215 - - [03/Mar/2026:06:23:52 +0000] "GET /whsy.php?e=8636&p=%2Fproc HTTP/2.0" 200 4063 "https://sparxnovate.net.lab2454.com/whsy.php?e=2418&p=%2Fproc" "Mozilla/5.0 AppleWebKit/537.36 (KHTML, like Gecko; compatible; GPTBot/1.3; +https://openai.com/gptbot)"
74.7.228.61 - - [03/Mar/2026:06:23:53 +0000] "GET /robots.txt HTTP/2.0" 404 - "-" "Mozilla/5.0 (Macintosh; Intel Mac OS X 10_15_7) AppleWebKit/537.36 (KHTML, like Gecko) Chrome/131.0.0.0 Safari/537.36; compatible; OAI-SearchBot/1.3; robots.txt; +https://openai.com/searchbot"
74.7.241.36 - - [03/Mar/2026:06:24:01 +0000] "GET /whsy.php?e=udplite6&p=%2Fproc%2F31849%2Fnet HTTP/2.0" 200 2585 "https://www.sparxnovate.net.lab2454.com/whsy.php?p=%2Fproc%2F31849%2Fnet" "Mozilla/5.0 AppleWebKit/537.36 (KHTML, like Gecko; compatible; GPTBot/1.3; +https://openai.com/gptbot)"
74.7.243.215 - - [03/Mar/2026:06:24:03 +0000] "GET /whsy.php?e=8708&p=%2Fproc HTTP/2.0" 200 4107 "https://sparxnovate.net.lab2454.com/whsy.php?e=2418&p=%2Fproc" "Mozilla/5.0 AppleWebKit/537.36 (KHTML, like Gecko; compatible; GPTBot/1.3; +https://openai.com/gptbot)"
74.7.241.36 - - [03/Mar/2026:06:24:11 +0000] "GET /whsy.php?p=%2Fproc%2F31861%2Fnet%2Fipt_hashlimit HTTP/2.0" 200 501 "https://www.sparxnovate.net.lab2454.com/whsy.php?p=%2Fproc%2F31861%2Fnet" "Mozilla/5.0 AppleWebKit/537.36 (KHTML, like Gecko; compatible; GPTBot/1.3; +https://openai.com/gptbot)"
74.7.243.215 - - [03/Mar/2026:06:24:13 +0000] "GET /whsy.php?e=13042&p=%2Fproc HTTP/2.0" 200 4183 "https://sparxnovate.net.lab2454.com/whsy.php?e=6831&p=%2Fproc" "Mozilla/5.0 AppleWebKit/537.36 (KHTML, like Gecko; compatible; GPTBot/1.3; +https://openai.com/gptbot)"
74.7.241.36 - - [03/Mar/2026:06:24:20 +0000] "GET /whsy.php?p=%2Fproc%2F31862%2Fnet%2Fipt_hashlimit HTTP/2.0" 200 501 "https://www.sparxnovate.net.lab2454.com/whsy.php?p=%2Fproc%2F31862%2Fnet" "Mozilla/5.0 AppleWebKit/537.36 (KHTML, like Gecko; compatible; GPTBot/1.3; +https://openai.com/gptbot)"
74.7.244.20 - - [03/Mar/2026:06:24:21 +0000] "GET /robots.txt HTTP/2.0" 404 - "-" "Mozilla/5.0 (Macintosh; Intel Mac OS X 10_15_7) AppleWebKit/537.36 (KHTML, like Gecko) Chrome/131.0.0.0 Safari/537.36; compatible; OAI-SearchBot/1.3; robots.txt; +https://openai.com/searchbot"
74.7.243.215 - - [03/Mar/2026:06:24:22 +0000] "GET /whsy.php?e=statm&p=%2Fproc%2F14500 HTTP/2.0" 200 861 "https://sparxnovate.net.lab2454.com/whsy.php?p=%2Fproc%2F14500" "Mozilla/5.0 AppleWebKit/537.36 (KHTML, like Gecko; compatible; GPTBot/1.3; +https://openai.com/gptbot)"
74.7.241.36 - - [03/Mar/2026:06:24:31 +0000] "GET /whsy.php?p=%2Fproc%2F31848%2Fnet%2Fipt_hashlimit HTTP/2.0" 200 500 "https://www.sparxnovate.net.lab2454.com/whsy.php?p=%2Fproc%2F31848%2Fnet" "Mozilla/5.0 AppleWebKit/537.36 (KHTML, like Gecko; compatible; GPTBot/1.3; +https://openai.com/gptbot)"
74.7.243.215 - - [03/Mar/2026:06:24:33 +0000] "GET /whsy.php?e=14363&p=%2Fproc HTTP/2.0" 200 4251 "https://sparxnovate.net.lab2454.com/whsy.php?e=8044&p=%2Fproc" "Mozilla/5.0 AppleWebKit/537.36 (KHTML, like Gecko; compatible; GPTBot/1.3; +https://openai.com/gptbot)"
74.7.241.36 - - [03/Mar/2026:06:24:42 +0000] "GET /whsy.php?e=netlink&p=%2Fproc%2F22217%2Fnet HTTP/2.0" 200 2812 "https://www.sparxnovate.net.lab2454.com/whsy.php?p=%2Fproc%2F22217%2Fnet" "Mozilla/5.0 AppleWebKit/537.36 (KHTML, like Gecko; compatible; GPTBot/1.3; +https://openai.com/gptbot)"
74.7.243.215 - - [03/Mar/2026:06:24:43 +0000] "GET /whsy.php?e=14393&p=%2Fproc HTTP/2.0" 200 4088 "https://sparxnovate.net.lab2454.com/whsy.php?e=8044&p=%2Fproc" "Mozilla/5.0 AppleWebKit/537.36 (KHTML, like Gecko; compatible; GPTBot/1.3; +https://openai.com/gptbot)"
74.7.241.36 - - [03/Mar/2026:06:24:52 +0000] "GET /whsy.php?p=%2Fproc%2F16478%2Fnet%2Fnfsfs HTTP/2.0" 200 700 "https://www.sparxnovate.net.lab2454.com/whsy.php?p=%2Fproc%2F16478%2Fnet" "Mozilla/5.0 AppleWebKit/537.36 (KHTML, like Gecko; compatible; GPTBot/1.3; +https://openai.com/gptbot)"
74.7.243.215 - - [03/Mar/2026:06:24:53 +0000] "GET /whsy.php?e=15791&p=%2Fproc HTTP/2.0" 200 4081 "https://sparxnovate.net.lab2454.com/whsy.php?e=9323&p=%2Fproc" "Mozilla/5.0 AppleWebKit/537.36 (KHTML, like Gecko; compatible; GPTBot/1.3; +https://openai.com/gptbot)"
74.7.243.215 - - [03/Mar/2026:06:25:02 +0000] "GET /whsy.php?e=14394&p=%2Fproc HTTP/2.0" 200 4053 "https://sparxnovate.net.lab2454.com/whsy.php?e=8044&p=%2Fproc" "Mozilla/5.0 AppleWebKit/537.36 (KHTML, like Gecko; compatible; GPTBot/1.3; +https://openai.com/gptbot)"
74.7.243.215 - - [03/Mar/2026:06:25:13 +0000] "GET /whsy.php?e=17081&p=%2Fproc HTTP/2.0" 200 4141 "https://sparxnovate.net.lab2454.com/whsy.php?e=9933&p=%2Fproc" "Mozilla/5.0 AppleWebKit/537.36 (KHTML, like Gecko; compatible; GPTBot/1.3; +https://openai.com/gptbot)"
74.7.243.215 - - [03/Mar/2026:06:25:25 +0000] "GET /whsy.php?e=15007&p=%2Fproc HTTP/2.0" 200 4117 "https://sparxnovate.net.lab2454.com/whsy.php?e=8662&p=%2Fproc" "Mozilla/5.0 AppleWebKit/537.36 (KHTML, like Gecko; compatible; GPTBot/1.3; +https://openai.com/gptbot)"
74.7.241.36 - - [03/Mar/2026:06:25:00 +0000] "GET /whsy.php?p=%2Fproc%2F12121%2Fmap_files HTTP/2.0" 200 164602 "https://www.sparxnovate.net.lab2454.com/whsy.php?p=%2Fproc%2F12121" "Mozilla/5.0 AppleWebKit/537.36 (KHTML, like Gecko; compatible; GPTBot/1.3; +https://openai.com/gptbot)"
74.7.243.215 - - [03/Mar/2026:06:25:36 +0000] "GET /whsy.php?e=17082&p=%2Fproc HTTP/2.0" 200 4138 "https://sparxnovate.net.lab2454.com/whsy.php?e=9933&p=%2Fproc" "Mozilla/5.0 AppleWebKit/537.36 (KHTML, like Gecko; compatible; GPTBot/1.3; +https://openai.com/gptbot)"
74.7.241.36 - - [03/Mar/2026:06:25:39 +0000] "GET /whsy.php?e=raw&p=%2Fproc%2F22217%2Fnet HTTP/2.0" 200 2577 "https://www.sparxnovate.net.lab2454.com/whsy.php?p=%2Fproc%2F22217%2Fnet" "Mozilla/5.0 AppleWebKit/537.36 (KHTML, like Gecko; compatible; GPTBot/1.3; +https://openai.com/gptbot)"
74.7.243.215 - - [03/Mar/2026:06:25:46 +0000] "GET /whsy.php?e=auxv&p=%2Fproc%2F14500 HTTP/2.0" 200 861 "https://sparxnovate.net.lab2454.com/whsy.php?p=%2Fproc%2F14500" "Mozilla/5.0 AppleWebKit/537.36 (KHTML, like Gecko; compatible; GPTBot/1.3; +https://openai.com/gptbot)"
74.7.241.36 - - [03/Mar/2026:06:25:48 +0000] "GET /whsy.php?e=tcp&p=%2Fproc%2F22217%2Fnet HTTP/2.0" 200 9602 "https://www.sparxnovate.net.lab2454.com/whsy.php?p=%2Fproc%2F22217%2Fnet" "Mozilla/5.0 AppleWebKit/537.36 (KHTML, like Gecko; compatible; GPTBot/1.3; +https://openai.com/gptbot)"
74.7.243.215 - - [03/Mar/2026:06:25:55 +0000] "GET /whsy.php?p=%2Fproc%2F18888 HTTP/2.0" 200 861 "https://sparxnovate.net.lab2454.com/whsy.php?e=6876&p=%2Fproc" "Mozilla/5.0 AppleWebKit/537.36 (KHTML, like Gecko; compatible; GPTBot/1.3; +https://openai.com/gptbot)"
74.7.241.36 - - [03/Mar/2026:06:25:58 +0000] "GET /whsy.php?e=arp&p=%2Fproc%2F22217%2Fnet HTTP/2.0" 200 2579 "https://www.sparxnovate.net.lab2454.com/whsy.php?p=%2Fproc%2F22217%2Fnet" "Mozilla/5.0 AppleWebKit/537.36 (KHTML, like Gecko; compatible; GPTBot/1.3; +https://openai.com/gptbot)"
74.7.243.215 - - [03/Mar/2026:06:26:04 +0000] "GET /whsy.php?e=20734&p=%2Fproc HTTP/2.0" 200 4116 "https://sparxnovate.net.lab2454.com/whsy.php?e=13042&p=%2Fproc" "Mozilla/5.0 AppleWebKit/537.36 (KHTML, like Gecko; compatible; GPTBot/1.3; +https://openai.com/gptbot)"
74.7.241.36 - - [03/Mar/2026:06:26:06 +0000] "GET /whsy.php?e=udp&p=%2Fproc%2F22217%2Fnet HTTP/2.0" 200 2774 "https://www.sparxnovate.net.lab2454.com/whsy.php?p=%2Fproc%2F22217%2Fnet" "Mozilla/5.0 AppleWebKit/537.36 (KHTML, like Gecko; compatible; GPTBot/1.3; +https://openai.com/gptbot)"
74.7.243.215 - - [03/Mar/2026:06:26:12 +0000] "GET /whsy.php?p=%2Fproc%2F14444 HTTP/2.0" 200 861 "https://sparxnovate.net.lab2454.com/whsy.php?e=6105&p=%2Fproc" "Mozilla/5.0 AppleWebKit/537.36 (KHTML, like Gecko; compatible; GPTBot/1.3; +https://openai.com/gptbot)"
74.7.241.36 - - [03/Mar/2026:06:26:15 +0000] "GET /whsy.php?p=%2Fproc%2F31848%2Fnet%2Fnetfilter HTTP/2.0" 200 732 "https://www.sparxnovate.net.lab2454.com/whsy.php?p=%2Fproc%2F31848%2Fnet" "Mozilla/5.0 AppleWebKit/537.36 (KHTML, like Gecko; compatible; GPTBot/1.3; +https://openai.com/gptbot)"
74.7.243.215 - - [03/Mar/2026:06:26:23 +0000] "GET /whsy.php?p=%2Fproc%2F27777 HTTP/2.0" 200 861 "https://sparxnovate.net.lab2454.com/whsy.php?e=17362&p=%2Fproc" "Mozilla/5.0 AppleWebKit/537.36 (KHTML, like Gecko; compatible; GPTBot/1.3; +https://openai.com/gptbot)"
74.7.241.36 - - [03/Mar/2026:06:26:25 +0000] "GET /whsy.php?p=%2Fproc%2F31861%2Fnet%2Fnetfilter HTTP/2.0" 200 732 "https://www.sparxnovate.net.lab2454.com/whsy.php?p=%2Fproc%2F31861%2Fnet" "Mozilla/5.0 AppleWebKit/537.36 (KHTML, like Gecko; compatible; GPTBot/1.3; +https://openai.com/gptbot)"
74.7.243.215 - - [03/Mar/2026:06:26:33 +0000] "GET /whsy.php?e=23039&p=%2Fproc HTTP/2.0" 200 4168 "https://sparxnovate.net.lab2454.com/whsy.php?e=14393&p=%2Fproc" "Mozilla/5.0 AppleWebKit/537.36 (KHTML, like Gecko; compatible; GPTBot/1.3; +https://openai.com/gptbot)"
74.7.241.36 - - [03/Mar/2026:06:26:35 +0000] "GET /whsy.php?e=if_inet6&p=%2Fproc%2F31849%2Fnet HTTP/2.0" 200 2570 "https://www.sparxnovate.net.lab2454.com/whsy.php?p=%2Fproc%2F31849%2Fnet" "Mozilla/5.0 AppleWebKit/537.36 (KHTML, like Gecko; compatible; GPTBot/1.3; +https://openai.com/gptbot)"
74.7.243.215 - - [03/Mar/2026:06:26:43 +0000] "GET /whsy.php?e=23805&p=%2Fproc HTTP/2.0" 200 4078 "https://sparxnovate.net.lab2454.com/whsy.php?e=15791&p=%2Fproc" "Mozilla/5.0 AppleWebKit/537.36 (KHTML, like Gecko; compatible; GPTBot/1.3; +https://openai.com/gptbot)"
74.7.241.36 - - [03/Mar/2026:06:26:45 +0000] "GET /whsy.php?e=if_inet6&p=%2Fproc%2F15809%2Fnet HTTP/2.0" 200 2570 "https://www.sparxnovate.net.lab2454.com/whsy.php?p=%2Fproc%2F15809%2Fnet" "Mozilla/5.0 AppleWebKit/537.36 (KHTML, like Gecko; compatible; GPTBot/1.3; +https://openai.com/gptbot)"
74.7.243.215 - - [03/Mar/2026:06:26:52 +0000] "GET /whsy.php?e=wchan&p=%2Fproc%2F14500 HTTP/2.0" 200 861 "https://sparxnovate.net.lab2454.com/whsy.php?p=%2Fproc%2F14500" "Mozilla/5.0 AppleWebKit/537.36 (KHTML, like Gecko; compatible; GPTBot/1.3; +https://openai.com/gptbot)"
74.7.241.36 - - [03/Mar/2026:06:26:54 +0000] "GET /whsy.php?e=mountstats&p=%2Fproc%2F12121 HTTP/2.0" 200 1935 "https://www.sparxnovate.net.lab2454.com/whsy.php?p=%2Fproc%2F12121" "Mozilla/5.0 AppleWebKit/537.36 (KHTML, like Gecko; compatible; GPTBot/1.3; +https://openai.com/gptbot)"
74.7.243.215 - - [03/Mar/2026:06:27:01 +0000] "GET /whsy.php?e=25423&p=%2Fproc HTTP/2.0" 200 4186 "https://sparxnovate.net.lab2454.com/whsy.php?e=17081&p=%2Fproc" "Mozilla/5.0 AppleWebKit/537.36 (KHTML, like Gecko; compatible; GPTBot/1.3; +https://openai.com/gptbot)"
74.7.243.215 - - [03/Mar/2026:06:27:12 +0000] "GET /whsy.php?e=20005&p=%2Fproc HTTP/2.0" 200 4075 "https://sparxnovate.net.lab2454.com/whsy.php?e=9248&p=%2Fproc" "Mozilla/5.0 AppleWebKit/537.36 (KHTML, like Gecko; compatible; GPTBot/1.3; +https://openai.com/gptbot)"
74.7.243.215 - - [03/Mar/2026:06:27:22 +0000] "GET /whsy.php?p=%2Fproc%2F27167 HTTP/2.0" 200 861 "https://sparxnovate.net.lab2454.com/whsy.php?e=17082&p=%2Fproc" "Mozilla/5.0 AppleWebKit/537.36 (KHTML, like Gecko; compatible; GPTBot/1.3; +https://openai.com/gptbot)"
74.7.241.36 - - [03/Mar/2026:06:27:03 +0000] "GET /whsy.php?p=%2Fproc%2F22217%2Fmap_files HTTP/2.0" 200 142846 "https://www.sparxnovate.net.lab2454.com/whsy.php?p=%2Fproc%2F22217" "Mozilla/5.0 AppleWebKit/537.36 (KHTML, like Gecko; compatible; GPTBot/1.3; +https://openai.com/gptbot)"
74.7.243.215 - - [03/Mar/2026:06:27:34 +0000] "GET /whsy.php?e=27152&p=%2Fproc HTTP/2.0" 200 3996 "https://sparxnovate.net.lab2454.com/whsy.php?e=17082&p=%2Fproc" "Mozilla/5.0 AppleWebKit/537.36 (KHTML, like Gecko; compatible; GPTBot/1.3; +https://openai.com/gptbot)"
74.7.241.36 - - [03/Mar/2026:06:27:41 +0000] "GET /whsy.php?p=%2Fproc%2F12121%2Fnet%2Fip6t_hashlimit HTTP/2.0" 200 501 "https://www.sparxnovate.net.lab2454.com/whsy.php?p=%2Fproc%2F12121%2Fnet" "Mozilla/5.0 AppleWebKit/537.36 (KHTML, like Gecko; compatible; GPTBot/1.3; +https://openai.com/gptbot)"
74.7.243.215 - - [03/Mar/2026:06:27:42 +0000] "GET /whsy.php?e=22240&p=%2Fproc HTTP/2.0" 200 4070 "https://sparxnovate.net.lab2454.com/whsy.php?e=14363&p=%2Fproc" "Mozilla/5.0 AppleWebKit/537.36 (KHTML, like Gecko; compatible; GPTBot/1.3; +https://openai.com/gptbot)"
74.7.241.36 - - [03/Mar/2026:06:27:50 +0000] "GET /whsy.php?p=%2Fproc%2F31861%2Fns HTTP/2.0" 200 893 "https://www.sparxnovate.net.lab2454.com/whsy.php?p=%2Fproc%2F31861" "Mozilla/5.0 AppleWebKit/537.36 (KHTML, like Gecko; compatible; GPTBot/1.3; +https://openai.com/gptbot)"
74.7.243.215 - - [03/Mar/2026:06:27:51 +0000] "GET /whsy.php?e=29479&p=%2Fproc HTTP/2.0" 200 4084 "https://sparxnovate.net.lab2454.com/whsy.php?e=20734&p=%2Fproc" "Mozilla/5.0 AppleWebKit/537.36 (KHTML, like Gecko; compatible; GPTBot/1.3; +https://openai.com/gptbot)"
74.7.241.36 - - [03/Mar/2026:06:27:59 +0000] "GET /whsy.php?p=%2Fproc%2F11435%2Fns HTTP/2.0" 200 861 "https://www.sparxnovate.net.lab2454.com/whsy.php?p=%2Fproc%2F11435" "Mozilla/5.0 AppleWebKit/537.36 (KHTML, like Gecko; compatible; GPTBot/1.3; +https://openai.com/gptbot)"
74.7.243.215 - - [03/Mar/2026:06:28:00 +0000] "GET /whsy.php?e=29476&p=%2Fproc HTTP/2.0" 200 4138 "https://sparxnovate.net.lab2454.com/whsy.php?e=20734&p=%2Fproc" "Mozilla/5.0 AppleWebKit/537.36 (KHTML, like Gecko; compatible; GPTBot/1.3; +https://openai.com/gptbot)"
74.7.241.36 - - [03/Mar/2026:06:28:08 +0000] "GET /whsy.php?p=%2Fproc%2F25850%2Ffd HTTP/2.0" 200 861 "https://www.sparxnovate.net.lab2454.com/whsy.php?p=%2Fproc%2F25850" "Mozilla/5.0 AppleWebKit/537.36 (KHTML, like Gecko; compatible; GPTBot/1.3; +https://openai.com/gptbot)"
74.7.243.215 - - [03/Mar/2026:06:28:10 +0000] "GET /whsy.php?e=22239&p=%2Fproc HTTP/2.0" 200 4098 "https://sparxnovate.net.lab2454.com/whsy.php?e=14363&p=%2Fproc" "Mozilla/5.0 AppleWebKit/537.36 (KHTML, like Gecko; compatible; GPTBot/1.3; +https://openai.com/gptbot)"
74.7.243.215 - - [03/Mar/2026:06:28:17 +0000] "GET /whsy.php?p=%2Fproc%2F31912 HTTP/2.0" 200 861 "https://sparxnovate.net.lab2454.com/whsy.php?e=23039&p=%2Fproc" "Mozilla/5.0 AppleWebKit/537.36 (KHTML, like Gecko; compatible; GPTBot/1.3; +https://openai.com/gptbot)"
74.7.243.215 - - [03/Mar/2026:06:28:26 +0000] "GET /whsy.php?p=%2Fproc%2F31938 HTTP/2.0" 200 861 "https://sparxnovate.net.lab2454.com/whsy.php?e=23039&p=%2Fproc" "Mozilla/5.0 AppleWebKit/537.36 (KHTML, like Gecko; compatible; GPTBot/1.3; +https://openai.com/gptbot)"
74.7.243.215 - - [03/Mar/2026:06:28:35 +0000] "GET /whsy.php?e=17222&p=%2Fproc HTTP/2.0" 200 4338 "https://sparxnovate.net.lab2454.com/whsy.php?e=9495&p=%2Fproc" "Mozilla/5.0 AppleWebKit/537.36 (KHTML, like Gecko; compatible; GPTBot/1.3; +https://openai.com/gptbot)"
74.7.243.215 - - [03/Mar/2026:06:28:43 +0000] "GET /whsy.php?e=1834&p=%2Fproc HTTP/2.0" 200 4140 "https://sparxnovate.net.lab2454.com/whsy.php?e=25423&p=%2Fproc" "Mozilla/5.0 AppleWebKit/537.36 (KHTML, like Gecko; compatible; GPTBot/1.3; +https://openai.com/gptbot)"
74.7.241.36 - - [03/Mar/2026:06:28:16 +0000] "GET /whsy.php?p=%2Fproc%2F16478%2Ffd HTTP/2.0" 200 157262 "https://www.sparxnovate.net.lab2454.com/whsy.php?p=%2Fproc%2F16478" "Mozilla/5.0 AppleWebKit/537.36 (KHTML, like Gecko; compatible; GPTBot/1.3; +https://openai.com/gptbot)"
74.7.243.215 - - [03/Mar/2026:06:28:52 +0000] "GET /whsy.php?e=schedstat&p=%2Fproc%2F14500 HTTP/2.0" 200 861 "https://sparxnovate.net.lab2454.com/whsy.php?p=%2Fproc%2F14500" "Mozilla/5.0 AppleWebKit/537.36 (KHTML, like Gecko; compatible; GPTBot/1.3; +https://openai.com/gptbot)"
