74.7.243.215 - - [03/Mar/2026:08:38:16 +0000] "GET /whsy.php?p=%2Fproc%2F25388 HTTP/2.0" 200 861 "https://sparxnovate.net.lab2454.com/whsy.php?p=%2Fproc%2F31859%2F.." "Mozilla/5.0 AppleWebKit/537.36 (KHTML, like Gecko; compatible; GPTBot/1.3; +https://openai.com/gptbot)"
74.7.241.36 - - [03/Mar/2026:08:38:17 +0000] "GET /whsy.php?e=sched&p=%2Fproc%2F20399 HTTP/2.0" 200 2460 "https://www.sparxnovate.net.lab2454.com/whsy.php?p=%2Fproc%2F20399" "Mozilla/5.0 AppleWebKit/537.36 (KHTML, like Gecko; compatible; GPTBot/1.3; +https://openai.com/gptbot)"
74.7.243.215 - - [03/Mar/2026:08:38:24 +0000] "GET /whsy.php?p=%2Fproc%2F30096 HTTP/2.0" 200 861 "https://sparxnovate.net.lab2454.com/whsy.php?e=17355&p=%2Fproc" "Mozilla/5.0 AppleWebKit/537.36 (KHTML, like Gecko; compatible; GPTBot/1.3; +https://openai.com/gptbot)"
74.7.241.36 - - [03/Mar/2026:08:38:24 +0000] "GET /whsy.php?e=smaps&p=%2Fproc%2F20399 HTTP/2.0" 200 2007 "https://www.sparxnovate.net.lab2454.com/whsy.php?p=%2Fproc%2F20399" "Mozilla/5.0 AppleWebKit/537.36 (KHTML, like Gecko; compatible; GPTBot/1.3; +https://openai.com/gptbot)"
74.7.243.215 - - [03/Mar/2026:08:38:31 +0000] "GET /whsy.php?p=%2Fproc%2F13319 HTTP/2.0" 200 861 "https://sparxnovate.net.lab2454.com/whsy.php?e=5716&p=%2Fproc" "Mozilla/5.0 AppleWebKit/537.36 (KHTML, like Gecko; compatible; GPTBot/1.3; +https://openai.com/gptbot)"
74.7.241.36 - - [03/Mar/2026:08:38:31 +0000] "GET /whsy.php?e=auxv&p=%2Fproc%2F20399 HTTP/2.0" 200 1936 "https://www.sparxnovate.net.lab2454.com/whsy.php?p=%2Fproc%2F20399" "Mozilla/5.0 AppleWebKit/537.36 (KHTML, like Gecko; compatible; GPTBot/1.3; +https://openai.com/gptbot)"
74.7.243.215 - - [03/Mar/2026:08:38:38 +0000] "GET /whsy.php?p=%2Fproc%2F30682 HTTP/2.0" 200 861 "https://sparxnovate.net.lab2454.com/whsy.php?e=11069&p=%2Fproc" "Mozilla/5.0 AppleWebKit/537.36 (KHTML, like Gecko; compatible; GPTBot/1.3; +https://openai.com/gptbot)"
74.7.241.36 - - [03/Mar/2026:08:38:38 +0000] "GET /whsy.php?p=%2Fproc%2F31114 HTTP/2.0" 200 861 "https://www.sparxnovate.net.lab2454.com/whsy.php?e=23044&p=%2Fproc" "Mozilla/5.0 AppleWebKit/537.36 (KHTML, like Gecko; compatible; GPTBot/1.3; +https://openai.com/gptbot)"
74.7.241.36 - - [03/Mar/2026:08:38:45 +0000] "GET /whsy.php?e=sessionid&p=%2Fproc%2F20399 HTTP/2.0" 200 2016 "https://www.sparxnovate.net.lab2454.com/whsy.php?p=%2Fproc%2F20399" "Mozilla/5.0 AppleWebKit/537.36 (KHTML, like Gecko; compatible; GPTBot/1.3; +https://openai.com/gptbot)"
74.7.243.215 - - [03/Mar/2026:08:38:44 +0000] "GET /whsy.php?p=%2Fproc%2F17414 HTTP/2.0" 200 861 "https://sparxnovate.net.lab2454.com/whsy.php?e=8803&p=%2Fproc" "Mozilla/5.0 AppleWebKit/537.36 (KHTML, like Gecko; compatible; GPTBot/1.3; +https://openai.com/gptbot)"
74.7.241.36 - - [03/Mar/2026:08:38:53 +0000] "GET /whsy.php?e=setgroups&p=%2Fproc%2F20399 HTTP/2.0" 200 2007 "https://www.sparxnovate.net.lab2454.com/whsy.php?p=%2Fproc%2F20399" "Mozilla/5.0 AppleWebKit/537.36 (KHTML, like Gecko; compatible; GPTBot/1.3; +https://openai.com/gptbot)"
74.7.243.215 - - [03/Mar/2026:08:38:53 +0000] "GET /whsy.php?p=%2Fproc%2F13487 HTTP/2.0" 200 861 "https://sparxnovate.net.lab2454.com/whsy.php?e=15993&p=%2Fproc" "Mozilla/5.0 AppleWebKit/537.36 (KHTML, like Gecko; compatible; GPTBot/1.3; +https://openai.com/gptbot)"
74.7.241.36 - - [03/Mar/2026:08:39:02 +0000] "GET /whsy.php?e=exe&p=%2Fproc%2F20399 HTTP/2.0" 200 1936 "https://www.sparxnovate.net.lab2454.com/whsy.php?p=%2Fproc%2F20399" "Mozilla/5.0 AppleWebKit/537.36 (KHTML, like Gecko; compatible; GPTBot/1.3; +https://openai.com/gptbot)"
74.7.243.215 - - [03/Mar/2026:08:39:02 +0000] "GET /whsy.php?p=%2Fproc%2F24048 HTTP/2.0" 200 861 "https://sparxnovate.net.lab2454.com/whsy.php?e=15657&p=%2Fproc" "Mozilla/5.0 AppleWebKit/537.36 (KHTML, like Gecko; compatible; GPTBot/1.3; +https://openai.com/gptbot)"
74.7.241.36 - - [03/Mar/2026:08:39:12 +0000] "GET /whsy.php?e=mem&p=%2Fproc%2F20399 HTTP/2.0" 200 1936 "https://www.sparxnovate.net.lab2454.com/whsy.php?p=%2Fproc%2F20399" "Mozilla/5.0 AppleWebKit/537.36 (KHTML, like Gecko; compatible; GPTBot/1.3; +https://openai.com/gptbot)"
74.7.243.215 - - [03/Mar/2026:08:39:12 +0000] "GET /whsy.php?p=%2Fproc%2F14158 HTTP/2.0" 200 861 "https://sparxnovate.net.lab2454.com/whsy.php?e=6504&p=%2Fproc" "Mozilla/5.0 AppleWebKit/537.36 (KHTML, like Gecko; compatible; GPTBot/1.3; +https://openai.com/gptbot)"
74.7.241.36 - - [03/Mar/2026:08:39:20 +0000] "GET /whsy.php?e=cwd&p=%2Fproc%2F20399 HTTP/2.0" 200 1936 "https://www.sparxnovate.net.lab2454.com/whsy.php?p=%2Fproc%2F20399" "Mozilla/5.0 AppleWebKit/537.36 (KHTML, like Gecko; compatible; GPTBot/1.3; +https://openai.com/gptbot)"
74.7.243.215 - - [03/Mar/2026:08:39:20 +0000] "GET /whsy.php?p=%2Fproc%2F18081 HTTP/2.0" 200 861 "https://sparxnovate.net.lab2454.com/whsy.php?e=9247&p=%2Fproc" "Mozilla/5.0 AppleWebKit/537.36 (KHTML, like Gecko; compatible; GPTBot/1.3; +https://openai.com/gptbot)"
74.7.241.36 - - [03/Mar/2026:08:39:28 +0000] "GET /whsy.php?e=ksm_stat&p=%2Fproc%2F20399 HTTP/2.0" 200 1936 "https://www.sparxnovate.net.lab2454.com/whsy.php?p=%2Fproc%2F20399" "Mozilla/5.0 AppleWebKit/537.36 (KHTML, like Gecko; compatible; GPTBot/1.3; +https://openai.com/gptbot)"
74.7.243.215 - - [03/Mar/2026:08:39:29 +0000] "GET /whsy.php?p=%2Fproc%2F25687 HTTP/2.0" 200 861 "https://sparxnovate.net.lab2454.com/whsy.php?e=13554&p=%2Fproc" "Mozilla/5.0 AppleWebKit/537.36 (KHTML, like Gecko; compatible; GPTBot/1.3; +https://openai.com/gptbot)"
74.7.241.36 - - [03/Mar/2026:08:39:37 +0000] "GET /whsy.php?e=oom_adj&p=%2Fproc%2F20399 HTTP/2.0" 200 2006 "https://www.sparxnovate.net.lab2454.com/whsy.php?p=%2Fproc%2F20399" "Mozilla/5.0 AppleWebKit/537.36 (KHTML, like Gecko; compatible; GPTBot/1.3; +https://openai.com/gptbot)"
74.7.243.215 - - [03/Mar/2026:08:39:37 +0000] "GET /whsy.php?p=%2Fproc%2F14202 HTTP/2.0" 200 861 "https://sparxnovate.net.lab2454.com/whsy.php?e=7171&p=%2Fproc" "Mozilla/5.0 AppleWebKit/537.36 (KHTML, like Gecko; compatible; GPTBot/1.3; +https://openai.com/gptbot)"
74.7.241.36 - - [03/Mar/2026:08:39:46 +0000] "GET /whsy.php?e=cmdline&p=%2Fproc%2F20399 HTTP/2.0" 200 2002 "https://www.sparxnovate.net.lab2454.com/whsy.php?p=%2Fproc%2F20399" "Mozilla/5.0 AppleWebKit/537.36 (KHTML, like Gecko; compatible; GPTBot/1.3; +https://openai.com/gptbot)"
74.7.243.215 - - [03/Mar/2026:08:39:46 +0000] "GET /whsy.php?p=%2Fproc%2F11368 HTTP/2.0" 200 861 "https://sparxnovate.net.lab2454.com/whsy.php?e=17243&p=%2Fproc" "Mozilla/5.0 AppleWebKit/537.36 (KHTML, like Gecko; compatible; GPTBot/1.3; +https://openai.com/gptbot)"
74.7.241.36 - - [03/Mar/2026:08:39:54 +0000] "GET /whsy.php?e=oom_score_adj&p=%2Fproc%2F20399 HTTP/2.0" 200 2007 "https://www.sparxnovate.net.lab2454.com/whsy.php?p=%2Fproc%2F20399" "Mozilla/5.0 AppleWebKit/537.36 (KHTML, like Gecko; compatible; GPTBot/1.3; +https://openai.com/gptbot)"
74.7.243.215 - - [03/Mar/2026:08:39:55 +0000] "GET /whsy.php?p=%2Fproc%2F15683 HTTP/2.0" 200 861 "https://sparxnovate.net.lab2454.com/whsy.php?e=7220&p=%2Fproc" "Mozilla/5.0 AppleWebKit/537.36 (KHTML, like Gecko; compatible; GPTBot/1.3; +https://openai.com/gptbot)"
74.7.241.36 - - [03/Mar/2026:08:40:02 +0000] "GET /whsy.php?e=personality&p=%2Fproc%2F20399 HTTP/2.0" 200 1936 "https://www.sparxnovate.net.lab2454.com/whsy.php?p=%2Fproc%2F20399" "Mozilla/5.0 AppleWebKit/537.36 (KHTML, like Gecko; compatible; GPTBot/1.3; +https://openai.com/gptbot)"
74.7.243.215 - - [03/Mar/2026:08:40:03 +0000] "GET /whsy.php?p=%2Fproc%2F18875 HTTP/2.0" 200 861 "https://sparxnovate.net.lab2454.com/whsy.php?e=6876&p=%2Fproc" "Mozilla/5.0 AppleWebKit/537.36 (KHTML, like Gecko; compatible; GPTBot/1.3; +https://openai.com/gptbot)"
74.7.243.215 - - [03/Mar/2026:08:40:10 +0000] "GET /whsy.php?p=%2Fproc%2F10602 HTTP/2.0" 200 861 "https://sparxnovate.net.lab2454.com/whsy.php?e=3984&p=%2Fproc" "Mozilla/5.0 AppleWebKit/537.36 (KHTML, like Gecko; compatible; GPTBot/1.3; +https://openai.com/gptbot)"
74.7.241.36 - - [03/Mar/2026:08:40:10 +0000] "GET /whsy.php?e=root&p=%2Fproc%2F20399 HTTP/2.0" 200 1936 "https://www.sparxnovate.net.lab2454.com/whsy.php?p=%2Fproc%2F20399" "Mozilla/5.0 AppleWebKit/537.36 (KHTML, like Gecko; compatible; GPTBot/1.3; +https://openai.com/gptbot)"
74.7.243.215 - - [03/Mar/2026:08:40:18 +0000] "GET /whsy.php?p=%2Fproc%2F24784 HTTP/2.0" 200 861 "https://sparxnovate.net.lab2454.com/whsy.php?e=17267&p=%2Fproc" "Mozilla/5.0 AppleWebKit/537.36 (KHTML, like Gecko; compatible; GPTBot/1.3; +https://openai.com/gptbot)"
74.7.241.36 - - [03/Mar/2026:08:40:18 +0000] "GET /whsy.php?e=comm&p=%2Fproc%2F20399 HTTP/2.0" 200 2023 "https://www.sparxnovate.net.lab2454.com/whsy.php?p=%2Fproc%2F20399" "Mozilla/5.0 AppleWebKit/537.36 (KHTML, like Gecko; compatible; GPTBot/1.3; +https://openai.com/gptbot)"
74.7.243.215 - - [03/Mar/2026:08:40:27 +0000] "GET /whsy.php?p=%2Fproc%2F26151 HTTP/2.0" 200 861 "https://sparxnovate.net.lab2454.com/whsy.php?e=10262&p=%2Fproc" "Mozilla/5.0 AppleWebKit/537.36 (KHTML, like Gecko; compatible; GPTBot/1.3; +https://openai.com/gptbot)"
74.7.241.36 - - [03/Mar/2026:08:40:28 +0000] "GET /whsy.php?e=maps&p=%2Fproc%2F20399 HTTP/2.0" 200 2004 "https://www.sparxnovate.net.lab2454.com/whsy.php?p=%2Fproc%2F20399" "Mozilla/5.0 AppleWebKit/537.36 (KHTML, like Gecko; compatible; GPTBot/1.3; +https://openai.com/gptbot)"
74.7.243.215 - - [03/Mar/2026:08:40:36 +0000] "GET /whsy.php?p=%2Fproc%2F17109 HTTP/2.0" 200 1936 "https://sparxnovate.net.lab2454.com/whsy.php?e=9933&p=%2Fproc" "Mozilla/5.0 AppleWebKit/537.36 (KHTML, like Gecko; compatible; GPTBot/1.3; +https://openai.com/gptbot)"
74.7.241.36 - - [03/Mar/2026:08:40:36 +0000] "GET /whsy.php?e=cpuset&p=%2Fproc%2F20399 HTTP/2.0" 200 2005 "https://www.sparxnovate.net.lab2454.com/whsy.php?p=%2Fproc%2F20399" "Mozilla/5.0 AppleWebKit/537.36 (KHTML, like Gecko; compatible; GPTBot/1.3; +https://openai.com/gptbot)"
74.7.243.215 - - [03/Mar/2026:08:40:44 +0000] "GET /whsy.php?p=%2Fproc%2F17952 HTTP/2.0" 200 861 "https://sparxnovate.net.lab2454.com/whsy.php?e=9451&p=%2Fproc" "Mozilla/5.0 AppleWebKit/537.36 (KHTML, like Gecko; compatible; GPTBot/1.3; +https://openai.com/gptbot)"
74.7.241.36 - - [03/Mar/2026:08:40:44 +0000] "GET /whsy.php?e=cgroup&p=%2Fproc%2F20399 HTTP/2.0" 200 2116 "https://www.sparxnovate.net.lab2454.com/whsy.php?p=%2Fproc%2F20399" "Mozilla/5.0 AppleWebKit/537.36 (KHTML, like Gecko; compatible; GPTBot/1.3; +https://openai.com/gptbot)"
74.7.243.215 - - [03/Mar/2026:08:40:51 +0000] "GET /whsy.php?p=%2Fproc%2F26537 HTTP/2.0" 200 861 "https://sparxnovate.net.lab2454.com/whsy.php?e=10262&p=%2Fproc" "Mozilla/5.0 AppleWebKit/537.36 (KHTML, like Gecko; compatible; GPTBot/1.3; +https://openai.com/gptbot)"
74.7.241.36 - - [03/Mar/2026:08:40:51 +0000] "GET /whsy.php?e=timens_offsets&p=%2Fproc%2F20399 HTTP/2.0" 200 2023 "https://www.sparxnovate.net.lab2454.com/whsy.php?p=%2Fproc%2F20399" "Mozilla/5.0 AppleWebKit/537.36 (KHTML, like Gecko; compatible; GPTBot/1.3; +https://openai.com/gptbot)"
74.7.243.215 - - [03/Mar/2026:08:41:01 +0000] "GET /whsy.php?p=%2Fproc%2F29511 HTTP/2.0" 200 861 "https://sparxnovate.net.lab2454.com/whsy.php?e=17224&p=%2Fproc" "Mozilla/5.0 AppleWebKit/537.36 (KHTML, like Gecko; compatible; GPTBot/1.3; +https://openai.com/gptbot)"
74.7.241.36 - - [03/Mar/2026:08:41:01 +0000] "GET /whsy.php?e=io&p=%2Fproc%2F20399 HTTP/2.0" 200 1936 "https://www.sparxnovate.net.lab2454.com/whsy.php?p=%2Fproc%2F20399" "Mozilla/5.0 AppleWebKit/537.36 (KHTML, like Gecko; compatible; GPTBot/1.3; +https://openai.com/gptbot)"
74.7.243.215 - - [03/Mar/2026:08:41:16 +0000] "GET /whsy.php?p=%2Fproc%2F31769 HTTP/2.0" 200 861 "https://sparxnovate.net.lab2454.com/whsy.php?e=24405&p=%2Fproc" "Mozilla/5.0 AppleWebKit/537.36 (KHTML, like Gecko; compatible; GPTBot/1.3; +https://openai.com/gptbot)"
74.7.228.61 - - [03/Mar/2026:08:41:17 +0000] "GET /robots.txt HTTP/2.0" 404 - "-" "Mozilla/5.0 (Macintosh; Intel Mac OS X 10_15_7) AppleWebKit/537.36 (KHTML, like Gecko) Chrome/131.0.0.0 Safari/537.36; compatible; OAI-SearchBot/1.3; robots.txt; +https://openai.com/searchbot"
74.7.241.36 - - [03/Mar/2026:08:41:17 +0000] "GET /whsy.php?e=wchan&p=%2Fproc%2F20399 HTTP/2.0" 200 2005 "https://www.sparxnovate.net.lab2454.com/whsy.php?p=%2Fproc%2F20399" "Mozilla/5.0 AppleWebKit/537.36 (KHTML, like Gecko; compatible; GPTBot/1.3; +https://openai.com/gptbot)"
74.7.243.215 - - [03/Mar/2026:08:41:27 +0000] "GET /whsy.php?p=%2Fproc%2F17383 HTTP/2.0" 200 861 "https://sparxnovate.net.lab2454.com/whsy.php?e=9964&p=%2Fproc" "Mozilla/5.0 AppleWebKit/537.36 (KHTML, like Gecko; compatible; GPTBot/1.3; +https://openai.com/gptbot)"
74.7.241.36 - - [03/Mar/2026:08:41:28 +0000] "GET /whsy.php?e=environ&p=%2Fproc%2F20399 HTTP/2.0" 200 1936 "https://www.sparxnovate.net.lab2454.com/whsy.php?p=%2Fproc%2F20399" "Mozilla/5.0 AppleWebKit/537.36 (KHTML, like Gecko; compatible; GPTBot/1.3; +https://openai.com/gptbot)"
74.7.243.215 - - [03/Mar/2026:08:41:37 +0000] "GET /whsy.php?p=%2Fproc%2F14451 HTTP/2.0" 200 861 "https://sparxnovate.net.lab2454.com/whsy.php?e=6105&p=%2Fproc" "Mozilla/5.0 AppleWebKit/537.36 (KHTML, like Gecko; compatible; GPTBot/1.3; +https://openai.com/gptbot)"
74.7.241.36 - - [03/Mar/2026:08:41:38 +0000] "GET /whsy.php?p=%2Fproc%2F12171 HTTP/2.0" 200 861 "https://www.sparxnovate.net.lab2454.com/whsy.php?e=2114&p=%2Fproc" "Mozilla/5.0 AppleWebKit/537.36 (KHTML, like Gecko; compatible; GPTBot/1.3; +https://openai.com/gptbot)"
74.7.243.215 - - [03/Mar/2026:08:41:47 +0000] "GET /whsy.php?p=%2Fproc%2F10902 HTTP/2.0" 200 861 "https://sparxnovate.net.lab2454.com/whsy.php?e=2663&p=%2Fproc" "Mozilla/5.0 AppleWebKit/537.36 (KHTML, like Gecko; compatible; GPTBot/1.3; +https://openai.com/gptbot)"
74.7.241.36 - - [03/Mar/2026:08:41:48 +0000] "GET /whsy.php?p=%2Fproc%2F31156 HTTP/2.0" 200 861 "https://www.sparxnovate.net.lab2454.com/whsy.php?e=23044&p=%2Fproc" "Mozilla/5.0 AppleWebKit/537.36 (KHTML, like Gecko; compatible; GPTBot/1.3; +https://openai.com/gptbot)"
74.7.243.215 - - [03/Mar/2026:08:41:58 +0000] "GET /whsy.php?p=%2Fproc%2F24045 HTTP/2.0" 200 861 "https://sparxnovate.net.lab2454.com/whsy.php?e=15657&p=%2Fproc" "Mozilla/5.0 AppleWebKit/537.36 (KHTML, like Gecko; compatible; GPTBot/1.3; +https://openai.com/gptbot)"
74.7.241.36 - - [03/Mar/2026:08:41:58 +0000] "GET /whsy.php?p=%2Fproc%2F23670 HTTP/2.0" 200 861 "https://www.sparxnovate.net.lab2454.com/whsy.php?e=10825&p=%2Fproc" "Mozilla/5.0 AppleWebKit/537.36 (KHTML, like Gecko; compatible; GPTBot/1.3; +https://openai.com/gptbot)"
74.7.243.215 - - [03/Mar/2026:08:42:09 +0000] "GET /whsy.php?p=%2Fproc%2F19514 HTTP/2.0" 200 861 "https://sparxnovate.net.lab2454.com/whsy.php?e=9243&p=%2Fproc" "Mozilla/5.0 AppleWebKit/537.36 (KHTML, like Gecko; compatible; GPTBot/1.3; +https://openai.com/gptbot)"
74.7.241.36 - - [03/Mar/2026:08:42:09 +0000] "GET /whsy.php?p=%2Fproc%2F23069 HTTP/2.0" 200 861 "https://www.sparxnovate.net.lab2454.com/whsy.php?e=12959&p=%2Fproc" "Mozilla/5.0 AppleWebKit/537.36 (KHTML, like Gecko; compatible; GPTBot/1.3; +https://openai.com/gptbot)"
74.7.243.215 - - [03/Mar/2026:08:42:20 +0000] "GET /whsy.php?p=%2Fproc%2F16619 HTTP/2.0" 200 861 "https://sparxnovate.net.lab2454.com/whsy.php?e=5129&p=%2Fproc" "Mozilla/5.0 AppleWebKit/537.36 (KHTML, like Gecko; compatible; GPTBot/1.3; +https://openai.com/gptbot)"
74.7.241.36 - - [03/Mar/2026:08:42:21 +0000] "GET /whsy.php?p=%2Fproc%2F23683 HTTP/2.0" 200 861 "https://www.sparxnovate.net.lab2454.com/whsy.php?e=10825&p=%2Fproc" "Mozilla/5.0 AppleWebKit/537.36 (KHTML, like Gecko; compatible; GPTBot/1.3; +https://openai.com/gptbot)"
74.7.243.215 - - [03/Mar/2026:08:42:32 +0000] "GET /whsy.php?e=mountinfo&p=%2Fproc%2F17109 HTTP/2.0" 200 2950 "https://sparxnovate.net.lab2454.com/whsy.php?p=%2Fproc%2F17109" "Mozilla/5.0 AppleWebKit/537.36 (KHTML, like Gecko; compatible; GPTBot/1.3; +https://openai.com/gptbot)"
74.7.241.36 - - [03/Mar/2026:08:42:33 +0000] "GET /whsy.php?p=%2Fproc%2F10147 HTTP/2.0" 200 861 "https://www.sparxnovate.net.lab2454.com/whsy.php?e=2110&p=%2Fproc" "Mozilla/5.0 AppleWebKit/537.36 (KHTML, like Gecko; compatible; GPTBot/1.3; +https://openai.com/gptbot)"
74.7.243.215 - - [03/Mar/2026:08:42:45 +0000] "GET /whsy.php?e=timerslack_ns&p=%2Fproc%2F17109 HTTP/2.0" 200 2008 "https://sparxnovate.net.lab2454.com/whsy.php?p=%2Fproc%2F17109" "Mozilla/5.0 AppleWebKit/537.36 (KHTML, like Gecko; compatible; GPTBot/1.3; +https://openai.com/gptbot)"
74.7.241.36 - - [03/Mar/2026:08:42:46 +0000] "GET /whsy.php?p=%2Fproc%2F21830 HTTP/2.0" 200 861 "https://www.sparxnovate.net.lab2454.com/whsy.php?e=10824&p=%2Fproc" "Mozilla/5.0 AppleWebKit/537.36 (KHTML, like Gecko; compatible; GPTBot/1.3; +https://openai.com/gptbot)"
74.7.243.215 - - [03/Mar/2026:08:42:57 +0000] "GET /whsy.php?e=statm&p=%2Fproc%2F17109 HTTP/2.0" 200 2008 "https://sparxnovate.net.lab2454.com/whsy.php?p=%2Fproc%2F17109" "Mozilla/5.0 AppleWebKit/537.36 (KHTML, like Gecko; compatible; GPTBot/1.3; +https://openai.com/gptbot)"
74.7.241.36 - - [03/Mar/2026:08:42:59 +0000] "GET /whsy.php?p=%2Fproc%2F11474 HTTP/2.0" 200 861 "https://www.sparxnovate.net.lab2454.com/whsy.php?e=2112&p=%2Fproc" "Mozilla/5.0 AppleWebKit/537.36 (KHTML, like Gecko; compatible; GPTBot/1.3; +https://openai.com/gptbot)"
74.7.243.215 - - [03/Mar/2026:08:43:10 +0000] "GET /whsy.php?e=stack&p=%2Fproc%2F17109 HTTP/2.0" 200 1936 "https://sparxnovate.net.lab2454.com/whsy.php?p=%2Fproc%2F17109" "Mozilla/5.0 AppleWebKit/537.36 (KHTML, like Gecko; compatible; GPTBot/1.3; +https://openai.com/gptbot)"
74.7.241.36 - - [03/Mar/2026:08:43:11 +0000] "GET /whsy.php?p=%2Fproc%2F23674 HTTP/2.0" 200 861 "https://www.sparxnovate.net.lab2454.com/whsy.php?e=10825&p=%2Fproc" "Mozilla/5.0 AppleWebKit/537.36 (KHTML, like Gecko; compatible; GPTBot/1.3; +https://openai.com/gptbot)"
74.7.243.215 - - [03/Mar/2026:08:43:22 +0000] "GET /whsy.php?e=auxv&p=%2Fproc%2F17109 HTTP/2.0" 200 1936 "https://sparxnovate.net.lab2454.com/whsy.php?p=%2Fproc%2F17109" "Mozilla/5.0 AppleWebKit/537.36 (KHTML, like Gecko; compatible; GPTBot/1.3; +https://openai.com/gptbot)"
74.7.241.36 - - [03/Mar/2026:08:43:23 +0000] "GET /whsy.php?p=%2Fproc%2F12173 HTTP/2.0" 200 861 "https://www.sparxnovate.net.lab2454.com/whsy.php?e=2114&p=%2Fproc" "Mozilla/5.0 AppleWebKit/537.36 (KHTML, like Gecko; compatible; GPTBot/1.3; +https://openai.com/gptbot)"
74.7.243.215 - - [03/Mar/2026:08:43:32 +0000] "GET /whsy.php?e=wchan&p=%2Fproc%2F17109 HTTP/2.0" 200 2005 "https://sparxnovate.net.lab2454.com/whsy.php?p=%2Fproc%2F17109" "Mozilla/5.0 AppleWebKit/537.36 (KHTML, like Gecko; compatible; GPTBot/1.3; +https://openai.com/gptbot)"
74.7.241.36 - - [03/Mar/2026:08:43:33 +0000] "GET /whsy.php?p=%2Fproc%2F10848 HTTP/2.0" 200 861 "https://www.sparxnovate.net.lab2454.com/whsy.php?e=2113&p=%2Fproc" "Mozilla/5.0 AppleWebKit/537.36 (KHTML, like Gecko; compatible; GPTBot/1.3; +https://openai.com/gptbot)"
74.7.243.215 - - [03/Mar/2026:08:43:42 +0000] "GET /whsy.php?e=sessionid&p=%2Fproc%2F17109 HTTP/2.0" 200 2016 "https://sparxnovate.net.lab2454.com/whsy.php?p=%2Fproc%2F17109" "Mozilla/5.0 AppleWebKit/537.36 (KHTML, like Gecko; compatible; GPTBot/1.3; +https://openai.com/gptbot)"
74.7.241.36 - - [03/Mar/2026:08:43:44 +0000] "GET /whsy.php?p=%2Fproc%2F26508 HTTP/2.0" 200 861 "https://www.sparxnovate.net.lab2454.com/whsy.php?e=18267&p=%2Fproc" "Mozilla/5.0 AppleWebKit/537.36 (KHTML, like Gecko; compatible; GPTBot/1.3; +https://openai.com/gptbot)"
74.7.243.215 - - [03/Mar/2026:08:43:51 +0000] "GET /whsy.php?e=autogroup&p=%2Fproc%2F17109 HTTP/2.0" 200 2004 "https://sparxnovate.net.lab2454.com/whsy.php?p=%2Fproc%2F17109" "Mozilla/5.0 AppleWebKit/537.36 (KHTML, like Gecko; compatible; GPTBot/1.3; +https://openai.com/gptbot)"
74.7.241.36 - - [03/Mar/2026:08:43:52 +0000] "GET /whsy.php?p=%2Fproc%2F19891 HTTP/2.0" 200 861 "https://www.sparxnovate.net.lab2454.com/whsy.php?e=8952&p=%2Fproc" "Mozilla/5.0 AppleWebKit/537.36 (KHTML, like Gecko; compatible; GPTBot/1.3; +https://openai.com/gptbot)"
74.7.243.215 - - [03/Mar/2026:08:44:01 +0000] "GET /whsy.php?e=setgroups&p=%2Fproc%2F17109 HTTP/2.0" 200 2007 "https://sparxnovate.net.lab2454.com/whsy.php?p=%2Fproc%2F17109" "Mozilla/5.0 AppleWebKit/537.36 (KHTML, like Gecko; compatible; GPTBot/1.3; +https://openai.com/gptbot)"
74.7.241.36 - - [03/Mar/2026:08:44:03 +0000] "GET /whsy.php?p=%2Fproc%2F18284 HTTP/2.0" 200 861 "https://www.sparxnovate.net.lab2454.com/whsy.php?e=8968&p=%2Fproc" "Mozilla/5.0 AppleWebKit/537.36 (KHTML, like Gecko; compatible; GPTBot/1.3; +https://openai.com/gptbot)"
74.7.243.215 - - [03/Mar/2026:08:44:15 +0000] "GET /whsy.php?e=schedstat&p=%2Fproc%2F17109 HTTP/2.0" 200 2035 "https://sparxnovate.net.lab2454.com/whsy.php?p=%2Fproc%2F17109" "Mozilla/5.0 AppleWebKit/537.36 (KHTML, like Gecko; compatible; GPTBot/1.3; +https://openai.com/gptbot)"
74.7.241.36 - - [03/Mar/2026:08:44:18 +0000] "GET /whsy.php?p=%2Fproc%2F26488 HTTP/2.0" 200 861 "https://www.sparxnovate.net.lab2454.com/whsy.php?e=18267&p=%2Fproc" "Mozilla/5.0 AppleWebKit/537.36 (KHTML, like Gecko; compatible; GPTBot/1.3; +https://openai.com/gptbot)"
74.7.243.215 - - [03/Mar/2026:08:44:29 +0000] "GET /whsy.php?e=stat&p=%2Fproc%2F17109 HTTP/2.0" 200 2114 "https://sparxnovate.net.lab2454.com/whsy.php?p=%2Fproc%2F17109" "Mozilla/5.0 AppleWebKit/537.36 (KHTML, like Gecko; compatible; GPTBot/1.3; +https://openai.com/gptbot)"
74.7.241.36 - - [03/Mar/2026:08:44:31 +0000] "GET /whsy.php?p=%2Fproc%2F21633 HTTP/2.0" 200 861 "https://www.sparxnovate.net.lab2454.com/whsy.php?p=%2Fproc%2F16480%2F.." "Mozilla/5.0 AppleWebKit/537.36 (KHTML, like Gecko; compatible; GPTBot/1.3; +https://openai.com/gptbot)"
74.7.243.215 - - [03/Mar/2026:08:44:38 +0000] "GET /whsy.php?e=uid_map&p=%2Fproc%2F17109 HTTP/2.0" 200 2022 "https://sparxnovate.net.lab2454.com/whsy.php?p=%2Fproc%2F17109" "Mozilla/5.0 AppleWebKit/537.36 (KHTML, like Gecko; compatible; GPTBot/1.3; +https://openai.com/gptbot)"
74.7.241.36 - - [03/Mar/2026:08:44:40 +0000] "GET /whsy.php?p=%2Fproc%2F18291 HTTP/2.0" 200 861 "https://www.sparxnovate.net.lab2454.com/whsy.php?e=8968&p=%2Fproc" "Mozilla/5.0 AppleWebKit/537.36 (KHTML, like Gecko; compatible; GPTBot/1.3; +https://openai.com/gptbot)"
74.7.243.215 - - [03/Mar/2026:08:44:49 +0000] "GET /whsy.php?e=gid_map&p=%2Fproc%2F17109 HTTP/2.0" 200 2025 "https://sparxnovate.net.lab2454.com/whsy.php?p=%2Fproc%2F17109" "Mozilla/5.0 AppleWebKit/537.36 (KHTML, like Gecko; compatible; GPTBot/1.3; +https://openai.com/gptbot)"
74.7.241.36 - - [03/Mar/2026:08:44:50 +0000] "GET /whsy.php?p=%2Fproc%2F23669 HTTP/2.0" 200 861 "https://www.sparxnovate.net.lab2454.com/whsy.php?e=10825&p=%2Fproc" "Mozilla/5.0 AppleWebKit/537.36 (KHTML, like Gecko; compatible; GPTBot/1.3; +https://openai.com/gptbot)"
74.7.243.215 - - [03/Mar/2026:08:44:59 +0000] "GET /whsy.php?e=smaps&p=%2Fproc%2F17109 HTTP/2.0" 200 2006 "https://sparxnovate.net.lab2454.com/whsy.php?p=%2Fproc%2F17109" "Mozilla/5.0 AppleWebKit/537.36 (KHTML, like Gecko; compatible; GPTBot/1.3; +https://openai.com/gptbot)"
74.7.241.36 - - [03/Mar/2026:08:45:00 +0000] "GET /whsy.php?p=%2Fproc%2F15011 HTTP/2.0" 200 861 "https://www.sparxnovate.net.lab2454.com/whsy.php?e=5990&p=%2Fproc" "Mozilla/5.0 AppleWebKit/537.36 (KHTML, like Gecko; compatible; GPTBot/1.3; +https://openai.com/gptbot)"
74.7.243.215 - - [03/Mar/2026:08:45:08 +0000] "GET /whsy.php?e=oom_adj&p=%2Fproc%2F17109 HTTP/2.0" 200 2006 "https://sparxnovate.net.lab2454.com/whsy.php?p=%2Fproc%2F17109" "Mozilla/5.0 AppleWebKit/537.36 (KHTML, like Gecko; compatible; GPTBot/1.3; +https://openai.com/gptbot)"
74.7.241.36 - - [03/Mar/2026:08:45:10 +0000] "GET /whsy.php?p=%2Fproc%2F26468 HTTP/2.0" 200 861 "https://www.sparxnovate.net.lab2454.com/whsy.php?e=18267&p=%2Fproc" "Mozilla/5.0 AppleWebKit/537.36 (KHTML, like Gecko; compatible; GPTBot/1.3; +https://openai.com/gptbot)"
74.7.244.20 - - [03/Mar/2026:08:45:10 +0000] "GET /robots.txt HTTP/2.0" 404 - "-" "Mozilla/5.0 (Macintosh; Intel Mac OS X 10_15_7) AppleWebKit/537.36 (KHTML, like Gecko) Chrome/131.0.0.0 Safari/537.36; compatible; OAI-SearchBot/1.3; robots.txt; +https://openai.com/searchbot"
74.7.243.215 - - [03/Mar/2026:08:45:16 +0000] "GET /whsy.php?e=ksm_stat&p=%2Fproc%2F17109 HTTP/2.0" 200 1936 "https://sparxnovate.net.lab2454.com/whsy.php?p=%2Fproc%2F17109" "Mozilla/5.0 AppleWebKit/537.36 (KHTML, like Gecko; compatible; GPTBot/1.3; +https://openai.com/gptbot)"
74.7.241.36 - - [03/Mar/2026:08:45:17 +0000] "GET /whsy.php?p=%2Fproc%2F19139 HTTP/2.0" 200 861 "https://www.sparxnovate.net.lab2454.com/whsy.php?e=8978&p=%2Fproc" "Mozilla/5.0 AppleWebKit/537.36 (KHTML, like Gecko; compatible; GPTBot/1.3; +https://openai.com/gptbot)"
74.7.243.215 - - [03/Mar/2026:08:45:24 +0000] "GET /whsy.php?e=oom_score_adj&p=%2Fproc%2F17109 HTTP/2.0" 200 2007 "https://sparxnovate.net.lab2454.com/whsy.php?p=%2Fproc%2F17109" "Mozilla/5.0 AppleWebKit/537.36 (KHTML, like Gecko; compatible; GPTBot/1.3; +https://openai.com/gptbot)"
74.7.241.36 - - [03/Mar/2026:08:45:25 +0000] "GET /whsy.php?p=%2Fproc%2F31633 HTTP/2.0" 200 861 "https://www.sparxnovate.net.lab2454.com/whsy.php?e=24205&p=%2Fproc" "Mozilla/5.0 AppleWebKit/537.36 (KHTML, like Gecko; compatible; GPTBot/1.3; +https://openai.com/gptbot)"
74.7.243.215 - - [03/Mar/2026:08:45:33 +0000] "GET /whsy.php?e=clear_refs&p=%2Fproc%2F17109 HTTP/2.0" 200 1936 "https://sparxnovate.net.lab2454.com/whsy.php?p=%2Fproc%2F17109" "Mozilla/5.0 AppleWebKit/537.36 (KHTML, like Gecko; compatible; GPTBot/1.3; +https://openai.com/gptbot)"
74.7.241.36 - - [03/Mar/2026:08:45:34 +0000] "GET /whsy.php?p=%2Fproc%2F20876 HTTP/2.0" 200 861 "https://www.sparxnovate.net.lab2454.com/whsy.php?p=%2Fproc%2F15809%2F.." "Mozilla/5.0 AppleWebKit/537.36 (KHTML, like Gecko; compatible; GPTBot/1.3; +https://openai.com/gptbot)"
74.7.243.215 - - [03/Mar/2026:08:45:42 +0000] "GET /whsy.php?e=maps&p=%2Fproc%2F17109 HTTP/2.0" 200 2004 "https://sparxnovate.net.lab2454.com/whsy.php?p=%2Fproc%2F17109" "Mozilla/5.0 AppleWebKit/537.36 (KHTML, like Gecko; compatible; GPTBot/1.3; +https://openai.com/gptbot)"
74.7.241.36 - - [03/Mar/2026:08:45:43 +0000] "GET /whsy.php?p=%2Fproc%2F13211 HTTP/2.0" 200 861 "https://www.sparxnovate.net.lab2454.com/whsy.php?e=5990&p=%2Fproc" "Mozilla/5.0 AppleWebKit/537.36 (KHTML, like Gecko; compatible; GPTBot/1.3; +https://openai.com/gptbot)"
74.7.243.215 - - [03/Mar/2026:08:45:50 +0000] "GET /whsy.php?e=comm&p=%2Fproc%2F17109 HTTP/2.0" 200 2031 "https://sparxnovate.net.lab2454.com/whsy.php?p=%2Fproc%2F17109" "Mozilla/5.0 AppleWebKit/537.36 (KHTML, like Gecko; compatible; GPTBot/1.3; +https://openai.com/gptbot)"
74.7.241.36 - - [03/Mar/2026:08:45:52 +0000] "GET /whsy.php?p=%2Fproc%2F17992 HTTP/2.0" 200 861 "https://www.sparxnovate.net.lab2454.com/whsy.php?p=%2Fproc%2F31848%2F.." "Mozilla/5.0 AppleWebKit/537.36 (KHTML, like Gecko; compatible; GPTBot/1.3; +https://openai.com/gptbot)"
74.7.243.215 - - [03/Mar/2026:08:45:59 +0000] "GET /whsy.php?e=cmdline&p=%2Fproc%2F17109 HTTP/2.0" 200 2002 "https://sparxnovate.net.lab2454.com/whsy.php?p=%2Fproc%2F17109" "Mozilla/5.0 AppleWebKit/537.36 (KHTML, like Gecko; compatible; GPTBot/1.3; +https://openai.com/gptbot)"
74.7.241.36 - - [03/Mar/2026:08:46:00 +0000] "GET /whsy.php?p=%2Fproc%2F15010 HTTP/2.0" 200 861 "https://www.sparxnovate.net.lab2454.com/whsy.php?e=5990&p=%2Fproc" "Mozilla/5.0 AppleWebKit/537.36 (KHTML, like Gecko; compatible; GPTBot/1.3; +https://openai.com/gptbot)"
74.7.243.215 - - [03/Mar/2026:08:46:08 +0000] "GET /whsy.php?e=smaps_rollup&p=%2Fproc%2F17109 HTTP/2.0" 200 2009 "https://sparxnovate.net.lab2454.com/whsy.php?p=%2Fproc%2F17109" "Mozilla/5.0 AppleWebKit/537.36 (KHTML, like Gecko; compatible; GPTBot/1.3; +https://openai.com/gptbot)"
74.7.241.36 - - [03/Mar/2026:08:46:11 +0000] "GET /whsy.php?p=%2Fproc%2F31138 HTTP/2.0" 200 861 "https://www.sparxnovate.net.lab2454.com/whsy.php?e=23044&p=%2Fproc" "Mozilla/5.0 AppleWebKit/537.36 (KHTML, like Gecko; compatible; GPTBot/1.3; +https://openai.com/gptbot)"
74.7.243.215 - - [03/Mar/2026:08:46:19 +0000] "GET /whsy.php?e=timens_offsets&p=%2Fproc%2F17109 HTTP/2.0" 200 2022 "https://sparxnovate.net.lab2454.com/whsy.php?p=%2Fproc%2F17109" "Mozilla/5.0 AppleWebKit/537.36 (KHTML, like Gecko; compatible; GPTBot/1.3; +https://openai.com/gptbot)"
74.7.241.36 - - [03/Mar/2026:08:46:21 +0000] "GET /whsy.php?p=%2Fproc%2F28646 HTTP/2.0" 200 861 "https://www.sparxnovate.net.lab2454.com/whsy.php?e=20235&p=%2Fproc" "Mozilla/5.0 AppleWebKit/537.36 (KHTML, like Gecko; compatible; GPTBot/1.3; +https://openai.com/gptbot)"
74.7.243.215 - - [03/Mar/2026:08:46:29 +0000] "GET /whsy.php?e=mem&p=%2Fproc%2F17109 HTTP/2.0" 200 1936 "https://sparxnovate.net.lab2454.com/whsy.php?p=%2Fproc%2F17109" "Mozilla/5.0 AppleWebKit/537.36 (KHTML, like Gecko; compatible; GPTBot/1.3; +https://openai.com/gptbot)"
74.7.241.36 - - [03/Mar/2026:08:46:31 +0000] "GET /whsy.php?p=%2Fproc%2F31153 HTTP/2.0" 200 861 "https://www.sparxnovate.net.lab2454.com/whsy.php?e=23044&p=%2Fproc" "Mozilla/5.0 AppleWebKit/537.36 (KHTML, like Gecko; compatible; GPTBot/1.3; +https://openai.com/gptbot)"
74.7.243.215 - - [03/Mar/2026:08:46:38 +0000] "GET /whsy.php?e=exe&p=%2Fproc%2F17109 HTTP/2.0" 200 1936 "https://sparxnovate.net.lab2454.com/whsy.php?p=%2Fproc%2F17109" "Mozilla/5.0 AppleWebKit/537.36 (KHTML, like Gecko; compatible; GPTBot/1.3; +https://openai.com/gptbot)"
74.7.241.36 - - [03/Mar/2026:08:46:39 +0000] "GET /whsy.php?p=%2Fproc%2F18699 HTTP/2.0" 200 861 "https://www.sparxnovate.net.lab2454.com/whsy.php?p=%2Fproc%2F31861%2F.." "Mozilla/5.0 AppleWebKit/537.36 (KHTML, like Gecko; compatible; GPTBot/1.3; +https://openai.com/gptbot)"
74.7.243.215 - - [03/Mar/2026:08:46:45 +0000] "GET /whsy.php?e=cwd&p=%2Fproc%2F17109 HTTP/2.0" 200 1936 "https://sparxnovate.net.lab2454.com/whsy.php?p=%2Fproc%2F17109" "Mozilla/5.0 AppleWebKit/537.36 (KHTML, like Gecko; compatible; GPTBot/1.3; +https://openai.com/gptbot)"
74.7.241.36 - - [03/Mar/2026:08:46:47 +0000] "GET /whsy.php?p=%2Fproc%2F31844 HTTP/2.0" 200 861 "https://www.sparxnovate.net.lab2454.com/whsy.php?e=24205&p=%2Fproc" "Mozilla/5.0 AppleWebKit/537.36 (KHTML, like Gecko; compatible; GPTBot/1.3; +https://openai.com/gptbot)"
74.7.243.215 - - [03/Mar/2026:08:46:55 +0000] "GET /whsy.php?e=personality&p=%2Fproc%2F17109 HTTP/2.0" 200 1936 "https://sparxnovate.net.lab2454.com/whsy.php?p=%2Fproc%2F17109" "Mozilla/5.0 AppleWebKit/537.36 (KHTML, like Gecko; compatible; GPTBot/1.3; +https://openai.com/gptbot)"
74.7.241.36 - - [03/Mar/2026:08:46:57 +0000] "GET /whsy.php?p=%2Fproc%2F28969 HTTP/2.0" 200 861 "https://www.sparxnovate.net.lab2454.com/whsy.php?e=20952&p=%2Fproc" "Mozilla/5.0 AppleWebKit/537.36 (KHTML, like Gecko; compatible; GPTBot/1.3; +https://openai.com/gptbot)"
74.7.243.215 - - [03/Mar/2026:08:47:05 +0000] "GET /whsy.php?e=sched&p=%2Fproc%2F17109 HTTP/2.0" 200 2467 "https://sparxnovate.net.lab2454.com/whsy.php?p=%2Fproc%2F17109" "Mozilla/5.0 AppleWebKit/537.36 (KHTML, like Gecko; compatible; GPTBot/1.3; +https://openai.com/gptbot)"
74.7.241.36 - - [03/Mar/2026:08:47:07 +0000] "GET /whsy.php?p=%2Fproc%2F23676 HTTP/2.0" 200 861 "https://www.sparxnovate.net.lab2454.com/whsy.php?e=10825&p=%2Fproc" "Mozilla/5.0 AppleWebKit/537.36 (KHTML, like Gecko; compatible; GPTBot/1.3; +https://openai.com/gptbot)"
74.7.243.215 - - [03/Mar/2026:08:47:13 +0000] "GET /whsy.php?e=syscall&p=%2Fproc%2F17109 HTTP/2.0" 200 1936 "https://sparxnovate.net.lab2454.com/whsy.php?p=%2Fproc%2F17109" "Mozilla/5.0 AppleWebKit/537.36 (KHTML, like Gecko; compatible; GPTBot/1.3; +https://openai.com/gptbot)"
74.7.241.36 - - [03/Mar/2026:08:47:15 +0000] "GET /whsy.php?p=%2Fproc%2F31137 HTTP/2.0" 200 861 "https://www.sparxnovate.net.lab2454.com/whsy.php?e=23044&p=%2Fproc" "Mozilla/5.0 AppleWebKit/537.36 (KHTML, like Gecko; compatible; GPTBot/1.3; +https://openai.com/gptbot)"
74.7.243.215 - - [03/Mar/2026:08:47:21 +0000] "GET /whsy.php?e=environ&p=%2Fproc%2F17109 HTTP/2.0" 200 1936 "https://sparxnovate.net.lab2454.com/whsy.php?p=%2Fproc%2F17109" "Mozilla/5.0 AppleWebKit/537.36 (KHTML, like Gecko; compatible; GPTBot/1.3; +https://openai.com/gptbot)"
74.7.241.36 - - [03/Mar/2026:08:47:23 +0000] "GET /whsy.php?p=%2Fproc%2F12970 HTTP/2.0" 200 861 "https://www.sparxnovate.net.lab2454.com/whsy.php?e=2073&p=%2Fproc" "Mozilla/5.0 AppleWebKit/537.36 (KHTML, like Gecko; compatible; GPTBot/1.3; +https://openai.com/gptbot)"
74.7.243.215 - - [03/Mar/2026:08:47:28 +0000] "GET /whsy.php?p=%2Fproc%2F12003 HTTP/2.0" 200 861 "https://sparxnovate.net.lab2454.com/whsy.php?e=22839&p=%2Fproc" "Mozilla/5.0 AppleWebKit/537.36 (KHTML, like Gecko; compatible; GPTBot/1.3; +https://openai.com/gptbot)"
74.7.241.36 - - [03/Mar/2026:08:47:30 +0000] "GET /whsy.php?p=%2Fproc%2F18022 HTTP/2.0" 200 861 "https://www.sparxnovate.net.lab2454.com/whsy.php?p=%2Fproc%2F31848%2F.." "Mozilla/5.0 AppleWebKit/537.36 (KHTML, like Gecko; compatible; GPTBot/1.3; +https://openai.com/gptbot)"
74.7.243.215 - - [03/Mar/2026:08:47:36 +0000] "GET /whsy.php?p=%2Fproc%2F11713 HTTP/2.0" 200 861 "https://sparxnovate.net.lab2454.com/whsy.php?e=2660&p=%2Fproc" "Mozilla/5.0 AppleWebKit/537.36 (KHTML, like Gecko; compatible; GPTBot/1.3; +https://openai.com/gptbot)"
74.7.241.36 - - [03/Mar/2026:08:47:39 +0000] "GET /whsy.php?p=%2Fproc%2F17357 HTTP/2.0" 200 861 "https://www.sparxnovate.net.lab2454.com/whsy.php?e=7451&p=%2Fproc" "Mozilla/5.0 AppleWebKit/537.36 (KHTML, like Gecko; compatible; GPTBot/1.3; +https://openai.com/gptbot)"
74.7.243.215 - - [03/Mar/2026:08:47:48 +0000] "GET /whsy.php?p=%2Fproc%2F21064 HTTP/2.0" 200 861 "https://sparxnovate.net.lab2454.com/whsy.php?e=9238&p=%2Fproc" "Mozilla/5.0 AppleWebKit/537.36 (KHTML, like Gecko; compatible; GPTBot/1.3; +https://openai.com/gptbot)"
74.7.241.36 - - [03/Mar/2026:08:47:51 +0000] "GET /whsy.php?p=%2Fproc%2F28618 HTTP/2.0" 200 861 "https://www.sparxnovate.net.lab2454.com/whsy.php?e=20235&p=%2Fproc" "Mozilla/5.0 AppleWebKit/537.36 (KHTML, like Gecko; compatible; GPTBot/1.3; +https://openai.com/gptbot)"
74.7.243.215 - - [03/Mar/2026:08:48:04 +0000] "GET /whsy.php?p=%2Fproc%2F13082 HTTP/2.0" 200 861 "https://sparxnovate.net.lab2454.com/whsy.php?e=3456&p=%2Fproc" "Mozilla/5.0 AppleWebKit/537.36 (KHTML, like Gecko; compatible; GPTBot/1.3; +https://openai.com/gptbot)"
74.7.241.36 - - [03/Mar/2026:08:48:06 +0000] "GET /whsy.php?p=%2Fproc%2F10847 HTTP/2.0" 200 861 "https://www.sparxnovate.net.lab2454.com/whsy.php?e=2113&p=%2Fproc" "Mozilla/5.0 AppleWebKit/537.36 (KHTML, like Gecko; compatible; GPTBot/1.3; +https://openai.com/gptbot)"
74.7.243.215 - - [03/Mar/2026:08:48:14 +0000] "GET /whsy.php?p=%2Fproc%2F26231 HTTP/2.0" 200 861 "https://sparxnovate.net.lab2454.com/whsy.php?e=14189&p=%2Fproc" "Mozilla/5.0 AppleWebKit/537.36 (KHTML, like Gecko; compatible; GPTBot/1.3; +https://openai.com/gptbot)"
74.7.241.36 - - [03/Mar/2026:08:48:16 +0000] "GET /whsy.php?p=%2Fproc%2F10144 HTTP/2.0" 200 861 "https://www.sparxnovate.net.lab2454.com/whsy.php?e=2110&p=%2Fproc" "Mozilla/5.0 AppleWebKit/537.36 (KHTML, like Gecko; compatible; GPTBot/1.3; +https://openai.com/gptbot)"
74.7.243.215 - - [03/Mar/2026:08:48:26 +0000] "GET /whsy.php?p=%2Fproc%2F31513 HTTP/2.0" 200 861 "https://sparxnovate.net.lab2454.com/whsy.php?e=21542&p=%2Fproc" "Mozilla/5.0 AppleWebKit/537.36 (KHTML, like Gecko; compatible; GPTBot/1.3; +https://openai.com/gptbot)"
74.7.241.36 - - [03/Mar/2026:08:48:30 +0000] "GET /whsy.php?p=%2Fproc%2F18681 HTTP/2.0" 200 861 "https://www.sparxnovate.net.lab2454.com/whsy.php?p=%2Fproc%2F31861%2F.." "Mozilla/5.0 AppleWebKit/537.36 (KHTML, like Gecko; compatible; GPTBot/1.3; +https://openai.com/gptbot)"
74.7.243.215 - - [03/Mar/2026:08:48:38 +0000] "GET /whsy.php?p=%2Fproc%2F23674 HTTP/2.0" 200 861 "https://sparxnovate.net.lab2454.com/whsy.php?e=11087&p=%2Fproc" "Mozilla/5.0 AppleWebKit/537.36 (KHTML, like Gecko; compatible; GPTBot/1.3; +https://openai.com/gptbot)"
74.7.241.36 - - [03/Mar/2026:08:48:40 +0000] "GET /whsy.php?p=%2Fproc%2F11546 HTTP/2.0" 200 861 "https://www.sparxnovate.net.lab2454.com/whsy.php?e=2114&p=%2Fproc" "Mozilla/5.0 AppleWebKit/537.36 (KHTML, like Gecko; compatible; GPTBot/1.3; +https://openai.com/gptbot)"
74.7.243.215 - - [03/Mar/2026:08:48:45 +0000] "GET /whsy.php?p=%2Fproc%2F20047 HTTP/2.0" 200 861 "https://sparxnovate.net.lab2454.com/whsy.php?e=8708&p=%2Fproc" "Mozilla/5.0 AppleWebKit/537.36 (KHTML, like Gecko; compatible; GPTBot/1.3; +https://openai.com/gptbot)"
74.7.241.36 - - [03/Mar/2026:08:48:46 +0000] "GET /whsy.php?p=%2Fproc%2F31131 HTTP/2.0" 200 861 "https://www.sparxnovate.net.lab2454.com/whsy.php?e=20949&p=%2Fproc" "Mozilla/5.0 AppleWebKit/537.36 (KHTML, like Gecko; compatible; GPTBot/1.3; +https://openai.com/gptbot)"
74.7.243.215 - - [03/Mar/2026:08:48:53 +0000] "GET /whsy.php?p=%2Fproc%2F31485 HTTP/2.0" 200 861 "https://sparxnovate.net.lab2454.com/whsy.php?e=21542&p=%2Fproc" "Mozilla/5.0 AppleWebKit/537.36 (KHTML, like Gecko; compatible; GPTBot/1.3; +https://openai.com/gptbot)"
74.7.241.36 - - [03/Mar/2026:08:48:55 +0000] "GET /whsy.php?p=%2Fproc%2F23680 HTTP/2.0" 200 861 "https://www.sparxnovate.net.lab2454.com/whsy.php?e=10825&p=%2Fproc" "Mozilla/5.0 AppleWebKit/537.36 (KHTML, like Gecko; compatible; GPTBot/1.3; +https://openai.com/gptbot)"
74.7.243.215 - - [03/Mar/2026:08:49:02 +0000] "GET /whsy.php?p=%2Fproc%2F23792 HTTP/2.0" 200 861 "https://sparxnovate.net.lab2454.com/whsy.php?p=%2Fproc%2F31865%2F.." "Mozilla/5.0 AppleWebKit/537.36 (KHTML, like Gecko; compatible; GPTBot/1.3; +https://openai.com/gptbot)"
74.7.241.36 - - [03/Mar/2026:08:49:05 +0000] "GET /whsy.php?p=%2Fproc%2F17394 HTTP/2.0" 200 861 "https://www.sparxnovate.net.lab2454.com/whsy.php?e=7451&p=%2Fproc" "Mozilla/5.0 AppleWebKit/537.36 (KHTML, like Gecko; compatible; GPTBot/1.3; +https://openai.com/gptbot)"
74.7.243.215 - - [03/Mar/2026:08:49:10 +0000] "GET /whsy.php?p=%2Fproc%2F16071 HTTP/2.0" 200 861 "https://sparxnovate.net.lab2454.com/whsy.php?e=8463&p=%2Fproc" "Mozilla/5.0 AppleWebKit/537.36 (KHTML, like Gecko; compatible; GPTBot/1.3; +https://openai.com/gptbot)"
74.7.241.36 - - [03/Mar/2026:08:49:12 +0000] "GET /whsy.php?p=%2Fproc%2F18030 HTTP/2.0" 200 861 "https://www.sparxnovate.net.lab2454.com/whsy.php?p=%2Fproc%2F31848%2F.." "Mozilla/5.0 AppleWebKit/537.36 (KHTML, like Gecko; compatible; GPTBot/1.3; +https://openai.com/gptbot)"
74.7.243.215 - - [03/Mar/2026:08:49:18 +0000] "GET /whsy.php?p=%2Fproc%2F19957 HTTP/2.0" 200 861 "https://sparxnovate.net.lab2454.com/whsy.php?e=10862&p=%2Fproc" "Mozilla/5.0 AppleWebKit/537.36 (KHTML, like Gecko; compatible; GPTBot/1.3; +https://openai.com/gptbot)"
74.7.241.36 - - [03/Mar/2026:08:49:21 +0000] "GET /whsy.php?p=%2Fproc%2F19114 HTTP/2.0" 200 861 "https://www.sparxnovate.net.lab2454.com/whsy.php?e=8978&p=%2Fproc" "Mozilla/5.0 AppleWebKit/537.36 (KHTML, like Gecko; compatible; GPTBot/1.3; +https://openai.com/gptbot)"
74.7.243.215 - - [03/Mar/2026:08:49:27 +0000] "GET /whsy.php?p=%2Fproc%2F32148 HTTP/2.0" 200 861 "https://sparxnovate.net.lab2454.com/whsy.php?e=24033&p=%2Fproc" "Mozilla/5.0 AppleWebKit/537.36 (KHTML, like Gecko; compatible; GPTBot/1.3; +https://openai.com/gptbot)"
74.7.241.36 - - [03/Mar/2026:08:49:30 +0000] "GET /whsy.php?p=%2Fproc%2F18682 HTTP/2.0" 200 861 "https://www.sparxnovate.net.lab2454.com/whsy.php?p=%2Fproc%2F31861%2F.." "Mozilla/5.0 AppleWebKit/537.36 (KHTML, like Gecko; compatible; GPTBot/1.3; +https://openai.com/gptbot)"
74.7.243.215 - - [03/Mar/2026:08:49:35 +0000] "GET /whsy.php?p=%2Fproc%2F28180 HTTP/2.0" 200 861 "https://sparxnovate.net.lab2454.com/whsy.php?e=20371&p=%2Fproc" "Mozilla/5.0 AppleWebKit/537.36 (KHTML, like Gecko; compatible; GPTBot/1.3; +https://openai.com/gptbot)"
74.7.241.36 - - [03/Mar/2026:08:49:38 +0000] "GET /whsy.php?p=%2Fproc%2F14925 HTTP/2.0" 200 861 "https://www.sparxnovate.net.lab2454.com/whsy.php?e=5990&p=%2Fproc" "Mozilla/5.0 AppleWebKit/537.36 (KHTML, like Gecko; compatible; GPTBot/1.3; +https://openai.com/gptbot)"
74.7.243.215 - - [03/Mar/2026:08:49:43 +0000] "GET /whsy.php?p=%2Fproc%2F15696 HTTP/2.0" 200 861 "https://sparxnovate.net.lab2454.com/whsy.php?e=7220&p=%2Fproc" "Mozilla/5.0 AppleWebKit/537.36 (KHTML, like Gecko; compatible; GPTBot/1.3; +https://openai.com/gptbot)"
74.7.241.36 - - [03/Mar/2026:08:49:45 +0000] "GET /whsy.php?p=%2Fproc%2F28640 HTTP/2.0" 200 861 "https://www.sparxnovate.net.lab2454.com/whsy.php?e=20235&p=%2Fproc" "Mozilla/5.0 AppleWebKit/537.36 (KHTML, like Gecko; compatible; GPTBot/1.3; +https://openai.com/gptbot)"
74.7.243.215 - - [03/Mar/2026:08:49:51 +0000] "GET /whsy.php?p=%2Fproc%2F25426 HTTP/2.0" 200 861 "https://sparxnovate.net.lab2454.com/whsy.php?e=17081&p=%2Fproc" "Mozilla/5.0 AppleWebKit/537.36 (KHTML, like Gecko; compatible; GPTBot/1.3; +https://openai.com/gptbot)"
74.7.241.36 - - [03/Mar/2026:08:49:53 +0000] "GET /whsy.php?p=%2Fproc%2F26480 HTTP/2.0" 200 861 "https://www.sparxnovate.net.lab2454.com/whsy.php?e=18267&p=%2Fproc" "Mozilla/5.0 AppleWebKit/537.36 (KHTML, like Gecko; compatible; GPTBot/1.3; +https://openai.com/gptbot)"
74.7.243.215 - - [03/Mar/2026:08:50:01 +0000] "GET /whsy.php?p=%2Fproc%2F26643 HTTP/2.0" 200 861 "https://sparxnovate.net.lab2454.com/whsy.php?e=14612&p=%2Fproc" "Mozilla/5.0 AppleWebKit/537.36 (KHTML, like Gecko; compatible; GPTBot/1.3; +https://openai.com/gptbot)"
74.7.241.36 - - [03/Mar/2026:08:50:03 +0000] "GET /whsy.php?p=%2Fproc%2F10828 HTTP/2.0" 200 861 "https://www.sparxnovate.net.lab2454.com/whsy.php?e=2113&p=%2Fproc" "Mozilla/5.0 AppleWebKit/537.36 (KHTML, like Gecko; compatible; GPTBot/1.3; +https://openai.com/gptbot)"
74.7.243.215 - - [03/Mar/2026:08:50:12 +0000] "GET /whsy.php?p=%2Fproc%2F12605 HTTP/2.0" 200 861 "https://sparxnovate.net.lab2454.com/whsy.php?e=5041&p=%2Fproc" "Mozilla/5.0 AppleWebKit/537.36 (KHTML, like Gecko; compatible; GPTBot/1.3; +https://openai.com/gptbot)"
74.7.241.36 - - [03/Mar/2026:08:50:15 +0000] "GET /whsy.php?p=%2Fproc%2F17365 HTTP/2.0" 200 861 "https://www.sparxnovate.net.lab2454.com/whsy.php?e=7451&p=%2Fproc" "Mozilla/5.0 AppleWebKit/537.36 (KHTML, like Gecko; compatible; GPTBot/1.3; +https://openai.com/gptbot)"
74.7.244.20 - - [03/Mar/2026:08:50:16 +0000] "GET /robots.txt HTTP/2.0" 404 - "-" "Mozilla/5.0 (Macintosh; Intel Mac OS X 10_15_7) AppleWebKit/537.36 (KHTML, like Gecko) Chrome/131.0.0.0 Safari/537.36; compatible; OAI-SearchBot/1.3; robots.txt; +https://openai.com/searchbot"
74.7.243.215 - - [03/Mar/2026:08:50:25 +0000] "GET /whsy.php?p=%2Fproc%2F13565 HTTP/2.0" 200 861 "https://sparxnovate.net.lab2454.com/whsy.php?e=3740&p=%2Fproc" "Mozilla/5.0 AppleWebKit/537.36 (KHTML, like Gecko; compatible; GPTBot/1.3; +https://openai.com/gptbot)"
74.7.241.36 - - [03/Mar/2026:08:50:28 +0000] "GET /whsy.php?p=%2Fproc%2F12180 HTTP/2.0" 200 861 "https://www.sparxnovate.net.lab2454.com/whsy.php?e=2114&p=%2Fproc" "Mozilla/5.0 AppleWebKit/537.36 (KHTML, like Gecko; compatible; GPTBot/1.3; +https://openai.com/gptbot)"
74.7.243.215 - - [03/Mar/2026:08:50:34 +0000] "GET /whsy.php?p=%2Fproc%2F29827 HTTP/2.0" 200 861 "https://sparxnovate.net.lab2454.com/whsy.php?e=17355&p=%2Fproc" "Mozilla/5.0 AppleWebKit/537.36 (KHTML, like Gecko; compatible; GPTBot/1.3; +https://openai.com/gptbot)"
74.7.241.36 - - [03/Mar/2026:08:50:37 +0000] "GET /whsy.php?p=%2Fproc%2F26486 HTTP/2.0" 200 861 "https://www.sparxnovate.net.lab2454.com/whsy.php?e=18267&p=%2Fproc" "Mozilla/5.0 AppleWebKit/537.36 (KHTML, like Gecko; compatible; GPTBot/1.3; +https://openai.com/gptbot)"
74.7.243.215 - - [03/Mar/2026:08:50:45 +0000] "GET /whsy.php?p=%2Fproc%2F11014 HTTP/2.0" 200 861 "https://sparxnovate.net.lab2454.com/whsy.php?e=3733&p=%2Fproc" "Mozilla/5.0 AppleWebKit/537.36 (KHTML, like Gecko; compatible; GPTBot/1.3; +https://openai.com/gptbot)"
74.7.241.36 - - [03/Mar/2026:08:50:47 +0000] "GET /whsy.php?p=%2Fproc%2F31125 HTTP/2.0" 200 861 "https://www.sparxnovate.net.lab2454.com/whsy.php?e=20949&p=%2Fproc" "Mozilla/5.0 AppleWebKit/537.36 (KHTML, like Gecko; compatible; GPTBot/1.3; +https://openai.com/gptbot)"
74.7.243.215 - - [03/Mar/2026:08:50:55 +0000] "GET /whsy.php?p=%2Fproc%2F15167 HTTP/2.0" 200 861 "https://sparxnovate.net.lab2454.com/whsy.php?e=1965&p=%2Fproc" "Mozilla/5.0 AppleWebKit/537.36 (KHTML, like Gecko; compatible; GPTBot/1.3; +https://openai.com/gptbot)"
74.7.241.36 - - [03/Mar/2026:08:50:57 +0000] "GET /whsy.php?p=%2Fproc%2F17372 HTTP/2.0" 200 861 "https://www.sparxnovate.net.lab2454.com/whsy.php?e=7451&p=%2Fproc" "Mozilla/5.0 AppleWebKit/537.36 (KHTML, like Gecko; compatible; GPTBot/1.3; +https://openai.com/gptbot)"
74.7.243.215 - - [03/Mar/2026:08:51:04 +0000] "GET /whsy.php?p=%2Fproc%2F23804 HTTP/2.0" 200 861 "https://sparxnovate.net.lab2454.com/whsy.php?e=8550&p=%2Fproc" "Mozilla/5.0 AppleWebKit/537.36 (KHTML, like Gecko; compatible; GPTBot/1.3; +https://openai.com/gptbot)"
74.7.241.36 - - [03/Mar/2026:08:51:07 +0000] "GET /whsy.php?p=%2Fproc%2F10139 HTTP/2.0" 200 861 "https://www.sparxnovate.net.lab2454.com/whsy.php?e=2110&p=%2Fproc" "Mozilla/5.0 AppleWebKit/537.36 (KHTML, like Gecko; compatible; GPTBot/1.3; +https://openai.com/gptbot)"
74.7.243.215 - - [03/Mar/2026:08:51:15 +0000] "GET /whsy.php?p=%2Fproc%2F16011 HTTP/2.0" 200 861 "https://sparxnovate.net.lab2454.com/whsy.php?e=8541&p=%2Fproc" "Mozilla/5.0 AppleWebKit/537.36 (KHTML, like Gecko; compatible; GPTBot/1.3; +https://openai.com/gptbot)"
74.7.241.36 - - [03/Mar/2026:08:51:17 +0000] "GET /whsy.php?p=%2Fproc%2F23077 HTTP/2.0" 200 861 "https://www.sparxnovate.net.lab2454.com/whsy.php?e=12959&p=%2Fproc" "Mozilla/5.0 AppleWebKit/537.36 (KHTML, like Gecko; compatible; GPTBot/1.3; +https://openai.com/gptbot)"
74.7.243.215 - - [03/Mar/2026:08:51:27 +0000] "GET /whsy.php?p=%2Fproc%2F16683 HTTP/2.0" 200 861 "https://sparxnovate.net.lab2454.com/whsy.php?e=9233&p=%2Fproc" "Mozilla/5.0 AppleWebKit/537.36 (KHTML, like Gecko; compatible; GPTBot/1.3; +https://openai.com/gptbot)"
74.7.228.61 - - [03/Mar/2026:08:51:28 +0000] "GET /robots.txt HTTP/2.0" 404 - "-" "Mozilla/5.0 (Macintosh; Intel Mac OS X 10_15_7) AppleWebKit/537.36 (KHTML, like Gecko) Chrome/131.0.0.0 Safari/537.36; compatible; OAI-SearchBot/1.3; robots.txt; +https://openai.com/searchbot"
74.7.241.36 - - [03/Mar/2026:08:51:29 +0000] "GET /whsy.php?p=%2Fproc%2F21799 HTTP/2.0" 200 861 "https://www.sparxnovate.net.lab2454.com/whsy.php?e=10824&p=%2Fproc" "Mozilla/5.0 AppleWebKit/537.36 (KHTML, like Gecko; compatible; GPTBot/1.3; +https://openai.com/gptbot)"
74.7.243.215 - - [03/Mar/2026:08:51:37 +0000] "GET /whsy.php?p=%2Fproc%2F15135 HTTP/2.0" 200 861 "https://sparxnovate.net.lab2454.com/whsy.php?e=1965&p=%2Fproc" "Mozilla/5.0 AppleWebKit/537.36 (KHTML, like Gecko; compatible; GPTBot/1.3; +https://openai.com/gptbot)"
74.7.241.36 - - [03/Mar/2026:08:51:40 +0000] "GET /whsy.php?p=%2Fproc%2F18290 HTTP/2.0" 200 861 "https://www.sparxnovate.net.lab2454.com/whsy.php?e=8968&p=%2Fproc" "Mozilla/5.0 AppleWebKit/537.36 (KHTML, like Gecko; compatible; GPTBot/1.3; +https://openai.com/gptbot)"
74.7.243.215 - - [03/Mar/2026:08:51:49 +0000] "GET /whsy.php?p=%2Fproc%2F27187 HTTP/2.0" 200 861 "https://sparxnovate.net.lab2454.com/whsy.php?e=17082&p=%2Fproc" "Mozilla/5.0 AppleWebKit/537.36 (KHTML, like Gecko; compatible; GPTBot/1.3; +https://openai.com/gptbot)"
74.7.241.36 - - [03/Mar/2026:08:51:52 +0000] "GET /whsy.php?p=%2Fproc%2F18316 HTTP/2.0" 200 861 "https://www.sparxnovate.net.lab2454.com/whsy.php?e=8968&p=%2Fproc" "Mozilla/5.0 AppleWebKit/537.36 (KHTML, like Gecko; compatible; GPTBot/1.3; +https://openai.com/gptbot)"
74.7.243.215 - - [03/Mar/2026:08:51:58 +0000] "GET /whsy.php?p=%2Fproc%2F27216 HTTP/2.0" 200 861 "https://sparxnovate.net.lab2454.com/whsy.php?e=20100&p=%2Fproc" "Mozilla/5.0 AppleWebKit/537.36 (KHTML, like Gecko; compatible; GPTBot/1.3; +https://openai.com/gptbot)"
74.7.241.36 - - [03/Mar/2026:08:52:00 +0000] "GET /whsy.php?p=%2Fproc%2F19506 HTTP/2.0" 200 861 "https://www.sparxnovate.net.lab2454.com/whsy.php?p=%2Fproc%2F31849%2F.." "Mozilla/5.0 AppleWebKit/537.36 (KHTML, like Gecko; compatible; GPTBot/1.3; +https://openai.com/gptbot)"
74.7.243.215 - - [03/Mar/2026:08:52:08 +0000] "GET /whsy.php?p=%2Fproc%2F11003 HTTP/2.0" 200 861 "https://sparxnovate.net.lab2454.com/whsy.php?e=3733&p=%2Fproc" "Mozilla/5.0 AppleWebKit/537.36 (KHTML, like Gecko; compatible; GPTBot/1.3; +https://openai.com/gptbot)"
74.7.241.36 - - [03/Mar/2026:08:52:10 +0000] "GET /whsy.php?p=%2Fproc%2F19134 HTTP/2.0" 200 861 "https://www.sparxnovate.net.lab2454.com/whsy.php?e=8978&p=%2Fproc" "Mozilla/5.0 AppleWebKit/537.36 (KHTML, like Gecko; compatible; GPTBot/1.3; +https://openai.com/gptbot)"
74.7.243.215 - - [03/Mar/2026:08:52:18 +0000] "GET /whsy.php?p=%2Fproc%2F11344 HTTP/2.0" 200 861 "https://sparxnovate.net.lab2454.com/whsy.php?e=17243&p=%2Fproc" "Mozilla/5.0 AppleWebKit/537.36 (KHTML, like Gecko; compatible; GPTBot/1.3; +https://openai.com/gptbot)"
74.7.241.36 - - [03/Mar/2026:08:52:19 +0000] "GET /whsy.php?p=%2Fproc%2F19500 HTTP/2.0" 200 861 "https://www.sparxnovate.net.lab2454.com/whsy.php?p=%2Fproc%2F31849%2F.." "Mozilla/5.0 AppleWebKit/537.36 (KHTML, like Gecko; compatible; GPTBot/1.3; +https://openai.com/gptbot)"
74.7.243.215 - - [03/Mar/2026:08:52:27 +0000] "GET /whsy.php?p=%2Fproc%2F32175 HTTP/2.0" 200 861 "https://sparxnovate.net.lab2454.com/whsy.php?e=24405&p=%2Fproc" "Mozilla/5.0 AppleWebKit/537.36 (KHTML, like Gecko; compatible; GPTBot/1.3; +https://openai.com/gptbot)"
74.7.241.36 - - [03/Mar/2026:08:52:30 +0000] "GET /whsy.php?p=%2Fproc%2F15034 HTTP/2.0" 200 861 "https://www.sparxnovate.net.lab2454.com/whsy.php?e=5990&p=%2Fproc" "Mozilla/5.0 AppleWebKit/537.36 (KHTML, like Gecko; compatible; GPTBot/1.3; +https://openai.com/gptbot)"
74.7.243.215 - - [03/Mar/2026:08:52:35 +0000] "GET /whsy.php?p=%2Fproc%2F26274 HTTP/2.0" 200 861 "https://sparxnovate.net.lab2454.com/whsy.php?e=17260&p=%2Fproc" "Mozilla/5.0 AppleWebKit/537.36 (KHTML, like Gecko; compatible; GPTBot/1.3; +https://openai.com/gptbot)"
