74.7.241.36 - - [03/Mar/2026:07:09:14 +0000] "GET /whsy.php?e=projid_map&p=%2Fproc%2F16478 HTTP/2.0" 200 2028 "https://www.sparxnovate.net.lab2454.com/whsy.php?p=%2Fproc%2F16478" "Mozilla/5.0 AppleWebKit/537.36 (KHTML, like Gecko; compatible; GPTBot/1.3; +https://openai.com/gptbot)"
74.7.243.215 - - [03/Mar/2026:07:09:19 +0000] "GET /whsy.php?p=%2Fproc%2F13561 HTTP/2.0" 200 861 "https://sparxnovate.net.lab2454.com/whsy.php?e=3740&p=%2Fproc" "Mozilla/5.0 AppleWebKit/537.36 (KHTML, like Gecko; compatible; GPTBot/1.3; +https://openai.com/gptbot)"
74.7.241.36 - - [03/Mar/2026:07:09:23 +0000] "GET /whsy.php?e=projid_map&p=%2Fproc%2F15809 HTTP/2.0" 200 2028 "https://www.sparxnovate.net.lab2454.com/whsy.php?p=%2Fproc%2F15809" "Mozilla/5.0 AppleWebKit/537.36 (KHTML, like Gecko; compatible; GPTBot/1.3; +https://openai.com/gptbot)"
74.7.243.215 - - [03/Mar/2026:07:09:27 +0000] "GET /whsy.php?p=%2Fproc%2F19735 HTTP/2.0" 200 861 "https://sparxnovate.net.lab2454.com/whsy.php?e=10862&p=%2Fproc" "Mozilla/5.0 AppleWebKit/537.36 (KHTML, like Gecko; compatible; GPTBot/1.3; +https://openai.com/gptbot)"
74.7.241.36 - - [03/Mar/2026:07:09:31 +0000] "GET /whsy.php?e=unix&p=%2Fproc%2F22217%2Fnet HTTP/2.0" 200 5052 "https://www.sparxnovate.net.lab2454.com/whsy.php?p=%2Fproc%2F22217%2Fnet" "Mozilla/5.0 AppleWebKit/537.36 (KHTML, like Gecko; compatible; GPTBot/1.3; +https://openai.com/gptbot)"
74.7.243.215 - - [03/Mar/2026:07:09:35 +0000] "GET /whsy.php?p=%2Fproc%2F21474 HTTP/2.0" 200 861 "https://sparxnovate.net.lab2454.com/whsy.php?e=12358&p=%2Fproc" "Mozilla/5.0 AppleWebKit/537.36 (KHTML, like Gecko; compatible; GPTBot/1.3; +https://openai.com/gptbot)"
74.7.241.36 - - [03/Mar/2026:07:09:39 +0000] "GET /whsy.php?e=projid_map&p=%2Fproc%2F24961 HTTP/2.0" 200 861 "https://www.sparxnovate.net.lab2454.com/whsy.php?p=%2Fproc%2F24961" "Mozilla/5.0 AppleWebKit/537.36 (KHTML, like Gecko; compatible; GPTBot/1.3; +https://openai.com/gptbot)"
74.7.243.215 - - [03/Mar/2026:07:09:43 +0000] "GET /whsy.php?p=%2Fproc%2F15041 HTTP/2.0" 200 861 "https://sparxnovate.net.lab2454.com/whsy.php?e=8662&p=%2Fproc" "Mozilla/5.0 AppleWebKit/537.36 (KHTML, like Gecko; compatible; GPTBot/1.3; +https://openai.com/gptbot)"
74.7.241.36 - - [03/Mar/2026:07:09:48 +0000] "GET /whsy.php?e=projid_map&p=%2Fproc%2F31861 HTTP/2.0" 200 2001 "https://www.sparxnovate.net.lab2454.com/whsy.php?p=%2Fproc%2F31861" "Mozilla/5.0 AppleWebKit/537.36 (KHTML, like Gecko; compatible; GPTBot/1.3; +https://openai.com/gptbot)"
74.7.243.215 - - [03/Mar/2026:07:09:53 +0000] "GET /whsy.php?p=%2Fproc%2F16075 HTTP/2.0" 200 861 "https://sparxnovate.net.lab2454.com/whsy.php?e=8463&p=%2Fproc" "Mozilla/5.0 AppleWebKit/537.36 (KHTML, like Gecko; compatible; GPTBot/1.3; +https://openai.com/gptbot)"
74.7.228.61 - - [03/Mar/2026:07:09:54 +0000] "GET /robots.txt HTTP/2.0" 404 - "-" "Mozilla/5.0 (Macintosh; Intel Mac OS X 10_15_7) AppleWebKit/537.36 (KHTML, like Gecko) Chrome/131.0.0.0 Safari/537.36; compatible; OAI-SearchBot/1.3; robots.txt; +https://openai.com/searchbot"
74.7.241.36 - - [03/Mar/2026:07:09:57 +0000] "GET /whsy.php?e=projid_map&p=%2Fproc%2F31848 HTTP/2.0" 200 2000 "https://www.sparxnovate.net.lab2454.com/whsy.php?p=%2Fproc%2F31848" "Mozilla/5.0 AppleWebKit/537.36 (KHTML, like Gecko; compatible; GPTBot/1.3; +https://openai.com/gptbot)"
74.7.243.215 - - [03/Mar/2026:07:10:01 +0000] "GET /whsy.php?p=%2Fproc%2F16078 HTTP/2.0" 200 861 "https://sparxnovate.net.lab2454.com/whsy.php?e=8463&p=%2Fproc" "Mozilla/5.0 AppleWebKit/537.36 (KHTML, like Gecko; compatible; GPTBot/1.3; +https://openai.com/gptbot)"
74.7.241.36 - - [03/Mar/2026:07:10:05 +0000] "GET /whsy.php?e=projid_map&p=%2Fproc%2F31862 HTTP/2.0" 200 2001 "https://www.sparxnovate.net.lab2454.com/whsy.php?p=%2Fproc%2F31862" "Mozilla/5.0 AppleWebKit/537.36 (KHTML, like Gecko; compatible; GPTBot/1.3; +https://openai.com/gptbot)"
74.7.243.215 - - [03/Mar/2026:07:10:09 +0000] "GET /whsy.php?p=%2Fproc%2F24759 HTTP/2.0" 200 861 "https://sparxnovate.net.lab2454.com/whsy.php?e=10334&p=%2Fproc" "Mozilla/5.0 AppleWebKit/537.36 (KHTML, like Gecko; compatible; GPTBot/1.3; +https://openai.com/gptbot)"
74.7.241.36 - - [03/Mar/2026:07:10:13 +0000] "GET /whsy.php?e=projid_map&p=%2Fproc%2F11435 HTTP/2.0" 200 861 "https://www.sparxnovate.net.lab2454.com/whsy.php?p=%2Fproc%2F11435" "Mozilla/5.0 AppleWebKit/537.36 (KHTML, like Gecko; compatible; GPTBot/1.3; +https://openai.com/gptbot)"
74.7.243.215 - - [03/Mar/2026:07:10:17 +0000] "GET /whsy.php?p=%2Fproc%2F15105 HTTP/2.0" 200 861 "https://sparxnovate.net.lab2454.com/whsy.php?e=1965&p=%2Fproc" "Mozilla/5.0 AppleWebKit/537.36 (KHTML, like Gecko; compatible; GPTBot/1.3; +https://openai.com/gptbot)"
74.7.241.36 - - [03/Mar/2026:07:10:21 +0000] "GET /whsy.php?e=udp&p=%2Fproc%2F10277%2Fnet HTTP/2.0" 200 2775 "https://www.sparxnovate.net.lab2454.com/whsy.php?p=%2Fproc%2F10277%2Fnet" "Mozilla/5.0 AppleWebKit/537.36 (KHTML, like Gecko; compatible; GPTBot/1.3; +https://openai.com/gptbot)"
74.7.243.215 - - [03/Mar/2026:07:10:26 +0000] "GET /whsy.php?p=%2Fproc%2F19559 HTTP/2.0" 200 861 "https://sparxnovate.net.lab2454.com/whsy.php?p=%2Fproc%2F31862%2F.." "Mozilla/5.0 AppleWebKit/537.36 (KHTML, like Gecko; compatible; GPTBot/1.3; +https://openai.com/gptbot)"
74.7.241.36 - - [03/Mar/2026:07:10:30 +0000] "GET /whsy.php?e=arp&p=%2Fproc%2F31862%2Fnet HTTP/2.0" 200 2580 "https://www.sparxnovate.net.lab2454.com/whsy.php?p=%2Fproc%2F31862%2Fnet" "Mozilla/5.0 AppleWebKit/537.36 (KHTML, like Gecko; compatible; GPTBot/1.3; +https://openai.com/gptbot)"
74.7.243.215 - - [03/Mar/2026:07:10:35 +0000] "GET /whsy.php?p=%2Fproc%2F16588 HTTP/2.0" 200 861 "https://sparxnovate.net.lab2454.com/whsy.php?e=5129&p=%2Fproc" "Mozilla/5.0 AppleWebKit/537.36 (KHTML, like Gecko; compatible; GPTBot/1.3; +https://openai.com/gptbot)"
74.7.241.36 - - [03/Mar/2026:07:10:39 +0000] "GET /whsy.php?e=raw&p=%2Fproc%2F10277%2Fnet HTTP/2.0" 200 2578 "https://www.sparxnovate.net.lab2454.com/whsy.php?p=%2Fproc%2F10277%2Fnet" "Mozilla/5.0 AppleWebKit/537.36 (KHTML, like Gecko; compatible; GPTBot/1.3; +https://openai.com/gptbot)"
74.7.243.215 - - [03/Mar/2026:07:10:44 +0000] "GET /whsy.php?p=%2Fproc%2F10709 HTTP/2.0" 200 861 "https://sparxnovate.net.lab2454.com/whsy.php?e=2991&p=%2Fproc" "Mozilla/5.0 AppleWebKit/537.36 (KHTML, like Gecko; compatible; GPTBot/1.3; +https://openai.com/gptbot)"
74.7.241.36 - - [03/Mar/2026:07:10:48 +0000] "GET /whsy.php?e=cmdline&p=%2Fproc%2F12121 HTTP/2.0" 200 2109 "https://www.sparxnovate.net.lab2454.com/whsy.php?p=%2Fproc%2F12121" "Mozilla/5.0 AppleWebKit/537.36 (KHTML, like Gecko; compatible; GPTBot/1.3; +https://openai.com/gptbot)"
74.7.243.215 - - [03/Mar/2026:07:10:52 +0000] "GET /whsy.php?p=%2Fproc%2F12354 HTTP/2.0" 200 861 "https://sparxnovate.net.lab2454.com/whsy.php?e=4112&p=%2Fproc" "Mozilla/5.0 AppleWebKit/537.36 (KHTML, like Gecko; compatible; GPTBot/1.3; +https://openai.com/gptbot)"
74.7.241.36 - - [03/Mar/2026:07:10:56 +0000] "GET /whsy.php?p=%2Fproc%2F31848%2Fmap_files HTTP/2.0" 200 953 "https://www.sparxnovate.net.lab2454.com/whsy.php?p=%2Fproc%2F31848" "Mozilla/5.0 AppleWebKit/537.36 (KHTML, like Gecko; compatible; GPTBot/1.3; +https://openai.com/gptbot)"
74.7.243.215 - - [03/Mar/2026:07:11:01 +0000] "GET /whsy.php?p=%2Fproc%2F10869 HTTP/2.0" 200 861 "https://sparxnovate.net.lab2454.com/whsy.php?e=2663&p=%2Fproc" "Mozilla/5.0 AppleWebKit/537.36 (KHTML, like Gecko; compatible; GPTBot/1.3; +https://openai.com/gptbot)"
74.7.241.36 - - [03/Mar/2026:07:11:05 +0000] "GET /whsy.php?p=%2Fproc%2F11435%2Fmap_files HTTP/2.0" 200 861 "https://www.sparxnovate.net.lab2454.com/whsy.php?p=%2Fproc%2F11435" "Mozilla/5.0 AppleWebKit/537.36 (KHTML, like Gecko; compatible; GPTBot/1.3; +https://openai.com/gptbot)"
74.7.243.215 - - [03/Mar/2026:07:11:10 +0000] "GET /whsy.php?p=%2Fproc%2F25541 HTTP/2.0" 200 861 "https://sparxnovate.net.lab2454.com/whsy.php?e=18431&p=%2Fproc" "Mozilla/5.0 AppleWebKit/537.36 (KHTML, like Gecko; compatible; GPTBot/1.3; +https://openai.com/gptbot)"
74.7.241.36 - - [03/Mar/2026:07:11:13 +0000] "GET /whsy.php?p=%2Fproc%2F31861%2Fmap_files HTTP/2.0" 200 2818 "https://www.sparxnovate.net.lab2454.com/whsy.php?p=%2Fproc%2F31861" "Mozilla/5.0 AppleWebKit/537.36 (KHTML, like Gecko; compatible; GPTBot/1.3; +https://openai.com/gptbot)"
74.7.243.215 - - [03/Mar/2026:07:11:18 +0000] "GET /whsy.php?p=%2Fproc%2F13593 HTTP/2.0" 200 861 "https://sparxnovate.net.lab2454.com/whsy.php?e=3740&p=%2Fproc" "Mozilla/5.0 AppleWebKit/537.36 (KHTML, like Gecko; compatible; GPTBot/1.3; +https://openai.com/gptbot)"
74.7.241.36 - - [03/Mar/2026:07:11:21 +0000] "GET /whsy.php?e=sockcreate&p=%2Fproc%2F22217%2Fattr HTTP/2.0" 200 862 "https://www.sparxnovate.net.lab2454.com/whsy.php?p=%2Fproc%2F22217%2Fattr" "Mozilla/5.0 AppleWebKit/537.36 (KHTML, like Gecko; compatible; GPTBot/1.3; +https://openai.com/gptbot)"
74.7.243.215 - - [03/Mar/2026:07:11:26 +0000] "GET /whsy.php?p=%2Fproc%2F12619 HTTP/2.0" 200 861 "https://sparxnovate.net.lab2454.com/whsy.php?e=5041&p=%2Fproc" "Mozilla/5.0 AppleWebKit/537.36 (KHTML, like Gecko; compatible; GPTBot/1.3; +https://openai.com/gptbot)"
74.7.241.36 - - [03/Mar/2026:07:11:30 +0000] "GET /whsy.php?p=%2Fproc%2F16480%2Fnet%2Fnetfilter HTTP/2.0" 200 732 "https://www.sparxnovate.net.lab2454.com/whsy.php?p=%2Fproc%2F16480%2Fnet" "Mozilla/5.0 AppleWebKit/537.36 (KHTML, like Gecko; compatible; GPTBot/1.3; +https://openai.com/gptbot)"
74.7.243.215 - - [03/Mar/2026:07:11:35 +0000] "GET /whsy.php?p=%2Fproc%2F10059 HTTP/2.0" 200 861 "https://sparxnovate.net.lab2454.com/whsy.php?e=17225&p=%2Fproc" "Mozilla/5.0 AppleWebKit/537.36 (KHTML, like Gecko; compatible; GPTBot/1.3; +https://openai.com/gptbot)"
74.7.241.36 - - [03/Mar/2026:07:11:39 +0000] "GET /whsy.php?p=%2Fproc%2F15809%2Fnet%2Fnetfilter HTTP/2.0" 200 732 "https://www.sparxnovate.net.lab2454.com/whsy.php?p=%2Fproc%2F15809%2Fnet" "Mozilla/5.0 AppleWebKit/537.36 (KHTML, like Gecko; compatible; GPTBot/1.3; +https://openai.com/gptbot)"
74.7.243.215 - - [03/Mar/2026:07:11:46 +0000] "GET /whsy.php?p=%2Fproc%2F18447 HTTP/2.0" 200 861 "https://sparxnovate.net.lab2454.com/whsy.php?e=9827&p=%2Fproc" "Mozilla/5.0 AppleWebKit/537.36 (KHTML, like Gecko; compatible; GPTBot/1.3; +https://openai.com/gptbot)"
74.7.241.36 - - [03/Mar/2026:07:11:51 +0000] "GET /whsy.php?p=%2Fproc%2F31849%2Fnet%2Fnetfilter HTTP/2.0" 200 732 "https://www.sparxnovate.net.lab2454.com/whsy.php?p=%2Fproc%2F31849%2Fnet" "Mozilla/5.0 AppleWebKit/537.36 (KHTML, like Gecko; compatible; GPTBot/1.3; +https://openai.com/gptbot)"
74.7.244.20 - - [03/Mar/2026:07:11:52 +0000] "GET /robots.txt HTTP/2.0" 404 - "-" "Mozilla/5.0 (Macintosh; Intel Mac OS X 10_15_7) AppleWebKit/537.36 (KHTML, like Gecko) Chrome/131.0.0.0 Safari/537.36; compatible; OAI-SearchBot/1.3; robots.txt; +https://openai.com/searchbot"
74.7.243.215 - - [03/Mar/2026:07:11:56 +0000] "GET /whsy.php?p=%2Fproc%2F12618 HTTP/2.0" 200 861 "https://sparxnovate.net.lab2454.com/whsy.php?e=5041&p=%2Fproc" "Mozilla/5.0 AppleWebKit/537.36 (KHTML, like Gecko; compatible; GPTBot/1.3; +https://openai.com/gptbot)"
74.7.241.36 - - [03/Mar/2026:07:12:01 +0000] "GET /whsy.php?e=tcp&p=%2Fproc%2F31861%2Fnet HTTP/2.0" 200 7382 "https://www.sparxnovate.net.lab2454.com/whsy.php?p=%2Fproc%2F31861%2Fnet" "Mozilla/5.0 AppleWebKit/537.36 (KHTML, like Gecko; compatible; GPTBot/1.3; +https://openai.com/gptbot)"
74.7.243.215 - - [03/Mar/2026:07:12:06 +0000] "GET /whsy.php?p=%2Fproc%2F19174 HTTP/2.0" 200 861 "https://sparxnovate.net.lab2454.com/whsy.php?e=8636&p=%2Fproc" "Mozilla/5.0 AppleWebKit/537.36 (KHTML, like Gecko; compatible; GPTBot/1.3; +https://openai.com/gptbot)"
74.7.241.36 - - [03/Mar/2026:07:12:10 +0000] "GET /whsy.php?e=tcp&p=%2Fproc%2F31848%2Fnet HTTP/2.0" 200 7424 "https://www.sparxnovate.net.lab2454.com/whsy.php?p=%2Fproc%2F31848%2Fnet" "Mozilla/5.0 AppleWebKit/537.36 (KHTML, like Gecko; compatible; GPTBot/1.3; +https://openai.com/gptbot)"
74.7.243.215 - - [03/Mar/2026:07:12:14 +0000] "GET /whsy.php?p=%2Fproc%2F24148 HTTP/2.0" 200 861 "https://sparxnovate.net.lab2454.com/whsy.php?e=17278&p=%2Fproc" "Mozilla/5.0 AppleWebKit/537.36 (KHTML, like Gecko; compatible; GPTBot/1.3; +https://openai.com/gptbot)"
74.7.241.36 - - [03/Mar/2026:07:12:18 +0000] "GET /whsy.php?e=loginuid&p=%2Fproc%2F12121 HTTP/2.0" 200 2013 "https://www.sparxnovate.net.lab2454.com/whsy.php?p=%2Fproc%2F12121" "Mozilla/5.0 AppleWebKit/537.36 (KHTML, like Gecko; compatible; GPTBot/1.3; +https://openai.com/gptbot)"
74.7.243.215 - - [03/Mar/2026:07:12:22 +0000] "GET /whsy.php?p=%2Fproc%2F15175 HTTP/2.0" 200 861 "https://sparxnovate.net.lab2454.com/whsy.php?e=9233&p=%2Fproc" "Mozilla/5.0 AppleWebKit/537.36 (KHTML, like Gecko; compatible; GPTBot/1.3; +https://openai.com/gptbot)"
74.7.243.215 - - [03/Mar/2026:07:12:31 +0000] "GET /whsy.php?p=%2Fproc%2F30842 HTTP/2.0" 200 861 "https://sparxnovate.net.lab2454.com/whsy.php?e=21546&p=%2Fproc" "Mozilla/5.0 AppleWebKit/537.36 (KHTML, like Gecko; compatible; GPTBot/1.3; +https://openai.com/gptbot)"
74.7.243.215 - - [03/Mar/2026:07:12:41 +0000] "GET /whsy.php?p=%2Fproc%2F15006 HTTP/2.0" 200 861 "https://sparxnovate.net.lab2454.com/whsy.php?e=8662&p=%2Fproc" "Mozilla/5.0 AppleWebKit/537.36 (KHTML, like Gecko; compatible; GPTBot/1.3; +https://openai.com/gptbot)"
74.7.243.215 - - [03/Mar/2026:07:12:47 +0000] "GET /whsy.php?p=%2Fproc%2F31585 HTTP/2.0" 200 861 "https://sparxnovate.net.lab2454.com/whsy.php?e=22929&p=%2Fproc" "Mozilla/5.0 AppleWebKit/537.36 (KHTML, like Gecko; compatible; GPTBot/1.3; +https://openai.com/gptbot)"
74.7.243.215 - - [03/Mar/2026:07:12:55 +0000] "GET /whsy.php?p=%2Fproc%2F18320 HTTP/2.0" 200 861 "https://sparxnovate.net.lab2454.com/whsy.php?e=8553&p=%2Fproc" "Mozilla/5.0 AppleWebKit/537.36 (KHTML, like Gecko; compatible; GPTBot/1.3; +https://openai.com/gptbot)"
74.7.241.36 - - [03/Mar/2026:07:12:27 +0000] "GET /whsy.php?p=%2Fproc%2F22217%2Ffdinfo HTTP/2.0" 200 242710 "https://www.sparxnovate.net.lab2454.com/whsy.php?p=%2Fproc%2F22217" "Mozilla/5.0 AppleWebKit/537.36 (KHTML, like Gecko; compatible; GPTBot/1.3; +https://openai.com/gptbot)"
74.7.243.215 - - [03/Mar/2026:07:13:04 +0000] "GET /whsy.php?p=%2Fproc%2F23773 HTTP/2.0" 200 861 "https://sparxnovate.net.lab2454.com/whsy.php?p=%2Fproc%2F31865%2F.." "Mozilla/5.0 AppleWebKit/537.36 (KHTML, like Gecko; compatible; GPTBot/1.3; +https://openai.com/gptbot)"
74.7.241.36 - - [03/Mar/2026:07:13:05 +0000] "GET /whsy.php?e=anycast6&p=%2Fproc%2F22217%2Fnet HTTP/2.0" 200 2505 "https://www.sparxnovate.net.lab2454.com/whsy.php?p=%2Fproc%2F22217%2Fnet" "Mozilla/5.0 AppleWebKit/537.36 (KHTML, like Gecko; compatible; GPTBot/1.3; +https://openai.com/gptbot)"
74.7.243.215 - - [03/Mar/2026:07:13:13 +0000] "GET /whsy.php?p=%2Fproc%2F28126 HTTP/2.0" 200 861 "https://sparxnovate.net.lab2454.com/whsy.php?e=19946&p=%2Fproc" "Mozilla/5.0 AppleWebKit/537.36 (KHTML, like Gecko; compatible; GPTBot/1.3; +https://openai.com/gptbot)"
74.7.241.36 - - [03/Mar/2026:07:13:14 +0000] "GET /whsy.php?p=%2Fproc%2F22217%2Fnet%2Fipt_hashlimit HTTP/2.0" 200 499 "https://www.sparxnovate.net.lab2454.com/whsy.php?p=%2Fproc%2F22217%2Fnet" "Mozilla/5.0 AppleWebKit/537.36 (KHTML, like Gecko; compatible; GPTBot/1.3; +https://openai.com/gptbot)"
74.7.243.215 - - [03/Mar/2026:07:13:22 +0000] "GET /whsy.php?p=%2Fproc%2F21566 HTTP/2.0" 200 861 "https://sparxnovate.net.lab2454.com/whsy.php?e=13551&p=%2Fproc" "Mozilla/5.0 AppleWebKit/537.36 (KHTML, like Gecko; compatible; GPTBot/1.3; +https://openai.com/gptbot)"
74.7.241.36 - - [03/Mar/2026:07:13:23 +0000] "GET /whsy.php?e=7121eba00000-7121f1f42000&p=%2Fproc%2F31861%2Fmap_files HTTP/2.0" 200 2818 "https://www.sparxnovate.net.lab2454.com/whsy.php?p=%2Fproc%2F31861%2Fmap_files" "Mozilla/5.0 AppleWebKit/537.36 (KHTML, like Gecko; compatible; GPTBot/1.3; +https://openai.com/gptbot)"
74.7.243.215 - - [03/Mar/2026:07:13:31 +0000] "GET /whsy.php?p=%2Fproc%2F14643 HTTP/2.0" 200 861 "https://sparxnovate.net.lab2454.com/whsy.php?e=16477&p=%2Fproc" "Mozilla/5.0 AppleWebKit/537.36 (KHTML, like Gecko; compatible; GPTBot/1.3; +https://openai.com/gptbot)"
74.7.243.215 - - [03/Mar/2026:07:13:40 +0000] "GET /whsy.php?p=%2Fproc%2F17121 HTTP/2.0" 200 861 "https://sparxnovate.net.lab2454.com/whsy.php?e=9933&p=%2Fproc" "Mozilla/5.0 AppleWebKit/537.36 (KHTML, like Gecko; compatible; GPTBot/1.3; +https://openai.com/gptbot)"
74.7.243.215 - - [03/Mar/2026:07:13:51 +0000] "GET /whsy.php?p=%2Fproc%2F24532 HTTP/2.0" 200 861 "https://sparxnovate.net.lab2454.com/whsy.php?p=%2Fproc%2F31869%2F.." "Mozilla/5.0 AppleWebKit/537.36 (KHTML, like Gecko; compatible; GPTBot/1.3; +https://openai.com/gptbot)"
74.7.241.36 - - [03/Mar/2026:07:13:32 +0000] "GET /whsy.php?p=%2Fproc%2F15809%2Ffdinfo HTTP/2.0" 200 165616 "https://www.sparxnovate.net.lab2454.com/whsy.php?p=%2Fproc%2F15809" "Mozilla/5.0 AppleWebKit/537.36 (KHTML, like Gecko; compatible; GPTBot/1.3; +https://openai.com/gptbot)"
74.7.243.215 - - [03/Mar/2026:07:14:05 +0000] "GET /whsy.php?p=%2Fproc%2F28551 HTTP/2.0" 200 861 "https://sparxnovate.net.lab2454.com/whsy.php?e=19499&p=%2Fproc" "Mozilla/5.0 AppleWebKit/537.36 (KHTML, like Gecko; compatible; GPTBot/1.3; +https://openai.com/gptbot)"
74.7.241.36 - - [03/Mar/2026:07:14:15 +0000] "GET /whsy.php?p=%2Fproc%2F31849%2Ffdinfo HTTP/2.0" 200 1169 "https://www.sparxnovate.net.lab2454.com/whsy.php?p=%2Fproc%2F31849" "Mozilla/5.0 AppleWebKit/537.36 (KHTML, like Gecko; compatible; GPTBot/1.3; +https://openai.com/gptbot)"
74.7.243.215 - - [03/Mar/2026:07:14:19 +0000] "GET /whsy.php?p=%2Fproc%2F24409 HTTP/2.0" 200 861 "https://sparxnovate.net.lab2454.com/whsy.php?e=17375&p=%2Fproc" "Mozilla/5.0 AppleWebKit/537.36 (KHTML, like Gecko; compatible; GPTBot/1.3; +https://openai.com/gptbot)"
74.7.243.215 - - [03/Mar/2026:07:14:31 +0000] "GET /whsy.php?p=%2Fproc%2F32300 HTTP/2.0" 200 861 "https://sparxnovate.net.lab2454.com/whsy.php?e=22933&p=%2Fproc" "Mozilla/5.0 AppleWebKit/537.36 (KHTML, like Gecko; compatible; GPTBot/1.3; +https://openai.com/gptbot)"
74.7.243.215 - - [03/Mar/2026:07:14:41 +0000] "GET /whsy.php?p=%2Fproc%2F27985 HTTP/2.0" 200 861 "https://sparxnovate.net.lab2454.com/whsy.php?e=19946&p=%2Fproc" "Mozilla/5.0 AppleWebKit/537.36 (KHTML, like Gecko; compatible; GPTBot/1.3; +https://openai.com/gptbot)"
74.7.241.36 - - [03/Mar/2026:07:14:27 +0000] "GET /whsy.php?p=%2Fproc%2F16480%2Ffdinfo HTTP/2.0" 200 162556 "https://www.sparxnovate.net.lab2454.com/whsy.php?p=%2Fproc%2F16480" "Mozilla/5.0 AppleWebKit/537.36 (KHTML, like Gecko; compatible; GPTBot/1.3; +https://openai.com/gptbot)"
74.7.243.215 - - [03/Mar/2026:07:14:57 +0000] "GET /whsy.php?p=%2Fproc%2F32149 HTTP/2.0" 200 861 "https://sparxnovate.net.lab2454.com/whsy.php?e=24033&p=%2Fproc" "Mozilla/5.0 AppleWebKit/537.36 (KHTML, like Gecko; compatible; GPTBot/1.3; +https://openai.com/gptbot)"
74.7.228.61 - - [03/Mar/2026:07:14:58 +0000] "GET /robots.txt HTTP/2.0" 404 - "-" "Mozilla/5.0 (Macintosh; Intel Mac OS X 10_15_7) AppleWebKit/537.36 (KHTML, like Gecko) Chrome/131.0.0.0 Safari/537.36; compatible; OAI-SearchBot/1.3; robots.txt; +https://openai.com/searchbot"
74.7.243.215 - - [03/Mar/2026:07:15:08 +0000] "GET /whsy.php?p=%2Fproc%2F31561 HTTP/2.0" 200 861 "https://sparxnovate.net.lab2454.com/whsy.php?e=22929&p=%2Fproc" "Mozilla/5.0 AppleWebKit/537.36 (KHTML, like Gecko; compatible; GPTBot/1.3; +https://openai.com/gptbot)"
74.7.243.215 - - [03/Mar/2026:07:15:21 +0000] "GET /whsy.php?p=%2Fproc%2F27464 HTTP/2.0" 200 861 "https://sparxnovate.net.lab2454.com/whsy.php?e=19946&p=%2Fproc" "Mozilla/5.0 AppleWebKit/537.36 (KHTML, like Gecko; compatible; GPTBot/1.3; +https://openai.com/gptbot)"
74.7.243.215 - - [03/Mar/2026:07:15:33 +0000] "GET /whsy.php?p=%2Fproc%2F10508 HTTP/2.0" 200 861 "https://sparxnovate.net.lab2454.com/whsy.php?e=3984&p=%2Fproc" "Mozilla/5.0 AppleWebKit/537.36 (KHTML, like Gecko; compatible; GPTBot/1.3; +https://openai.com/gptbot)"
74.7.241.36 - - [03/Mar/2026:07:15:07 +0000] "GET /whsy.php?p=%2Fproc%2F16478%2Ffdinfo HTTP/2.0" 200 158390 "https://www.sparxnovate.net.lab2454.com/whsy.php?p=%2Fproc%2F16478" "Mozilla/5.0 AppleWebKit/537.36 (KHTML, like Gecko; compatible; GPTBot/1.3; +https://openai.com/gptbot)"
74.7.243.215 - - [03/Mar/2026:07:15:43 +0000] "GET /whsy.php?p=%2Fproc%2F14191 HTTP/2.0" 200 861 "https://sparxnovate.net.lab2454.com/whsy.php?e=7171&p=%2Fproc" "Mozilla/5.0 AppleWebKit/537.36 (KHTML, like Gecko; compatible; GPTBot/1.3; +https://openai.com/gptbot)"
74.7.241.36 - - [03/Mar/2026:07:15:46 +0000] "GET /whsy.php?p=%2Fproc%2F31861%2Fnet%2Fip6t_hashlimit HTTP/2.0" 200 502 "https://www.sparxnovate.net.lab2454.com/whsy.php?p=%2Fproc%2F31861%2Fnet" "Mozilla/5.0 AppleWebKit/537.36 (KHTML, like Gecko; compatible; GPTBot/1.3; +https://openai.com/gptbot)"
74.7.243.215 - - [03/Mar/2026:07:15:53 +0000] "GET /whsy.php?p=%2Fproc%2F18146 HTTP/2.0" 200 861 "https://sparxnovate.net.lab2454.com/whsy.php?e=6035&p=%2Fproc" "Mozilla/5.0 AppleWebKit/537.36 (KHTML, like Gecko; compatible; GPTBot/1.3; +https://openai.com/gptbot)"
74.7.243.215 - - [03/Mar/2026:07:16:02 +0000] "GET /whsy.php?p=%2Fproc%2F11653 HTTP/2.0" 200 861 "https://sparxnovate.net.lab2454.com/whsy.php?e=3006&p=%2Fproc" "Mozilla/5.0 AppleWebKit/537.36 (KHTML, like Gecko; compatible; GPTBot/1.3; +https://openai.com/gptbot)"
74.7.243.215 - - [03/Mar/2026:07:16:11 +0000] "GET /whsy.php?p=%2Fproc%2F31498 HTTP/2.0" 200 861 "https://sparxnovate.net.lab2454.com/whsy.php?e=21542&p=%2Fproc" "Mozilla/5.0 AppleWebKit/537.36 (KHTML, like Gecko; compatible; GPTBot/1.3; +https://openai.com/gptbot)"
74.7.241.36 - - [03/Mar/2026:07:16:13 +0000] "GET /whsy.php?p=%2Fproc%2F31862%2Fnet%2Fip6t_hashlimit HTTP/2.0" 200 502 "https://www.sparxnovate.net.lab2454.com/whsy.php?p=%2Fproc%2F31862%2Fnet" "Mozilla/5.0 AppleWebKit/537.36 (KHTML, like Gecko; compatible; GPTBot/1.3; +https://openai.com/gptbot)"
74.7.243.215 - - [03/Mar/2026:07:16:19 +0000] "GET /whsy.php?p=%2Fproc%2F14240 HTTP/2.0" 200 861 "https://sparxnovate.net.lab2454.com/whsy.php?e=7171&p=%2Fproc" "Mozilla/5.0 AppleWebKit/537.36 (KHTML, like Gecko; compatible; GPTBot/1.3; +https://openai.com/gptbot)"
74.7.243.215 - - [03/Mar/2026:07:16:28 +0000] "GET /whsy.php?p=%2Fproc%2F29556 HTTP/2.0" 200 861 "https://sparxnovate.net.lab2454.com/whsy.php?e=17224&p=%2Fproc" "Mozilla/5.0 AppleWebKit/537.36 (KHTML, like Gecko; compatible; GPTBot/1.3; +https://openai.com/gptbot)"
74.7.243.215 - - [03/Mar/2026:07:16:36 +0000] "GET /whsy.php?p=%2Fproc%2F24778 HTTP/2.0" 200 861 "https://sparxnovate.net.lab2454.com/whsy.php?e=17267&p=%2Fproc" "Mozilla/5.0 AppleWebKit/537.36 (KHTML, like Gecko; compatible; GPTBot/1.3; +https://openai.com/gptbot)"
74.7.241.36 - - [03/Mar/2026:07:16:37 +0000] "GET /whsy.php?p=%2Fproc%2F10277%2Fnet%2Fip6t_hashlimit HTTP/2.0" 200 502 "https://www.sparxnovate.net.lab2454.com/whsy.php?p=%2Fproc%2F10277%2Fnet" "Mozilla/5.0 AppleWebKit/537.36 (KHTML, like Gecko; compatible; GPTBot/1.3; +https://openai.com/gptbot)"
74.7.243.215 - - [03/Mar/2026:07:16:44 +0000] "GET /whsy.php?p=%2Fproc%2F11068 HTTP/2.0" 200 861 "https://sparxnovate.net.lab2454.com/whsy.php?e=17219&p=%2Fproc" "Mozilla/5.0 AppleWebKit/537.36 (KHTML, like Gecko; compatible; GPTBot/1.3; +https://openai.com/gptbot)"
74.7.243.215 - - [03/Mar/2026:07:16:52 +0000] "GET /whsy.php?p=%2Fproc%2F17851 HTTP/2.0" 200 861 "https://sparxnovate.net.lab2454.com/whsy.php?e=9240&p=%2Fproc" "Mozilla/5.0 AppleWebKit/537.36 (KHTML, like Gecko; compatible; GPTBot/1.3; +https://openai.com/gptbot)"
74.7.243.215 - - [03/Mar/2026:07:17:02 +0000] "GET /whsy.php?p=%2Fproc%2F23183 HTTP/2.0" 200 861 "https://sparxnovate.net.lab2454.com/whsy.php?e=15657&p=%2Fproc" "Mozilla/5.0 AppleWebKit/537.36 (KHTML, like Gecko; compatible; GPTBot/1.3; +https://openai.com/gptbot)"
74.7.241.36 - - [03/Mar/2026:07:17:03 +0000] "GET /whsy.php?e=anycast6&p=%2Fproc%2F31862%2Fnet HTTP/2.0" 200 2506 "https://www.sparxnovate.net.lab2454.com/whsy.php?p=%2Fproc%2F31862%2Fnet" "Mozilla/5.0 AppleWebKit/537.36 (KHTML, like Gecko; compatible; GPTBot/1.3; +https://openai.com/gptbot)"
74.7.244.20 - - [03/Mar/2026:07:17:04 +0000] "GET /robots.txt HTTP/2.0" 404 - "-" "Mozilla/5.0 (Macintosh; Intel Mac OS X 10_15_7) AppleWebKit/537.36 (KHTML, like Gecko) Chrome/131.0.0.0 Safari/537.36; compatible; OAI-SearchBot/1.3; robots.txt; +https://openai.com/searchbot"
74.7.243.215 - - [03/Mar/2026:07:17:14 +0000] "GET /whsy.php?p=%2Fproc%2F30115 HTTP/2.0" 200 861 "https://sparxnovate.net.lab2454.com/whsy.php?e=29554&p=%2Fproc" "Mozilla/5.0 AppleWebKit/537.36 (KHTML, like Gecko; compatible; GPTBot/1.3; +https://openai.com/gptbot)"
74.7.241.36 - - [03/Mar/2026:07:17:24 +0000] "GET /whsy.php?e=anycast6&p=%2Fproc%2F31861%2Fnet HTTP/2.0" 200 2506 "https://www.sparxnovate.net.lab2454.com/whsy.php?p=%2Fproc%2F31861%2Fnet" "Mozilla/5.0 AppleWebKit/537.36 (KHTML, like Gecko; compatible; GPTBot/1.3; +https://openai.com/gptbot)"
74.7.243.215 - - [03/Mar/2026:07:17:25 +0000] "GET /whsy.php?p=%2Fproc%2F24789 HTTP/2.0" 200 861 "https://sparxnovate.net.lab2454.com/whsy.php?e=17267&p=%2Fproc" "Mozilla/5.0 AppleWebKit/537.36 (KHTML, like Gecko; compatible; GPTBot/1.3; +https://openai.com/gptbot)"
74.7.243.215 - - [03/Mar/2026:07:17:34 +0000] "GET /whsy.php?p=%2Fproc%2F21043 HTTP/2.0" 200 861 "https://sparxnovate.net.lab2454.com/whsy.php?p=%2Fproc%2F31860%2F.." "Mozilla/5.0 AppleWebKit/537.36 (KHTML, like Gecko; compatible; GPTBot/1.3; +https://openai.com/gptbot)"
74.7.241.36 - - [03/Mar/2026:07:17:40 +0000] "GET /whsy.php?e=anycast6&p=%2Fproc%2F10277%2Fnet HTTP/2.0" 200 2507 "https://www.sparxnovate.net.lab2454.com/whsy.php?p=%2Fproc%2F10277%2Fnet" "Mozilla/5.0 AppleWebKit/537.36 (KHTML, like Gecko; compatible; GPTBot/1.3; +https://openai.com/gptbot)"
74.7.243.215 - - [03/Mar/2026:07:17:44 +0000] "GET /whsy.php?p=%2Fproc%2F25154 HTTP/2.0" 200 861 "https://sparxnovate.net.lab2454.com/whsy.php?e=17223&p=%2Fproc" "Mozilla/5.0 AppleWebKit/537.36 (KHTML, like Gecko; compatible; GPTBot/1.3; +https://openai.com/gptbot)"
74.7.243.215 - - [03/Mar/2026:07:17:58 +0000] "GET /whsy.php?p=%2Fproc%2F29584 HTTP/2.0" 200 861 "https://sparxnovate.net.lab2454.com/whsy.php?e=17224&p=%2Fproc" "Mozilla/5.0 AppleWebKit/537.36 (KHTML, like Gecko; compatible; GPTBot/1.3; +https://openai.com/gptbot)"
74.7.241.36 - - [03/Mar/2026:07:18:02 +0000] "GET /whsy.php?e=sockcreate&p=%2Fproc%2F31862%2Fattr HTTP/2.0" 200 863 "https://www.sparxnovate.net.lab2454.com/whsy.php?p=%2Fproc%2F31862%2Fattr" "Mozilla/5.0 AppleWebKit/537.36 (KHTML, like Gecko; compatible; GPTBot/1.3; +https://openai.com/gptbot)"
74.7.243.215 - - [03/Mar/2026:07:18:09 +0000] "GET /whsy.php?p=%2Fproc%2F30701 HTTP/2.0" 200 861 "https://sparxnovate.net.lab2454.com/whsy.php?e=21763&p=%2Fproc" "Mozilla/5.0 AppleWebKit/537.36 (KHTML, like Gecko; compatible; GPTBot/1.3; +https://openai.com/gptbot)"
74.7.243.215 - - [03/Mar/2026:07:18:17 +0000] "GET /whsy.php?p=%2Fproc%2F18579 HTTP/2.0" 200 861 "https://sparxnovate.net.lab2454.com/whsy.php?e=8636&p=%2Fproc" "Mozilla/5.0 AppleWebKit/537.36 (KHTML, like Gecko; compatible; GPTBot/1.3; +https://openai.com/gptbot)"
74.7.243.215 - - [03/Mar/2026:07:18:27 +0000] "GET /whsy.php?p=%2Fproc%2F15726 HTTP/2.0" 200 861 "https://sparxnovate.net.lab2454.com/whsy.php?e=6867&p=%2Fproc" "Mozilla/5.0 AppleWebKit/537.36 (KHTML, like Gecko; compatible; GPTBot/1.3; +https://openai.com/gptbot)"
74.7.243.215 - - [03/Mar/2026:07:18:38 +0000] "GET /whsy.php?p=%2Fproc%2F15755 HTTP/2.0" 200 861 "https://sparxnovate.net.lab2454.com/whsy.php?e=6867&p=%2Fproc" "Mozilla/5.0 AppleWebKit/537.36 (KHTML, like Gecko; compatible; GPTBot/1.3; +https://openai.com/gptbot)"
74.7.241.36 - - [03/Mar/2026:07:18:13 +0000] "GET /whsy.php?p=%2Fproc%2F16480%2Fmap_files HTTP/2.0" 200 164183 "https://www.sparxnovate.net.lab2454.com/whsy.php?p=%2Fproc%2F16480" "Mozilla/5.0 AppleWebKit/537.36 (KHTML, like Gecko; compatible; GPTBot/1.3; +https://openai.com/gptbot)"
74.7.243.215 - - [03/Mar/2026:07:18:47 +0000] "GET /whsy.php?p=%2Fproc%2F28013 HTTP/2.0" 200 861 "https://sparxnovate.net.lab2454.com/whsy.php?e=20371&p=%2Fproc" "Mozilla/5.0 AppleWebKit/537.36 (KHTML, like Gecko; compatible; GPTBot/1.3; +https://openai.com/gptbot)"
74.7.241.36 - - [03/Mar/2026:07:18:50 +0000] "GET /whsy.php?p=%2Fproc%2F31849%2Fmap_files HTTP/2.0" 200 2794 "https://www.sparxnovate.net.lab2454.com/whsy.php?p=%2Fproc%2F31849" "Mozilla/5.0 AppleWebKit/537.36 (KHTML, like Gecko; compatible; GPTBot/1.3; +https://openai.com/gptbot)"
74.7.243.215 - - [03/Mar/2026:07:18:54 +0000] "GET /whsy.php?p=%2Fproc%2F27174 HTTP/2.0" 200 861 "https://sparxnovate.net.lab2454.com/whsy.php?e=17082&p=%2Fproc" "Mozilla/5.0 AppleWebKit/537.36 (KHTML, like Gecko; compatible; GPTBot/1.3; +https://openai.com/gptbot)"
74.7.243.215 - - [03/Mar/2026:07:19:03 +0000] "GET /whsy.php?p=%2Fproc%2F20354 HTTP/2.0" 200 861 "https://sparxnovate.net.lab2454.com/whsy.php?e=9207&p=%2Fproc" "Mozilla/5.0 AppleWebKit/537.36 (KHTML, like Gecko; compatible; GPTBot/1.3; +https://openai.com/gptbot)"
74.7.243.215 - - [03/Mar/2026:07:19:14 +0000] "GET /whsy.php?p=%2Fproc%2F17112 HTTP/2.0" 200 861 "https://sparxnovate.net.lab2454.com/whsy.php?e=9933&p=%2Fproc" "Mozilla/5.0 AppleWebKit/537.36 (KHTML, like Gecko; compatible; GPTBot/1.3; +https://openai.com/gptbot)"
74.7.243.215 - - [03/Mar/2026:07:19:23 +0000] "GET /whsy.php?p=%2Fproc%2F25449 HTTP/2.0" 200 861 "https://sparxnovate.net.lab2454.com/whsy.php?e=17081&p=%2Fproc" "Mozilla/5.0 AppleWebKit/537.36 (KHTML, like Gecko; compatible; GPTBot/1.3; +https://openai.com/gptbot)"
74.7.243.215 - - [03/Mar/2026:07:19:32 +0000] "GET /whsy.php?p=%2Fproc%2F14934 HTTP/2.0" 200 861 "https://sparxnovate.net.lab2454.com/whsy.php?e=7221&p=%2Fproc" "Mozilla/5.0 AppleWebKit/537.36 (KHTML, like Gecko; compatible; GPTBot/1.3; +https://openai.com/gptbot)"
74.7.243.215 - - [03/Mar/2026:07:19:42 +0000] "GET /whsy.php?p=%2Fproc%2F18400 HTTP/2.0" 200 861 "https://sparxnovate.net.lab2454.com/whsy.php?e=9307&p=%2Fproc" "Mozilla/5.0 AppleWebKit/537.36 (KHTML, like Gecko; compatible; GPTBot/1.3; +https://openai.com/gptbot)"
74.7.243.215 - - [03/Mar/2026:07:19:51 +0000] "GET /whsy.php?p=%2Fproc%2F12396 HTTP/2.0" 200 861 "https://sparxnovate.net.lab2454.com/whsy.php?e=4112&p=%2Fproc" "Mozilla/5.0 AppleWebKit/537.36 (KHTML, like Gecko; compatible; GPTBot/1.3; +https://openai.com/gptbot)"
74.7.241.36 - - [03/Mar/2026:07:19:31 +0000] "GET /whsy.php?p=%2Fproc%2F16478%2Fmap_files HTTP/2.0" 200 172750 "https://www.sparxnovate.net.lab2454.com/whsy.php?p=%2Fproc%2F16478" "Mozilla/5.0 AppleWebKit/537.36 (KHTML, like Gecko; compatible; GPTBot/1.3; +https://openai.com/gptbot)"
74.7.243.215 - - [03/Mar/2026:07:20:01 +0000] "GET /whsy.php?p=%2Fproc%2F21090 HTTP/2.0" 200 861 "https://sparxnovate.net.lab2454.com/whsy.php?p=%2Fproc%2F31860%2F.." "Mozilla/5.0 AppleWebKit/537.36 (KHTML, like Gecko; compatible; GPTBot/1.3; +https://openai.com/gptbot)"
74.7.228.61 - - [03/Mar/2026:07:20:02 +0000] "GET /robots.txt HTTP/2.0" 404 - "-" "Mozilla/5.0 (Macintosh; Intel Mac OS X 10_15_7) AppleWebKit/537.36 (KHTML, like Gecko) Chrome/131.0.0.0 Safari/537.36; compatible; OAI-SearchBot/1.3; robots.txt; +https://openai.com/searchbot"
74.7.243.215 - - [03/Mar/2026:07:20:08 +0000] "GET /whsy.php?p=%2Fproc%2F24565 HTTP/2.0" 200 861 "https://sparxnovate.net.lab2454.com/whsy.php?e=17081&p=%2Fproc" "Mozilla/5.0 AppleWebKit/537.36 (KHTML, like Gecko; compatible; GPTBot/1.3; +https://openai.com/gptbot)"
74.7.243.215 - - [03/Mar/2026:07:20:18 +0000] "GET /whsy.php?p=%2Fproc%2F32136 HTTP/2.0" 200 861 "https://sparxnovate.net.lab2454.com/whsy.php?e=24033&p=%2Fproc" "Mozilla/5.0 AppleWebKit/537.36 (KHTML, like Gecko; compatible; GPTBot/1.3; +https://openai.com/gptbot)"
74.7.243.215 - - [03/Mar/2026:07:20:27 +0000] "GET /whsy.php?p=%2Fproc%2F11926 HTTP/2.0" 200 861 "https://sparxnovate.net.lab2454.com/whsy.php?e=15124&p=%2Fproc" "Mozilla/5.0 AppleWebKit/537.36 (KHTML, like Gecko; compatible; GPTBot/1.3; +https://openai.com/gptbot)"
74.7.243.215 - - [03/Mar/2026:07:20:36 +0000] "GET /whsy.php?p=%2Fproc%2F11371 HTTP/2.0" 200 861 "https://sparxnovate.net.lab2454.com/whsy.php?e=17243&p=%2Fproc" "Mozilla/5.0 AppleWebKit/537.36 (KHTML, like Gecko; compatible; GPTBot/1.3; +https://openai.com/gptbot)"
74.7.241.36 - - [03/Mar/2026:07:20:08 +0000] "GET /whsy.php?p=%2Fproc%2F15809%2Fmap_files HTTP/2.0" 200 197783 "https://www.sparxnovate.net.lab2454.com/whsy.php?p=%2Fproc%2F15809" "Mozilla/5.0 AppleWebKit/537.36 (KHTML, like Gecko; compatible; GPTBot/1.3; +https://openai.com/gptbot)"
74.7.243.215 - - [03/Mar/2026:07:20:45 +0000] "GET /whsy.php?p=%2Fproc%2F13064 HTTP/2.0" 200 861 "https://sparxnovate.net.lab2454.com/whsy.php?e=3456&p=%2Fproc" "Mozilla/5.0 AppleWebKit/537.36 (KHTML, like Gecko; compatible; GPTBot/1.3; +https://openai.com/gptbot)"
74.7.243.215 - - [03/Mar/2026:07:20:56 +0000] "GET /whsy.php?p=%2Fproc%2F31941 HTTP/2.0" 200 861 "https://sparxnovate.net.lab2454.com/whsy.php?e=23039&p=%2Fproc" "Mozilla/5.0 AppleWebKit/537.36 (KHTML, like Gecko; compatible; GPTBot/1.3; +https://openai.com/gptbot)"
74.7.243.215 - - [03/Mar/2026:07:21:06 +0000] "GET /whsy.php?p=%2Fproc%2F18469 HTTP/2.0" 200 861 "https://sparxnovate.net.lab2454.com/whsy.php?e=9827&p=%2Fproc" "Mozilla/5.0 AppleWebKit/537.36 (KHTML, like Gecko; compatible; GPTBot/1.3; +https://openai.com/gptbot)"
74.7.241.36 - - [03/Mar/2026:07:21:13 +0000] "GET /whsy.php?e=uid_map&p=%2Fproc%2F12121 HTTP/2.0" 200 2021 "https://www.sparxnovate.net.lab2454.com/whsy.php?p=%2Fproc%2F12121" "Mozilla/5.0 AppleWebKit/537.36 (KHTML, like Gecko; compatible; GPTBot/1.3; +https://openai.com/gptbot)"
74.7.243.215 - - [03/Mar/2026:07:21:15 +0000] "GET /whsy.php?p=%2Fproc%2F18449 HTTP/2.0" 200 861 "https://sparxnovate.net.lab2454.com/whsy.php?e=9827&p=%2Fproc" "Mozilla/5.0 AppleWebKit/537.36 (KHTML, like Gecko; compatible; GPTBot/1.3; +https://openai.com/gptbot)"
74.7.243.215 - - [03/Mar/2026:07:21:25 +0000] "GET /whsy.php?p=%2Fproc%2F28978 HTTP/2.0" 200 861 "https://sparxnovate.net.lab2454.com/whsy.php?e=8393&p=%2Fproc" "Mozilla/5.0 AppleWebKit/537.36 (KHTML, like Gecko; compatible; GPTBot/1.3; +https://openai.com/gptbot)"
74.7.243.215 - - [03/Mar/2026:07:21:38 +0000] "GET /whsy.php?p=%2Fproc%2F12557 HTTP/2.0" 200 861 "https://sparxnovate.net.lab2454.com/whsy.php?e=3008&p=%2Fproc" "Mozilla/5.0 AppleWebKit/537.36 (KHTML, like Gecko; compatible; GPTBot/1.3; +https://openai.com/gptbot)"
74.7.243.215 - - [03/Mar/2026:07:21:47 +0000] "GET /whsy.php?p=%2Fproc%2F12893 HTTP/2.0" 200 861 "https://sparxnovate.net.lab2454.com/whsy.php?e=3008&p=%2Fproc" "Mozilla/5.0 AppleWebKit/537.36 (KHTML, like Gecko; compatible; GPTBot/1.3; +https://openai.com/gptbot)"
74.7.243.215 - - [03/Mar/2026:07:21:56 +0000] "GET /whsy.php?p=%2Fproc%2F18358 HTTP/2.0" 200 861 "https://sparxnovate.net.lab2454.com/whsy.php?e=9307&p=%2Fproc" "Mozilla/5.0 AppleWebKit/537.36 (KHTML, like Gecko; compatible; GPTBot/1.3; +https://openai.com/gptbot)"
74.7.243.215 - - [03/Mar/2026:07:22:04 +0000] "GET /whsy.php?p=%2Fproc%2F17097 HTTP/2.0" 200 861 "https://sparxnovate.net.lab2454.com/whsy.php?e=9933&p=%2Fproc" "Mozilla/5.0 AppleWebKit/537.36 (KHTML, like Gecko; compatible; GPTBot/1.3; +https://openai.com/gptbot)"
74.7.243.215 - - [03/Mar/2026:07:22:12 +0000] "GET /whsy.php?p=%2Fproc%2F21159 HTTP/2.0" 200 861 "https://sparxnovate.net.lab2454.com/whsy.php?e=9205&p=%2Fproc" "Mozilla/5.0 AppleWebKit/537.36 (KHTML, like Gecko; compatible; GPTBot/1.3; +https://openai.com/gptbot)"
74.7.241.36 - - [03/Mar/2026:07:22:16 +0000] "GET /whsy.php?e=gid_map&p=%2Fproc%2F12121 HTTP/2.0" 200 2024 "https://www.sparxnovate.net.lab2454.com/whsy.php?p=%2Fproc%2F12121" "Mozilla/5.0 AppleWebKit/537.36 (KHTML, like Gecko; compatible; GPTBot/1.3; +https://openai.com/gptbot)"
74.7.244.20 - - [03/Mar/2026:07:22:16 +0000] "GET /robots.txt HTTP/2.0" 404 - "-" "Mozilla/5.0 (Macintosh; Intel Mac OS X 10_15_7) AppleWebKit/537.36 (KHTML, like Gecko) Chrome/131.0.0.0 Safari/537.36; compatible; OAI-SearchBot/1.3; robots.txt; +https://openai.com/searchbot"
74.7.243.215 - - [03/Mar/2026:07:22:20 +0000] "GET /whsy.php?p=%2Fproc%2F10875 HTTP/2.0" 200 861 "https://sparxnovate.net.lab2454.com/whsy.php?e=2663&p=%2Fproc" "Mozilla/5.0 AppleWebKit/537.36 (KHTML, like Gecko; compatible; GPTBot/1.3; +https://openai.com/gptbot)"
74.7.243.215 - - [03/Mar/2026:07:22:27 +0000] "GET /whsy.php?p=%2Fproc%2F20124 HTTP/2.0" 200 861 "https://sparxnovate.net.lab2454.com/whsy.php?e=9248&p=%2Fproc" "Mozilla/5.0 AppleWebKit/537.36 (KHTML, like Gecko; compatible; GPTBot/1.3; +https://openai.com/gptbot)"
74.7.243.215 - - [03/Mar/2026:07:22:36 +0000] "GET /whsy.php?p=%2Fproc%2F24158 HTTP/2.0" 200 861 "https://sparxnovate.net.lab2454.com/whsy.php?e=17278&p=%2Fproc" "Mozilla/5.0 AppleWebKit/537.36 (KHTML, like Gecko; compatible; GPTBot/1.3; +https://openai.com/gptbot)"
74.7.243.215 - - [03/Mar/2026:07:22:43 +0000] "GET /whsy.php?p=%2Fproc%2F24354 HTTP/2.0" 200 861 "https://sparxnovate.net.lab2454.com/whsy.php?e=16576&p=%2Fproc" "Mozilla/5.0 AppleWebKit/537.36 (KHTML, like Gecko; compatible; GPTBot/1.3; +https://openai.com/gptbot)"
74.7.243.215 - - [03/Mar/2026:07:22:53 +0000] "GET /whsy.php?p=%2Fproc%2F23848 HTTP/2.0" 200 861 "https://sparxnovate.net.lab2454.com/whsy.php?e=7903&p=%2Fproc" "Mozilla/5.0 AppleWebKit/537.36 (KHTML, like Gecko; compatible; GPTBot/1.3; +https://openai.com/gptbot)"
74.7.243.215 - - [03/Mar/2026:07:23:02 +0000] "GET /whsy.php?p=%2Fproc%2F11061 HTTP/2.0" 200 861 "https://sparxnovate.net.lab2454.com/whsy.php?e=17219&p=%2Fproc" "Mozilla/5.0 AppleWebKit/537.36 (KHTML, like Gecko; compatible; GPTBot/1.3; +https://openai.com/gptbot)"
74.7.243.215 - - [03/Mar/2026:07:23:10 +0000] "GET /whsy.php?p=%2Fproc%2F24285 HTTP/2.0" 200 861 "https://sparxnovate.net.lab2454.com/whsy.php?e=17375&p=%2Fproc" "Mozilla/5.0 AppleWebKit/537.36 (KHTML, like Gecko; compatible; GPTBot/1.3; +https://openai.com/gptbot)"
74.7.241.36 - - [03/Mar/2026:07:23:14 +0000] "GET /whsy.php?p=%2Fproc%2F11435%2Ffdinfo HTTP/2.0" 200 861 "https://www.sparxnovate.net.lab2454.com/whsy.php?p=%2Fproc%2F11435" "Mozilla/5.0 AppleWebKit/537.36 (KHTML, like Gecko; compatible; GPTBot/1.3; +https://openai.com/gptbot)"
74.7.243.215 - - [03/Mar/2026:07:23:18 +0000] "GET /whsy.php?p=%2Fproc%2F18451 HTTP/2.0" 200 861 "https://sparxnovate.net.lab2454.com/whsy.php?e=9827&p=%2Fproc" "Mozilla/5.0 AppleWebKit/537.36 (KHTML, like Gecko; compatible; GPTBot/1.3; +https://openai.com/gptbot)"
74.7.243.215 - - [03/Mar/2026:07:23:26 +0000] "GET /whsy.php?p=%2Fproc%2F24074 HTTP/2.0" 200 861 "https://sparxnovate.net.lab2454.com/whsy.php?e=15657&p=%2Fproc" "Mozilla/5.0 AppleWebKit/537.36 (KHTML, like Gecko; compatible; GPTBot/1.3; +https://openai.com/gptbot)"
74.7.243.215 - - [03/Mar/2026:07:23:34 +0000] "GET /whsy.php?p=%2Fproc%2F25835 HTTP/2.0" 200 861 "https://sparxnovate.net.lab2454.com/whsy.php?e=18862&p=%2Fproc" "Mozilla/5.0 AppleWebKit/537.36 (KHTML, like Gecko; compatible; GPTBot/1.3; +https://openai.com/gptbot)"
74.7.243.215 - - [03/Mar/2026:07:23:42 +0000] "GET /whsy.php?p=%2Fproc%2F21253 HTTP/2.0" 200 861 "https://sparxnovate.net.lab2454.com/whsy.php?e=12358&p=%2Fproc" "Mozilla/5.0 AppleWebKit/537.36 (KHTML, like Gecko; compatible; GPTBot/1.3; +https://openai.com/gptbot)"
74.7.243.215 - - [03/Mar/2026:07:23:51 +0000] "GET /whsy.php?p=%2Fproc%2F10607 HTTP/2.0" 200 861 "https://sparxnovate.net.lab2454.com/whsy.php?e=3984&p=%2Fproc" "Mozilla/5.0 AppleWebKit/537.36 (KHTML, like Gecko; compatible; GPTBot/1.3; +https://openai.com/gptbot)"
74.7.243.215 - - [03/Mar/2026:07:23:58 +0000] "GET /whsy.php?p=%2Fproc%2F28566 HTTP/2.0" 200 861 "https://sparxnovate.net.lab2454.com/whsy.php?e=19499&p=%2Fproc" "Mozilla/5.0 AppleWebKit/537.36 (KHTML, like Gecko; compatible; GPTBot/1.3; +https://openai.com/gptbot)"
74.7.241.36 - - [03/Mar/2026:07:24:09 +0000] "GET /whsy.php?p=%2Fproc%2F31861%2Ffdinfo HTTP/2.0" 200 887 "https://www.sparxnovate.net.lab2454.com/whsy.php?p=%2Fproc%2F31861" "Mozilla/5.0 AppleWebKit/537.36 (KHTML, like Gecko; compatible; GPTBot/1.3; +https://openai.com/gptbot)"
74.7.243.215 - - [03/Mar/2026:07:24:11 +0000] "GET /whsy.php?p=%2Fproc%2F21686 HTTP/2.0" 200 861 "https://sparxnovate.net.lab2454.com/whsy.php?e=9205&p=%2Fproc" "Mozilla/5.0 AppleWebKit/537.36 (KHTML, like Gecko; compatible; GPTBot/1.3; +https://openai.com/gptbot)"
74.7.243.215 - - [03/Mar/2026:07:24:24 +0000] "GET /whsy.php?p=%2Fproc%2F18123 HTTP/2.0" 200 861 "https://sparxnovate.net.lab2454.com/whsy.php?e=6035&p=%2Fproc" "Mozilla/5.0 AppleWebKit/537.36 (KHTML, like Gecko; compatible; GPTBot/1.3; +https://openai.com/gptbot)"
74.7.243.215 - - [03/Mar/2026:07:24:36 +0000] "GET /whsy.php?p=%2Fproc%2F28099 HTTP/2.0" 200 861 "https://sparxnovate.net.lab2454.com/whsy.php?e=19946&p=%2Fproc" "Mozilla/5.0 AppleWebKit/537.36 (KHTML, like Gecko; compatible; GPTBot/1.3; +https://openai.com/gptbot)"
74.7.243.215 - - [03/Mar/2026:07:24:44 +0000] "GET /whsy.php?p=%2Fproc%2F15743 HTTP/2.0" 200 861 "https://sparxnovate.net.lab2454.com/whsy.php?e=6867&p=%2Fproc" "Mozilla/5.0 AppleWebKit/537.36 (KHTML, like Gecko; compatible; GPTBot/1.3; +https://openai.com/gptbot)"
74.7.241.36 - - [03/Mar/2026:07:24:51 +0000] "GET /whsy.php?p=%2Fproc%2F31848%2Ffdinfo HTTP/2.0" 200 724 "https://www.sparxnovate.net.lab2454.com/whsy.php?p=%2Fproc%2F31848" "Mozilla/5.0 AppleWebKit/537.36 (KHTML, like Gecko; compatible; GPTBot/1.3; +https://openai.com/gptbot)"
74.7.243.215 - - [03/Mar/2026:07:24:51 +0000] "GET /whsy.php?p=%2Fproc%2F31419 HTTP/2.0" 200 861 "https://sparxnovate.net.lab2454.com/whsy.php?e=15972&p=%2Fproc" "Mozilla/5.0 AppleWebKit/537.36 (KHTML, like Gecko; compatible; GPTBot/1.3; +https://openai.com/gptbot)"
74.7.243.215 - - [03/Mar/2026:07:24:59 +0000] "GET /whsy.php?p=%2Fproc%2F24044 HTTP/2.0" 200 861 "https://sparxnovate.net.lab2454.com/whsy.php?e=15657&p=%2Fproc" "Mozilla/5.0 AppleWebKit/537.36 (KHTML, like Gecko; compatible; GPTBot/1.3; +https://openai.com/gptbot)"
74.7.243.215 - - [03/Mar/2026:07:25:07 +0000] "GET /whsy.php?p=%2Fproc%2F16695 HTTP/2.0" 200 861 "https://sparxnovate.net.lab2454.com/whsy.php?e=7904&p=%2Fproc" "Mozilla/5.0 AppleWebKit/537.36 (KHTML, like Gecko; compatible; GPTBot/1.3; +https://openai.com/gptbot)"
74.7.228.61 - - [03/Mar/2026:07:25:09 +0000] "GET /robots.txt HTTP/2.0" 404 - "-" "Mozilla/5.0 (Macintosh; Intel Mac OS X 10_15_7) AppleWebKit/537.36 (KHTML, like Gecko) Chrome/131.0.0.0 Safari/537.36; compatible; OAI-SearchBot/1.3; robots.txt; +https://openai.com/searchbot"
74.7.243.215 - - [03/Mar/2026:07:25:19 +0000] "GET /whsy.php?p=%2Fproc%2F32162 HTTP/2.0" 200 861 "https://sparxnovate.net.lab2454.com/whsy.php?e=24033&p=%2Fproc" "Mozilla/5.0 AppleWebKit/537.36 (KHTML, like Gecko; compatible; GPTBot/1.3; +https://openai.com/gptbot)"
74.7.243.215 - - [03/Mar/2026:07:25:30 +0000] "GET /whsy.php?p=%2Fproc%2F17422 HTTP/2.0" 200 861 "https://sparxnovate.net.lab2454.com/whsy.php?e=8803&p=%2Fproc" "Mozilla/5.0 AppleWebKit/537.36 (KHTML, like Gecko; compatible; GPTBot/1.3; +https://openai.com/gptbot)"
74.7.241.36 - - [03/Mar/2026:07:25:37 +0000] "GET /whsy.php?e=projid_map&p=%2Fproc%2F25850 HTTP/2.0" 200 861 "https://www.sparxnovate.net.lab2454.com/whsy.php?p=%2Fproc%2F25850" "Mozilla/5.0 AppleWebKit/537.36 (KHTML, like Gecko; compatible; GPTBot/1.3; +https://openai.com/gptbot)"
74.7.243.215 - - [03/Mar/2026:07:25:41 +0000] "GET /whsy.php?p=%2Fproc%2F28321 HTTP/2.0" 200 861 "https://sparxnovate.net.lab2454.com/whsy.php?e=21032&p=%2Fproc" "Mozilla/5.0 AppleWebKit/537.36 (KHTML, like Gecko; compatible; GPTBot/1.3; +https://openai.com/gptbot)"
74.7.243.215 - - [03/Mar/2026:07:25:52 +0000] "GET /whsy.php?p=%2Fproc%2F30829 HTTP/2.0" 200 861 "https://sparxnovate.net.lab2454.com/whsy.php?e=21546&p=%2Fproc" "Mozilla/5.0 AppleWebKit/537.36 (KHTML, like Gecko; compatible; GPTBot/1.3; +https://openai.com/gptbot)"
74.7.243.215 - - [03/Mar/2026:07:26:02 +0000] "GET /whsy.php?p=%2Fproc%2F12499 HTTP/2.0" 200 861 "https://sparxnovate.net.lab2454.com/whsy.php?e=15124&p=%2Fproc" "Mozilla/5.0 AppleWebKit/537.36 (KHTML, like Gecko; compatible; GPTBot/1.3; +https://openai.com/gptbot)"
74.7.243.215 - - [03/Mar/2026:07:26:11 +0000] "GET /whsy.php?p=%2Fproc%2F31521 HTTP/2.0" 200 861 "https://sparxnovate.net.lab2454.com/whsy.php?e=21542&p=%2Fproc" "Mozilla/5.0 AppleWebKit/537.36 (KHTML, like Gecko; compatible; GPTBot/1.3; +https://openai.com/gptbot)"
74.7.241.36 - - [03/Mar/2026:07:26:12 +0000] "GET /whsy.php?e=projid_map&p=%2Fproc%2F20305 HTTP/2.0" 200 861 "https://www.sparxnovate.net.lab2454.com/whsy.php?p=%2Fproc%2F20305" "Mozilla/5.0 AppleWebKit/537.36 (KHTML, like Gecko; compatible; GPTBot/1.3; +https://openai.com/gptbot)"
74.7.243.215 - - [03/Mar/2026:07:26:18 +0000] "GET /whsy.php?p=%2Fproc%2F10335 HTTP/2.0" 200 861 "https://sparxnovate.net.lab2454.com/whsy.php?p=%2Fproc%2F31862%2F.." "Mozilla/5.0 AppleWebKit/537.36 (KHTML, like Gecko; compatible; GPTBot/1.3; +https://openai.com/gptbot)"
74.7.243.215 - - [03/Mar/2026:07:26:26 +0000] "GET /whsy.php?p=%2Fproc%2F21101 HTTP/2.0" 200 861 "https://sparxnovate.net.lab2454.com/whsy.php?p=%2Fproc%2F31860%2F.." "Mozilla/5.0 AppleWebKit/537.36 (KHTML, like Gecko; compatible; GPTBot/1.3; +https://openai.com/gptbot)"
74.7.243.215 - - [03/Mar/2026:07:26:32 +0000] "GET /whsy.php?p=%2Fproc%2F17113 HTTP/2.0" 200 861 "https://sparxnovate.net.lab2454.com/whsy.php?e=9933&p=%2Fproc" "Mozilla/5.0 AppleWebKit/537.36 (KHTML, like Gecko; compatible; GPTBot/1.3; +https://openai.com/gptbot)"
74.7.243.215 - - [03/Mar/2026:07:26:37 +0000] "GET /whsy.php?p=%2Fproc%2F19782 HTTP/2.0" 200 861 "https://sparxnovate.net.lab2454.com/whsy.php?e=10862&p=%2Fproc" "Mozilla/5.0 AppleWebKit/537.36 (KHTML, like Gecko; compatible; GPTBot/1.3; +https://openai.com/gptbot)"
74.7.241.36 - - [03/Mar/2026:07:26:42 +0000] "GET /whsy.php?e=projid_map&p=%2Fproc%2F10277 HTTP/2.0" 200 2028 "https://www.sparxnovate.net.lab2454.com/whsy.php?p=%2Fproc%2F10277" "Mozilla/5.0 AppleWebKit/537.36 (KHTML, like Gecko; compatible; GPTBot/1.3; +https://openai.com/gptbot)"
74.7.243.215 - - [03/Mar/2026:07:26:43 +0000] "GET /whsy.php?p=%2Fproc%2F15200 HTTP/2.0" 200 861 "https://sparxnovate.net.lab2454.com/whsy.php?e=7908&p=%2Fproc" "Mozilla/5.0 AppleWebKit/537.36 (KHTML, like Gecko; compatible; GPTBot/1.3; +https://openai.com/gptbot)"
74.7.243.215 - - [03/Mar/2026:07:26:54 +0000] "GET /whsy.php?p=%2Fproc%2F23131 HTTP/2.0" 200 861 "https://sparxnovate.net.lab2454.com/whsy.php?e=12498&p=%2Fproc" "Mozilla/5.0 AppleWebKit/537.36 (KHTML, like Gecko; compatible; GPTBot/1.3; +https://openai.com/gptbot)"
74.7.243.215 - - [03/Mar/2026:07:27:04 +0000] "GET /whsy.php?p=%2Fproc%2F18685 HTTP/2.0" 200 861 "https://sparxnovate.net.lab2454.com/whsy.php?e=9496&p=%2Fproc" "Mozilla/5.0 AppleWebKit/537.36 (KHTML, like Gecko; compatible; GPTBot/1.3; +https://openai.com/gptbot)"
74.7.243.215 - - [03/Mar/2026:07:27:15 +0000] "GET /whsy.php?p=%2Fproc%2F25701 HTTP/2.0" 200 861 "https://sparxnovate.net.lab2454.com/whsy.php?e=13554&p=%2Fproc" "Mozilla/5.0 AppleWebKit/537.36 (KHTML, like Gecko; compatible; GPTBot/1.3; +https://openai.com/gptbot)"
74.7.241.36 - - [03/Mar/2026:07:27:16 +0000] "GET /whsy.php?e=ksm_merging_pages&p=%2Fproc%2F16480 HTTP/2.0" 200 1936 "https://www.sparxnovate.net.lab2454.com/whsy.php?p=%2Fproc%2F16480" "Mozilla/5.0 AppleWebKit/537.36 (KHTML, like Gecko; compatible; GPTBot/1.3; +https://openai.com/gptbot)"
74.7.244.20 - - [03/Mar/2026:07:27:18 +0000] "GET /robots.txt HTTP/2.0" 404 - "-" "Mozilla/5.0 (Macintosh; Intel Mac OS X 10_15_7) AppleWebKit/537.36 (KHTML, like Gecko) Chrome/131.0.0.0 Safari/537.36; compatible; OAI-SearchBot/1.3; robots.txt; +https://openai.com/searchbot"
74.7.243.215 - - [03/Mar/2026:07:27:24 +0000] "GET /whsy.php?p=%2Fproc%2F22976 HTTP/2.0" 200 861 "https://sparxnovate.net.lab2454.com/whsy.php?e=14116&p=%2Fproc" "Mozilla/5.0 AppleWebKit/537.36 (KHTML, like Gecko; compatible; GPTBot/1.3; +https://openai.com/gptbot)"
74.7.243.215 - - [03/Mar/2026:07:27:35 +0000] "GET /whsy.php?p=%2Fproc%2F13017 HTTP/2.0" 200 861 "https://sparxnovate.net.lab2454.com/whsy.php?e=3456&p=%2Fproc" "Mozilla/5.0 AppleWebKit/537.36 (KHTML, like Gecko; compatible; GPTBot/1.3; +https://openai.com/gptbot)"
74.7.241.36 - - [03/Mar/2026:07:27:45 +0000] "GET /whsy.php?e=ksm_merging_pages&p=%2Fproc%2F16478 HTTP/2.0" 200 1935 "https://www.sparxnovate.net.lab2454.com/whsy.php?p=%2Fproc%2F16478" "Mozilla/5.0 AppleWebKit/537.36 (KHTML, like Gecko; compatible; GPTBot/1.3; +https://openai.com/gptbot)"
74.7.243.215 - - [03/Mar/2026:07:27:47 +0000] "GET /whsy.php?p=%2Fproc%2F30719 HTTP/2.0" 200 861 "https://sparxnovate.net.lab2454.com/whsy.php?e=21763&p=%2Fproc" "Mozilla/5.0 AppleWebKit/537.36 (KHTML, like Gecko; compatible; GPTBot/1.3; +https://openai.com/gptbot)"
74.7.243.215 - - [03/Mar/2026:07:27:59 +0000] "GET /whsy.php?p=%2Fproc%2F24806 HTTP/2.0" 200 861 "https://sparxnovate.net.lab2454.com/whsy.php?e=10334&p=%2Fproc" "Mozilla/5.0 AppleWebKit/537.36 (KHTML, like Gecko; compatible; GPTBot/1.3; +https://openai.com/gptbot)"
74.7.241.36 - - [03/Mar/2026:07:28:08 +0000] "GET /whsy.php?e=ksm_merging_pages&p=%2Fproc%2F31849 HTTP/2.0" 200 1981 "https://www.sparxnovate.net.lab2454.com/whsy.php?p=%2Fproc%2F31849" "Mozilla/5.0 AppleWebKit/537.36 (KHTML, like Gecko; compatible; GPTBot/1.3; +https://openai.com/gptbot)"
74.7.243.215 - - [03/Mar/2026:07:28:09 +0000] "GET /whsy.php?p=%2Fproc%2F27186 HTTP/2.0" 200 861 "https://sparxnovate.net.lab2454.com/whsy.php?e=17082&p=%2Fproc" "Mozilla/5.0 AppleWebKit/537.36 (KHTML, like Gecko; compatible; GPTBot/1.3; +https://openai.com/gptbot)"
74.7.243.215 - - [03/Mar/2026:07:28:19 +0000] "GET /whsy.php?p=%2Fproc%2F30741 HTTP/2.0" 200 861 "https://sparxnovate.net.lab2454.com/whsy.php?e=21763&p=%2Fproc" "Mozilla/5.0 AppleWebKit/537.36 (KHTML, like Gecko; compatible; GPTBot/1.3; +https://openai.com/gptbot)"
74.7.243.215 - - [03/Mar/2026:07:28:27 +0000] "GET /whsy.php?p=%2Fproc%2F29564 HTTP/2.0" 200 861 "https://sparxnovate.net.lab2454.com/whsy.php?e=17224&p=%2Fproc" "Mozilla/5.0 AppleWebKit/537.36 (KHTML, like Gecko; compatible; GPTBot/1.3; +https://openai.com/gptbot)"
