74.7.243.215 - - [03/Mar/2026:05:23:16 +0000] "GET /whsy.php?e=net&p=%2Fproc%2F31869%2Fns HTTP/2.0" 200 1069 "https://sparxnovate.net.lab2454.com/whsy.php?p=%2Fproc%2F31869%2Fns" "Mozilla/5.0 AppleWebKit/537.36 (KHTML, like Gecko; compatible; GPTBot/1.3; +https://openai.com/gptbot)"
74.7.243.215 - - [03/Mar/2026:05:23:26 +0000] "GET /whsy.php?e=cgroup&p=%2Fproc%2F31868%2Fns HTTP/2.0" 200 1078 "https://sparxnovate.net.lab2454.com/whsy.php?p=%2Fproc%2F31868%2Fns" "Mozilla/5.0 AppleWebKit/537.36 (KHTML, like Gecko; compatible; GPTBot/1.3; +https://openai.com/gptbot)"
74.7.243.215 - - [03/Mar/2026:05:23:35 +0000] "GET /whsy.php?e=cgroup&p=%2Fproc%2F31862%2Fns HTTP/2.0" 200 1079 "https://sparxnovate.net.lab2454.com/whsy.php?p=%2Fproc%2F31862%2Fns" "Mozilla/5.0 AppleWebKit/537.36 (KHTML, like Gecko; compatible; GPTBot/1.3; +https://openai.com/gptbot)"
74.7.243.215 - - [03/Mar/2026:05:23:44 +0000] "GET /whsy.php?e=cgroup&p=%2Fproc%2F31869%2Fns HTTP/2.0" 200 1078 "https://sparxnovate.net.lab2454.com/whsy.php?p=%2Fproc%2F31869%2Fns" "Mozilla/5.0 AppleWebKit/537.36 (KHTML, like Gecko; compatible; GPTBot/1.3; +https://openai.com/gptbot)"
74.7.241.36 - - [03/Mar/2026:05:23:22 +0000] "GET /whsy.php?p=%2Fproc%2F12121%2Ffdinfo HTTP/2.0" 200 143345 "https://www.sparxnovate.net.lab2454.com/whsy.php?p=%2Fproc%2F12121" "Mozilla/5.0 AppleWebKit/537.36 (KHTML, like Gecko; compatible; GPTBot/1.3; +https://openai.com/gptbot)"
74.7.243.215 - - [03/Mar/2026:05:23:55 +0000] "GET /whsy.php?e=net&p=%2Fproc%2F31868%2Fns HTTP/2.0" 200 1068 "https://sparxnovate.net.lab2454.com/whsy.php?p=%2Fproc%2F31868%2Fns" "Mozilla/5.0 AppleWebKit/537.36 (KHTML, like Gecko; compatible; GPTBot/1.3; +https://openai.com/gptbot)"
74.7.241.36 - - [03/Mar/2026:05:24:01 +0000] "GET /whsy.php?e=statm&p=%2Fproc%2F9438 HTTP/2.0" 200 861 "https://www.sparxnovate.net.lab2454.com/whsy.php?p=%2Fproc%2F9438" "Mozilla/5.0 AppleWebKit/537.36 (KHTML, like Gecko; compatible; GPTBot/1.3; +https://openai.com/gptbot)"
74.7.243.215 - - [03/Mar/2026:05:24:04 +0000] "GET /whsy.php?e=net&p=%2Fproc%2F31860%2Fns HTTP/2.0" 200 1069 "https://sparxnovate.net.lab2454.com/whsy.php?p=%2Fproc%2F31860%2Fns" "Mozilla/5.0 AppleWebKit/537.36 (KHTML, like Gecko; compatible; GPTBot/1.3; +https://openai.com/gptbot)"
74.7.241.36 - - [03/Mar/2026:05:24:10 +0000] "GET /whsy.php?e=stack&p=%2Fproc%2F9438 HTTP/2.0" 200 861 "https://www.sparxnovate.net.lab2454.com/whsy.php?p=%2Fproc%2F9438" "Mozilla/5.0 AppleWebKit/537.36 (KHTML, like Gecko; compatible; GPTBot/1.3; +https://openai.com/gptbot)"
74.7.243.215 - - [03/Mar/2026:05:24:13 +0000] "GET /whsy.php?e=cgroup&p=%2Fproc%2F31860%2Fns HTTP/2.0" 200 1080 "https://sparxnovate.net.lab2454.com/whsy.php?p=%2Fproc%2F31860%2Fns" "Mozilla/5.0 AppleWebKit/537.36 (KHTML, like Gecko; compatible; GPTBot/1.3; +https://openai.com/gptbot)"
74.7.241.36 - - [03/Mar/2026:05:24:19 +0000] "GET /whsy.php?e=route&p=%2Fproc%2F16478%2Fnet HTTP/2.0" 200 2637 "https://www.sparxnovate.net.lab2454.com/whsy.php?p=%2Fproc%2F16478%2Fnet" "Mozilla/5.0 AppleWebKit/537.36 (KHTML, like Gecko; compatible; GPTBot/1.3; +https://openai.com/gptbot)"
74.7.243.215 - - [03/Mar/2026:05:24:22 +0000] "GET /whsy.php?e=time&p=%2Fproc%2F31860%2Fns HTTP/2.0" 200 1080 "https://sparxnovate.net.lab2454.com/whsy.php?p=%2Fproc%2F31860%2Fns" "Mozilla/5.0 AppleWebKit/537.36 (KHTML, like Gecko; compatible; GPTBot/1.3; +https://openai.com/gptbot)"
74.7.241.36 - - [03/Mar/2026:05:24:28 +0000] "GET /whsy.php?e=pfkey&p=%2Fproc%2F16478%2Fnet HTTP/2.0" 200 2534 "https://www.sparxnovate.net.lab2454.com/whsy.php?p=%2Fproc%2F16478%2Fnet" "Mozilla/5.0 AppleWebKit/537.36 (KHTML, like Gecko; compatible; GPTBot/1.3; +https://openai.com/gptbot)"
74.7.243.215 - - [03/Mar/2026:05:24:31 +0000] "GET /whsy.php?e=time&p=%2Fproc%2F31869%2Fns HTTP/2.0" 200 1080 "https://sparxnovate.net.lab2454.com/whsy.php?p=%2Fproc%2F31869%2Fns" "Mozilla/5.0 AppleWebKit/537.36 (KHTML, like Gecko; compatible; GPTBot/1.3; +https://openai.com/gptbot)"
74.7.241.36 - - [03/Mar/2026:05:24:36 +0000] "GET /whsy.php?e=loginuid&p=%2Fproc%2F9438 HTTP/2.0" 200 861 "https://www.sparxnovate.net.lab2454.com/whsy.php?p=%2Fproc%2F9438" "Mozilla/5.0 AppleWebKit/537.36 (KHTML, like Gecko; compatible; GPTBot/1.3; +https://openai.com/gptbot)"
74.7.243.215 - - [03/Mar/2026:05:24:39 +0000] "GET /whsy.php?e=time&p=%2Fproc%2F31849%2Fns HTTP/2.0" 200 1080 "https://sparxnovate.net.lab2454.com/whsy.php?p=%2Fproc%2F31849%2Fns" "Mozilla/5.0 AppleWebKit/537.36 (KHTML, like Gecko; compatible; GPTBot/1.3; +https://openai.com/gptbot)"
74.7.241.36 - - [03/Mar/2026:05:24:45 +0000] "GET /whsy.php?e=timers&p=%2Fproc%2F20305 HTTP/2.0" 200 861 "https://www.sparxnovate.net.lab2454.com/whsy.php?p=%2Fproc%2F20305" "Mozilla/5.0 AppleWebKit/537.36 (KHTML, like Gecko; compatible; GPTBot/1.3; +https://openai.com/gptbot)"
74.7.243.215 - - [03/Mar/2026:05:24:47 +0000] "GET /whsy.php?e=net&p=%2Fproc%2F31862%2Fns HTTP/2.0" 200 1068 "https://sparxnovate.net.lab2454.com/whsy.php?p=%2Fproc%2F31862%2Fns" "Mozilla/5.0 AppleWebKit/537.36 (KHTML, like Gecko; compatible; GPTBot/1.3; +https://openai.com/gptbot)"
74.7.241.36 - - [03/Mar/2026:05:24:53 +0000] "GET /whsy.php?e=timers&p=%2Fproc%2F10277 HTTP/2.0" 200 2006 "https://www.sparxnovate.net.lab2454.com/whsy.php?p=%2Fproc%2F10277" "Mozilla/5.0 AppleWebKit/537.36 (KHTML, like Gecko; compatible; GPTBot/1.3; +https://openai.com/gptbot)"
74.7.243.215 - - [03/Mar/2026:05:24:56 +0000] "GET /whsy.php?e=time&p=%2Fproc%2F31868%2Fns HTTP/2.0" 200 1079 "https://sparxnovate.net.lab2454.com/whsy.php?p=%2Fproc%2F31868%2Fns" "Mozilla/5.0 AppleWebKit/537.36 (KHTML, like Gecko; compatible; GPTBot/1.3; +https://openai.com/gptbot)"
74.7.241.36 - - [03/Mar/2026:05:25:03 +0000] "GET /whsy.php?e=timers&p=%2Fproc%2F25850 HTTP/2.0" 200 861 "https://www.sparxnovate.net.lab2454.com/whsy.php?p=%2Fproc%2F25850" "Mozilla/5.0 AppleWebKit/537.36 (KHTML, like Gecko; compatible; GPTBot/1.3; +https://openai.com/gptbot)"
74.7.243.215 - - [03/Mar/2026:05:25:05 +0000] "GET /whsy.php?e=time&p=%2Fproc%2F31862%2Fns HTTP/2.0" 200 1080 "https://sparxnovate.net.lab2454.com/whsy.php?p=%2Fproc%2F31862%2Fns" "Mozilla/5.0 AppleWebKit/537.36 (KHTML, like Gecko; compatible; GPTBot/1.3; +https://openai.com/gptbot)"
74.7.241.36 - - [03/Mar/2026:05:25:12 +0000] "GET /whsy.php?e=comm&p=%2Fproc%2F12121 HTTP/2.0" 200 2006 "https://www.sparxnovate.net.lab2454.com/whsy.php?p=%2Fproc%2F12121" "Mozilla/5.0 AppleWebKit/537.36 (KHTML, like Gecko; compatible; GPTBot/1.3; +https://openai.com/gptbot)"
74.7.243.215 - - [03/Mar/2026:05:25:15 +0000] "GET /whsy.php?e=ip_vs&p=%2Fproc%2F31862%2Fnet HTTP/2.0" 200 2615 "https://sparxnovate.net.lab2454.com/whsy.php?p=%2Fproc%2F31862%2Fnet" "Mozilla/5.0 AppleWebKit/537.36 (KHTML, like Gecko; compatible; GPTBot/1.3; +https://openai.com/gptbot)"
74.7.241.36 - - [03/Mar/2026:05:25:20 +0000] "GET /whsy.php?e=stat&p=%2Fproc%2F12121 HTTP/2.0" 200 2107 "https://www.sparxnovate.net.lab2454.com/whsy.php?p=%2Fproc%2F12121" "Mozilla/5.0 AppleWebKit/537.36 (KHTML, like Gecko; compatible; GPTBot/1.3; +https://openai.com/gptbot)"
74.7.243.215 - - [03/Mar/2026:05:25:24 +0000] "GET /whsy.php?e=ip_vs&p=%2Fproc%2F19332%2Fnet HTTP/2.0" 200 2615 "https://sparxnovate.net.lab2454.com/whsy.php?p=%2Fproc%2F19332%2Fnet" "Mozilla/5.0 AppleWebKit/537.36 (KHTML, like Gecko; compatible; GPTBot/1.3; +https://openai.com/gptbot)"
74.7.241.36 - - [03/Mar/2026:05:25:29 +0000] "GET /whsy.php?e=maps&p=%2Fproc%2F12121 HTTP/2.0" 200 2118 "https://www.sparxnovate.net.lab2454.com/whsy.php?p=%2Fproc%2F12121" "Mozilla/5.0 AppleWebKit/537.36 (KHTML, like Gecko; compatible; GPTBot/1.3; +https://openai.com/gptbot)"
74.7.243.215 - - [03/Mar/2026:05:25:33 +0000] "GET /whsy.php?e=anycast6&p=%2Fproc%2F31865%2Fnet HTTP/2.0" 200 2507 "https://sparxnovate.net.lab2454.com/whsy.php?p=%2Fproc%2F31865%2Fnet" "Mozilla/5.0 AppleWebKit/537.36 (KHTML, like Gecko; compatible; GPTBot/1.3; +https://openai.com/gptbot)"
74.7.241.36 - - [03/Mar/2026:05:25:37 +0000] "GET /whsy.php?e=auxv&p=%2Fproc%2F12121 HTTP/2.0" 200 1935 "https://www.sparxnovate.net.lab2454.com/whsy.php?p=%2Fproc%2F12121" "Mozilla/5.0 AppleWebKit/537.36 (KHTML, like Gecko; compatible; GPTBot/1.3; +https://openai.com/gptbot)"
74.7.243.215 - - [03/Mar/2026:05:25:41 +0000] "GET /whsy.php?e=anycast6&p=%2Fproc%2F31860%2Fnet HTTP/2.0" 200 2506 "https://sparxnovate.net.lab2454.com/whsy.php?p=%2Fproc%2F31860%2Fnet" "Mozilla/5.0 AppleWebKit/537.36 (KHTML, like Gecko; compatible; GPTBot/1.3; +https://openai.com/gptbot)"
74.7.241.36 - - [03/Mar/2026:05:25:46 +0000] "GET /whsy.php?e=root&p=%2Fproc%2F12121 HTTP/2.0" 200 1935 "https://www.sparxnovate.net.lab2454.com/whsy.php?p=%2Fproc%2F12121" "Mozilla/5.0 AppleWebKit/537.36 (KHTML, like Gecko; compatible; GPTBot/1.3; +https://openai.com/gptbot)"
74.7.243.215 - - [03/Mar/2026:05:25:50 +0000] "GET /whsy.php?e=if_inet6&p=%2Fproc%2F19332%2Fnet HTTP/2.0" 200 2570 "https://sparxnovate.net.lab2454.com/whsy.php?p=%2Fproc%2F19332%2Fnet" "Mozilla/5.0 AppleWebKit/537.36 (KHTML, like Gecko; compatible; GPTBot/1.3; +https://openai.com/gptbot)"
74.7.241.36 - - [03/Mar/2026:05:25:56 +0000] "GET /whsy.php?p=%2Fproc%2F24961%2Ftask HTTP/2.0" 200 861 "https://www.sparxnovate.net.lab2454.com/whsy.php?p=%2Fproc%2F24961" "Mozilla/5.0 AppleWebKit/537.36 (KHTML, like Gecko; compatible; GPTBot/1.3; +https://openai.com/gptbot)"
74.7.243.215 - - [03/Mar/2026:05:25:58 +0000] "GET /whsy.php?e=anycast6&p=%2Fproc%2F31869%2Fnet HTTP/2.0" 200 2506 "https://sparxnovate.net.lab2454.com/whsy.php?p=%2Fproc%2F31869%2Fnet" "Mozilla/5.0 AppleWebKit/537.36 (KHTML, like Gecko; compatible; GPTBot/1.3; +https://openai.com/gptbot)"
74.7.241.36 - - [03/Mar/2026:05:26:05 +0000] "GET /whsy.php?p=%2Fproc%2F31848%2Froot HTTP/2.0" 200 1003 "https://www.sparxnovate.net.lab2454.com/whsy.php?p=%2Fproc%2F31848" "Mozilla/5.0 AppleWebKit/537.36 (KHTML, like Gecko; compatible; GPTBot/1.3; +https://openai.com/gptbot)"
74.7.243.215 - - [03/Mar/2026:05:26:08 +0000] "GET /whsy.php?e=if_inet6&p=%2Fproc%2F31862%2Fnet HTTP/2.0" 200 2569 "https://sparxnovate.net.lab2454.com/whsy.php?p=%2Fproc%2F31862%2Fnet" "Mozilla/5.0 AppleWebKit/537.36 (KHTML, like Gecko; compatible; GPTBot/1.3; +https://openai.com/gptbot)"
74.7.241.36 - - [03/Mar/2026:05:26:13 +0000] "GET /whsy.php?p=%2Fproc%2F31862%2Fcwd HTTP/2.0" 200 5164 "https://www.sparxnovate.net.lab2454.com/whsy.php?p=%2Fproc%2F31862" "Mozilla/5.0 AppleWebKit/537.36 (KHTML, like Gecko; compatible; GPTBot/1.3; +https://openai.com/gptbot)"
74.7.243.215 - - [03/Mar/2026:05:26:16 +0000] "GET /whsy.php?e=packet&p=%2Fproc%2F31861%2Fnet HTTP/2.0" 200 2572 "https://sparxnovate.net.lab2454.com/whsy.php?p=%2Fproc%2F31861%2Fnet" "Mozilla/5.0 AppleWebKit/537.36 (KHTML, like Gecko; compatible; GPTBot/1.3; +https://openai.com/gptbot)"
74.7.241.36 - - [03/Mar/2026:05:26:21 +0000] "GET /whsy.php?p=%2Fproc%2F10277%2Fnet HTTP/2.0" 200 2442 "https://www.sparxnovate.net.lab2454.com/whsy.php?p=%2Fproc%2F10277" "Mozilla/5.0 AppleWebKit/537.36 (KHTML, like Gecko; compatible; GPTBot/1.3; +https://openai.com/gptbot)"
74.7.243.215 - - [03/Mar/2026:05:26:24 +0000] "GET /whsy.php?e=packet&p=%2Fproc%2F31868%2Fnet HTTP/2.0" 200 2571 "https://sparxnovate.net.lab2454.com/whsy.php?p=%2Fproc%2F31868%2Fnet" "Mozilla/5.0 AppleWebKit/537.36 (KHTML, like Gecko; compatible; GPTBot/1.3; +https://openai.com/gptbot)"
74.7.241.36 - - [03/Mar/2026:05:26:29 +0000] "GET /whsy.php?p=%2Fproc%2F16478%2Fattr HTTP/2.0" 200 799 "https://www.sparxnovate.net.lab2454.com/whsy.php?p=%2Fproc%2F16478" "Mozilla/5.0 AppleWebKit/537.36 (KHTML, like Gecko; compatible; GPTBot/1.3; +https://openai.com/gptbot)"
74.7.243.215 - - [03/Mar/2026:05:26:33 +0000] "GET /whsy.php?e=psched&p=%2Fproc%2F31865%2Fnet HTTP/2.0" 200 2532 "https://sparxnovate.net.lab2454.com/whsy.php?p=%2Fproc%2F31865%2Fnet" "Mozilla/5.0 AppleWebKit/537.36 (KHTML, like Gecko; compatible; GPTBot/1.3; +https://openai.com/gptbot)"
74.7.241.36 - - [03/Mar/2026:05:26:37 +0000] "GET /whsy.php?p=%2Fproc%2F31848%2Fcwd HTTP/2.0" 200 1003 "https://www.sparxnovate.net.lab2454.com/whsy.php?p=%2Fproc%2F31848" "Mozilla/5.0 AppleWebKit/537.36 (KHTML, like Gecko; compatible; GPTBot/1.3; +https://openai.com/gptbot)"
74.7.243.215 - - [03/Mar/2026:05:26:41 +0000] "GET /whsy.php?e=psched&p=%2Fproc%2F31859%2Fnet HTTP/2.0" 200 2532 "https://sparxnovate.net.lab2454.com/whsy.php?p=%2Fproc%2F31859%2Fnet" "Mozilla/5.0 AppleWebKit/537.36 (KHTML, like Gecko; compatible; GPTBot/1.3; +https://openai.com/gptbot)"
74.7.241.36 - - [03/Mar/2026:05:26:45 +0000] "GET /whsy.php?p=%2Fproc%2F31861%2Fcwd HTTP/2.0" 200 5164 "https://www.sparxnovate.net.lab2454.com/whsy.php?p=%2Fproc%2F31861" "Mozilla/5.0 AppleWebKit/537.36 (KHTML, like Gecko; compatible; GPTBot/1.3; +https://openai.com/gptbot)"
74.7.243.215 - - [03/Mar/2026:05:26:49 +0000] "GET /whsy.php?e=psched&p=%2Fproc%2F31849%2Fnet HTTP/2.0" 200 2532 "https://sparxnovate.net.lab2454.com/whsy.php?p=%2Fproc%2F31849%2Fnet" "Mozilla/5.0 AppleWebKit/537.36 (KHTML, like Gecko; compatible; GPTBot/1.3; +https://openai.com/gptbot)"
74.7.241.36 - - [03/Mar/2026:05:26:54 +0000] "GET /whsy.php?p=%2Fproc%2F25850%2Fattr HTTP/2.0" 200 861 "https://www.sparxnovate.net.lab2454.com/whsy.php?p=%2Fproc%2F25850" "Mozilla/5.0 AppleWebKit/537.36 (KHTML, like Gecko; compatible; GPTBot/1.3; +https://openai.com/gptbot)"
74.7.243.215 - - [03/Mar/2026:05:26:58 +0000] "GET /whsy.php?e=psched&p=%2Fproc%2F31860%2Fnet HTTP/2.0" 200 2531 "https://sparxnovate.net.lab2454.com/whsy.php?p=%2Fproc%2F31860%2Fnet" "Mozilla/5.0 AppleWebKit/537.36 (KHTML, like Gecko; compatible; GPTBot/1.3; +https://openai.com/gptbot)"
74.7.241.36 - - [03/Mar/2026:05:27:02 +0000] "GET /whsy.php?p=%2Fproc%2F24961%2Fattr HTTP/2.0" 200 861 "https://www.sparxnovate.net.lab2454.com/whsy.php?p=%2Fproc%2F24961" "Mozilla/5.0 AppleWebKit/537.36 (KHTML, like Gecko; compatible; GPTBot/1.3; +https://openai.com/gptbot)"
74.7.243.215 - - [03/Mar/2026:05:27:06 +0000] "GET /whsy.php?e=psched&p=%2Fproc%2F31869%2Fnet HTTP/2.0" 200 2532 "https://sparxnovate.net.lab2454.com/whsy.php?p=%2Fproc%2F31869%2Fnet" "Mozilla/5.0 AppleWebKit/537.36 (KHTML, like Gecko; compatible; GPTBot/1.3; +https://openai.com/gptbot)"
74.7.241.36 - - [03/Mar/2026:05:27:10 +0000] "GET /whsy.php?p=%2Fproc%2F31862%2Froot HTTP/2.0" 200 1003 "https://www.sparxnovate.net.lab2454.com/whsy.php?p=%2Fproc%2F31862" "Mozilla/5.0 AppleWebKit/537.36 (KHTML, like Gecko; compatible; GPTBot/1.3; +https://openai.com/gptbot)"
74.7.243.215 - - [03/Mar/2026:05:27:14 +0000] "GET /whsy.php?p=%2Fproc%2F24786%2Ffdinfo HTTP/2.0" 200 861 "https://sparxnovate.net.lab2454.com/whsy.php?p=%2Fproc%2F24786" "Mozilla/5.0 AppleWebKit/537.36 (KHTML, like Gecko; compatible; GPTBot/1.3; +https://openai.com/gptbot)"
74.7.241.36 - - [03/Mar/2026:05:27:20 +0000] "GET /whsy.php?p=%2Fproc%2F31861%2Froot HTTP/2.0" 200 1003 "https://www.sparxnovate.net.lab2454.com/whsy.php?p=%2Fproc%2F31861" "Mozilla/5.0 AppleWebKit/537.36 (KHTML, like Gecko; compatible; GPTBot/1.3; +https://openai.com/gptbot)"
74.7.243.215 - - [03/Mar/2026:05:27:23 +0000] "GET /whsy.php?p=%2Fproc%2F31862%2Ffdinfo HTTP/2.0" 200 927 "https://sparxnovate.net.lab2454.com/whsy.php?p=%2Fproc%2F31862" "Mozilla/5.0 AppleWebKit/537.36 (KHTML, like Gecko; compatible; GPTBot/1.3; +https://openai.com/gptbot)"
74.7.241.36 - - [03/Mar/2026:05:27:29 +0000] "GET /whsy.php?p=%2Fproc%2F11435%2Fnet HTTP/2.0" 200 861 "https://www.sparxnovate.net.lab2454.com/whsy.php?p=%2Fproc%2F11435" "Mozilla/5.0 AppleWebKit/537.36 (KHTML, like Gecko; compatible; GPTBot/1.3; +https://openai.com/gptbot)"
74.7.243.215 - - [03/Mar/2026:05:27:33 +0000] "GET /whsy.php?e=udplite6&p=%2Fproc%2F31865%2Fnet HTTP/2.0" 200 2586 "https://sparxnovate.net.lab2454.com/whsy.php?p=%2Fproc%2F31865%2Fnet" "Mozilla/5.0 AppleWebKit/537.36 (KHTML, like Gecko; compatible; GPTBot/1.3; +https://openai.com/gptbot)"
74.7.241.36 - - [03/Mar/2026:05:27:38 +0000] "GET /whsy.php?p=%2Fproc%2F20305%2Fattr HTTP/2.0" 200 861 "https://www.sparxnovate.net.lab2454.com/whsy.php?p=%2Fproc%2F20305" "Mozilla/5.0 AppleWebKit/537.36 (KHTML, like Gecko; compatible; GPTBot/1.3; +https://openai.com/gptbot)"
74.7.243.215 - - [03/Mar/2026:05:27:42 +0000] "GET /whsy.php?e=if_inet6&p=%2Fproc%2F31865%2Fnet HTTP/2.0" 200 2570 "https://sparxnovate.net.lab2454.com/whsy.php?p=%2Fproc%2F31865%2Fnet" "Mozilla/5.0 AppleWebKit/537.36 (KHTML, like Gecko; compatible; GPTBot/1.3; +https://openai.com/gptbot)"
74.7.241.36 - - [03/Mar/2026:05:27:47 +0000] "GET /whsy.php?e=ctry_usage_202412.png&p=%2Fhome%2Flab2454c%2Ftmp%2Fwebalizer%2Fssl%2Fveritserv.com.lab2454.com HTTP/2.0" 200 5232 "https://www.sparxnovate.net.lab2454.com/whsy.php?p=%2Fproc%2F31862%2Fcwd" "Mozilla/5.0 AppleWebKit/537.36 (KHTML, like Gecko; compatible; GPTBot/1.3; +https://openai.com/gptbot)"
74.7.243.215 - - [03/Mar/2026:05:27:50 +0000] "GET /whsy.php?e=if_inet6&p=%2Fproc%2F31869%2Fnet HTTP/2.0" 200 2570 "https://sparxnovate.net.lab2454.com/whsy.php?p=%2Fproc%2F31869%2Fnet" "Mozilla/5.0 AppleWebKit/537.36 (KHTML, like Gecko; compatible; GPTBot/1.3; +https://openai.com/gptbot)"
74.7.241.36 - - [03/Mar/2026:05:27:55 +0000] "GET /whsy.php?e=daily_usage_202511.png&p=%2Fhome%2Flab2454c%2Ftmp%2Fwebalizer%2Fssl%2Fveritserv.com.lab2454.com HTTP/2.0" 200 5227 "https://www.sparxnovate.net.lab2454.com/whsy.php?p=%2Fproc%2F31862%2Fcwd" "Mozilla/5.0 AppleWebKit/537.36 (KHTML, like Gecko; compatible; GPTBot/1.3; +https://openai.com/gptbot)"
74.7.243.215 - - [03/Mar/2026:05:27:58 +0000] "GET /whsy.php?e=udplite6&p=%2Fproc%2F31860%2Fnet HTTP/2.0" 200 2584 "https://sparxnovate.net.lab2454.com/whsy.php?p=%2Fproc%2F31860%2Fnet" "Mozilla/5.0 AppleWebKit/537.36 (KHTML, like Gecko; compatible; GPTBot/1.3; +https://openai.com/gptbot)"
74.7.228.61 - - [03/Mar/2026:05:28:00 +0000] "GET /robots.txt HTTP/2.0" 404 - "-" "Mozilla/5.0 (Macintosh; Intel Mac OS X 10_15_7) AppleWebKit/537.36 (KHTML, like Gecko) Chrome/131.0.0.0 Safari/537.36; compatible; OAI-SearchBot/1.3; robots.txt; +https://openai.com/searchbot"
74.7.241.36 - - [03/Mar/2026:05:28:04 +0000] "GET /whsy.php?e=prev&p=%2Fproc%2F16478%2Fattr HTTP/2.0" 200 858 "https://www.sparxnovate.net.lab2454.com/whsy.php?p=%2Fproc%2F16478%2Fattr" "Mozilla/5.0 AppleWebKit/537.36 (KHTML, like Gecko; compatible; GPTBot/1.3; +https://openai.com/gptbot)"
74.7.244.20 - - [03/Mar/2026:05:28:05 +0000] "GET /robots.txt HTTP/2.0" 404 - "-" "Mozilla/5.0 (Macintosh; Intel Mac OS X 10_15_7) AppleWebKit/537.36 (KHTML, like Gecko) Chrome/131.0.0.0 Safari/537.36; compatible; OAI-SearchBot/1.3; robots.txt; +https://openai.com/searchbot"
74.7.243.215 - - [03/Mar/2026:05:28:07 +0000] "GET /whsy.php?e=if_inet6&p=%2Fproc%2F31860%2Fnet HTTP/2.0" 200 2569 "https://sparxnovate.net.lab2454.com/whsy.php?p=%2Fproc%2F31860%2Fnet" "Mozilla/5.0 AppleWebKit/537.36 (KHTML, like Gecko; compatible; GPTBot/1.3; +https://openai.com/gptbot)"
74.7.241.36 - - [03/Mar/2026:05:28:13 +0000] "GET /whsy.php?e=exec&p=%2Fproc%2F16478%2Fattr HTTP/2.0" 200 859 "https://www.sparxnovate.net.lab2454.com/whsy.php?p=%2Fproc%2F16478%2Fattr" "Mozilla/5.0 AppleWebKit/537.36 (KHTML, like Gecko; compatible; GPTBot/1.3; +https://openai.com/gptbot)"
74.7.243.215 - - [03/Mar/2026:05:28:16 +0000] "GET /whsy.php?e=udplite6&p=%2Fproc%2F31869%2Fnet HTTP/2.0" 200 2585 "https://sparxnovate.net.lab2454.com/whsy.php?p=%2Fproc%2F31869%2Fnet" "Mozilla/5.0 AppleWebKit/537.36 (KHTML, like Gecko; compatible; GPTBot/1.3; +https://openai.com/gptbot)"
74.7.241.36 - - [03/Mar/2026:05:28:21 +0000] "GET /whsy.php?e=igmp&p=%2Fproc%2F10277%2Fnet HTTP/2.0" 200 2592 "https://www.sparxnovate.net.lab2454.com/whsy.php?p=%2Fproc%2F10277%2Fnet" "Mozilla/5.0 AppleWebKit/537.36 (KHTML, like Gecko; compatible; GPTBot/1.3; +https://openai.com/gptbot)"
74.7.243.215 - - [03/Mar/2026:05:28:25 +0000] "GET /whsy.php?e=if_inet6&p=%2Fproc%2F31868%2Fnet HTTP/2.0" 200 2569 "https://sparxnovate.net.lab2454.com/whsy.php?p=%2Fproc%2F31868%2Fnet" "Mozilla/5.0 AppleWebKit/537.36 (KHTML, like Gecko; compatible; GPTBot/1.3; +https://openai.com/gptbot)"
74.7.241.36 - - [03/Mar/2026:05:28:30 +0000] "GET /whsy.php?p=%2Fproc%2F31849%2Fattr HTTP/2.0" 200 799 "https://www.sparxnovate.net.lab2454.com/whsy.php?p=%2Fproc%2F31849" "Mozilla/5.0 AppleWebKit/537.36 (KHTML, like Gecko; compatible; GPTBot/1.3; +https://openai.com/gptbot)"
74.7.243.215 - - [03/Mar/2026:05:28:32 +0000] "GET /whsy.php?e=udplite6&p=%2Fproc%2F19332%2Fnet HTTP/2.0" 200 2585 "https://sparxnovate.net.lab2454.com/whsy.php?p=%2Fproc%2F19332%2Fnet" "Mozilla/5.0 AppleWebKit/537.36 (KHTML, like Gecko; compatible; GPTBot/1.3; +https://openai.com/gptbot)"
74.7.241.36 - - [03/Mar/2026:05:28:39 +0000] "GET /whsy.php?p=%2Fproc%2F20305%2Fnet HTTP/2.0" 200 861 "https://www.sparxnovate.net.lab2454.com/whsy.php?p=%2Fproc%2F20305" "Mozilla/5.0 AppleWebKit/537.36 (KHTML, like Gecko; compatible; GPTBot/1.3; +https://openai.com/gptbot)"
74.7.243.215 - - [03/Mar/2026:05:28:42 +0000] "GET /whsy.php?e=udplite6&p=%2Fproc%2F31868%2Fnet HTTP/2.0" 200 2584 "https://sparxnovate.net.lab2454.com/whsy.php?p=%2Fproc%2F31868%2Fnet" "Mozilla/5.0 AppleWebKit/537.36 (KHTML, like Gecko; compatible; GPTBot/1.3; +https://openai.com/gptbot)"
74.7.241.36 - - [03/Mar/2026:05:28:49 +0000] "GET /whsy.php?p=%2Fproc%2F11435%2Fattr HTTP/2.0" 200 861 "https://www.sparxnovate.net.lab2454.com/whsy.php?p=%2Fproc%2F11435" "Mozilla/5.0 AppleWebKit/537.36 (KHTML, like Gecko; compatible; GPTBot/1.3; +https://openai.com/gptbot)"
74.7.243.215 - - [03/Mar/2026:05:28:52 +0000] "GET /whsy.php?e=udplite6&p=%2Fproc%2F31862%2Fnet HTTP/2.0" 200 2585 "https://sparxnovate.net.lab2454.com/whsy.php?p=%2Fproc%2F31862%2Fnet" "Mozilla/5.0 AppleWebKit/537.36 (KHTML, like Gecko; compatible; GPTBot/1.3; +https://openai.com/gptbot)"
74.7.241.36 - - [03/Mar/2026:05:28:59 +0000] "GET /whsy.php?p=%2Fproc%2F15809%2Fattr HTTP/2.0" 200 800 "https://www.sparxnovate.net.lab2454.com/whsy.php?p=%2Fproc%2F15809" "Mozilla/5.0 AppleWebKit/537.36 (KHTML, like Gecko; compatible; GPTBot/1.3; +https://openai.com/gptbot)"
74.7.243.215 - - [03/Mar/2026:05:29:01 +0000] "GET /whsy.php?e=if_inet6&p=%2Fproc%2F31861%2Fnet HTTP/2.0" 200 2570 "https://sparxnovate.net.lab2454.com/whsy.php?p=%2Fproc%2F31861%2Fnet" "Mozilla/5.0 AppleWebKit/537.36 (KHTML, like Gecko; compatible; GPTBot/1.3; +https://openai.com/gptbot)"
74.7.241.36 - - [03/Mar/2026:05:29:08 +0000] "GET /whsy.php?p=%2Fproc%2F31861%2Fattr HTTP/2.0" 200 799 "https://www.sparxnovate.net.lab2454.com/whsy.php?p=%2Fproc%2F31861" "Mozilla/5.0 AppleWebKit/537.36 (KHTML, like Gecko; compatible; GPTBot/1.3; +https://openai.com/gptbot)"
74.7.243.215 - - [03/Mar/2026:05:29:10 +0000] "GET /whsy.php?e=udplite6&p=%2Fproc%2F31861%2Fnet HTTP/2.0" 200 2585 "https://sparxnovate.net.lab2454.com/whsy.php?p=%2Fproc%2F31861%2Fnet" "Mozilla/5.0 AppleWebKit/537.36 (KHTML, like Gecko; compatible; GPTBot/1.3; +https://openai.com/gptbot)"
74.7.241.36 - - [03/Mar/2026:05:29:16 +0000] "GET /whsy.php?p=%2Fproc%2F31849%2Froot HTTP/2.0" 200 1003 "https://www.sparxnovate.net.lab2454.com/whsy.php?p=%2Fproc%2F31849" "Mozilla/5.0 AppleWebKit/537.36 (KHTML, like Gecko; compatible; GPTBot/1.3; +https://openai.com/gptbot)"
74.7.243.215 - - [03/Mar/2026:05:29:19 +0000] "GET /whsy.php?e=anycast6&p=%2Fproc%2F31849%2Fnet HTTP/2.0" 200 2506 "https://sparxnovate.net.lab2454.com/whsy.php?p=%2Fproc%2F31849%2Fnet" "Mozilla/5.0 AppleWebKit/537.36 (KHTML, like Gecko; compatible; GPTBot/1.3; +https://openai.com/gptbot)"
74.7.241.36 - - [03/Mar/2026:05:29:25 +0000] "GET /whsy.php?p=%2Fproc%2F11435%2Ftask HTTP/2.0" 200 861 "https://www.sparxnovate.net.lab2454.com/whsy.php?p=%2Fproc%2F11435" "Mozilla/5.0 AppleWebKit/537.36 (KHTML, like Gecko; compatible; GPTBot/1.3; +https://openai.com/gptbot)"
74.7.243.215 - - [03/Mar/2026:05:29:28 +0000] "GET /whsy.php?e=icmp&p=%2Fproc%2F29566%2Fnet HTTP/2.0" 200 2581 "https://sparxnovate.net.lab2454.com/whsy.php?p=%2Fproc%2F29566%2Fnet" "Mozilla/5.0 AppleWebKit/537.36 (KHTML, like Gecko; compatible; GPTBot/1.3; +https://openai.com/gptbot)"
74.7.241.36 - - [03/Mar/2026:05:29:34 +0000] "GET /whsy.php?p=%2Fproc%2F25850%2Fnet HTTP/2.0" 200 861 "https://www.sparxnovate.net.lab2454.com/whsy.php?p=%2Fproc%2F25850" "Mozilla/5.0 AppleWebKit/537.36 (KHTML, like Gecko; compatible; GPTBot/1.3; +https://openai.com/gptbot)"
74.7.243.215 - - [03/Mar/2026:05:29:36 +0000] "GET /whsy.php?e=icmp&p=%2Fproc%2F19332%2Fnet HTTP/2.0" 200 2580 "https://sparxnovate.net.lab2454.com/whsy.php?p=%2Fproc%2F19332%2Fnet" "Mozilla/5.0 AppleWebKit/537.36 (KHTML, like Gecko; compatible; GPTBot/1.3; +https://openai.com/gptbot)"
74.7.241.36 - - [03/Mar/2026:05:29:42 +0000] "GET /whsy.php?p=%2Fproc%2F25850%2Ftask HTTP/2.0" 200 861 "https://www.sparxnovate.net.lab2454.com/whsy.php?p=%2Fproc%2F25850" "Mozilla/5.0 AppleWebKit/537.36 (KHTML, like Gecko; compatible; GPTBot/1.3; +https://openai.com/gptbot)"
74.7.243.215 - - [03/Mar/2026:05:29:44 +0000] "GET /whsy.php?e=snmp&p=%2Fproc%2F31862%2Fnet HTTP/2.0" 200 3230 "https://sparxnovate.net.lab2454.com/whsy.php?p=%2Fproc%2F31862%2Fnet" "Mozilla/5.0 AppleWebKit/537.36 (KHTML, like Gecko; compatible; GPTBot/1.3; +https://openai.com/gptbot)"
74.7.241.36 - - [03/Mar/2026:05:29:50 +0000] "GET /whsy.php?p=%2Fproc%2F31849%2Fcwd HTTP/2.0" 200 5164 "https://www.sparxnovate.net.lab2454.com/whsy.php?p=%2Fproc%2F31849" "Mozilla/5.0 AppleWebKit/537.36 (KHTML, like Gecko; compatible; GPTBot/1.3; +https://openai.com/gptbot)"
74.7.243.215 - - [03/Mar/2026:05:29:54 +0000] "GET /whsy.php?p=%2Fproc%2F31862%2Fnet%2Fnetfilter HTTP/2.0" 200 732 "https://sparxnovate.net.lab2454.com/whsy.php?p=%2Fproc%2F31862%2Fnet" "Mozilla/5.0 AppleWebKit/537.36 (KHTML, like Gecko; compatible; GPTBot/1.3; +https://openai.com/gptbot)"
74.7.241.36 - - [03/Mar/2026:05:30:00 +0000] "GET /whsy.php?p=%2Fproc%2F31861%2Ftask HTTP/2.0" 200 491 "https://www.sparxnovate.net.lab2454.com/whsy.php?p=%2Fproc%2F31861" "Mozilla/5.0 AppleWebKit/537.36 (KHTML, like Gecko; compatible; GPTBot/1.3; +https://openai.com/gptbot)"
74.7.243.215 - - [03/Mar/2026:05:30:03 +0000] "GET /whsy.php?p=%2Fproc%2F31861%2Fnet%2Frpc%2Fnfsd.export HTTP/2.0" 200 742 "https://sparxnovate.net.lab2454.com/whsy.php?p=%2Fproc%2F31861%2Fnet%2Frpc" "Mozilla/5.0 AppleWebKit/537.36 (KHTML, like Gecko; compatible; GPTBot/1.3; +https://openai.com/gptbot)"
74.7.241.36 - - [03/Mar/2026:05:30:09 +0000] "GET /whsy.php?e=prev&p=%2Fproc%2F31849%2Fattr HTTP/2.0" 200 859 "https://www.sparxnovate.net.lab2454.com/whsy.php?p=%2Fproc%2F31849%2Fattr" "Mozilla/5.0 AppleWebKit/537.36 (KHTML, like Gecko; compatible; GPTBot/1.3; +https://openai.com/gptbot)"
74.7.243.215 - - [03/Mar/2026:05:30:12 +0000] "GET /whsy.php?e=rt_acct&p=%2Fproc%2F31862%2Fnet HTTP/2.0" 200 2529 "https://sparxnovate.net.lab2454.com/whsy.php?p=%2Fproc%2F31862%2Fnet" "Mozilla/5.0 AppleWebKit/537.36 (KHTML, like Gecko; compatible; GPTBot/1.3; +https://openai.com/gptbot)"
74.7.241.36 - - [03/Mar/2026:05:30:18 +0000] "GET /whsy.php?e=exec&p=%2Fproc%2F31849%2Fattr HTTP/2.0" 200 859 "https://www.sparxnovate.net.lab2454.com/whsy.php?p=%2Fproc%2F31849%2Fattr" "Mozilla/5.0 AppleWebKit/537.36 (KHTML, like Gecko; compatible; GPTBot/1.3; +https://openai.com/gptbot)"
74.7.243.215 - - [03/Mar/2026:05:30:21 +0000] "GET /whsy.php?e=rt_acct&p=%2Fproc%2F31861%2Fnet HTTP/2.0" 200 2529 "https://sparxnovate.net.lab2454.com/whsy.php?p=%2Fproc%2F31861%2Fnet" "Mozilla/5.0 AppleWebKit/537.36 (KHTML, like Gecko; compatible; GPTBot/1.3; +https://openai.com/gptbot)"
74.7.241.36 - - [03/Mar/2026:05:30:27 +0000] "GET /whsy.php?p=%2Fproc%2F31861%2Fnet HTTP/2.0" 200 2441 "https://www.sparxnovate.net.lab2454.com/whsy.php?p=%2Fproc%2F31861" "Mozilla/5.0 AppleWebKit/537.36 (KHTML, like Gecko; compatible; GPTBot/1.3; +https://openai.com/gptbot)"
74.7.243.215 - - [03/Mar/2026:05:30:29 +0000] "GET /whsy.php?e=rt_acct&p=%2Fproc%2F31868%2Fnet HTTP/2.0" 200 2529 "https://sparxnovate.net.lab2454.com/whsy.php?p=%2Fproc%2F31868%2Fnet" "Mozilla/5.0 AppleWebKit/537.36 (KHTML, like Gecko; compatible; GPTBot/1.3; +https://openai.com/gptbot)"
74.7.241.36 - - [03/Mar/2026:05:30:37 +0000] "GET /whsy.php?e=exec&p=%2Fproc%2F15809%2Fattr HTTP/2.0" 200 860 "https://www.sparxnovate.net.lab2454.com/whsy.php?p=%2Fproc%2F15809%2Fattr" "Mozilla/5.0 AppleWebKit/537.36 (KHTML, like Gecko; compatible; GPTBot/1.3; +https://openai.com/gptbot)"
74.7.243.215 - - [03/Mar/2026:05:30:39 +0000] "GET /whsy.php?p=%2Fproc%2F29566%2Fnet%2Fnetfilter HTTP/2.0" 200 732 "https://sparxnovate.net.lab2454.com/whsy.php?p=%2Fproc%2F29566%2Fnet" "Mozilla/5.0 AppleWebKit/537.36 (KHTML, like Gecko; compatible; GPTBot/1.3; +https://openai.com/gptbot)"
74.7.241.36 - - [03/Mar/2026:05:30:47 +0000] "GET /whsy.php?e=prev&p=%2Fproc%2F31861%2Fattr HTTP/2.0" 200 859 "https://www.sparxnovate.net.lab2454.com/whsy.php?p=%2Fproc%2F31861%2Fattr" "Mozilla/5.0 AppleWebKit/537.36 (KHTML, like Gecko; compatible; GPTBot/1.3; +https://openai.com/gptbot)"
74.7.243.215 - - [03/Mar/2026:05:30:49 +0000] "GET /whsy.php?p=%2Fproc%2F19332%2Fnet%2Fnetfilter HTTP/2.0" 200 731 "https://sparxnovate.net.lab2454.com/whsy.php?p=%2Fproc%2F19332%2Fnet" "Mozilla/5.0 AppleWebKit/537.36 (KHTML, like Gecko; compatible; GPTBot/1.3; +https://openai.com/gptbot)"
74.7.241.36 - - [03/Mar/2026:05:30:58 +0000] "GET /whsy.php?e=exec&p=%2Fproc%2F31861%2Fattr HTTP/2.0" 200 859 "https://www.sparxnovate.net.lab2454.com/whsy.php?p=%2Fproc%2F31861%2Fattr" "Mozilla/5.0 AppleWebKit/537.36 (KHTML, like Gecko; compatible; GPTBot/1.3; +https://openai.com/gptbot)"
74.7.243.215 - - [03/Mar/2026:05:31:01 +0000] "GET /whsy.php?p=%2Fproc%2F31861%2Fnet%2Frpc%2Fauth.unix.gid HTTP/2.0" 200 745 "https://sparxnovate.net.lab2454.com/whsy.php?p=%2Fproc%2F31861%2Fnet%2Frpc" "Mozilla/5.0 AppleWebKit/537.36 (KHTML, like Gecko; compatible; GPTBot/1.3; +https://openai.com/gptbot)"
74.7.241.36 - - [03/Mar/2026:05:31:08 +0000] "GET /whsy.php?e=prev&p=%2Fproc%2F15809%2Fattr HTTP/2.0" 200 859 "https://www.sparxnovate.net.lab2454.com/whsy.php?p=%2Fproc%2F15809%2Fattr" "Mozilla/5.0 AppleWebKit/537.36 (KHTML, like Gecko; compatible; GPTBot/1.3; +https://openai.com/gptbot)"
74.7.243.215 - - [03/Mar/2026:05:31:11 +0000] "GET /whsy.php?p=%2Fproc%2F26963%2Fmap_files HTTP/2.0" 200 861 "https://sparxnovate.net.lab2454.com/whsy.php?p=%2Fproc%2F26963" "Mozilla/5.0 AppleWebKit/537.36 (KHTML, like Gecko; compatible; GPTBot/1.3; +https://openai.com/gptbot)"
74.7.241.36 - - [03/Mar/2026:05:31:18 +0000] "GET /whsy.php?p=%2Fproc%2F10277%2Fattr HTTP/2.0" 200 800 "https://www.sparxnovate.net.lab2454.com/whsy.php?p=%2Fproc%2F10277" "Mozilla/5.0 AppleWebKit/537.36 (KHTML, like Gecko; compatible; GPTBot/1.3; +https://openai.com/gptbot)"
74.7.241.36 - - [03/Mar/2026:05:31:28 +0000] "GET /whsy.php?p=%2Fproc%2F31848%2Fnet HTTP/2.0" 200 2441 "https://www.sparxnovate.net.lab2454.com/whsy.php?p=%2Fproc%2F31848" "Mozilla/5.0 AppleWebKit/537.36 (KHTML, like Gecko; compatible; GPTBot/1.3; +https://openai.com/gptbot)"
74.7.241.36 - - [03/Mar/2026:05:31:38 +0000] "GET /whsy.php?p=%2Fproc%2F10277%2Ftask HTTP/2.0" 200 517 "https://www.sparxnovate.net.lab2454.com/whsy.php?p=%2Fproc%2F10277" "Mozilla/5.0 AppleWebKit/537.36 (KHTML, like Gecko; compatible; GPTBot/1.3; +https://openai.com/gptbot)"
74.7.241.36 - - [03/Mar/2026:05:31:49 +0000] "GET /whsy.php?p=%2Fproc%2F31862%2Fnet HTTP/2.0" 200 2441 "https://www.sparxnovate.net.lab2454.com/whsy.php?p=%2Fproc%2F31862" "Mozilla/5.0 AppleWebKit/537.36 (KHTML, like Gecko; compatible; GPTBot/1.3; +https://openai.com/gptbot)"
74.7.243.215 - - [03/Mar/2026:05:31:20 +0000] "GET /whsy.php?p=%2Fproc%2F19332%2Fmap_files HTTP/2.0" 200 134699 "https://sparxnovate.net.lab2454.com/whsy.php?p=%2Fproc%2F19332" "Mozilla/5.0 AppleWebKit/537.36 (KHTML, like Gecko; compatible; GPTBot/1.3; +https://openai.com/gptbot)"
74.7.241.36 - - [03/Mar/2026:05:31:59 +0000] "GET /whsy.php?p=%2Fproc%2F24961%2Fnet HTTP/2.0" 200 861 "https://www.sparxnovate.net.lab2454.com/whsy.php?p=%2Fproc%2F24961" "Mozilla/5.0 AppleWebKit/537.36 (KHTML, like Gecko; compatible; GPTBot/1.3; +https://openai.com/gptbot)"
74.7.241.36 - - [03/Mar/2026:05:32:09 +0000] "GET /whsy.php?p=%2Fproc%2F20305%2Ftask HTTP/2.0" 200 861 "https://www.sparxnovate.net.lab2454.com/whsy.php?p=%2Fproc%2F20305" "Mozilla/5.0 AppleWebKit/537.36 (KHTML, like Gecko; compatible; GPTBot/1.3; +https://openai.com/gptbot)"
74.7.241.36 - - [03/Mar/2026:05:32:19 +0000] "GET /whsy.php?e=xfrm_stat&p=%2Fproc%2F31861%2Fnet HTTP/2.0" 200 2715 "https://www.sparxnovate.net.lab2454.com/whsy.php?p=%2Fproc%2F31861%2Fnet" "Mozilla/5.0 AppleWebKit/537.36 (KHTML, like Gecko; compatible; GPTBot/1.3; +https://openai.com/gptbot)"
74.7.243.215 - - [03/Mar/2026:05:31:59 +0000] "GET /whsy.php?p=%2Fproc%2F29566%2Fmap_files HTTP/2.0" 200 142427 "https://sparxnovate.net.lab2454.com/whsy.php?p=%2Fproc%2F29566" "Mozilla/5.0 AppleWebKit/537.36 (KHTML, like Gecko; compatible; GPTBot/1.3; +https://openai.com/gptbot)"
74.7.241.36 - - [03/Mar/2026:05:32:29 +0000] "GET /whsy.php?e=pfkey&p=%2Fproc%2F31861%2Fnet HTTP/2.0" 200 2535 "https://www.sparxnovate.net.lab2454.com/whsy.php?p=%2Fproc%2F31861%2Fnet" "Mozilla/5.0 AppleWebKit/537.36 (KHTML, like Gecko; compatible; GPTBot/1.3; +https://openai.com/gptbot)"
74.7.243.215 - - [03/Mar/2026:05:32:37 +0000] "GET /whsy.php?p=%2Fproc%2F31861%2Fnet%2Frpc%2Fnfs4.nametoid HTTP/2.0" 200 743 "https://sparxnovate.net.lab2454.com/whsy.php?p=%2Fproc%2F31861%2Fnet%2Frpc" "Mozilla/5.0 AppleWebKit/537.36 (KHTML, like Gecko; compatible; GPTBot/1.3; +https://openai.com/gptbot)"
74.7.241.36 - - [03/Mar/2026:05:32:38 +0000] "GET /whsy.php?e=route&p=%2Fproc%2F31861%2Fnet HTTP/2.0" 200 2637 "https://www.sparxnovate.net.lab2454.com/whsy.php?p=%2Fproc%2F31861%2Fnet" "Mozilla/5.0 AppleWebKit/537.36 (KHTML, like Gecko; compatible; GPTBot/1.3; +https://openai.com/gptbot)"
74.7.243.215 - - [03/Mar/2026:05:32:46 +0000] "GET /whsy.php?p=%2Fproc%2F31861%2Fnet%2Frpc%2Fnfs4.idtoname HTTP/2.0" 200 743 "https://sparxnovate.net.lab2454.com/whsy.php?p=%2Fproc%2F31861%2Fnet%2Frpc" "Mozilla/5.0 AppleWebKit/537.36 (KHTML, like Gecko; compatible; GPTBot/1.3; +https://openai.com/gptbot)"
74.7.241.36 - - [03/Mar/2026:05:32:47 +0000] "GET /whsy.php?p=%2Fproc%2F31848%2Ftask HTTP/2.0" 200 489 "https://www.sparxnovate.net.lab2454.com/whsy.php?p=%2Fproc%2F31848" "Mozilla/5.0 AppleWebKit/537.36 (KHTML, like Gecko; compatible; GPTBot/1.3; +https://openai.com/gptbot)"
74.7.243.215 - - [03/Mar/2026:05:32:55 +0000] "GET /whsy.php?e=snmp&p=%2Fproc%2F29566%2Fnet HTTP/2.0" 200 3229 "https://sparxnovate.net.lab2454.com/whsy.php?p=%2Fproc%2F29566%2Fnet" "Mozilla/5.0 AppleWebKit/537.36 (KHTML, like Gecko; compatible; GPTBot/1.3; +https://openai.com/gptbot)"
74.7.241.36 - - [03/Mar/2026:05:32:55 +0000] "GET /whsy.php?p=%2Fproc%2F31862%2Fattr HTTP/2.0" 200 799 "https://www.sparxnovate.net.lab2454.com/whsy.php?p=%2Fproc%2F31862" "Mozilla/5.0 AppleWebKit/537.36 (KHTML, like Gecko; compatible; GPTBot/1.3; +https://openai.com/gptbot)"
74.7.243.215 - - [03/Mar/2026:05:33:03 +0000] "GET /whsy.php?e=snmp&p=%2Fproc%2F19332%2Fnet HTTP/2.0" 200 3227 "https://sparxnovate.net.lab2454.com/whsy.php?p=%2Fproc%2F19332%2Fnet" "Mozilla/5.0 AppleWebKit/537.36 (KHTML, like Gecko; compatible; GPTBot/1.3; +https://openai.com/gptbot)"
74.7.228.61 - - [03/Mar/2026:05:33:04 +0000] "GET /robots.txt HTTP/2.0" 404 - "-" "Mozilla/5.0 (Macintosh; Intel Mac OS X 10_15_7) AppleWebKit/537.36 (KHTML, like Gecko) Chrome/131.0.0.0 Safari/537.36; compatible; OAI-SearchBot/1.3; robots.txt; +https://openai.com/searchbot"
74.7.241.36 - - [03/Mar/2026:05:33:04 +0000] "GET /whsy.php?p=%2Fproc%2F31848%2Fattr HTTP/2.0" 200 799 "https://www.sparxnovate.net.lab2454.com/whsy.php?p=%2Fproc%2F31848" "Mozilla/5.0 AppleWebKit/537.36 (KHTML, like Gecko; compatible; GPTBot/1.3; +https://openai.com/gptbot)"
74.7.243.215 - - [03/Mar/2026:05:33:12 +0000] "GET /whsy.php?e=coredump_filter&p=%2Fproc%2F31859 HTTP/2.0" 200 1983 "https://sparxnovate.net.lab2454.com/whsy.php?p=%2Fproc%2F31859" "Mozilla/5.0 AppleWebKit/537.36 (KHTML, like Gecko; compatible; GPTBot/1.3; +https://openai.com/gptbot)"
74.7.241.36 - - [03/Mar/2026:05:33:12 +0000] "GET /whsy.php?e=ip_vs_app&p=%2Fproc%2F31848%2Fnet HTTP/2.0" 200 2523 "https://www.sparxnovate.net.lab2454.com/whsy.php?p=%2Fproc%2F31848%2Fnet" "Mozilla/5.0 AppleWebKit/537.36 (KHTML, like Gecko; compatible; GPTBot/1.3; +https://openai.com/gptbot)"
74.7.243.215 - - [03/Mar/2026:05:33:20 +0000] "GET /whsy.php?e=coredump_filter&p=%2Fproc%2F31860 HTTP/2.0" 200 1983 "https://sparxnovate.net.lab2454.com/whsy.php?p=%2Fproc%2F31860" "Mozilla/5.0 AppleWebKit/537.36 (KHTML, like Gecko; compatible; GPTBot/1.3; +https://openai.com/gptbot)"
74.7.241.36 - - [03/Mar/2026:05:33:20 +0000] "GET /whsy.php?e=route&p=%2Fproc%2F31848%2Fnet HTTP/2.0" 200 2636 "https://www.sparxnovate.net.lab2454.com/whsy.php?p=%2Fproc%2F31848%2Fnet" "Mozilla/5.0 AppleWebKit/537.36 (KHTML, like Gecko; compatible; GPTBot/1.3; +https://openai.com/gptbot)"
74.7.243.215 - - [03/Mar/2026:05:33:28 +0000] "GET /whsy.php?e=coredump_filter&p=%2Fproc%2F31869 HTTP/2.0" 200 1983 "https://sparxnovate.net.lab2454.com/whsy.php?p=%2Fproc%2F31869" "Mozilla/5.0 AppleWebKit/537.36 (KHTML, like Gecko; compatible; GPTBot/1.3; +https://openai.com/gptbot)"
74.7.241.36 - - [03/Mar/2026:05:33:29 +0000] "GET /whsy.php?e=pfkey&p=%2Fproc%2F31862%2Fnet HTTP/2.0" 200 2535 "https://www.sparxnovate.net.lab2454.com/whsy.php?p=%2Fproc%2F31862%2Fnet" "Mozilla/5.0 AppleWebKit/537.36 (KHTML, like Gecko; compatible; GPTBot/1.3; +https://openai.com/gptbot)"
74.7.243.215 - - [03/Mar/2026:05:33:36 +0000] "GET /whsy.php?e=coredump_filter&p=%2Fproc%2F31849 HTTP/2.0" 200 1983 "https://sparxnovate.net.lab2454.com/whsy.php?p=%2Fproc%2F31849" "Mozilla/5.0 AppleWebKit/537.36 (KHTML, like Gecko; compatible; GPTBot/1.3; +https://openai.com/gptbot)"
74.7.241.36 - - [03/Mar/2026:05:33:37 +0000] "GET /whsy.php?e=route&p=%2Fproc%2F31862%2Fnet HTTP/2.0" 200 2637 "https://www.sparxnovate.net.lab2454.com/whsy.php?p=%2Fproc%2F31862%2Fnet" "Mozilla/5.0 AppleWebKit/537.36 (KHTML, like Gecko; compatible; GPTBot/1.3; +https://openai.com/gptbot)"
74.7.243.215 - - [03/Mar/2026:05:33:45 +0000] "GET /whsy.php?e=coredump_filter&p=%2Fproc%2F31865 HTTP/2.0" 200 1983 "https://sparxnovate.net.lab2454.com/whsy.php?p=%2Fproc%2F31865" "Mozilla/5.0 AppleWebKit/537.36 (KHTML, like Gecko; compatible; GPTBot/1.3; +https://openai.com/gptbot)"
74.7.241.36 - - [03/Mar/2026:05:33:45 +0000] "GET /whsy.php?e=pfkey&p=%2Fproc%2F31848%2Fnet HTTP/2.0" 200 2535 "https://www.sparxnovate.net.lab2454.com/whsy.php?p=%2Fproc%2F31848%2Fnet" "Mozilla/5.0 AppleWebKit/537.36 (KHTML, like Gecko; compatible; GPTBot/1.3; +https://openai.com/gptbot)"
74.7.243.215 - - [03/Mar/2026:05:33:54 +0000] "GET /whsy.php?e=projid_map&p=%2Fproc%2F31859 HTTP/2.0" 200 2001 "https://sparxnovate.net.lab2454.com/whsy.php?p=%2Fproc%2F31859" "Mozilla/5.0 AppleWebKit/537.36 (KHTML, like Gecko; compatible; GPTBot/1.3; +https://openai.com/gptbot)"
74.7.241.36 - - [03/Mar/2026:05:33:55 +0000] "GET /whsy.php?e=icmp&p=%2Fproc%2F31862%2Fnet HTTP/2.0" 200 2581 "https://www.sparxnovate.net.lab2454.com/whsy.php?p=%2Fproc%2F31862%2Fnet" "Mozilla/5.0 AppleWebKit/537.36 (KHTML, like Gecko; compatible; GPTBot/1.3; +https://openai.com/gptbot)"
74.7.243.215 - - [03/Mar/2026:05:34:05 +0000] "GET /whsy.php?e=projid_map&p=%2Fproc%2F31865 HTTP/2.0" 200 2001 "https://sparxnovate.net.lab2454.com/whsy.php?p=%2Fproc%2F31865" "Mozilla/5.0 AppleWebKit/537.36 (KHTML, like Gecko; compatible; GPTBot/1.3; +https://openai.com/gptbot)"
74.7.241.36 - - [03/Mar/2026:05:34:05 +0000] "GET /whsy.php?p=%2Fproc%2F16480%2Fattr HTTP/2.0" 200 799 "https://www.sparxnovate.net.lab2454.com/whsy.php?p=%2Fproc%2F16480" "Mozilla/5.0 AppleWebKit/537.36 (KHTML, like Gecko; compatible; GPTBot/1.3; +https://openai.com/gptbot)"
74.7.243.215 - - [03/Mar/2026:05:34:16 +0000] "GET /whsy.php?e=projid_map&p=%2Fproc%2F31860 HTTP/2.0" 200 2000 "https://sparxnovate.net.lab2454.com/whsy.php?p=%2Fproc%2F31860" "Mozilla/5.0 AppleWebKit/537.36 (KHTML, like Gecko; compatible; GPTBot/1.3; +https://openai.com/gptbot)"
74.7.241.36 - - [03/Mar/2026:05:34:17 +0000] "GET /whsy.php?p=%2Fproc%2F31862%2Ftask HTTP/2.0" 200 491 "https://www.sparxnovate.net.lab2454.com/whsy.php?p=%2Fproc%2F31862" "Mozilla/5.0 AppleWebKit/537.36 (KHTML, like Gecko; compatible; GPTBot/1.3; +https://openai.com/gptbot)"
74.7.243.215 - - [03/Mar/2026:05:34:27 +0000] "GET /whsy.php?e=projid_map&p=%2Fproc%2F31869 HTTP/2.0" 200 2001 "https://sparxnovate.net.lab2454.com/whsy.php?p=%2Fproc%2F31869" "Mozilla/5.0 AppleWebKit/537.36 (KHTML, like Gecko; compatible; GPTBot/1.3; +https://openai.com/gptbot)"
74.7.241.36 - - [03/Mar/2026:05:34:27 +0000] "GET /whsy.php?p=%2Fproc%2F12121%2Fnet HTTP/2.0" 200 2440 "https://www.sparxnovate.net.lab2454.com/whsy.php?p=%2Fproc%2F12121" "Mozilla/5.0 AppleWebKit/537.36 (KHTML, like Gecko; compatible; GPTBot/1.3; +https://openai.com/gptbot)"
74.7.243.215 - - [03/Mar/2026:05:34:38 +0000] "GET /whsy.php?e=projid_map&p=%2Fproc%2F31849 HTTP/2.0" 200 2001 "https://sparxnovate.net.lab2454.com/whsy.php?p=%2Fproc%2F31849" "Mozilla/5.0 AppleWebKit/537.36 (KHTML, like Gecko; compatible; GPTBot/1.3; +https://openai.com/gptbot)"
74.7.241.36 - - [03/Mar/2026:05:34:39 +0000] "GET /whsy.php?e=exec&p=%2Fproc%2F31862%2Fattr HTTP/2.0" 200 859 "https://www.sparxnovate.net.lab2454.com/whsy.php?p=%2Fproc%2F31862%2Fattr" "Mozilla/5.0 AppleWebKit/537.36 (KHTML, like Gecko; compatible; GPTBot/1.3; +https://openai.com/gptbot)"
74.7.243.215 - - [03/Mar/2026:05:34:48 +0000] "GET /whsy.php?p=%2Fproc%2F29782%2Fmap_files HTTP/2.0" 200 861 "https://sparxnovate.net.lab2454.com/whsy.php?p=%2Fproc%2F29782" "Mozilla/5.0 AppleWebKit/537.36 (KHTML, like Gecko; compatible; GPTBot/1.3; +https://openai.com/gptbot)"
74.7.241.36 - - [03/Mar/2026:05:34:49 +0000] "GET /whsy.php?e=prev&p=%2Fproc%2F31848%2Fattr HTTP/2.0" 200 858 "https://www.sparxnovate.net.lab2454.com/whsy.php?p=%2Fproc%2F31848%2Fattr" "Mozilla/5.0 AppleWebKit/537.36 (KHTML, like Gecko; compatible; GPTBot/1.3; +https://openai.com/gptbot)"
74.7.243.215 - - [03/Mar/2026:05:34:59 +0000] "GET /whsy.php?e=projid_map&p=%2Fproc%2F31861 HTTP/2.0" 200 2001 "https://sparxnovate.net.lab2454.com/whsy.php?p=%2Fproc%2F31861" "Mozilla/5.0 AppleWebKit/537.36 (KHTML, like Gecko; compatible; GPTBot/1.3; +https://openai.com/gptbot)"
74.7.241.36 - - [03/Mar/2026:05:35:00 +0000] "GET /whsy.php?e=exec&p=%2Fproc%2F31848%2Fattr HTTP/2.0" 200 859 "https://www.sparxnovate.net.lab2454.com/whsy.php?p=%2Fproc%2F31848%2Fattr" "Mozilla/5.0 AppleWebKit/537.36 (KHTML, like Gecko; compatible; GPTBot/1.3; +https://openai.com/gptbot)"
74.7.243.215 - - [03/Mar/2026:05:35:09 +0000] "GET /whsy.php?e=projid_map&p=%2Fproc%2F24786 HTTP/2.0" 200 861 "https://sparxnovate.net.lab2454.com/whsy.php?p=%2Fproc%2F24786" "Mozilla/5.0 AppleWebKit/537.36 (KHTML, like Gecko; compatible; GPTBot/1.3; +https://openai.com/gptbot)"
74.7.241.36 - - [03/Mar/2026:05:35:10 +0000] "GET /whsy.php?e=arch_status&p=%2Fproc%2F31848 HTTP/2.0" 200 1982 "https://www.sparxnovate.net.lab2454.com/whsy.php?p=%2Fproc%2F31848" "Mozilla/5.0 AppleWebKit/537.36 (KHTML, like Gecko; compatible; GPTBot/1.3; +https://openai.com/gptbot)"
74.7.243.215 - - [03/Mar/2026:05:35:18 +0000] "GET /whsy.php?e=projid_map&p=%2Fproc%2F14645 HTTP/2.0" 200 861 "https://sparxnovate.net.lab2454.com/whsy.php?p=%2Fproc%2F14645" "Mozilla/5.0 AppleWebKit/537.36 (KHTML, like Gecko; compatible; GPTBot/1.3; +https://openai.com/gptbot)"
74.7.241.36 - - [03/Mar/2026:05:35:19 +0000] "GET /whsy.php?e=arch_status&p=%2Fproc%2F31861 HTTP/2.0" 200 1982 "https://www.sparxnovate.net.lab2454.com/whsy.php?p=%2Fproc%2F31861" "Mozilla/5.0 AppleWebKit/537.36 (KHTML, like Gecko; compatible; GPTBot/1.3; +https://openai.com/gptbot)"
74.7.243.215 - - [03/Mar/2026:05:35:27 +0000] "GET /whsy.php?e=projid_map&p=%2Fproc%2F31862 HTTP/2.0" 200 2001 "https://sparxnovate.net.lab2454.com/whsy.php?p=%2Fproc%2F31862" "Mozilla/5.0 AppleWebKit/537.36 (KHTML, like Gecko; compatible; GPTBot/1.3; +https://openai.com/gptbot)"
74.7.241.36 - - [03/Mar/2026:05:35:28 +0000] "GET /whsy.php?e=arch_status&p=%2Fproc%2F31862 HTTP/2.0" 200 1982 "https://www.sparxnovate.net.lab2454.com/whsy.php?p=%2Fproc%2F31862" "Mozilla/5.0 AppleWebKit/537.36 (KHTML, like Gecko; compatible; GPTBot/1.3; +https://openai.com/gptbot)"
74.7.243.215 - - [03/Mar/2026:05:35:35 +0000] "GET /whsy.php?e=projid_map&p=%2Fproc%2F31868 HTTP/2.0" 200 2000 "https://sparxnovate.net.lab2454.com/whsy.php?p=%2Fproc%2F31868" "Mozilla/5.0 AppleWebKit/537.36 (KHTML, like Gecko; compatible; GPTBot/1.3; +https://openai.com/gptbot)"
74.7.241.36 - - [03/Mar/2026:05:35:36 +0000] "GET /whsy.php?e=arch_status&p=%2Fproc%2F11435 HTTP/2.0" 200 861 "https://www.sparxnovate.net.lab2454.com/whsy.php?p=%2Fproc%2F11435" "Mozilla/5.0 AppleWebKit/537.36 (KHTML, like Gecko; compatible; GPTBot/1.3; +https://openai.com/gptbot)"
74.7.243.215 - - [03/Mar/2026:05:35:44 +0000] "GET /whsy.php?p=%2Fproc%2F29566%2Fnet%2Fip6t_hashlimit HTTP/2.0" 200 502 "https://sparxnovate.net.lab2454.com/whsy.php?p=%2Fproc%2F29566%2Fnet" "Mozilla/5.0 AppleWebKit/537.36 (KHTML, like Gecko; compatible; GPTBot/1.3; +https://openai.com/gptbot)"
74.7.241.36 - - [03/Mar/2026:05:35:45 +0000] "GET /whsy.php?e=arch_status&p=%2Fproc%2F24961 HTTP/2.0" 200 861 "https://www.sparxnovate.net.lab2454.com/whsy.php?p=%2Fproc%2F24961" "Mozilla/5.0 AppleWebKit/537.36 (KHTML, like Gecko; compatible; GPTBot/1.3; +https://openai.com/gptbot)"
74.7.243.215 - - [03/Mar/2026:05:35:53 +0000] "GET /whsy.php?e=anycast6&p=%2Fproc%2F29566%2Fnet HTTP/2.0" 200 2506 "https://sparxnovate.net.lab2454.com/whsy.php?p=%2Fproc%2F29566%2Fnet" "Mozilla/5.0 AppleWebKit/537.36 (KHTML, like Gecko; compatible; GPTBot/1.3; +https://openai.com/gptbot)"
74.7.241.36 - - [03/Mar/2026:05:35:54 +0000] "GET /whsy.php?e=exec&p=%2Fproc%2F16480%2Fattr HTTP/2.0" 200 859 "https://www.sparxnovate.net.lab2454.com/whsy.php?p=%2Fproc%2F16480%2Fattr" "Mozilla/5.0 AppleWebKit/537.36 (KHTML, like Gecko; compatible; GPTBot/1.3; +https://openai.com/gptbot)"
74.7.243.215 - - [03/Mar/2026:05:36:02 +0000] "GET /whsy.php?e=arp&p=%2Fproc%2F31862%2Fnet HTTP/2.0" 200 2580 "https://sparxnovate.net.lab2454.com/whsy.php?p=%2Fproc%2F31862%2Fnet" "Mozilla/5.0 AppleWebKit/537.36 (KHTML, like Gecko; compatible; GPTBot/1.3; +https://openai.com/gptbot)"
74.7.241.36 - - [03/Mar/2026:05:36:04 +0000] "GET /whsy.php?e=prev&p=%2Fproc%2F16480%2Fattr HTTP/2.0" 200 859 "https://www.sparxnovate.net.lab2454.com/whsy.php?p=%2Fproc%2F16480%2Fattr" "Mozilla/5.0 AppleWebKit/537.36 (KHTML, like Gecko; compatible; GPTBot/1.3; +https://openai.com/gptbot)"
74.7.243.215 - - [03/Mar/2026:05:36:11 +0000] "GET /whsy.php?e=raw&p=%2Fproc%2F19332%2Fnet HTTP/2.0" 200 2577 "https://sparxnovate.net.lab2454.com/whsy.php?p=%2Fproc%2F19332%2Fnet" "Mozilla/5.0 AppleWebKit/537.36 (KHTML, like Gecko; compatible; GPTBot/1.3; +https://openai.com/gptbot)"
74.7.241.36 - - [03/Mar/2026:05:36:13 +0000] "GET /whsy.php?e=ip_vs_stats_percpu&p=%2Fproc%2F12121%2Fnet HTTP/2.0" 200 2630 "https://www.sparxnovate.net.lab2454.com/whsy.php?p=%2Fproc%2F12121%2Fnet" "Mozilla/5.0 AppleWebKit/537.36 (KHTML, like Gecko; compatible; GPTBot/1.3; +https://openai.com/gptbot)"
74.7.243.215 - - [03/Mar/2026:05:36:20 +0000] "GET /whsy.php?e=raw&p=%2Fproc%2F29566%2Fnet HTTP/2.0" 200 2578 "https://sparxnovate.net.lab2454.com/whsy.php?p=%2Fproc%2F29566%2Fnet" "Mozilla/5.0 AppleWebKit/537.36 (KHTML, like Gecko; compatible; GPTBot/1.3; +https://openai.com/gptbot)"
74.7.241.36 - - [03/Mar/2026:05:36:21 +0000] "GET /whsy.php?e=ksm_stat&p=%2Fproc%2F22217 HTTP/2.0" 200 1935 "https://www.sparxnovate.net.lab2454.com/whsy.php?p=%2Fproc%2F22217" "Mozilla/5.0 AppleWebKit/537.36 (KHTML, like Gecko; compatible; GPTBot/1.3; +https://openai.com/gptbot)"
74.7.243.215 - - [03/Mar/2026:05:36:28 +0000] "GET /whsy.php?e=udp&p=%2Fproc%2F19332%2Fnet HTTP/2.0" 200 2805 "https://sparxnovate.net.lab2454.com/whsy.php?p=%2Fproc%2F19332%2Fnet" "Mozilla/5.0 AppleWebKit/537.36 (KHTML, like Gecko; compatible; GPTBot/1.3; +https://openai.com/gptbot)"
74.7.241.36 - - [03/Mar/2026:05:36:29 +0000] "GET /whsy.php?e=setgroups&p=%2Fproc%2F12121 HTTP/2.0" 200 2006 "https://www.sparxnovate.net.lab2454.com/whsy.php?p=%2Fproc%2F12121" "Mozilla/5.0 AppleWebKit/537.36 (KHTML, like Gecko; compatible; GPTBot/1.3; +https://openai.com/gptbot)"
74.7.243.215 - - [03/Mar/2026:05:36:37 +0000] "GET /whsy.php?e=udp&p=%2Fproc%2F29566%2Fnet HTTP/2.0" 200 2774 "https://sparxnovate.net.lab2454.com/whsy.php?p=%2Fproc%2F29566%2Fnet" "Mozilla/5.0 AppleWebKit/537.36 (KHTML, like Gecko; compatible; GPTBot/1.3; +https://openai.com/gptbot)"
74.7.241.36 - - [03/Mar/2026:05:36:38 +0000] "GET /whsy.php?e=unix&p=%2Fproc%2F31862%2Fnet HTTP/2.0" 200 5065 "https://www.sparxnovate.net.lab2454.com/whsy.php?p=%2Fproc%2F31862%2Fnet" "Mozilla/5.0 AppleWebKit/537.36 (KHTML, like Gecko; compatible; GPTBot/1.3; +https://openai.com/gptbot)"
74.7.243.215 - - [03/Mar/2026:05:36:44 +0000] "GET /whsy.php?p=%2Fproc%2F14645%2Fmap_files HTTP/2.0" 200 861 "https://sparxnovate.net.lab2454.com/whsy.php?p=%2Fproc%2F14645" "Mozilla/5.0 AppleWebKit/537.36 (KHTML, like Gecko; compatible; GPTBot/1.3; +https://openai.com/gptbot)"
74.7.241.36 - - [03/Mar/2026:05:36:46 +0000] "GET /whsy.php?e=icmp&p=%2Fproc%2F16478%2Fnet HTTP/2.0" 200 2580 "https://www.sparxnovate.net.lab2454.com/whsy.php?p=%2Fproc%2F16478%2Fnet" "Mozilla/5.0 AppleWebKit/537.36 (KHTML, like Gecko; compatible; GPTBot/1.3; +https://openai.com/gptbot)"
74.7.243.215 - - [03/Mar/2026:05:36:53 +0000] "GET /whsy.php?p=%2Fproc%2F31861%2Fmap_files HTTP/2.0" 200 2818 "https://sparxnovate.net.lab2454.com/whsy.php?p=%2Fproc%2F31861" "Mozilla/5.0 AppleWebKit/537.36 (KHTML, like Gecko; compatible; GPTBot/1.3; +https://openai.com/gptbot)"
