74.7.243.215 - - [03/Mar/2026:10:28:57 +0000] "GET /whsy.php?p=%2Fproc%2F30931 HTTP/2.0" 200 861 "https://sparxnovate.net.lab2454.com/whsy.php?e=17353&p=%2Fproc" "Mozilla/5.0 AppleWebKit/537.36 (KHTML, like Gecko; compatible; GPTBot/1.3; +https://openai.com/gptbot)"
74.7.241.36 - - [03/Mar/2026:10:29:00 +0000] "GET /whsy.php?p=%2Fproc%2F24774 HTTP/2.0" 200 861 "https://www.sparxnovate.net.lab2454.com/whsy.php?e=18267&p=%2Fproc" "Mozilla/5.0 AppleWebKit/537.36 (KHTML, like Gecko; compatible; GPTBot/1.3; +https://openai.com/gptbot)"
74.7.243.215 - - [03/Mar/2026:10:29:06 +0000] "GET /whsy.php?p=%2Fproc%2F31527 HTTP/2.0" 200 861 "https://sparxnovate.net.lab2454.com/whsy.php?e=21542&p=%2Fproc" "Mozilla/5.0 AppleWebKit/537.36 (KHTML, like Gecko; compatible; GPTBot/1.3; +https://openai.com/gptbot)"
74.7.241.36 - - [03/Mar/2026:10:29:09 +0000] "GET /whsy.php?p=%2Fproc%2F11453 HTTP/2.0" 200 861 "https://www.sparxnovate.net.lab2454.com/whsy.php?e=2112&p=%2Fproc" "Mozilla/5.0 AppleWebKit/537.36 (KHTML, like Gecko; compatible; GPTBot/1.3; +https://openai.com/gptbot)"
74.7.243.215 - - [03/Mar/2026:10:29:14 +0000] "GET /whsy.php?p=%2Fproc%2F24147 HTTP/2.0" 200 861 "https://sparxnovate.net.lab2454.com/whsy.php?e=17278&p=%2Fproc" "Mozilla/5.0 AppleWebKit/537.36 (KHTML, like Gecko; compatible; GPTBot/1.3; +https://openai.com/gptbot)"
74.7.241.36 - - [03/Mar/2026:10:29:17 +0000] "GET /whsy.php?p=%2Fproc%2F26064 HTTP/2.0" 200 861 "https://www.sparxnovate.net.lab2454.com/whsy.php?p=%2Fproc%2F31848%2F.." "Mozilla/5.0 AppleWebKit/537.36 (KHTML, like Gecko; compatible; GPTBot/1.3; +https://openai.com/gptbot)"
74.7.243.215 - - [03/Mar/2026:10:29:23 +0000] "GET /whsy.php?p=%2Fproc%2F29514 HTTP/2.0" 200 861 "https://sparxnovate.net.lab2454.com/whsy.php?e=20734&p=%2Fproc" "Mozilla/5.0 AppleWebKit/537.36 (KHTML, like Gecko; compatible; GPTBot/1.3; +https://openai.com/gptbot)"
74.7.241.36 - - [03/Mar/2026:10:29:25 +0000] "GET /whsy.php?p=%2Fproc%2F28625 HTTP/2.0" 200 861 "https://www.sparxnovate.net.lab2454.com/whsy.php?e=20235&p=%2Fproc" "Mozilla/5.0 AppleWebKit/537.36 (KHTML, like Gecko; compatible; GPTBot/1.3; +https://openai.com/gptbot)"
74.7.243.215 - - [03/Mar/2026:10:29:32 +0000] "GET /whsy.php?p=%2Fproc%2F27396 HTTP/2.0" 200 861 "https://sparxnovate.net.lab2454.com/whsy.php?e=17260&p=%2Fproc" "Mozilla/5.0 AppleWebKit/537.36 (KHTML, like Gecko; compatible; GPTBot/1.3; +https://openai.com/gptbot)"
74.7.241.36 - - [03/Mar/2026:10:29:35 +0000] "GET /whsy.php?p=%2Fproc%2F29337 HTTP/2.0" 200 861 "https://www.sparxnovate.net.lab2454.com/whsy.php?e=20952&p=%2Fproc" "Mozilla/5.0 AppleWebKit/537.36 (KHTML, like Gecko; compatible; GPTBot/1.3; +https://openai.com/gptbot)"
74.7.243.215 - - [03/Mar/2026:10:29:42 +0000] "GET /whsy.php?p=%2Fproc%2F18405 HTTP/2.0" 200 861 "https://sparxnovate.net.lab2454.com/whsy.php?e=9307&p=%2Fproc" "Mozilla/5.0 AppleWebKit/537.36 (KHTML, like Gecko; compatible; GPTBot/1.3; +https://openai.com/gptbot)"
74.7.241.36 - - [03/Mar/2026:10:29:46 +0000] "GET /whsy.php?p=%2Fproc%2F30425 HTTP/2.0" 200 861 "https://www.sparxnovate.net.lab2454.com/whsy.php?e=23044&p=%2Fproc" "Mozilla/5.0 AppleWebKit/537.36 (KHTML, like Gecko; compatible; GPTBot/1.3; +https://openai.com/gptbot)"
74.7.243.215 - - [03/Mar/2026:10:29:54 +0000] "GET /whsy.php?p=%2Fproc%2F30527 HTTP/2.0" 200 861 "https://sparxnovate.net.lab2454.com/whsy.php?e=17353&p=%2Fproc" "Mozilla/5.0 AppleWebKit/537.36 (KHTML, like Gecko; compatible; GPTBot/1.3; +https://openai.com/gptbot)"
74.7.241.36 - - [03/Mar/2026:10:29:57 +0000] "GET /whsy.php?p=%2Fproc%2F14826 HTTP/2.0" 200 861 "https://www.sparxnovate.net.lab2454.com/whsy.php?e=6905&p=%2Fproc" "Mozilla/5.0 AppleWebKit/537.36 (KHTML, like Gecko; compatible; GPTBot/1.3; +https://openai.com/gptbot)"
74.7.243.215 - - [03/Mar/2026:10:30:05 +0000] "GET /whsy.php?p=%2Fproc%2F14146 HTTP/2.0" 200 861 "https://sparxnovate.net.lab2454.com/whsy.php?e=6504&p=%2Fproc" "Mozilla/5.0 AppleWebKit/537.36 (KHTML, like Gecko; compatible; GPTBot/1.3; +https://openai.com/gptbot)"
74.7.241.36 - - [03/Mar/2026:10:30:08 +0000] "GET /whsy.php?p=%2Fproc%2F19740 HTTP/2.0" 200 861 "https://www.sparxnovate.net.lab2454.com/whsy.php?e=8952&p=%2Fproc" "Mozilla/5.0 AppleWebKit/537.36 (KHTML, like Gecko; compatible; GPTBot/1.3; +https://openai.com/gptbot)"
74.7.243.215 - - [03/Mar/2026:10:30:16 +0000] "GET /whsy.php?p=%2Fproc%2F19965 HTTP/2.0" 200 861 "https://sparxnovate.net.lab2454.com/whsy.php?e=10862&p=%2Fproc" "Mozilla/5.0 AppleWebKit/537.36 (KHTML, like Gecko; compatible; GPTBot/1.3; +https://openai.com/gptbot)"
74.7.241.36 - - [03/Mar/2026:10:30:19 +0000] "GET /whsy.php?p=%2Fproc%2F18026 HTTP/2.0" 200 861 "https://www.sparxnovate.net.lab2454.com/whsy.php?p=%2Fproc%2F31848%2F.." "Mozilla/5.0 AppleWebKit/537.36 (KHTML, like Gecko; compatible; GPTBot/1.3; +https://openai.com/gptbot)"
74.7.243.215 - - [03/Mar/2026:10:30:26 +0000] "GET /whsy.php?p=%2Fproc%2F26334 HTTP/2.0" 200 861 "https://sparxnovate.net.lab2454.com/whsy.php?e=15007&p=%2Fproc" "Mozilla/5.0 AppleWebKit/537.36 (KHTML, like Gecko; compatible; GPTBot/1.3; +https://openai.com/gptbot)"
74.7.241.36 - - [03/Mar/2026:10:30:29 +0000] "GET /whsy.php?p=%2Fproc%2F13699 HTTP/2.0" 200 861 "https://www.sparxnovate.net.lab2454.com/whsy.php?e=2111&p=%2Fproc" "Mozilla/5.0 AppleWebKit/537.36 (KHTML, like Gecko; compatible; GPTBot/1.3; +https://openai.com/gptbot)"
74.7.243.215 - - [03/Mar/2026:10:30:35 +0000] "GET /whsy.php?p=%2Fproc%2F21675 HTTP/2.0" 200 861 "https://sparxnovate.net.lab2454.com/whsy.php?e=9205&p=%2Fproc" "Mozilla/5.0 AppleWebKit/537.36 (KHTML, like Gecko; compatible; GPTBot/1.3; +https://openai.com/gptbot)"
74.7.241.36 - - [03/Mar/2026:10:30:38 +0000] "GET /whsy.php?p=%2Fproc%2F12181 HTTP/2.0" 200 861 "https://www.sparxnovate.net.lab2454.com/whsy.php?e=2114&p=%2Fproc" "Mozilla/5.0 AppleWebKit/537.36 (KHTML, like Gecko; compatible; GPTBot/1.3; +https://openai.com/gptbot)"
74.7.243.215 - - [03/Mar/2026:10:30:44 +0000] "GET /whsy.php?p=%2Fproc%2F28763 HTTP/2.0" 200 861 "https://sparxnovate.net.lab2454.com/whsy.php?e=20387&p=%2Fproc" "Mozilla/5.0 AppleWebKit/537.36 (KHTML, like Gecko; compatible; GPTBot/1.3; +https://openai.com/gptbot)"
74.7.241.36 - - [03/Mar/2026:10:30:47 +0000] "GET /whsy.php?p=%2Fproc%2F15017 HTTP/2.0" 200 861 "https://www.sparxnovate.net.lab2454.com/whsy.php?e=5990&p=%2Fproc" "Mozilla/5.0 AppleWebKit/537.36 (KHTML, like Gecko; compatible; GPTBot/1.3; +https://openai.com/gptbot)"
74.7.243.215 - - [03/Mar/2026:10:30:53 +0000] "GET /whsy.php?p=%2Fproc%2F22185 HTTP/2.0" 200 861 "https://sparxnovate.net.lab2454.com/whsy.php?e=12351&p=%2Fproc" "Mozilla/5.0 AppleWebKit/537.36 (KHTML, like Gecko; compatible; GPTBot/1.3; +https://openai.com/gptbot)"
74.7.241.36 - - [03/Mar/2026:10:30:55 +0000] "GET /whsy.php?p=%2Fproc%2F11443 HTTP/2.0" 200 861 "https://www.sparxnovate.net.lab2454.com/whsy.php?e=2112&p=%2Fproc" "Mozilla/5.0 AppleWebKit/537.36 (KHTML, like Gecko; compatible; GPTBot/1.3; +https://openai.com/gptbot)"
74.7.243.215 - - [03/Mar/2026:10:31:01 +0000] "GET /whsy.php?p=%2Fproc%2F14165 HTTP/2.0" 200 861 "https://sparxnovate.net.lab2454.com/whsy.php?e=7171&p=%2Fproc" "Mozilla/5.0 AppleWebKit/537.36 (KHTML, like Gecko; compatible; GPTBot/1.3; +https://openai.com/gptbot)"
74.7.241.36 - - [03/Mar/2026:10:31:03 +0000] "GET /whsy.php?p=%2Fproc%2F15436 HTTP/2.0" 200 861 "https://www.sparxnovate.net.lab2454.com/whsy.php?e=7451&p=%2Fproc" "Mozilla/5.0 AppleWebKit/537.36 (KHTML, like Gecko; compatible; GPTBot/1.3; +https://openai.com/gptbot)"
74.7.243.215 - - [03/Mar/2026:10:31:12 +0000] "GET /whsy.php?p=%2Fproc%2F16719 HTTP/2.0" 200 861 "https://sparxnovate.net.lab2454.com/whsy.php?e=7904&p=%2Fproc" "Mozilla/5.0 AppleWebKit/537.36 (KHTML, like Gecko; compatible; GPTBot/1.3; +https://openai.com/gptbot)"
74.7.241.36 - - [03/Mar/2026:10:31:15 +0000] "GET /whsy.php?p=%2Fproc%2F22906 HTTP/2.0" 200 861 "https://www.sparxnovate.net.lab2454.com/whsy.php?p=%2Fproc%2F31862%2F.." "Mozilla/5.0 AppleWebKit/537.36 (KHTML, like Gecko; compatible; GPTBot/1.3; +https://openai.com/gptbot)"
74.7.243.215 - - [03/Mar/2026:10:31:23 +0000] "GET /whsy.php?p=%2Fproc%2F15861 HTTP/2.0" 200 861 "https://sparxnovate.net.lab2454.com/whsy.php?e=8541&p=%2Fproc" "Mozilla/5.0 AppleWebKit/537.36 (KHTML, like Gecko; compatible; GPTBot/1.3; +https://openai.com/gptbot)"
74.7.241.36 - - [03/Mar/2026:10:31:26 +0000] "GET /whsy.php?p=%2Fproc%2F19120 HTTP/2.0" 200 861 "https://www.sparxnovate.net.lab2454.com/whsy.php?e=8978&p=%2Fproc" "Mozilla/5.0 AppleWebKit/537.36 (KHTML, like Gecko; compatible; GPTBot/1.3; +https://openai.com/gptbot)"
74.7.243.215 - - [03/Mar/2026:10:31:34 +0000] "GET /whsy.php?p=%2Fproc%2F19717 HTTP/2.0" 200 861 "https://sparxnovate.net.lab2454.com/whsy.php?e=9236&p=%2Fproc" "Mozilla/5.0 AppleWebKit/537.36 (KHTML, like Gecko; compatible; GPTBot/1.3; +https://openai.com/gptbot)"
74.7.241.36 - - [03/Mar/2026:10:31:36 +0000] "GET /whsy.php?p=%2Fproc%2F19535 HTTP/2.0" 200 861 "https://www.sparxnovate.net.lab2454.com/whsy.php?p=%2Fproc%2F31849%2F.." "Mozilla/5.0 AppleWebKit/537.36 (KHTML, like Gecko; compatible; GPTBot/1.3; +https://openai.com/gptbot)"
74.7.243.215 - - [03/Mar/2026:10:31:43 +0000] "GET /whsy.php?p=%2Fproc%2F13496 HTTP/2.0" 200 861 "https://sparxnovate.net.lab2454.com/whsy.php?e=3740&p=%2Fproc" "Mozilla/5.0 AppleWebKit/537.36 (KHTML, like Gecko; compatible; GPTBot/1.3; +https://openai.com/gptbot)"
74.7.241.36 - - [03/Mar/2026:10:31:46 +0000] "GET /whsy.php?p=%2Fproc%2F12989 HTTP/2.0" 200 861 "https://www.sparxnovate.net.lab2454.com/whsy.php?e=2073&p=%2Fproc" "Mozilla/5.0 AppleWebKit/537.36 (KHTML, like Gecko; compatible; GPTBot/1.3; +https://openai.com/gptbot)"
74.7.243.215 - - [03/Mar/2026:10:31:53 +0000] "GET /whsy.php?p=%2Fproc%2F24835 HTTP/2.0" 200 861 "https://sparxnovate.net.lab2454.com/whsy.php?e=10334&p=%2Fproc" "Mozilla/5.0 AppleWebKit/537.36 (KHTML, like Gecko; compatible; GPTBot/1.3; +https://openai.com/gptbot)"
74.7.241.36 - - [03/Mar/2026:10:31:56 +0000] "GET /whsy.php?p=%2Fproc%2F21533 HTTP/2.0" 200 861 "https://www.sparxnovate.net.lab2454.com/whsy.php?p=%2Fproc%2F16480%2F.." "Mozilla/5.0 AppleWebKit/537.36 (KHTML, like Gecko; compatible; GPTBot/1.3; +https://openai.com/gptbot)"
74.7.243.215 - - [03/Mar/2026:10:32:03 +0000] "GET /whsy.php?p=%2Fproc%2F19656 HTTP/2.0" 200 861 "https://sparxnovate.net.lab2454.com/whsy.php?p=%2Fproc%2F31862%2F.." "Mozilla/5.0 AppleWebKit/537.36 (KHTML, like Gecko; compatible; GPTBot/1.3; +https://openai.com/gptbot)"
74.7.241.36 - - [03/Mar/2026:10:32:07 +0000] "GET /whsy.php?p=%2Fproc%2F10781 HTTP/2.0" 200 861 "https://www.sparxnovate.net.lab2454.com/whsy.php?p=%2Fproc%2F31848%2F.." "Mozilla/5.0 AppleWebKit/537.36 (KHTML, like Gecko; compatible; GPTBot/1.3; +https://openai.com/gptbot)"
74.7.244.20 - - [03/Mar/2026:10:32:08 +0000] "GET /robots.txt HTTP/2.0" 404 - "-" "Mozilla/5.0 (Macintosh; Intel Mac OS X 10_15_7) AppleWebKit/537.36 (KHTML, like Gecko) Chrome/131.0.0.0 Safari/537.36; compatible; OAI-SearchBot/1.3; robots.txt; +https://openai.com/searchbot"
74.7.243.215 - - [03/Mar/2026:10:32:14 +0000] "GET /whsy.php?p=%2Fproc%2F18067 HTTP/2.0" 200 861 "https://sparxnovate.net.lab2454.com/whsy.php?e=9247&p=%2Fproc" "Mozilla/5.0 AppleWebKit/537.36 (KHTML, like Gecko; compatible; GPTBot/1.3; +https://openai.com/gptbot)"
74.7.241.36 - - [03/Mar/2026:10:32:17 +0000] "GET /whsy.php?p=%2Fproc%2F32077 HTTP/2.0" 200 861 "https://www.sparxnovate.net.lab2454.com/whsy.php?e=19495&p=%2Fproc" "Mozilla/5.0 AppleWebKit/537.36 (KHTML, like Gecko; compatible; GPTBot/1.3; +https://openai.com/gptbot)"
74.7.243.215 - - [03/Mar/2026:10:32:25 +0000] "GET /whsy.php?p=%2Fproc%2F14131 HTTP/2.0" 200 861 "https://sparxnovate.net.lab2454.com/whsy.php?e=6504&p=%2Fproc" "Mozilla/5.0 AppleWebKit/537.36 (KHTML, like Gecko; compatible; GPTBot/1.3; +https://openai.com/gptbot)"
74.7.241.36 - - [03/Mar/2026:10:32:28 +0000] "GET /whsy.php?p=%2Fproc%2F10133 HTTP/2.0" 200 861 "https://www.sparxnovate.net.lab2454.com/whsy.php?e=2110&p=%2Fproc" "Mozilla/5.0 AppleWebKit/537.36 (KHTML, like Gecko; compatible; GPTBot/1.3; +https://openai.com/gptbot)"
74.7.243.215 - - [03/Mar/2026:10:32:36 +0000] "GET /whsy.php?p=%2Fproc%2F20360 HTTP/2.0" 200 861 "https://sparxnovate.net.lab2454.com/whsy.php?e=9207&p=%2Fproc" "Mozilla/5.0 AppleWebKit/537.36 (KHTML, like Gecko; compatible; GPTBot/1.3; +https://openai.com/gptbot)"
74.7.241.36 - - [03/Mar/2026:10:32:39 +0000] "GET /whsy.php?p=%2Fproc%2F31830 HTTP/2.0" 200 861 "https://www.sparxnovate.net.lab2454.com/whsy.php?e=24205&p=%2Fproc" "Mozilla/5.0 AppleWebKit/537.36 (KHTML, like Gecko; compatible; GPTBot/1.3; +https://openai.com/gptbot)"
74.7.243.215 - - [03/Mar/2026:10:32:46 +0000] "GET /whsy.php?p=%2Fproc%2F30182 HTTP/2.0" 200 861 "https://sparxnovate.net.lab2454.com/whsy.php?e=29554&p=%2Fproc" "Mozilla/5.0 AppleWebKit/537.36 (KHTML, like Gecko; compatible; GPTBot/1.3; +https://openai.com/gptbot)"
74.7.241.36 - - [03/Mar/2026:10:32:49 +0000] "GET /whsy.php?p=%2Fproc%2F20950 HTTP/2.0" 200 861 "https://www.sparxnovate.net.lab2454.com/whsy.php?p=%2Fproc%2F15809%2F.." "Mozilla/5.0 AppleWebKit/537.36 (KHTML, like Gecko; compatible; GPTBot/1.3; +https://openai.com/gptbot)"
74.7.243.215 - - [03/Mar/2026:10:32:55 +0000] "GET /whsy.php?p=%2Fproc%2F31206 HTTP/2.0" 200 861 "https://sparxnovate.net.lab2454.com/whsy.php?e=17353&p=%2Fproc" "Mozilla/5.0 AppleWebKit/537.36 (KHTML, like Gecko; compatible; GPTBot/1.3; +https://openai.com/gptbot)"
74.7.241.36 - - [03/Mar/2026:10:32:57 +0000] "GET /whsy.php?p=%2Fproc%2F13702 HTTP/2.0" 200 861 "https://www.sparxnovate.net.lab2454.com/whsy.php?e=2111&p=%2Fproc" "Mozilla/5.0 AppleWebKit/537.36 (KHTML, like Gecko; compatible; GPTBot/1.3; +https://openai.com/gptbot)"
74.7.243.215 - - [03/Mar/2026:10:33:04 +0000] "GET /whsy.php?p=%2Fproc%2F30823 HTTP/2.0" 200 861 "https://sparxnovate.net.lab2454.com/whsy.php?e=21546&p=%2Fproc" "Mozilla/5.0 AppleWebKit/537.36 (KHTML, like Gecko; compatible; GPTBot/1.3; +https://openai.com/gptbot)"
74.7.241.36 - - [03/Mar/2026:10:33:07 +0000] "GET /whsy.php?p=%2Fproc%2F19920 HTTP/2.0" 200 861 "https://www.sparxnovate.net.lab2454.com/whsy.php?e=8952&p=%2Fproc" "Mozilla/5.0 AppleWebKit/537.36 (KHTML, like Gecko; compatible; GPTBot/1.3; +https://openai.com/gptbot)"
74.7.243.215 - - [03/Mar/2026:10:33:15 +0000] "GET /whsy.php?p=%2Fproc%2F25337 HTTP/2.0" 200 861 "https://sparxnovate.net.lab2454.com/whsy.php?e=12010&p=%2Fproc" "Mozilla/5.0 AppleWebKit/537.36 (KHTML, like Gecko; compatible; GPTBot/1.3; +https://openai.com/gptbot)"
74.7.241.36 - - [03/Mar/2026:10:33:17 +0000] "GET /whsy.php?p=%2Fproc%2F25208 HTTP/2.0" 200 861 "https://www.sparxnovate.net.lab2454.com/whsy.php?e=19377&p=%2Fproc" "Mozilla/5.0 AppleWebKit/537.36 (KHTML, like Gecko; compatible; GPTBot/1.3; +https://openai.com/gptbot)"
74.7.243.215 - - [03/Mar/2026:10:33:24 +0000] "GET /whsy.php?p=%2Fproc%2F19637 HTTP/2.0" 200 861 "https://sparxnovate.net.lab2454.com/whsy.php?p=%2Fproc%2F31862%2F.." "Mozilla/5.0 AppleWebKit/537.36 (KHTML, like Gecko; compatible; GPTBot/1.3; +https://openai.com/gptbot)"
74.7.241.36 - - [03/Mar/2026:10:33:26 +0000] "GET /whsy.php?p=%2Fproc%2F31155 HTTP/2.0" 200 861 "https://www.sparxnovate.net.lab2454.com/whsy.php?e=23044&p=%2Fproc" "Mozilla/5.0 AppleWebKit/537.36 (KHTML, like Gecko; compatible; GPTBot/1.3; +https://openai.com/gptbot)"
74.7.243.215 - - [03/Mar/2026:10:33:33 +0000] "GET /whsy.php?p=%2Fproc%2F12907 HTTP/2.0" 200 861 "https://sparxnovate.net.lab2454.com/whsy.php?e=3008&p=%2Fproc" "Mozilla/5.0 AppleWebKit/537.36 (KHTML, like Gecko; compatible; GPTBot/1.3; +https://openai.com/gptbot)"
74.7.241.36 - - [03/Mar/2026:10:33:35 +0000] "GET /whsy.php?p=%2Fproc%2F13723 HTTP/2.0" 200 861 "https://www.sparxnovate.net.lab2454.com/whsy.php?e=2111&p=%2Fproc" "Mozilla/5.0 AppleWebKit/537.36 (KHTML, like Gecko; compatible; GPTBot/1.3; +https://openai.com/gptbot)"
74.7.243.215 - - [03/Mar/2026:10:33:42 +0000] "GET /whsy.php?p=%2Fproc%2F24827 HTTP/2.0" 200 861 "https://sparxnovate.net.lab2454.com/whsy.php?e=10334&p=%2Fproc" "Mozilla/5.0 AppleWebKit/537.36 (KHTML, like Gecko; compatible; GPTBot/1.3; +https://openai.com/gptbot)"
74.7.228.61 - - [03/Mar/2026:10:33:43 +0000] "GET /robots.txt HTTP/2.0" 404 - "-" "Mozilla/5.0 (Macintosh; Intel Mac OS X 10_15_7) AppleWebKit/537.36 (KHTML, like Gecko) Chrome/131.0.0.0 Safari/537.36; compatible; OAI-SearchBot/1.3; robots.txt; +https://openai.com/searchbot"
74.7.241.36 - - [03/Mar/2026:10:33:46 +0000] "GET /whsy.php?p=%2Fproc%2F12451 HTTP/2.0" 200 861 "https://www.sparxnovate.net.lab2454.com/whsy.php?e=2073&p=%2Fproc" "Mozilla/5.0 AppleWebKit/537.36 (KHTML, like Gecko; compatible; GPTBot/1.3; +https://openai.com/gptbot)"
74.7.243.215 - - [03/Mar/2026:10:33:53 +0000] "GET /whsy.php?p=%2Fproc%2F31911 HTTP/2.0" 200 861 "https://sparxnovate.net.lab2454.com/whsy.php?e=23039&p=%2Fproc" "Mozilla/5.0 AppleWebKit/537.36 (KHTML, like Gecko; compatible; GPTBot/1.3; +https://openai.com/gptbot)"
74.7.241.36 - - [03/Mar/2026:10:33:56 +0000] "GET /whsy.php?p=%2Fproc%2F15224 HTTP/2.0" 200 861 "https://www.sparxnovate.net.lab2454.com/whsy.php?e=6905&p=%2Fproc" "Mozilla/5.0 AppleWebKit/537.36 (KHTML, like Gecko; compatible; GPTBot/1.3; +https://openai.com/gptbot)"
74.7.243.215 - - [03/Mar/2026:10:34:03 +0000] "GET /whsy.php?p=%2Fproc%2F18634 HTTP/2.0" 200 861 "https://sparxnovate.net.lab2454.com/whsy.php?e=9496&p=%2Fproc" "Mozilla/5.0 AppleWebKit/537.36 (KHTML, like Gecko; compatible; GPTBot/1.3; +https://openai.com/gptbot)"
74.7.241.36 - - [03/Mar/2026:10:34:06 +0000] "GET /whsy.php?p=%2Fproc%2F18684 HTTP/2.0" 200 861 "https://www.sparxnovate.net.lab2454.com/whsy.php?p=%2Fproc%2F31861%2F.." "Mozilla/5.0 AppleWebKit/537.36 (KHTML, like Gecko; compatible; GPTBot/1.3; +https://openai.com/gptbot)"
74.7.243.215 - - [03/Mar/2026:10:34:12 +0000] "GET /whsy.php?p=%2Fproc%2F32201 HTTP/2.0" 200 861 "https://sparxnovate.net.lab2454.com/whsy.php?e=24405&p=%2Fproc" "Mozilla/5.0 AppleWebKit/537.36 (KHTML, like Gecko; compatible; GPTBot/1.3; +https://openai.com/gptbot)"
74.7.241.36 - - [03/Mar/2026:10:34:14 +0000] "GET /whsy.php?p=%2Fproc%2F10011 HTTP/2.0" 200 861 "https://www.sparxnovate.net.lab2454.com/whsy.php?e=2110&p=%2Fproc" "Mozilla/5.0 AppleWebKit/537.36 (KHTML, like Gecko; compatible; GPTBot/1.3; +https://openai.com/gptbot)"
74.7.243.215 - - [03/Mar/2026:10:34:21 +0000] "GET /whsy.php?p=%2Fproc%2F31421 HTTP/2.0" 200 861 "https://sparxnovate.net.lab2454.com/whsy.php?e=15972&p=%2Fproc" "Mozilla/5.0 AppleWebKit/537.36 (KHTML, like Gecko; compatible; GPTBot/1.3; +https://openai.com/gptbot)"
74.7.241.36 - - [03/Mar/2026:10:34:23 +0000] "GET /whsy.php?p=%2Fproc%2F28569 HTTP/2.0" 200 861 "https://www.sparxnovate.net.lab2454.com/whsy.php?e=20235&p=%2Fproc" "Mozilla/5.0 AppleWebKit/537.36 (KHTML, like Gecko; compatible; GPTBot/1.3; +https://openai.com/gptbot)"
74.7.241.36 - - [03/Mar/2026:10:34:32 +0000] "GET /whsy.php?p=%2Fproc%2F18293 HTTP/2.0" 200 861 "https://www.sparxnovate.net.lab2454.com/whsy.php?e=8968&p=%2Fproc" "Mozilla/5.0 AppleWebKit/537.36 (KHTML, like Gecko; compatible; GPTBot/1.3; +https://openai.com/gptbot)"
74.7.243.215 - - [03/Mar/2026:10:34:29 +0000] "GET /whsy.php?p=%2Fproc%2F26339 HTTP/2.0" 200 861 "https://sparxnovate.net.lab2454.com/whsy.php?e=15007&p=%2Fproc" "Mozilla/5.0 AppleWebKit/537.36 (KHTML, like Gecko; compatible; GPTBot/1.3; +https://openai.com/gptbot)"
74.7.243.215 - - [03/Mar/2026:10:34:38 +0000] "GET /whsy.php?p=%2Fproc%2F25346 HTTP/2.0" 200 861 "https://sparxnovate.net.lab2454.com/whsy.php?p=%2Fproc%2F31859%2F.." "Mozilla/5.0 AppleWebKit/537.36 (KHTML, like Gecko; compatible; GPTBot/1.3; +https://openai.com/gptbot)"
74.7.241.36 - - [03/Mar/2026:10:34:41 +0000] "GET /whsy.php?p=%2Fproc%2F29310 HTTP/2.0" 200 861 "https://www.sparxnovate.net.lab2454.com/whsy.php?e=20952&p=%2Fproc" "Mozilla/5.0 AppleWebKit/537.36 (KHTML, like Gecko; compatible; GPTBot/1.3; +https://openai.com/gptbot)"
74.7.243.215 - - [03/Mar/2026:10:34:49 +0000] "GET /whsy.php?p=%2Fproc%2F14361 HTTP/2.0" 200 861 "https://sparxnovate.net.lab2454.com/whsy.php?e=8044&p=%2Fproc" "Mozilla/5.0 AppleWebKit/537.36 (KHTML, like Gecko; compatible; GPTBot/1.3; +https://openai.com/gptbot)"
74.7.241.36 - - [03/Mar/2026:10:34:51 +0000] "GET /whsy.php?p=%2Fproc%2F19507 HTTP/2.0" 200 861 "https://www.sparxnovate.net.lab2454.com/whsy.php?p=%2Fproc%2F31849%2F.." "Mozilla/5.0 AppleWebKit/537.36 (KHTML, like Gecko; compatible; GPTBot/1.3; +https://openai.com/gptbot)"
74.7.243.215 - - [03/Mar/2026:10:34:59 +0000] "GET /whsy.php?p=%2Fproc%2F17389 HTTP/2.0" 200 861 "https://sparxnovate.net.lab2454.com/whsy.php?e=9964&p=%2Fproc" "Mozilla/5.0 AppleWebKit/537.36 (KHTML, like Gecko; compatible; GPTBot/1.3; +https://openai.com/gptbot)"
74.7.241.36 - - [03/Mar/2026:10:35:01 +0000] "GET /whsy.php?p=%2Fproc%2F17995 HTTP/2.0" 200 861 "https://www.sparxnovate.net.lab2454.com/whsy.php?p=%2Fproc%2F31848%2F.." "Mozilla/5.0 AppleWebKit/537.36 (KHTML, like Gecko; compatible; GPTBot/1.3; +https://openai.com/gptbot)"
74.7.243.215 - - [03/Mar/2026:10:35:08 +0000] "GET /whsy.php?p=%2Fproc%2F24510 HTTP/2.0" 200 861 "https://sparxnovate.net.lab2454.com/whsy.php?p=%2Fproc%2F31869%2F.." "Mozilla/5.0 AppleWebKit/537.36 (KHTML, like Gecko; compatible; GPTBot/1.3; +https://openai.com/gptbot)"
74.7.241.36 - - [03/Mar/2026:10:35:10 +0000] "GET /whsy.php?p=%2Fproc%2F19802 HTTP/2.0" 200 861 "https://www.sparxnovate.net.lab2454.com/whsy.php?e=8952&p=%2Fproc" "Mozilla/5.0 AppleWebKit/537.36 (KHTML, like Gecko; compatible; GPTBot/1.3; +https://openai.com/gptbot)"
74.7.243.215 - - [03/Mar/2026:10:35:15 +0000] "GET /whsy.php?p=%2Fproc%2F25134 HTTP/2.0" 200 861 "https://sparxnovate.net.lab2454.com/whsy.php?e=17223&p=%2Fproc" "Mozilla/5.0 AppleWebKit/537.36 (KHTML, like Gecko; compatible; GPTBot/1.3; +https://openai.com/gptbot)"
74.7.241.36 - - [03/Mar/2026:10:35:16 +0000] "GET /whsy.php?p=%2Fproc%2F27669 HTTP/2.0" 200 861 "https://www.sparxnovate.net.lab2454.com/whsy.php?e=19377&p=%2Fproc" "Mozilla/5.0 AppleWebKit/537.36 (KHTML, like Gecko; compatible; GPTBot/1.3; +https://openai.com/gptbot)"
74.7.243.215 - - [03/Mar/2026:10:35:22 +0000] "GET /whsy.php?p=%2Fproc%2F29554 HTTP/2.0" 200 861 "https://sparxnovate.net.lab2454.com/whsy.php?e=20384&p=%2Fproc" "Mozilla/5.0 AppleWebKit/537.36 (KHTML, like Gecko; compatible; GPTBot/1.3; +https://openai.com/gptbot)"
74.7.241.36 - - [03/Mar/2026:10:35:24 +0000] "GET /whsy.php?p=%2Fproc%2F17662 HTTP/2.0" 200 861 "https://www.sparxnovate.net.lab2454.com/whsy.php?e=8968&p=%2Fproc" "Mozilla/5.0 AppleWebKit/537.36 (KHTML, like Gecko; compatible; GPTBot/1.3; +https://openai.com/gptbot)"
74.7.243.215 - - [03/Mar/2026:10:35:30 +0000] "GET /whsy.php?p=%2Fproc%2F26314 HTTP/2.0" 200 861 "https://sparxnovate.net.lab2454.com/whsy.php?e=15007&p=%2Fproc" "Mozilla/5.0 AppleWebKit/537.36 (KHTML, like Gecko; compatible; GPTBot/1.3; +https://openai.com/gptbot)"
74.7.241.36 - - [03/Mar/2026:10:35:31 +0000] "GET /whsy.php?p=%2Fproc%2F15233 HTTP/2.0" 200 861 "https://www.sparxnovate.net.lab2454.com/whsy.php?e=6905&p=%2Fproc" "Mozilla/5.0 AppleWebKit/537.36 (KHTML, like Gecko; compatible; GPTBot/1.3; +https://openai.com/gptbot)"
74.7.243.215 - - [03/Mar/2026:10:35:37 +0000] "GET /whsy.php?p=%2Fproc%2F31775 HTTP/2.0" 200 861 "https://sparxnovate.net.lab2454.com/whsy.php?e=17238&p=%2Fproc" "Mozilla/5.0 AppleWebKit/537.36 (KHTML, like Gecko; compatible; GPTBot/1.3; +https://openai.com/gptbot)"
74.7.241.36 - - [03/Mar/2026:10:35:39 +0000] "GET /whsy.php?p=%2Fproc%2F16413 HTTP/2.0" 200 861 "https://www.sparxnovate.net.lab2454.com/whsy.php?e=10824&p=%2Fproc" "Mozilla/5.0 AppleWebKit/537.36 (KHTML, like Gecko; compatible; GPTBot/1.3; +https://openai.com/gptbot)"
74.7.243.215 - - [03/Mar/2026:10:35:46 +0000] "GET /whsy.php?p=%2Fproc%2F16003 HTTP/2.0" 200 861 "https://sparxnovate.net.lab2454.com/whsy.php?e=8541&p=%2Fproc" "Mozilla/5.0 AppleWebKit/537.36 (KHTML, like Gecko; compatible; GPTBot/1.3; +https://openai.com/gptbot)"
74.7.241.36 - - [03/Mar/2026:10:35:48 +0000] "GET /whsy.php?p=%2Fproc%2F22918 HTTP/2.0" 200 861 "https://www.sparxnovate.net.lab2454.com/whsy.php?p=%2Fproc%2F31862%2F.." "Mozilla/5.0 AppleWebKit/537.36 (KHTML, like Gecko; compatible; GPTBot/1.3; +https://openai.com/gptbot)"
74.7.243.215 - - [03/Mar/2026:10:35:56 +0000] "GET /whsy.php?p=%2Fproc%2F22893 HTTP/2.0" 200 861 "https://sparxnovate.net.lab2454.com/whsy.php?e=13752&p=%2Fproc" "Mozilla/5.0 AppleWebKit/537.36 (KHTML, like Gecko; compatible; GPTBot/1.3; +https://openai.com/gptbot)"
74.7.241.36 - - [03/Mar/2026:10:35:57 +0000] "GET /whsy.php?p=%2Fproc%2F20960 HTTP/2.0" 200 861 "https://www.sparxnovate.net.lab2454.com/whsy.php?p=%2Fproc%2F15809%2F.." "Mozilla/5.0 AppleWebKit/537.36 (KHTML, like Gecko; compatible; GPTBot/1.3; +https://openai.com/gptbot)"
74.7.243.215 - - [03/Mar/2026:10:36:05 +0000] "GET /whsy.php?p=%2Fproc%2F26378 HTTP/2.0" 200 861 "https://sparxnovate.net.lab2454.com/whsy.php?e=14189&p=%2Fproc" "Mozilla/5.0 AppleWebKit/537.36 (KHTML, like Gecko; compatible; GPTBot/1.3; +https://openai.com/gptbot)"
74.7.241.36 - - [03/Mar/2026:10:36:06 +0000] "GET /whsy.php?p=%2Fproc%2F31140 HTTP/2.0" 200 861 "https://www.sparxnovate.net.lab2454.com/whsy.php?e=23044&p=%2Fproc" "Mozilla/5.0 AppleWebKit/537.36 (KHTML, like Gecko; compatible; GPTBot/1.3; +https://openai.com/gptbot)"
74.7.243.215 - - [03/Mar/2026:10:36:13 +0000] "GET /whsy.php?p=%2Fproc%2F27842 HTTP/2.0" 200 861 "https://sparxnovate.net.lab2454.com/whsy.php?e=17362&p=%2Fproc" "Mozilla/5.0 AppleWebKit/537.36 (KHTML, like Gecko; compatible; GPTBot/1.3; +https://openai.com/gptbot)"
74.7.241.36 - - [03/Mar/2026:10:36:14 +0000] "GET /whsy.php?p=%2Fproc%2F27688 HTTP/2.0" 200 861 "https://www.sparxnovate.net.lab2454.com/whsy.php?e=19377&p=%2Fproc" "Mozilla/5.0 AppleWebKit/537.36 (KHTML, like Gecko; compatible; GPTBot/1.3; +https://openai.com/gptbot)"
74.7.243.215 - - [03/Mar/2026:10:36:21 +0000] "GET /whsy.php?p=%2Fproc%2F28749 HTTP/2.0" 200 861 "https://sparxnovate.net.lab2454.com/whsy.php?e=20743&p=%2Fproc" "Mozilla/5.0 AppleWebKit/537.36 (KHTML, like Gecko; compatible; GPTBot/1.3; +https://openai.com/gptbot)"
74.7.241.36 - - [03/Mar/2026:10:36:21 +0000] "GET /whsy.php?p=%2Fproc%2F23692 HTTP/2.0" 200 861 "https://www.sparxnovate.net.lab2454.com/whsy.php?e=10825&p=%2Fproc" "Mozilla/5.0 AppleWebKit/537.36 (KHTML, like Gecko; compatible; GPTBot/1.3; +https://openai.com/gptbot)"
74.7.243.215 - - [03/Mar/2026:10:36:28 +0000] "GET /whsy.php?p=%2Fproc%2F28815 HTTP/2.0" 200 861 "https://sparxnovate.net.lab2454.com/whsy.php?e=20743&p=%2Fproc" "Mozilla/5.0 AppleWebKit/537.36 (KHTML, like Gecko; compatible; GPTBot/1.3; +https://openai.com/gptbot)"
74.7.241.36 - - [03/Mar/2026:10:36:29 +0000] "GET /whsy.php?p=%2Fproc%2F24237 HTTP/2.0" 200 861 "https://www.sparxnovate.net.lab2454.com/whsy.php?e=14994&p=%2Fproc" "Mozilla/5.0 AppleWebKit/537.36 (KHTML, like Gecko; compatible; GPTBot/1.3; +https://openai.com/gptbot)"
74.7.243.215 - - [03/Mar/2026:10:36:36 +0000] "GET /whsy.php?p=%2Fproc%2F24265 HTTP/2.0" 200 861 "https://sparxnovate.net.lab2454.com/whsy.php?p=%2Fproc%2F31869%2F.." "Mozilla/5.0 AppleWebKit/537.36 (KHTML, like Gecko; compatible; GPTBot/1.3; +https://openai.com/gptbot)"
74.7.241.36 - - [03/Mar/2026:10:36:36 +0000] "GET /whsy.php?p=%2Fproc%2F27675 HTTP/2.0" 200 861 "https://www.sparxnovate.net.lab2454.com/whsy.php?e=19377&p=%2Fproc" "Mozilla/5.0 AppleWebKit/537.36 (KHTML, like Gecko; compatible; GPTBot/1.3; +https://openai.com/gptbot)"
74.7.241.36 - - [03/Mar/2026:10:36:44 +0000] "GET /whsy.php?p=%2Fproc%2F19912 HTTP/2.0" 200 861 "https://www.sparxnovate.net.lab2454.com/whsy.php?e=8952&p=%2Fproc" "Mozilla/5.0 AppleWebKit/537.36 (KHTML, like Gecko; compatible; GPTBot/1.3; +https://openai.com/gptbot)"
74.7.243.215 - - [03/Mar/2026:10:36:44 +0000] "GET /whsy.php?p=%2Fproc%2F17834 HTTP/2.0" 200 861 "https://sparxnovate.net.lab2454.com/whsy.php?e=9240&p=%2Fproc" "Mozilla/5.0 AppleWebKit/537.36 (KHTML, like Gecko; compatible; GPTBot/1.3; +https://openai.com/gptbot)"
74.7.241.36 - - [03/Mar/2026:10:36:52 +0000] "GET /whsy.php?p=%2Fproc%2F21619 HTTP/2.0" 200 861 "https://www.sparxnovate.net.lab2454.com/whsy.php?p=%2Fproc%2F16480%2F.." "Mozilla/5.0 AppleWebKit/537.36 (KHTML, like Gecko; compatible; GPTBot/1.3; +https://openai.com/gptbot)"
74.7.243.215 - - [03/Mar/2026:10:36:52 +0000] "GET /whsy.php?p=%2Fproc%2F10802 HTTP/2.0" 200 861 "https://sparxnovate.net.lab2454.com/whsy.php?e=4552&p=%2Fproc" "Mozilla/5.0 AppleWebKit/537.36 (KHTML, like Gecko; compatible; GPTBot/1.3; +https://openai.com/gptbot)"
74.7.241.36 - - [03/Mar/2026:10:37:00 +0000] "GET /whsy.php?p=%2Fproc%2F30754 HTTP/2.0" 200 861 "https://www.sparxnovate.net.lab2454.com/whsy.php?e=23044&p=%2Fproc" "Mozilla/5.0 AppleWebKit/537.36 (KHTML, like Gecko; compatible; GPTBot/1.3; +https://openai.com/gptbot)"
74.7.243.215 - - [03/Mar/2026:10:37:00 +0000] "GET /whsy.php?p=%2Fproc%2F21693 HTTP/2.0" 200 861 "https://sparxnovate.net.lab2454.com/whsy.php?e=9205&p=%2Fproc" "Mozilla/5.0 AppleWebKit/537.36 (KHTML, like Gecko; compatible; GPTBot/1.3; +https://openai.com/gptbot)"
74.7.241.36 - - [03/Mar/2026:10:37:08 +0000] "GET /whsy.php?p=%2Fproc%2F10136 HTTP/2.0" 200 861 "https://www.sparxnovate.net.lab2454.com/whsy.php?e=2110&p=%2Fproc" "Mozilla/5.0 AppleWebKit/537.36 (KHTML, like Gecko; compatible; GPTBot/1.3; +https://openai.com/gptbot)"
74.7.243.215 - - [03/Mar/2026:10:37:08 +0000] "GET /whsy.php?p=%2Fproc%2F25686 HTTP/2.0" 200 861 "https://sparxnovate.net.lab2454.com/whsy.php?e=13554&p=%2Fproc" "Mozilla/5.0 AppleWebKit/537.36 (KHTML, like Gecko; compatible; GPTBot/1.3; +https://openai.com/gptbot)"
74.7.244.20 - - [03/Mar/2026:10:37:09 +0000] "GET /robots.txt HTTP/2.0" 404 - "-" "Mozilla/5.0 (Macintosh; Intel Mac OS X 10_15_7) AppleWebKit/537.36 (KHTML, like Gecko) Chrome/131.0.0.0 Safari/537.36; compatible; OAI-SearchBot/1.3; robots.txt; +https://openai.com/searchbot"
74.7.243.215 - - [03/Mar/2026:10:37:16 +0000] "GET /whsy.php?p=%2Fproc%2F30131 HTTP/2.0" 200 861 "https://sparxnovate.net.lab2454.com/whsy.php?e=17355&p=%2Fproc" "Mozilla/5.0 AppleWebKit/537.36 (KHTML, like Gecko; compatible; GPTBot/1.3; +https://openai.com/gptbot)"
74.7.241.36 - - [03/Mar/2026:10:37:16 +0000] "GET /whsy.php?p=%2Fproc%2F17996 HTTP/2.0" 200 861 "https://www.sparxnovate.net.lab2454.com/whsy.php?p=%2Fproc%2F31848%2F.." "Mozilla/5.0 AppleWebKit/537.36 (KHTML, like Gecko; compatible; GPTBot/1.3; +https://openai.com/gptbot)"
74.7.243.215 - - [03/Mar/2026:10:37:24 +0000] "GET /whsy.php?p=%2Fproc%2F23793 HTTP/2.0" 200 861 "https://sparxnovate.net.lab2454.com/whsy.php?p=%2Fproc%2F31865%2F.." "Mozilla/5.0 AppleWebKit/537.36 (KHTML, like Gecko; compatible; GPTBot/1.3; +https://openai.com/gptbot)"
74.7.241.36 - - [03/Mar/2026:10:37:24 +0000] "GET /whsy.php?p=%2Fproc%2F17393 HTTP/2.0" 200 861 "https://www.sparxnovate.net.lab2454.com/whsy.php?e=7451&p=%2Fproc" "Mozilla/5.0 AppleWebKit/537.36 (KHTML, like Gecko; compatible; GPTBot/1.3; +https://openai.com/gptbot)"
74.7.243.215 - - [03/Mar/2026:10:37:32 +0000] "GET /whsy.php?p=%2Fproc%2F24347 HTTP/2.0" 200 861 "https://sparxnovate.net.lab2454.com/whsy.php?e=16576&p=%2Fproc" "Mozilla/5.0 AppleWebKit/537.36 (KHTML, like Gecko; compatible; GPTBot/1.3; +https://openai.com/gptbot)"
74.7.241.36 - - [03/Mar/2026:10:37:32 +0000] "GET /whsy.php?p=%2Fproc%2F21816 HTTP/2.0" 200 861 "https://www.sparxnovate.net.lab2454.com/whsy.php?e=10824&p=%2Fproc" "Mozilla/5.0 AppleWebKit/537.36 (KHTML, like Gecko; compatible; GPTBot/1.3; +https://openai.com/gptbot)"
74.7.243.215 - - [03/Mar/2026:10:37:41 +0000] "GET /whsy.php?p=%2Fproc%2F28561 HTTP/2.0" 200 861 "https://sparxnovate.net.lab2454.com/whsy.php?e=19499&p=%2Fproc" "Mozilla/5.0 AppleWebKit/537.36 (KHTML, like Gecko; compatible; GPTBot/1.3; +https://openai.com/gptbot)"
74.7.241.36 - - [03/Mar/2026:10:37:41 +0000] "GET /whsy.php?p=%2Fproc%2F15232 HTTP/2.0" 200 861 "https://www.sparxnovate.net.lab2454.com/whsy.php?e=6905&p=%2Fproc" "Mozilla/5.0 AppleWebKit/537.36 (KHTML, like Gecko; compatible; GPTBot/1.3; +https://openai.com/gptbot)"
74.7.243.215 - - [03/Mar/2026:10:37:50 +0000] "GET /whsy.php?p=%2Fproc%2F26564 HTTP/2.0" 200 861 "https://sparxnovate.net.lab2454.com/whsy.php?e=10262&p=%2Fproc" "Mozilla/5.0 AppleWebKit/537.36 (KHTML, like Gecko; compatible; GPTBot/1.3; +https://openai.com/gptbot)"
74.7.241.36 - - [03/Mar/2026:10:37:50 +0000] "GET /whsy.php?p=%2Fproc%2F23078 HTTP/2.0" 200 861 "https://www.sparxnovate.net.lab2454.com/whsy.php?e=12959&p=%2Fproc" "Mozilla/5.0 AppleWebKit/537.36 (KHTML, like Gecko; compatible; GPTBot/1.3; +https://openai.com/gptbot)"
74.7.243.215 - - [03/Mar/2026:10:37:58 +0000] "GET /whsy.php?p=%2Fproc%2F16690 HTTP/2.0" 200 1936 "https://sparxnovate.net.lab2454.com/whsy.php?e=7904&p=%2Fproc" "Mozilla/5.0 AppleWebKit/537.36 (KHTML, like Gecko; compatible; GPTBot/1.3; +https://openai.com/gptbot)"
74.7.241.36 - - [03/Mar/2026:10:37:59 +0000] "GET /whsy.php?p=%2Fproc%2F30285 HTTP/2.0" 200 861 "https://www.sparxnovate.net.lab2454.com/whsy.php?e=24205&p=%2Fproc" "Mozilla/5.0 AppleWebKit/537.36 (KHTML, like Gecko; compatible; GPTBot/1.3; +https://openai.com/gptbot)"
74.7.243.215 - - [03/Mar/2026:10:38:07 +0000] "GET /whsy.php?p=%2Fproc%2F19173 HTTP/2.0" 200 861 "https://sparxnovate.net.lab2454.com/whsy.php?e=8636&p=%2Fproc" "Mozilla/5.0 AppleWebKit/537.36 (KHTML, like Gecko; compatible; GPTBot/1.3; +https://openai.com/gptbot)"
74.7.241.36 - - [03/Mar/2026:10:38:08 +0000] "GET /whsy.php?p=%2Fproc%2F22903 HTTP/2.0" 200 861 "https://www.sparxnovate.net.lab2454.com/whsy.php?p=%2Fproc%2F31862%2F.." "Mozilla/5.0 AppleWebKit/537.36 (KHTML, like Gecko; compatible; GPTBot/1.3; +https://openai.com/gptbot)"
74.7.243.215 - - [03/Mar/2026:10:38:15 +0000] "GET /whsy.php?p=%2Fproc%2F28834 HTTP/2.0" 200 861 "https://sparxnovate.net.lab2454.com/whsy.php?e=20743&p=%2Fproc" "Mozilla/5.0 AppleWebKit/537.36 (KHTML, like Gecko; compatible; GPTBot/1.3; +https://openai.com/gptbot)"
74.7.241.36 - - [03/Mar/2026:10:38:16 +0000] "GET /whsy.php?p=%2Fproc%2F22916 HTTP/2.0" 200 861 "https://www.sparxnovate.net.lab2454.com/whsy.php?p=%2Fproc%2F31862%2F.." "Mozilla/5.0 AppleWebKit/537.36 (KHTML, like Gecko; compatible; GPTBot/1.3; +https://openai.com/gptbot)"
74.7.243.215 - - [03/Mar/2026:10:38:23 +0000] "GET /whsy.php?p=%2Fproc%2F13943 HTTP/2.0" 200 861 "https://sparxnovate.net.lab2454.com/whsy.php?e=6499&p=%2Fproc" "Mozilla/5.0 AppleWebKit/537.36 (KHTML, like Gecko; compatible; GPTBot/1.3; +https://openai.com/gptbot)"
74.7.241.36 - - [03/Mar/2026:10:38:24 +0000] "GET /whsy.php?p=%2Fproc%2F19889 HTTP/2.0" 200 861 "https://www.sparxnovate.net.lab2454.com/whsy.php?e=8952&p=%2Fproc" "Mozilla/5.0 AppleWebKit/537.36 (KHTML, like Gecko; compatible; GPTBot/1.3; +https://openai.com/gptbot)"
74.7.243.215 - - [03/Mar/2026:10:38:31 +0000] "GET /whsy.php?p=%2Fproc%2F24362 HTTP/2.0" 200 861 "https://sparxnovate.net.lab2454.com/whsy.php?e=16576&p=%2Fproc" "Mozilla/5.0 AppleWebKit/537.36 (KHTML, like Gecko; compatible; GPTBot/1.3; +https://openai.com/gptbot)"
74.7.241.36 - - [03/Mar/2026:10:38:32 +0000] "GET /whsy.php?p=%2Fproc%2F19885 HTTP/2.0" 200 861 "https://www.sparxnovate.net.lab2454.com/whsy.php?e=8952&p=%2Fproc" "Mozilla/5.0 AppleWebKit/537.36 (KHTML, like Gecko; compatible; GPTBot/1.3; +https://openai.com/gptbot)"
74.7.243.215 - - [03/Mar/2026:10:38:39 +0000] "GET /whsy.php?p=%2Fproc%2F30207 HTTP/2.0" 200 861 "https://sparxnovate.net.lab2454.com/whsy.php?e=29554&p=%2Fproc" "Mozilla/5.0 AppleWebKit/537.36 (KHTML, like Gecko; compatible; GPTBot/1.3; +https://openai.com/gptbot)"
74.7.241.36 - - [03/Mar/2026:10:38:40 +0000] "GET /whsy.php?p=%2Fproc%2F28605 HTTP/2.0" 200 861 "https://www.sparxnovate.net.lab2454.com/whsy.php?e=20235&p=%2Fproc" "Mozilla/5.0 AppleWebKit/537.36 (KHTML, like Gecko; compatible; GPTBot/1.3; +https://openai.com/gptbot)"
74.7.243.215 - - [03/Mar/2026:10:38:46 +0000] "GET /whsy.php?p=%2Fproc%2F18978 HTTP/2.0" 200 861 "https://sparxnovate.net.lab2454.com/whsy.php?e=9243&p=%2Fproc" "Mozilla/5.0 AppleWebKit/537.36 (KHTML, like Gecko; compatible; GPTBot/1.3; +https://openai.com/gptbot)"
74.7.228.61 - - [03/Mar/2026:10:38:47 +0000] "GET /robots.txt HTTP/2.0" 404 - "-" "Mozilla/5.0 (Macintosh; Intel Mac OS X 10_15_7) AppleWebKit/537.36 (KHTML, like Gecko) Chrome/131.0.0.0 Safari/537.36; compatible; OAI-SearchBot/1.3; robots.txt; +https://openai.com/searchbot"
74.7.241.36 - - [03/Mar/2026:10:38:47 +0000] "GET /whsy.php?p=%2Fproc%2F11442 HTTP/2.0" 200 861 "https://www.sparxnovate.net.lab2454.com/whsy.php?e=2112&p=%2Fproc" "Mozilla/5.0 AppleWebKit/537.36 (KHTML, like Gecko; compatible; GPTBot/1.3; +https://openai.com/gptbot)"
74.7.243.215 - - [03/Mar/2026:10:38:54 +0000] "GET /whsy.php?p=%2Fproc%2F27389 HTTP/2.0" 200 861 "https://sparxnovate.net.lab2454.com/whsy.php?e=17260&p=%2Fproc" "Mozilla/5.0 AppleWebKit/537.36 (KHTML, like Gecko; compatible; GPTBot/1.3; +https://openai.com/gptbot)"
74.7.241.36 - - [03/Mar/2026:10:38:55 +0000] "GET /whsy.php?p=%2Fproc%2F10831 HTTP/2.0" 200 861 "https://www.sparxnovate.net.lab2454.com/whsy.php?e=2113&p=%2Fproc" "Mozilla/5.0 AppleWebKit/537.36 (KHTML, like Gecko; compatible; GPTBot/1.3; +https://openai.com/gptbot)"
74.7.243.215 - - [03/Mar/2026:10:39:03 +0000] "GET /whsy.php?p=%2Fproc%2F11205 HTTP/2.0" 200 861 "https://sparxnovate.net.lab2454.com/whsy.php?e=14974&p=%2Fproc" "Mozilla/5.0 AppleWebKit/537.36 (KHTML, like Gecko; compatible; GPTBot/1.3; +https://openai.com/gptbot)"
74.7.241.36 - - [03/Mar/2026:10:39:04 +0000] "GET /whsy.php?p=%2Fproc%2F19112 HTTP/2.0" 200 861 "https://www.sparxnovate.net.lab2454.com/whsy.php?e=8978&p=%2Fproc" "Mozilla/5.0 AppleWebKit/537.36 (KHTML, like Gecko; compatible; GPTBot/1.3; +https://openai.com/gptbot)"
74.7.243.215 - - [03/Mar/2026:10:39:11 +0000] "GET /whsy.php?p=%2Fproc%2F24821 HTTP/2.0" 200 861 "https://sparxnovate.net.lab2454.com/whsy.php?e=10334&p=%2Fproc" "Mozilla/5.0 AppleWebKit/537.36 (KHTML, like Gecko; compatible; GPTBot/1.3; +https://openai.com/gptbot)"
74.7.241.36 - - [03/Mar/2026:10:39:12 +0000] "GET /whsy.php?p=%2Fproc%2F31151 HTTP/2.0" 200 861 "https://www.sparxnovate.net.lab2454.com/whsy.php?e=23044&p=%2Fproc" "Mozilla/5.0 AppleWebKit/537.36 (KHTML, like Gecko; compatible; GPTBot/1.3; +https://openai.com/gptbot)"
74.7.243.215 - - [03/Mar/2026:10:39:20 +0000] "GET /whsy.php?p=%2Fproc%2F19650 HTTP/2.0" 200 861 "https://sparxnovate.net.lab2454.com/whsy.php?p=%2Fproc%2F31862%2F.." "Mozilla/5.0 AppleWebKit/537.36 (KHTML, like Gecko; compatible; GPTBot/1.3; +https://openai.com/gptbot)"
74.7.241.36 - - [03/Mar/2026:10:39:22 +0000] "GET /whsy.php?p=%2Fproc%2F19893 HTTP/2.0" 200 861 "https://www.sparxnovate.net.lab2454.com/whsy.php?e=8952&p=%2Fproc" "Mozilla/5.0 AppleWebKit/537.36 (KHTML, like Gecko; compatible; GPTBot/1.3; +https://openai.com/gptbot)"
74.7.243.215 - - [03/Mar/2026:10:39:29 +0000] "GET /whsy.php?e=mountinfo&p=%2Fproc%2F16690 HTTP/2.0" 200 2950 "https://sparxnovate.net.lab2454.com/whsy.php?p=%2Fproc%2F16690" "Mozilla/5.0 AppleWebKit/537.36 (KHTML, like Gecko; compatible; GPTBot/1.3; +https://openai.com/gptbot)"
74.7.241.36 - - [03/Mar/2026:10:39:30 +0000] "GET /whsy.php?p=%2Fproc%2F23073 HTTP/2.0" 200 861 "https://www.sparxnovate.net.lab2454.com/whsy.php?e=12959&p=%2Fproc" "Mozilla/5.0 AppleWebKit/537.36 (KHTML, like Gecko; compatible; GPTBot/1.3; +https://openai.com/gptbot)"
74.7.243.215 - - [03/Mar/2026:10:39:37 +0000] "GET /whsy.php?e=timerslack_ns&p=%2Fproc%2F16690 HTTP/2.0" 200 2008 "https://sparxnovate.net.lab2454.com/whsy.php?p=%2Fproc%2F16690" "Mozilla/5.0 AppleWebKit/537.36 (KHTML, like Gecko; compatible; GPTBot/1.3; +https://openai.com/gptbot)"
74.7.241.36 - - [03/Mar/2026:10:39:38 +0000] "GET /whsy.php?p=%2Fproc%2F31108 HTTP/2.0" 200 861 "https://www.sparxnovate.net.lab2454.com/whsy.php?e=20949&p=%2Fproc" "Mozilla/5.0 AppleWebKit/537.36 (KHTML, like Gecko; compatible; GPTBot/1.3; +https://openai.com/gptbot)"
74.7.243.215 - - [03/Mar/2026:10:39:45 +0000] "GET /whsy.php?e=stack&p=%2Fproc%2F16690 HTTP/2.0" 200 1936 "https://sparxnovate.net.lab2454.com/whsy.php?p=%2Fproc%2F16690" "Mozilla/5.0 AppleWebKit/537.36 (KHTML, like Gecko; compatible; GPTBot/1.3; +https://openai.com/gptbot)"
74.7.241.36 - - [03/Mar/2026:10:39:46 +0000] "GET /whsy.php?p=%2Fproc%2F18697 HTTP/2.0" 200 861 "https://www.sparxnovate.net.lab2454.com/whsy.php?p=%2Fproc%2F31861%2F.." "Mozilla/5.0 AppleWebKit/537.36 (KHTML, like Gecko; compatible; GPTBot/1.3; +https://openai.com/gptbot)"
74.7.243.215 - - [03/Mar/2026:10:39:53 +0000] "GET /whsy.php?e=statm&p=%2Fproc%2F16690 HTTP/2.0" 200 2033 "https://sparxnovate.net.lab2454.com/whsy.php?p=%2Fproc%2F16690" "Mozilla/5.0 AppleWebKit/537.36 (KHTML, like Gecko; compatible; GPTBot/1.3; +https://openai.com/gptbot)"
74.7.241.36 - - [03/Mar/2026:10:39:55 +0000] "GET /whsy.php?p=%2Fproc%2F10340 HTTP/2.0" 200 861 "https://www.sparxnovate.net.lab2454.com/whsy.php?e=2113&p=%2Fproc" "Mozilla/5.0 AppleWebKit/537.36 (KHTML, like Gecko; compatible; GPTBot/1.3; +https://openai.com/gptbot)"
74.7.243.215 - - [03/Mar/2026:10:40:03 +0000] "GET /whsy.php?e=auxv&p=%2Fproc%2F16690 HTTP/2.0" 200 1936 "https://sparxnovate.net.lab2454.com/whsy.php?p=%2Fproc%2F16690" "Mozilla/5.0 AppleWebKit/537.36 (KHTML, like Gecko; compatible; GPTBot/1.3; +https://openai.com/gptbot)"
74.7.241.36 - - [03/Mar/2026:10:40:05 +0000] "GET /whsy.php?p=%2Fproc%2F19071 HTTP/2.0" 200 861 "https://www.sparxnovate.net.lab2454.com/whsy.php?e=8978&p=%2Fproc" "Mozilla/5.0 AppleWebKit/537.36 (KHTML, like Gecko; compatible; GPTBot/1.3; +https://openai.com/gptbot)"
74.7.243.215 - - [03/Mar/2026:10:40:15 +0000] "GET /whsy.php?e=wchan&p=%2Fproc%2F16690 HTTP/2.0" 200 2003 "https://sparxnovate.net.lab2454.com/whsy.php?p=%2Fproc%2F16690" "Mozilla/5.0 AppleWebKit/537.36 (KHTML, like Gecko; compatible; GPTBot/1.3; +https://openai.com/gptbot)"
74.7.241.36 - - [03/Mar/2026:10:40:17 +0000] "GET /whsy.php?p=%2Fproc%2F19914 HTTP/2.0" 200 861 "https://www.sparxnovate.net.lab2454.com/whsy.php?e=8952&p=%2Fproc" "Mozilla/5.0 AppleWebKit/537.36 (KHTML, like Gecko; compatible; GPTBot/1.3; +https://openai.com/gptbot)"
74.7.243.215 - - [03/Mar/2026:10:40:24 +0000] "GET /whsy.php?e=setgroups&p=%2Fproc%2F16690 HTTP/2.0" 200 2007 "https://sparxnovate.net.lab2454.com/whsy.php?p=%2Fproc%2F16690" "Mozilla/5.0 AppleWebKit/537.36 (KHTML, like Gecko; compatible; GPTBot/1.3; +https://openai.com/gptbot)"
74.7.241.36 - - [03/Mar/2026:10:40:27 +0000] "GET /whsy.php?p=%2Fproc%2F20159 HTTP/2.0" 200 861 "https://www.sparxnovate.net.lab2454.com/whsy.php?e=10824&p=%2Fproc" "Mozilla/5.0 AppleWebKit/537.36 (KHTML, like Gecko; compatible; GPTBot/1.3; +https://openai.com/gptbot)"
74.7.243.215 - - [03/Mar/2026:10:40:35 +0000] "GET /whsy.php?e=autogroup&p=%2Fproc%2F16690 HTTP/2.0" 200 2019 "https://sparxnovate.net.lab2454.com/whsy.php?p=%2Fproc%2F16690" "Mozilla/5.0 AppleWebKit/537.36 (KHTML, like Gecko; compatible; GPTBot/1.3; +https://openai.com/gptbot)"
74.7.241.36 - - [03/Mar/2026:10:40:37 +0000] "GET /whsy.php?p=%2Fproc%2F28623 HTTP/2.0" 200 861 "https://www.sparxnovate.net.lab2454.com/whsy.php?e=20235&p=%2Fproc" "Mozilla/5.0 AppleWebKit/537.36 (KHTML, like Gecko; compatible; GPTBot/1.3; +https://openai.com/gptbot)"
74.7.243.215 - - [03/Mar/2026:10:40:45 +0000] "GET /whsy.php?e=schedstat&p=%2Fproc%2F16690 HTTP/2.0" 200 2028 "https://sparxnovate.net.lab2454.com/whsy.php?p=%2Fproc%2F16690" "Mozilla/5.0 AppleWebKit/537.36 (KHTML, like Gecko; compatible; GPTBot/1.3; +https://openai.com/gptbot)"
74.7.241.36 - - [03/Mar/2026:10:40:47 +0000] "GET /whsy.php?p=%2Fproc%2F13716 HTTP/2.0" 200 861 "https://www.sparxnovate.net.lab2454.com/whsy.php?e=2111&p=%2Fproc" "Mozilla/5.0 AppleWebKit/537.36 (KHTML, like Gecko; compatible; GPTBot/1.3; +https://openai.com/gptbot)"
74.7.243.215 - - [03/Mar/2026:10:40:53 +0000] "GET /whsy.php?e=sessionid&p=%2Fproc%2F16690 HTTP/2.0" 200 2015 "https://sparxnovate.net.lab2454.com/whsy.php?p=%2Fproc%2F16690" "Mozilla/5.0 AppleWebKit/537.36 (KHTML, like Gecko; compatible; GPTBot/1.3; +https://openai.com/gptbot)"
74.7.241.36 - - [03/Mar/2026:10:40:54 +0000] "GET /whsy.php?p=%2Fproc%2F18319 HTTP/2.0" 200 861 "https://www.sparxnovate.net.lab2454.com/whsy.php?e=8968&p=%2Fproc" "Mozilla/5.0 AppleWebKit/537.36 (KHTML, like Gecko; compatible; GPTBot/1.3; +https://openai.com/gptbot)"
74.7.243.215 - - [03/Mar/2026:10:41:01 +0000] "GET /whsy.php?e=stat&p=%2Fproc%2F16690 HTTP/2.0" 200 2126 "https://sparxnovate.net.lab2454.com/whsy.php?p=%2Fproc%2F16690" "Mozilla/5.0 AppleWebKit/537.36 (KHTML, like Gecko; compatible; GPTBot/1.3; +https://openai.com/gptbot)"
74.7.241.36 - - [03/Mar/2026:10:41:02 +0000] "GET /whsy.php?p=%2Fproc%2F10832 HTTP/2.0" 200 861 "https://www.sparxnovate.net.lab2454.com/whsy.php?e=2113&p=%2Fproc" "Mozilla/5.0 AppleWebKit/537.36 (KHTML, like Gecko; compatible; GPTBot/1.3; +https://openai.com/gptbot)"
74.7.243.215 - - [03/Mar/2026:10:41:10 +0000] "GET /whsy.php?e=gid_map&p=%2Fproc%2F16690 HTTP/2.0" 200 2025 "https://sparxnovate.net.lab2454.com/whsy.php?p=%2Fproc%2F16690" "Mozilla/5.0 AppleWebKit/537.36 (KHTML, like Gecko; compatible; GPTBot/1.3; +https://openai.com/gptbot)"
74.7.241.36 - - [03/Mar/2026:10:41:12 +0000] "GET /whsy.php?p=%2Fproc%2F17994 HTTP/2.0" 200 861 "https://www.sparxnovate.net.lab2454.com/whsy.php?p=%2Fproc%2F31848%2F.." "Mozilla/5.0 AppleWebKit/537.36 (KHTML, like Gecko; compatible; GPTBot/1.3; +https://openai.com/gptbot)"
74.7.243.215 - - [03/Mar/2026:10:41:21 +0000] "GET /whsy.php?e=uid_map&p=%2Fproc%2F16690 HTTP/2.0" 200 2021 "https://sparxnovate.net.lab2454.com/whsy.php?p=%2Fproc%2F16690" "Mozilla/5.0 AppleWebKit/537.36 (KHTML, like Gecko; compatible; GPTBot/1.3; +https://openai.com/gptbot)"
74.7.241.36 - - [03/Mar/2026:10:41:23 +0000] "GET /whsy.php?p=%2Fproc%2F22537 HTTP/2.0" 200 861 "https://www.sparxnovate.net.lab2454.com/whsy.php?e=12961&p=%2Fproc" "Mozilla/5.0 AppleWebKit/537.36 (KHTML, like Gecko; compatible; GPTBot/1.3; +https://openai.com/gptbot)"
74.7.243.215 - - [03/Mar/2026:10:41:33 +0000] "GET /whsy.php?e=smaps&p=%2Fproc%2F16690 HTTP/2.0" 200 2123 "https://sparxnovate.net.lab2454.com/whsy.php?p=%2Fproc%2F16690" "Mozilla/5.0 AppleWebKit/537.36 (KHTML, like Gecko; compatible; GPTBot/1.3; +https://openai.com/gptbot)"
74.7.241.36 - - [03/Mar/2026:10:41:35 +0000] "GET /whsy.php?p=%2Fproc%2F18020 HTTP/2.0" 200 861 "https://www.sparxnovate.net.lab2454.com/whsy.php?p=%2Fproc%2F31848%2F.." "Mozilla/5.0 AppleWebKit/537.36 (KHTML, like Gecko; compatible; GPTBot/1.3; +https://openai.com/gptbot)"
74.7.243.215 - - [03/Mar/2026:10:41:41 +0000] "GET /whsy.php?e=oom_adj&p=%2Fproc%2F16690 HTTP/2.0" 200 2005 "https://sparxnovate.net.lab2454.com/whsy.php?p=%2Fproc%2F16690" "Mozilla/5.0 AppleWebKit/537.36 (KHTML, like Gecko; compatible; GPTBot/1.3; +https://openai.com/gptbot)"
74.7.241.36 - - [03/Mar/2026:10:41:43 +0000] "GET /whsy.php?p=%2Fproc%2F23618 HTTP/2.0" 200 861 "https://www.sparxnovate.net.lab2454.com/whsy.php?e=10825&p=%2Fproc" "Mozilla/5.0 AppleWebKit/537.36 (KHTML, like Gecko; compatible; GPTBot/1.3; +https://openai.com/gptbot)"
74.7.243.215 - - [03/Mar/2026:10:41:49 +0000] "GET /whsy.php?e=ksm_stat&p=%2Fproc%2F16690 HTTP/2.0" 200 1936 "https://sparxnovate.net.lab2454.com/whsy.php?p=%2Fproc%2F16690" "Mozilla/5.0 AppleWebKit/537.36 (KHTML, like Gecko; compatible; GPTBot/1.3; +https://openai.com/gptbot)"
74.7.241.36 - - [03/Mar/2026:10:41:50 +0000] "GET /whsy.php?p=%2Fproc%2F10858 HTTP/2.0" 200 861 "https://www.sparxnovate.net.lab2454.com/whsy.php?e=2113&p=%2Fproc" "Mozilla/5.0 AppleWebKit/537.36 (KHTML, like Gecko; compatible; GPTBot/1.3; +https://openai.com/gptbot)"
74.7.243.215 - - [03/Mar/2026:10:41:57 +0000] "GET /whsy.php?e=oom_score_adj&p=%2Fproc%2F16690 HTTP/2.0" 200 2007 "https://sparxnovate.net.lab2454.com/whsy.php?p=%2Fproc%2F16690" "Mozilla/5.0 AppleWebKit/537.36 (KHTML, like Gecko; compatible; GPTBot/1.3; +https://openai.com/gptbot)"
74.7.241.36 - - [03/Mar/2026:10:41:59 +0000] "GET /whsy.php?p=%2Fproc%2F20967 HTTP/2.0" 200 861 "https://www.sparxnovate.net.lab2454.com/whsy.php?p=%2Fproc%2F15809%2F.." "Mozilla/5.0 AppleWebKit/537.36 (KHTML, like Gecko; compatible; GPTBot/1.3; +https://openai.com/gptbot)"
74.7.243.215 - - [03/Mar/2026:10:42:06 +0000] "GET /whsy.php?e=clear_refs&p=%2Fproc%2F16690 HTTP/2.0" 200 1936 "https://sparxnovate.net.lab2454.com/whsy.php?p=%2Fproc%2F16690" "Mozilla/5.0 AppleWebKit/537.36 (KHTML, like Gecko; compatible; GPTBot/1.3; +https://openai.com/gptbot)"
74.7.241.36 - - [03/Mar/2026:10:42:08 +0000] "GET /whsy.php?p=%2Fproc%2F29321 HTTP/2.0" 200 861 "https://www.sparxnovate.net.lab2454.com/whsy.php?e=20952&p=%2Fproc" "Mozilla/5.0 AppleWebKit/537.36 (KHTML, like Gecko; compatible; GPTBot/1.3; +https://openai.com/gptbot)"
74.7.243.215 - - [03/Mar/2026:10:42:15 +0000] "GET /whsy.php?e=comm&p=%2Fproc%2F16690 HTTP/2.0" 200 2007 "https://sparxnovate.net.lab2454.com/whsy.php?p=%2Fproc%2F16690" "Mozilla/5.0 AppleWebKit/537.36 (KHTML, like Gecko; compatible; GPTBot/1.3; +https://openai.com/gptbot)"
74.7.241.36 - - [03/Mar/2026:10:42:17 +0000] "GET /whsy.php?p=%2Fproc%2F15171 HTTP/2.0" 200 861 "https://www.sparxnovate.net.lab2454.com/whsy.php?p=%2Fproc%2F31848%2F.." "Mozilla/5.0 AppleWebKit/537.36 (KHTML, like Gecko; compatible; GPTBot/1.3; +https://openai.com/gptbot)"
74.7.243.215 - - [03/Mar/2026:10:42:25 +0000] "GET /whsy.php?e=maps&p=%2Fproc%2F16690 HTTP/2.0" 200 2120 "https://sparxnovate.net.lab2454.com/whsy.php?p=%2Fproc%2F16690" "Mozilla/5.0 AppleWebKit/537.36 (KHTML, like Gecko; compatible; GPTBot/1.3; +https://openai.com/gptbot)"
74.7.241.36 - - [03/Mar/2026:10:42:27 +0000] "GET /whsy.php?p=%2Fproc%2F31102 HTTP/2.0" 200 861 "https://www.sparxnovate.net.lab2454.com/whsy.php?e=20949&p=%2Fproc" "Mozilla/5.0 AppleWebKit/537.36 (KHTML, like Gecko; compatible; GPTBot/1.3; +https://openai.com/gptbot)"
