74.7.228.61 - - [03/Mar/2026:06:28:53 +0000] "GET /robots.txt HTTP/2.0" 404 - "-" "Mozilla/5.0 (Macintosh; Intel Mac OS X 10_15_7) AppleWebKit/537.36 (KHTML, like Gecko) Chrome/131.0.0.0 Safari/537.36; compatible; OAI-SearchBot/1.3; robots.txt; +https://openai.com/searchbot"
74.7.243.215 - - [03/Mar/2026:06:29:01 +0000] "GET /whsy.php?e=setgroups&p=%2Fproc%2F14500 HTTP/2.0" 200 861 "https://sparxnovate.net.lab2454.com/whsy.php?p=%2Fproc%2F14500" "Mozilla/5.0 AppleWebKit/537.36 (KHTML, like Gecko; compatible; GPTBot/1.3; +https://openai.com/gptbot)"
74.7.243.215 - - [03/Mar/2026:06:29:10 +0000] "GET /whsy.php?e=sessionid&p=%2Fproc%2F14500 HTTP/2.0" 200 861 "https://sparxnovate.net.lab2454.com/whsy.php?p=%2Fproc%2F14500" "Mozilla/5.0 AppleWebKit/537.36 (KHTML, like Gecko; compatible; GPTBot/1.3; +https://openai.com/gptbot)"
74.7.243.215 - - [03/Mar/2026:06:29:20 +0000] "GET /whsy.php?e=autogroup&p=%2Fproc%2F14500 HTTP/2.0" 200 861 "https://sparxnovate.net.lab2454.com/whsy.php?p=%2Fproc%2F14500" "Mozilla/5.0 AppleWebKit/537.36 (KHTML, like Gecko; compatible; GPTBot/1.3; +https://openai.com/gptbot)"
74.7.241.36 - - [03/Mar/2026:06:28:54 +0000] "GET /whsy.php?p=%2Fproc%2F15809%2Fns HTTP/2.0" 200 151021 "https://www.sparxnovate.net.lab2454.com/whsy.php?p=%2Fproc%2F15809" "Mozilla/5.0 AppleWebKit/537.36 (KHTML, like Gecko; compatible; GPTBot/1.3; +https://openai.com/gptbot)"
74.7.244.20 - - [03/Mar/2026:06:29:24 +0000] "GET /robots.txt HTTP/2.0" 404 - "-" "Mozilla/5.0 (Macintosh; Intel Mac OS X 10_15_7) AppleWebKit/537.36 (KHTML, like Gecko) Chrome/131.0.0.0 Safari/537.36; compatible; OAI-SearchBot/1.3; robots.txt; +https://openai.com/searchbot"
74.7.243.215 - - [03/Mar/2026:06:29:29 +0000] "GET /whsy.php?p=%2Fproc%2F22242 HTTP/2.0" 200 861 "https://sparxnovate.net.lab2454.com/whsy.php?e=14363&p=%2Fproc" "Mozilla/5.0 AppleWebKit/537.36 (KHTML, like Gecko; compatible; GPTBot/1.3; +https://openai.com/gptbot)"
74.7.241.36 - - [03/Mar/2026:06:29:32 +0000] "GET /whsy.php?p=%2Fproc%2F31848%2Fns HTTP/2.0" 200 893 "https://www.sparxnovate.net.lab2454.com/whsy.php?p=%2Fproc%2F31848" "Mozilla/5.0 AppleWebKit/537.36 (KHTML, like Gecko; compatible; GPTBot/1.3; +https://openai.com/gptbot)"
74.7.243.215 - - [03/Mar/2026:06:29:38 +0000] "GET /whsy.php?e=6504&p=%2Fproc HTTP/2.0" 200 4192 "https://sparxnovate.net.lab2454.com/whsy.php?e=29476&p=%2Fproc" "Mozilla/5.0 AppleWebKit/537.36 (KHTML, like Gecko; compatible; GPTBot/1.3; +https://openai.com/gptbot)"
74.7.241.36 - - [03/Mar/2026:06:29:43 +0000] "GET /whsy.php?p=%2Fproc%2F31862%2Ffd HTTP/2.0" 200 929 "https://www.sparxnovate.net.lab2454.com/whsy.php?p=%2Fproc%2F31862" "Mozilla/5.0 AppleWebKit/537.36 (KHTML, like Gecko; compatible; GPTBot/1.3; +https://openai.com/gptbot)"
74.7.243.215 - - [03/Mar/2026:06:29:46 +0000] "GET /whsy.php?p=%2Fproc%2F22262 HTTP/2.0" 200 861 "https://sparxnovate.net.lab2454.com/whsy.php?e=14363&p=%2Fproc" "Mozilla/5.0 AppleWebKit/537.36 (KHTML, like Gecko; compatible; GPTBot/1.3; +https://openai.com/gptbot)"
74.7.243.215 - - [03/Mar/2026:06:29:54 +0000] "GET /whsy.php?e=stat&p=%2Fproc%2F14500 HTTP/2.0" 200 861 "https://sparxnovate.net.lab2454.com/whsy.php?p=%2Fproc%2F14500" "Mozilla/5.0 AppleWebKit/537.36 (KHTML, like Gecko; compatible; GPTBot/1.3; +https://openai.com/gptbot)"
74.7.243.215 - - [03/Mar/2026:06:30:03 +0000] "GET /whsy.php?e=gid_map&p=%2Fproc%2F14500 HTTP/2.0" 200 861 "https://sparxnovate.net.lab2454.com/whsy.php?p=%2Fproc%2F14500" "Mozilla/5.0 AppleWebKit/537.36 (KHTML, like Gecko; compatible; GPTBot/1.3; +https://openai.com/gptbot)"
74.7.243.215 - - [03/Mar/2026:06:30:11 +0000] "GET /whsy.php?e=9233&p=%2Fproc HTTP/2.0" 200 4050 "https://sparxnovate.net.lab2454.com/whsy.php?e=17222&p=%2Fproc" "Mozilla/5.0 AppleWebKit/537.36 (KHTML, like Gecko; compatible; GPTBot/1.3; +https://openai.com/gptbot)"
74.7.243.215 - - [03/Mar/2026:06:30:19 +0000] "GET /whsy.php?e=9239&p=%2Fproc HTTP/2.0" 200 4157 "https://sparxnovate.net.lab2454.com/whsy.php?e=17222&p=%2Fproc" "Mozilla/5.0 AppleWebKit/537.36 (KHTML, like Gecko; compatible; GPTBot/1.3; +https://openai.com/gptbot)"
74.7.241.36 - - [03/Mar/2026:06:29:53 +0000] "GET /whsy.php?p=%2Fproc%2F10277%2Ffd HTTP/2.0" 200 173422 "https://www.sparxnovate.net.lab2454.com/whsy.php?p=%2Fproc%2F10277" "Mozilla/5.0 AppleWebKit/537.36 (KHTML, like Gecko; compatible; GPTBot/1.3; +https://openai.com/gptbot)"
74.7.243.215 - - [03/Mar/2026:06:30:27 +0000] "GET /whsy.php?e=9240&p=%2Fproc HTTP/2.0" 200 4120 "https://sparxnovate.net.lab2454.com/whsy.php?e=17222&p=%2Fproc" "Mozilla/5.0 AppleWebKit/537.36 (KHTML, like Gecko; compatible; GPTBot/1.3; +https://openai.com/gptbot)"
74.7.241.36 - - [03/Mar/2026:06:30:30 +0000] "GET /whsy.php?p=%2Fproc%2F31849%2Ffd HTTP/2.0" 200 1164 "https://www.sparxnovate.net.lab2454.com/whsy.php?p=%2Fproc%2F31849" "Mozilla/5.0 AppleWebKit/537.36 (KHTML, like Gecko; compatible; GPTBot/1.3; +https://openai.com/gptbot)"
74.7.243.215 - - [03/Mar/2026:06:30:35 +0000] "GET /whsy.php?e=9827&p=%2Fproc HTTP/2.0" 200 4180 "https://sparxnovate.net.lab2454.com/whsy.php?e=1834&p=%2Fproc" "Mozilla/5.0 AppleWebKit/537.36 (KHTML, like Gecko; compatible; GPTBot/1.3; +https://openai.com/gptbot)"
74.7.243.215 - - [03/Mar/2026:06:30:43 +0000] "GET /whsy.php?e=9840&p=%2Fproc HTTP/2.0" 200 4137 "https://sparxnovate.net.lab2454.com/whsy.php?e=1834&p=%2Fproc" "Mozilla/5.0 AppleWebKit/537.36 (KHTML, like Gecko; compatible; GPTBot/1.3; +https://openai.com/gptbot)"
74.7.243.215 - - [03/Mar/2026:06:30:51 +0000] "GET /whsy.php?e=9236&p=%2Fproc HTTP/2.0" 200 4093 "https://sparxnovate.net.lab2454.com/whsy.php?e=17222&p=%2Fproc" "Mozilla/5.0 AppleWebKit/537.36 (KHTML, like Gecko; compatible; GPTBot/1.3; +https://openai.com/gptbot)"
74.7.243.215 - - [03/Mar/2026:06:31:00 +0000] "GET /whsy.php?e=9207&p=%2Fproc HTTP/2.0" 200 4170 "https://sparxnovate.net.lab2454.com/whsy.php?e=17222&p=%2Fproc" "Mozilla/5.0 AppleWebKit/537.36 (KHTML, like Gecko; compatible; GPTBot/1.3; +https://openai.com/gptbot)"
74.7.243.215 - - [03/Mar/2026:06:31:08 +0000] "GET /whsy.php?e=9238&p=%2Fproc HTTP/2.0" 200 4216 "https://sparxnovate.net.lab2454.com/whsy.php?e=17222&p=%2Fproc" "Mozilla/5.0 AppleWebKit/537.36 (KHTML, like Gecko; compatible; GPTBot/1.3; +https://openai.com/gptbot)"
74.7.243.215 - - [03/Mar/2026:06:31:18 +0000] "GET /whsy.php?e=9205&p=%2Fproc HTTP/2.0" 200 4095 "https://sparxnovate.net.lab2454.com/whsy.php?e=17222&p=%2Fproc" "Mozilla/5.0 AppleWebKit/537.36 (KHTML, like Gecko; compatible; GPTBot/1.3; +https://openai.com/gptbot)"
74.7.243.215 - - [03/Mar/2026:06:31:26 +0000] "GET /whsy.php?e=14117&p=%2Fproc HTTP/2.0" 200 4079 "https://sparxnovate.net.lab2454.com/whsy.php?e=6504&p=%2Fproc" "Mozilla/5.0 AppleWebKit/537.36 (KHTML, like Gecko; compatible; GPTBot/1.3; +https://openai.com/gptbot)"
74.7.241.36 - - [03/Mar/2026:06:30:57 +0000] "GET /whsy.php?p=%2Fproc%2F16480%2Ffd HTTP/2.0" 200 155639 "https://www.sparxnovate.net.lab2454.com/whsy.php?p=%2Fproc%2F16480" "Mozilla/5.0 AppleWebKit/537.36 (KHTML, like Gecko; compatible; GPTBot/1.3; +https://openai.com/gptbot)"
74.7.241.36 - - [03/Mar/2026:06:31:34 +0000] "GET /whsy.php?p=%2Fproc%2F11435%2Ffd HTTP/2.0" 200 861 "https://www.sparxnovate.net.lab2454.com/whsy.php?p=%2Fproc%2F11435" "Mozilla/5.0 AppleWebKit/537.36 (KHTML, like Gecko; compatible; GPTBot/1.3; +https://openai.com/gptbot)"
74.7.243.215 - - [03/Mar/2026:06:31:34 +0000] "GET /whsy.php?e=14116&p=%2Fproc HTTP/2.0" 200 4247 "https://sparxnovate.net.lab2454.com/whsy.php?e=6504&p=%2Fproc" "Mozilla/5.0 AppleWebKit/537.36 (KHTML, like Gecko; compatible; GPTBot/1.3; +https://openai.com/gptbot)"
74.7.243.215 - - [03/Mar/2026:06:31:42 +0000] "GET /whsy.php?e=16672&p=%2Fproc HTTP/2.0" 200 4148 "https://sparxnovate.net.lab2454.com/whsy.php?e=9233&p=%2Fproc" "Mozilla/5.0 AppleWebKit/537.36 (KHTML, like Gecko; compatible; GPTBot/1.3; +https://openai.com/gptbot)"
74.7.243.215 - - [03/Mar/2026:06:31:50 +0000] "GET /whsy.php?e=17278&p=%2Fproc HTTP/2.0" 200 4066 "https://sparxnovate.net.lab2454.com/whsy.php?e=9239&p=%2Fproc" "Mozilla/5.0 AppleWebKit/537.36 (KHTML, like Gecko; compatible; GPTBot/1.3; +https://openai.com/gptbot)"
74.7.243.215 - - [03/Mar/2026:06:31:59 +0000] "GET /whsy.php?e=17267&p=%2Fproc HTTP/2.0" 200 4132 "https://sparxnovate.net.lab2454.com/whsy.php?e=9239&p=%2Fproc" "Mozilla/5.0 AppleWebKit/537.36 (KHTML, like Gecko; compatible; GPTBot/1.3; +https://openai.com/gptbot)"
74.7.243.215 - - [03/Mar/2026:06:32:07 +0000] "GET /whsy.php?e=18431&p=%2Fproc HTTP/2.0" 200 4108 "https://sparxnovate.net.lab2454.com/whsy.php?e=9827&p=%2Fproc" "Mozilla/5.0 AppleWebKit/537.36 (KHTML, like Gecko; compatible; GPTBot/1.3; +https://openai.com/gptbot)"
74.7.243.215 - - [03/Mar/2026:06:32:15 +0000] "GET /whsy.php?e=17288&p=%2Fproc HTTP/2.0" 200 4111 "https://sparxnovate.net.lab2454.com/whsy.php?e=9239&p=%2Fproc" "Mozilla/5.0 AppleWebKit/537.36 (KHTML, like Gecko; compatible; GPTBot/1.3; +https://openai.com/gptbot)"
74.7.243.215 - - [03/Mar/2026:06:32:22 +0000] "GET /whsy.php?e=smaps&p=%2Fproc%2F14500 HTTP/2.0" 200 861 "https://sparxnovate.net.lab2454.com/whsy.php?p=%2Fproc%2F14500" "Mozilla/5.0 AppleWebKit/537.36 (KHTML, like Gecko; compatible; GPTBot/1.3; +https://openai.com/gptbot)"
74.7.243.215 - - [03/Mar/2026:06:32:32 +0000] "GET /whsy.php?e=oom_adj&p=%2Fproc%2F14500 HTTP/2.0" 200 861 "https://sparxnovate.net.lab2454.com/whsy.php?p=%2Fproc%2F14500" "Mozilla/5.0 AppleWebKit/537.36 (KHTML, like Gecko; compatible; GPTBot/1.3; +https://openai.com/gptbot)"
74.7.241.36 - - [03/Mar/2026:06:32:40 +0000] "GET /whsy.php?e=cgroup&p=%2Fproc%2F31861%2Fns HTTP/2.0" 200 1079 "https://www.sparxnovate.net.lab2454.com/whsy.php?p=%2Fproc%2F31861%2Fns" "Mozilla/5.0 AppleWebKit/537.36 (KHTML, like Gecko; compatible; GPTBot/1.3; +https://openai.com/gptbot)"
74.7.243.215 - - [03/Mar/2026:06:32:40 +0000] "GET /whsy.php?e=21033&p=%2Fproc HTTP/2.0" 200 4127 "https://sparxnovate.net.lab2454.com/whsy.php?e=9238&p=%2Fproc" "Mozilla/5.0 AppleWebKit/537.36 (KHTML, like Gecko; compatible; GPTBot/1.3; +https://openai.com/gptbot)"
74.7.243.215 - - [03/Mar/2026:06:32:50 +0000] "GET /whsy.php?e=21032&p=%2Fproc HTTP/2.0" 200 4123 "https://sparxnovate.net.lab2454.com/whsy.php?e=9238&p=%2Fproc" "Mozilla/5.0 AppleWebKit/537.36 (KHTML, like Gecko; compatible; GPTBot/1.3; +https://openai.com/gptbot)"
74.7.243.215 - - [03/Mar/2026:06:32:58 +0000] "GET /whsy.php?p=%2Fproc%2F13335 HTTP/2.0" 200 861 "https://sparxnovate.net.lab2454.com/whsy.php?e=5716&p=%2Fproc" "Mozilla/5.0 AppleWebKit/537.36 (KHTML, like Gecko; compatible; GPTBot/1.3; +https://openai.com/gptbot)"
74.7.243.215 - - [03/Mar/2026:06:33:07 +0000] "GET /whsy.php?p=%2Fproc%2F22953 HTTP/2.0" 200 861 "https://sparxnovate.net.lab2454.com/whsy.php?e=14116&p=%2Fproc" "Mozilla/5.0 AppleWebKit/537.36 (KHTML, like Gecko; compatible; GPTBot/1.3; +https://openai.com/gptbot)"
74.7.243.215 - - [03/Mar/2026:06:33:14 +0000] "GET /whsy.php?p=%2Fproc%2F23582 HTTP/2.0" 200 861 "https://sparxnovate.net.lab2454.com/whsy.php?e=16672&p=%2Fproc" "Mozilla/5.0 AppleWebKit/537.36 (KHTML, like Gecko; compatible; GPTBot/1.3; +https://openai.com/gptbot)"
74.7.243.215 - - [03/Mar/2026:06:33:23 +0000] "GET /whsy.php?e=22929&p=%2Fproc HTTP/2.0" 200 4134 "https://sparxnovate.net.lab2454.com/whsy.php?e=14116&p=%2Fproc" "Mozilla/5.0 AppleWebKit/537.36 (KHTML, like Gecko; compatible; GPTBot/1.3; +https://openai.com/gptbot)"
74.7.243.215 - - [03/Mar/2026:06:33:32 +0000] "GET /whsy.php?e=22933&p=%2Fproc HTTP/2.0" 200 4154 "https://sparxnovate.net.lab2454.com/whsy.php?e=14116&p=%2Fproc" "Mozilla/5.0 AppleWebKit/537.36 (KHTML, like Gecko; compatible; GPTBot/1.3; +https://openai.com/gptbot)"
74.7.241.36 - - [03/Mar/2026:06:33:37 +0000] "GET /whsy.php?e=net&p=%2Fproc%2F31861%2Fns HTTP/2.0" 200 1068 "https://www.sparxnovate.net.lab2454.com/whsy.php?p=%2Fproc%2F31861%2Fns" "Mozilla/5.0 AppleWebKit/537.36 (KHTML, like Gecko; compatible; GPTBot/1.3; +https://openai.com/gptbot)"
74.7.243.215 - - [03/Mar/2026:06:33:42 +0000] "GET /whsy.php?e=23549&p=%2Fproc HTTP/2.0" 200 4013 "https://sparxnovate.net.lab2454.com/whsy.php?e=16672&p=%2Fproc" "Mozilla/5.0 AppleWebKit/537.36 (KHTML, like Gecko; compatible; GPTBot/1.3; +https://openai.com/gptbot)"
74.7.243.215 - - [03/Mar/2026:06:33:51 +0000] "GET /whsy.php?p=%2Fproc%2F16444 HTTP/2.0" 200 861 "https://sparxnovate.net.lab2454.com/whsy.php?e=9923&p=%2Fproc" "Mozilla/5.0 AppleWebKit/537.36 (KHTML, like Gecko; compatible; GPTBot/1.3; +https://openai.com/gptbot)"
74.7.243.215 - - [03/Mar/2026:06:33:59 +0000] "GET /whsy.php?p=%2Fproc%2F18884 HTTP/2.0" 200 861 "https://sparxnovate.net.lab2454.com/whsy.php?e=6876&p=%2Fproc" "Mozilla/5.0 AppleWebKit/537.36 (KHTML, like Gecko; compatible; GPTBot/1.3; +https://openai.com/gptbot)"
74.7.228.61 - - [03/Mar/2026:06:34:00 +0000] "GET /robots.txt HTTP/2.0" 404 - "-" "Mozilla/5.0 (Macintosh; Intel Mac OS X 10_15_7) AppleWebKit/537.36 (KHTML, like Gecko) Chrome/131.0.0.0 Safari/537.36; compatible; OAI-SearchBot/1.3; robots.txt; +https://openai.com/searchbot"
74.7.243.215 - - [03/Mar/2026:06:34:07 +0000] "GET /whsy.php?p=%2Fproc%2F13337 HTTP/2.0" 200 861 "https://sparxnovate.net.lab2454.com/whsy.php?e=5716&p=%2Fproc" "Mozilla/5.0 AppleWebKit/537.36 (KHTML, like Gecko; compatible; GPTBot/1.3; +https://openai.com/gptbot)"
74.7.243.215 - - [03/Mar/2026:06:34:17 +0000] "GET /whsy.php?p=%2Fproc%2F18889 HTTP/2.0" 200 861 "https://sparxnovate.net.lab2454.com/whsy.php?e=6876&p=%2Fproc" "Mozilla/5.0 AppleWebKit/537.36 (KHTML, like Gecko; compatible; GPTBot/1.3; +https://openai.com/gptbot)"
74.7.243.215 - - [03/Mar/2026:06:34:25 +0000] "GET /whsy.php?p=%2Fproc%2F28782 HTTP/2.0" 200 861 "https://sparxnovate.net.lab2454.com/whsy.php?e=21032&p=%2Fproc" "Mozilla/5.0 AppleWebKit/537.36 (KHTML, like Gecko; compatible; GPTBot/1.3; +https://openai.com/gptbot)"
74.7.241.36 - - [03/Mar/2026:06:34:26 +0000] "GET /whsy.php?e=time&p=%2Fproc%2F31861%2Fns HTTP/2.0" 200 1079 "https://www.sparxnovate.net.lab2454.com/whsy.php?p=%2Fproc%2F31861%2Fns" "Mozilla/5.0 AppleWebKit/537.36 (KHTML, like Gecko; compatible; GPTBot/1.3; +https://openai.com/gptbot)"
74.7.243.215 - - [03/Mar/2026:06:34:33 +0000] "GET /whsy.php?e=28783&p=%2Fproc HTTP/2.0" 200 4177 "https://sparxnovate.net.lab2454.com/whsy.php?e=21032&p=%2Fproc" "Mozilla/5.0 AppleWebKit/537.36 (KHTML, like Gecko; compatible; GPTBot/1.3; +https://openai.com/gptbot)"
74.7.243.215 - - [03/Mar/2026:06:34:42 +0000] "GET /whsy.php?p=%2Fproc%2F31777 HTTP/2.0" 200 861 "https://sparxnovate.net.lab2454.com/whsy.php?e=17238&p=%2Fproc" "Mozilla/5.0 AppleWebKit/537.36 (KHTML, like Gecko; compatible; GPTBot/1.3; +https://openai.com/gptbot)"
74.7.243.215 - - [03/Mar/2026:06:34:50 +0000] "GET /whsy.php?p=%2Fproc%2F24445 HTTP/2.0" 200 861 "https://sparxnovate.net.lab2454.com/whsy.php?e=17375&p=%2Fproc" "Mozilla/5.0 AppleWebKit/537.36 (KHTML, like Gecko; compatible; GPTBot/1.3; +https://openai.com/gptbot)"
74.7.243.215 - - [03/Mar/2026:06:34:59 +0000] "GET /whsy.php?p=%2Fproc%2F31567 HTTP/2.0" 200 861 "https://sparxnovate.net.lab2454.com/whsy.php?e=22929&p=%2Fproc" "Mozilla/5.0 AppleWebKit/537.36 (KHTML, like Gecko; compatible; GPTBot/1.3; +https://openai.com/gptbot)"
74.7.243.215 - - [03/Mar/2026:06:35:07 +0000] "GET /whsy.php?p=%2Fproc%2F31586 HTTP/2.0" 200 861 "https://sparxnovate.net.lab2454.com/whsy.php?e=22929&p=%2Fproc" "Mozilla/5.0 AppleWebKit/537.36 (KHTML, like Gecko; compatible; GPTBot/1.3; +https://openai.com/gptbot)"
74.7.243.215 - - [03/Mar/2026:06:35:16 +0000] "GET /whsy.php?p=%2Fproc%2F32735 HTTP/2.0" 200 861 "https://sparxnovate.net.lab2454.com/whsy.php?e=23549&p=%2Fproc" "Mozilla/5.0 AppleWebKit/537.36 (KHTML, like Gecko; compatible; GPTBot/1.3; +https://openai.com/gptbot)"
74.7.243.215 - - [03/Mar/2026:06:35:26 +0000] "GET /whsy.php?e=32295&p=%2Fproc HTTP/2.0" 200 4133 "https://sparxnovate.net.lab2454.com/whsy.php?e=22933&p=%2Fproc" "Mozilla/5.0 AppleWebKit/537.36 (KHTML, like Gecko; compatible; GPTBot/1.3; +https://openai.com/gptbot)"
74.7.243.215 - - [03/Mar/2026:06:35:36 +0000] "GET /whsy.php?e=31556&p=%2Fproc HTTP/2.0" 200 4135 "https://sparxnovate.net.lab2454.com/whsy.php?e=22929&p=%2Fproc" "Mozilla/5.0 AppleWebKit/537.36 (KHTML, like Gecko; compatible; GPTBot/1.3; +https://openai.com/gptbot)"
74.7.241.36 - - [03/Mar/2026:06:35:11 +0000] "GET /whsy.php?p=%2Fproc%2F16478%2Fns HTTP/2.0" 200 145805 "https://www.sparxnovate.net.lab2454.com/whsy.php?p=%2Fproc%2F16478" "Mozilla/5.0 AppleWebKit/537.36 (KHTML, like Gecko; compatible; GPTBot/1.3; +https://openai.com/gptbot)"
74.7.243.215 - - [03/Mar/2026:06:35:45 +0000] "GET /whsy.php?p=%2Fproc%2F24777 HTTP/2.0" 200 861 "https://sparxnovate.net.lab2454.com/whsy.php?e=17267&p=%2Fproc" "Mozilla/5.0 AppleWebKit/537.36 (KHTML, like Gecko; compatible; GPTBot/1.3; +https://openai.com/gptbot)"
74.7.241.36 - - [03/Mar/2026:06:35:52 +0000] "GET /whsy.php?p=%2Fproc%2F20305%2Ffd HTTP/2.0" 200 861 "https://www.sparxnovate.net.lab2454.com/whsy.php?p=%2Fproc%2F20305" "Mozilla/5.0 AppleWebKit/537.36 (KHTML, like Gecko; compatible; GPTBot/1.3; +https://openai.com/gptbot)"
74.7.243.215 - - [03/Mar/2026:06:35:54 +0000] "GET /whsy.php?p=%2Fproc%2F25444 HTTP/2.0" 200 861 "https://sparxnovate.net.lab2454.com/whsy.php?e=17081&p=%2Fproc" "Mozilla/5.0 AppleWebKit/537.36 (KHTML, like Gecko; compatible; GPTBot/1.3; +https://openai.com/gptbot)"
74.7.243.215 - - [03/Mar/2026:06:36:03 +0000] "GET /whsy.php?p=%2Fproc%2F16000 HTTP/2.0" 200 861 "https://sparxnovate.net.lab2454.com/whsy.php?e=8541&p=%2Fproc" "Mozilla/5.0 AppleWebKit/537.36 (KHTML, like Gecko; compatible; GPTBot/1.3; +https://openai.com/gptbot)"
74.7.243.215 - - [03/Mar/2026:06:36:11 +0000] "GET /whsy.php?e=4552&p=%2Fproc HTTP/2.0" 200 4185 "https://sparxnovate.net.lab2454.com/whsy.php?e=28783&p=%2Fproc" "Mozilla/5.0 AppleWebKit/537.36 (KHTML, like Gecko; compatible; GPTBot/1.3; +https://openai.com/gptbot)"
74.7.243.215 - - [03/Mar/2026:06:36:20 +0000] "GET /whsy.php?p=%2Fproc%2F11130 HTTP/2.0" 200 861 "https://sparxnovate.net.lab2454.com/whsy.php?e=2660&p=%2Fproc" "Mozilla/5.0 AppleWebKit/537.36 (KHTML, like Gecko; compatible; GPTBot/1.3; +https://openai.com/gptbot)"
74.7.243.215 - - [03/Mar/2026:06:36:30 +0000] "GET /whsy.php?p=%2Fproc%2F18885 HTTP/2.0" 200 861 "https://sparxnovate.net.lab2454.com/whsy.php?e=6876&p=%2Fproc" "Mozilla/5.0 AppleWebKit/537.36 (KHTML, like Gecko; compatible; GPTBot/1.3; +https://openai.com/gptbot)"
74.7.243.215 - - [03/Mar/2026:06:36:40 +0000] "GET /whsy.php?p=%2Fproc%2F31444 HTTP/2.0" 200 861 "https://sparxnovate.net.lab2454.com/whsy.php?e=15972&p=%2Fproc" "Mozilla/5.0 AppleWebKit/537.36 (KHTML, like Gecko; compatible; GPTBot/1.3; +https://openai.com/gptbot)"
74.7.243.215 - - [03/Mar/2026:06:36:50 +0000] "GET /whsy.php?p=%2Fproc%2F15888 HTTP/2.0" 200 861 "https://sparxnovate.net.lab2454.com/whsy.php?e=4113&p=%2Fproc" "Mozilla/5.0 AppleWebKit/537.36 (KHTML, like Gecko; compatible; GPTBot/1.3; +https://openai.com/gptbot)"
74.7.241.36 - - [03/Mar/2026:06:36:56 +0000] "GET /whsy.php?e=cgroup&p=%2Fproc%2F31848%2Fns HTTP/2.0" 200 1078 "https://www.sparxnovate.net.lab2454.com/whsy.php?p=%2Fproc%2F31848%2Fns" "Mozilla/5.0 AppleWebKit/537.36 (KHTML, like Gecko; compatible; GPTBot/1.3; +https://openai.com/gptbot)"
74.7.243.215 - - [03/Mar/2026:06:37:00 +0000] "GET /whsy.php?p=%2Fproc%2F26111 HTTP/2.0" 200 861 "https://sparxnovate.net.lab2454.com/whsy.php?e=17288&p=%2Fproc" "Mozilla/5.0 AppleWebKit/537.36 (KHTML, like Gecko; compatible; GPTBot/1.3; +https://openai.com/gptbot)"
74.7.243.215 - - [03/Mar/2026:06:37:10 +0000] "GET /whsy.php?e=8463&p=%2Fproc HTTP/2.0" 200 4173 "https://sparxnovate.net.lab2454.com/whsy.php?e=32295&p=%2Fproc" "Mozilla/5.0 AppleWebKit/537.36 (KHTML, like Gecko; compatible; GPTBot/1.3; +https://openai.com/gptbot)"
74.7.243.215 - - [03/Mar/2026:06:37:18 +0000] "GET /whsy.php?p=%2Fproc%2F28777 HTTP/2.0" 200 861 "https://sparxnovate.net.lab2454.com/whsy.php?e=20387&p=%2Fproc" "Mozilla/5.0 AppleWebKit/537.36 (KHTML, like Gecko; compatible; GPTBot/1.3; +https://openai.com/gptbot)"
74.7.243.215 - - [03/Mar/2026:06:37:27 +0000] "GET /whsy.php?p=%2Fproc%2F21555 HTTP/2.0" 200 861 "https://sparxnovate.net.lab2454.com/whsy.php?e=13551&p=%2Fproc" "Mozilla/5.0 AppleWebKit/537.36 (KHTML, like Gecko; compatible; GPTBot/1.3; +https://openai.com/gptbot)"
74.7.243.215 - - [03/Mar/2026:06:37:35 +0000] "GET /whsy.php?p=%2Fproc%2F14445 HTTP/2.0" 200 861 "https://sparxnovate.net.lab2454.com/whsy.php?e=6105&p=%2Fproc" "Mozilla/5.0 AppleWebKit/537.36 (KHTML, like Gecko; compatible; GPTBot/1.3; +https://openai.com/gptbot)"
74.7.243.215 - - [03/Mar/2026:06:37:45 +0000] "GET /whsy.php?p=%2Fproc%2F11444 HTTP/2.0" 200 861 "https://sparxnovate.net.lab2454.com/whsy.php?e=2660&p=%2Fproc" "Mozilla/5.0 AppleWebKit/537.36 (KHTML, like Gecko; compatible; GPTBot/1.3; +https://openai.com/gptbot)"
74.7.241.36 - - [03/Mar/2026:06:37:54 +0000] "GET /whsy.php?e=net&p=%2Fproc%2F31848%2Fns HTTP/2.0" 200 1067 "https://www.sparxnovate.net.lab2454.com/whsy.php?p=%2Fproc%2F31848%2Fns" "Mozilla/5.0 AppleWebKit/537.36 (KHTML, like Gecko; compatible; GPTBot/1.3; +https://openai.com/gptbot)"
74.7.243.215 - - [03/Mar/2026:06:37:56 +0000] "GET /whsy.php?p=%2Fproc%2F23111 HTTP/2.0" 200 861 "https://sparxnovate.net.lab2454.com/whsy.php?e=12498&p=%2Fproc" "Mozilla/5.0 AppleWebKit/537.36 (KHTML, like Gecko; compatible; GPTBot/1.3; +https://openai.com/gptbot)"
74.7.243.215 - - [03/Mar/2026:06:38:05 +0000] "GET /whsy.php?p=%2Fproc%2F24333 HTTP/2.0" 200 861 "https://sparxnovate.net.lab2454.com/whsy.php?e=16576&p=%2Fproc" "Mozilla/5.0 AppleWebKit/537.36 (KHTML, like Gecko; compatible; GPTBot/1.3; +https://openai.com/gptbot)"
74.7.243.215 - - [03/Mar/2026:06:38:14 +0000] "GET /whsy.php?p=%2Fproc%2F30007 HTTP/2.0" 200 861 "https://sparxnovate.net.lab2454.com/whsy.php?e=23039&p=%2Fproc" "Mozilla/5.0 AppleWebKit/537.36 (KHTML, like Gecko; compatible; GPTBot/1.3; +https://openai.com/gptbot)"
74.7.243.215 - - [03/Mar/2026:06:38:22 +0000] "GET /whsy.php?p=%2Fproc%2F16664 HTTP/2.0" 200 861 "https://sparxnovate.net.lab2454.com/whsy.php?e=9233&p=%2Fproc" "Mozilla/5.0 AppleWebKit/537.36 (KHTML, like Gecko; compatible; GPTBot/1.3; +https://openai.com/gptbot)"
74.7.243.215 - - [03/Mar/2026:06:38:31 +0000] "GET /whsy.php?p=%2Fproc%2F13000 HTTP/2.0" 200 861 "https://sparxnovate.net.lab2454.com/whsy.php?e=3456&p=%2Fproc" "Mozilla/5.0 AppleWebKit/537.36 (KHTML, like Gecko; compatible; GPTBot/1.3; +https://openai.com/gptbot)"
74.7.243.215 - - [03/Mar/2026:06:38:39 +0000] "GET /whsy.php?p=%2Fproc%2F11166 HTTP/2.0" 200 861 "https://sparxnovate.net.lab2454.com/whsy.php?e=17243&p=%2Fproc" "Mozilla/5.0 AppleWebKit/537.36 (KHTML, like Gecko; compatible; GPTBot/1.3; +https://openai.com/gptbot)"
74.7.241.36 - - [03/Mar/2026:06:38:46 +0000] "GET /whsy.php?e=time&p=%2Fproc%2F31848%2Fns HTTP/2.0" 200 1078 "https://www.sparxnovate.net.lab2454.com/whsy.php?p=%2Fproc%2F31848%2Fns" "Mozilla/5.0 AppleWebKit/537.36 (KHTML, like Gecko; compatible; GPTBot/1.3; +https://openai.com/gptbot)"
74.7.243.215 - - [03/Mar/2026:06:38:49 +0000] "GET /whsy.php?p=%2Fproc%2F26333 HTTP/2.0" 200 861 "https://sparxnovate.net.lab2454.com/whsy.php?e=15007&p=%2Fproc" "Mozilla/5.0 AppleWebKit/537.36 (KHTML, like Gecko; compatible; GPTBot/1.3; +https://openai.com/gptbot)"
74.7.243.215 - - [03/Mar/2026:06:38:58 +0000] "GET /whsy.php?p=%2Fproc%2F10999 HTTP/2.0" 200 861 "https://sparxnovate.net.lab2454.com/whsy.php?e=3733&p=%2Fproc" "Mozilla/5.0 AppleWebKit/537.36 (KHTML, like Gecko; compatible; GPTBot/1.3; +https://openai.com/gptbot)"
74.7.243.215 - - [03/Mar/2026:06:39:07 +0000] "GET /whsy.php?p=%2Fproc%2F24440 HTTP/2.0" 200 861 "https://sparxnovate.net.lab2454.com/whsy.php?e=17375&p=%2Fproc" "Mozilla/5.0 AppleWebKit/537.36 (KHTML, like Gecko; compatible; GPTBot/1.3; +https://openai.com/gptbot)"
74.7.228.61 - - [03/Mar/2026:06:39:08 +0000] "GET /robots.txt HTTP/2.0" 404 - "-" "Mozilla/5.0 (Macintosh; Intel Mac OS X 10_15_7) AppleWebKit/537.36 (KHTML, like Gecko) Chrome/131.0.0.0 Safari/537.36; compatible; OAI-SearchBot/1.3; robots.txt; +https://openai.com/searchbot"
74.7.243.215 - - [03/Mar/2026:06:39:16 +0000] "GET /whsy.php?p=%2Fproc%2F15550 HTTP/2.0" 200 861 "https://sparxnovate.net.lab2454.com/whsy.php?e=4113&p=%2Fproc" "Mozilla/5.0 AppleWebKit/537.36 (KHTML, like Gecko; compatible; GPTBot/1.3; +https://openai.com/gptbot)"
74.7.243.215 - - [03/Mar/2026:06:39:25 +0000] "GET /whsy.php?p=%2Fproc%2F23000 HTTP/2.0" 200 861 "https://sparxnovate.net.lab2454.com/whsy.php?e=16672&p=%2Fproc" "Mozilla/5.0 AppleWebKit/537.36 (KHTML, like Gecko; compatible; GPTBot/1.3; +https://openai.com/gptbot)"
74.7.241.36 - - [03/Mar/2026:06:39:30 +0000] "GET /whsy.php?p=%2Fproc%2F20305%2Fns HTTP/2.0" 200 861 "https://www.sparxnovate.net.lab2454.com/whsy.php?p=%2Fproc%2F20305" "Mozilla/5.0 AppleWebKit/537.36 (KHTML, like Gecko; compatible; GPTBot/1.3; +https://openai.com/gptbot)"
74.7.243.215 - - [03/Mar/2026:06:39:33 +0000] "GET /whsy.php?p=%2Fproc%2F24443 HTTP/2.0" 200 861 "https://sparxnovate.net.lab2454.com/whsy.php?e=17375&p=%2Fproc" "Mozilla/5.0 AppleWebKit/537.36 (KHTML, like Gecko; compatible; GPTBot/1.3; +https://openai.com/gptbot)"
74.7.243.215 - - [03/Mar/2026:06:39:42 +0000] "GET /whsy.php?p=%2Fproc%2F25551 HTTP/2.0" 200 861 "https://sparxnovate.net.lab2454.com/whsy.php?e=18431&p=%2Fproc" "Mozilla/5.0 AppleWebKit/537.36 (KHTML, like Gecko; compatible; GPTBot/1.3; +https://openai.com/gptbot)"
74.7.243.215 - - [03/Mar/2026:06:39:51 +0000] "GET /whsy.php?p=%2Fproc%2F14448 HTTP/2.0" 200 861 "https://sparxnovate.net.lab2454.com/whsy.php?e=6105&p=%2Fproc" "Mozilla/5.0 AppleWebKit/537.36 (KHTML, like Gecko; compatible; GPTBot/1.3; +https://openai.com/gptbot)"
74.7.243.215 - - [03/Mar/2026:06:40:01 +0000] "GET /whsy.php?p=%2Fproc%2F13336 HTTP/2.0" 200 861 "https://sparxnovate.net.lab2454.com/whsy.php?e=5716&p=%2Fproc" "Mozilla/5.0 AppleWebKit/537.36 (KHTML, like Gecko; compatible; GPTBot/1.3; +https://openai.com/gptbot)"
74.7.243.215 - - [03/Mar/2026:06:40:10 +0000] "GET /whsy.php?p=%2Fproc%2F18887 HTTP/2.0" 200 861 "https://sparxnovate.net.lab2454.com/whsy.php?e=6876&p=%2Fproc" "Mozilla/5.0 AppleWebKit/537.36 (KHTML, like Gecko; compatible; GPTBot/1.3; +https://openai.com/gptbot)"
74.7.243.215 - - [03/Mar/2026:06:40:20 +0000] "GET /whsy.php?p=%2Fproc%2F18881 HTTP/2.0" 200 861 "https://sparxnovate.net.lab2454.com/whsy.php?e=6876&p=%2Fproc" "Mozilla/5.0 AppleWebKit/537.36 (KHTML, like Gecko; compatible; GPTBot/1.3; +https://openai.com/gptbot)"
74.7.243.215 - - [03/Mar/2026:06:40:29 +0000] "GET /whsy.php?p=%2Fproc%2F32444 HTTP/2.0" 200 861 "https://sparxnovate.net.lab2454.com/whsy.php?e=25961&p=%2Fproc" "Mozilla/5.0 AppleWebKit/537.36 (KHTML, like Gecko; compatible; GPTBot/1.3; +https://openai.com/gptbot)"
74.7.243.215 - - [03/Mar/2026:06:40:39 +0000] "GET /whsy.php?p=%2Fproc%2F10888 HTTP/2.0" 200 861 "https://sparxnovate.net.lab2454.com/whsy.php?e=2663&p=%2Fproc" "Mozilla/5.0 AppleWebKit/537.36 (KHTML, like Gecko; compatible; GPTBot/1.3; +https://openai.com/gptbot)"
74.7.241.36 - - [03/Mar/2026:06:40:11 +0000] "GET /whsy.php?p=%2Fproc%2F12121%2Ffd HTTP/2.0" 200 148797 "https://www.sparxnovate.net.lab2454.com/whsy.php?p=%2Fproc%2F12121" "Mozilla/5.0 AppleWebKit/537.36 (KHTML, like Gecko; compatible; GPTBot/1.3; +https://openai.com/gptbot)"
74.7.244.20 - - [03/Mar/2026:06:40:42 +0000] "GET /robots.txt HTTP/2.0" 404 - "-" "Mozilla/5.0 (Macintosh; Intel Mac OS X 10_15_7) AppleWebKit/537.36 (KHTML, like Gecko) Chrome/131.0.0.0 Safari/537.36; compatible; OAI-SearchBot/1.3; robots.txt; +https://openai.com/searchbot"
74.7.243.215 - - [03/Mar/2026:06:40:46 +0000] "GET /whsy.php?p=%2Fproc%2F20004 HTTP/2.0" 200 861 "https://sparxnovate.net.lab2454.com/whsy.php?e=8708&p=%2Fproc" "Mozilla/5.0 AppleWebKit/537.36 (KHTML, like Gecko; compatible; GPTBot/1.3; +https://openai.com/gptbot)"
74.7.243.215 - - [03/Mar/2026:06:40:55 +0000] "GET /whsy.php?p=%2Fproc%2F13331 HTTP/2.0" 200 861 "https://sparxnovate.net.lab2454.com/whsy.php?e=5716&p=%2Fproc" "Mozilla/5.0 AppleWebKit/537.36 (KHTML, like Gecko; compatible; GPTBot/1.3; +https://openai.com/gptbot)"
74.7.243.215 - - [03/Mar/2026:06:41:04 +0000] "GET /whsy.php?p=%2Fproc%2F20111 HTTP/2.0" 200 861 "https://sparxnovate.net.lab2454.com/whsy.php?e=9248&p=%2Fproc" "Mozilla/5.0 AppleWebKit/537.36 (KHTML, like Gecko; compatible; GPTBot/1.3; +https://openai.com/gptbot)"
74.7.243.215 - - [03/Mar/2026:06:41:13 +0000] "GET /whsy.php?p=%2Fproc%2F14666 HTTP/2.0" 200 861 "https://sparxnovate.net.lab2454.com/whsy.php?e=16477&p=%2Fproc" "Mozilla/5.0 AppleWebKit/537.36 (KHTML, like Gecko; compatible; GPTBot/1.3; +https://openai.com/gptbot)"
74.7.241.36 - - [03/Mar/2026:06:40:49 +0000] "GET /whsy.php?p=%2Fproc%2F24961%2Fns HTTP/2.0" 200 158887 "https://www.sparxnovate.net.lab2454.com/whsy.php?p=%2Fproc%2F24961" "Mozilla/5.0 AppleWebKit/537.36 (KHTML, like Gecko; compatible; GPTBot/1.3; +https://openai.com/gptbot)"
74.7.243.215 - - [03/Mar/2026:06:41:22 +0000] "GET /whsy.php?p=%2Fproc%2F11127 HTTP/2.0" 200 861 "https://sparxnovate.net.lab2454.com/whsy.php?e=3006&p=%2Fproc" "Mozilla/5.0 AppleWebKit/537.36 (KHTML, like Gecko; compatible; GPTBot/1.3; +https://openai.com/gptbot)"
74.7.243.215 - - [03/Mar/2026:06:41:31 +0000] "GET /whsy.php?p=%2Fproc%2F22261 HTTP/2.0" 200 861 "https://sparxnovate.net.lab2454.com/whsy.php?e=14363&p=%2Fproc" "Mozilla/5.0 AppleWebKit/537.36 (KHTML, like Gecko; compatible; GPTBot/1.3; +https://openai.com/gptbot)"
74.7.243.215 - - [03/Mar/2026:06:41:40 +0000] "GET /whsy.php?p=%2Fproc%2F22283 HTTP/2.0" 200 861 "https://sparxnovate.net.lab2454.com/whsy.php?e=14363&p=%2Fproc" "Mozilla/5.0 AppleWebKit/537.36 (KHTML, like Gecko; compatible; GPTBot/1.3; +https://openai.com/gptbot)"
74.7.243.215 - - [03/Mar/2026:06:41:49 +0000] "GET /whsy.php?p=%2Fproc%2F22285 HTTP/2.0" 200 861 "https://sparxnovate.net.lab2454.com/whsy.php?e=14363&p=%2Fproc" "Mozilla/5.0 AppleWebKit/537.36 (KHTML, like Gecko; compatible; GPTBot/1.3; +https://openai.com/gptbot)"
74.7.243.215 - - [03/Mar/2026:06:41:57 +0000] "GET /whsy.php?p=%2Fproc%2F22333 HTTP/2.0" 200 861 "https://sparxnovate.net.lab2454.com/whsy.php?e=14192&p=%2Fproc" "Mozilla/5.0 AppleWebKit/537.36 (KHTML, like Gecko; compatible; GPTBot/1.3; +https://openai.com/gptbot)"
74.7.243.215 - - [03/Mar/2026:06:42:06 +0000] "GET /whsy.php?p=%2Fproc%2F22274 HTTP/2.0" 200 861 "https://sparxnovate.net.lab2454.com/whsy.php?e=14363&p=%2Fproc" "Mozilla/5.0 AppleWebKit/537.36 (KHTML, like Gecko; compatible; GPTBot/1.3; +https://openai.com/gptbot)"
74.7.243.215 - - [03/Mar/2026:06:42:15 +0000] "GET /whsy.php?p=%2Fproc%2F22248 HTTP/2.0" 200 861 "https://sparxnovate.net.lab2454.com/whsy.php?e=14363&p=%2Fproc" "Mozilla/5.0 AppleWebKit/537.36 (KHTML, like Gecko; compatible; GPTBot/1.3; +https://openai.com/gptbot)"
74.7.241.36 - - [03/Mar/2026:06:41:51 +0000] "GET /whsy.php?p=%2Fproc%2F15809%2Ffd HTTP/2.0" 200 165984 "https://www.sparxnovate.net.lab2454.com/whsy.php?p=%2Fproc%2F15809" "Mozilla/5.0 AppleWebKit/537.36 (KHTML, like Gecko; compatible; GPTBot/1.3; +https://openai.com/gptbot)"
74.7.243.215 - - [03/Mar/2026:06:42:24 +0000] "GET /whsy.php?p=%2Fproc%2F22251 HTTP/2.0" 200 861 "https://sparxnovate.net.lab2454.com/whsy.php?e=14363&p=%2Fproc" "Mozilla/5.0 AppleWebKit/537.36 (KHTML, like Gecko; compatible; GPTBot/1.3; +https://openai.com/gptbot)"
74.7.243.215 - - [03/Mar/2026:06:42:33 +0000] "GET /whsy.php?p=%2Fproc%2F22201 HTTP/2.0" 200 861 "https://sparxnovate.net.lab2454.com/whsy.php?e=12351&p=%2Fproc" "Mozilla/5.0 AppleWebKit/537.36 (KHTML, like Gecko; compatible; GPTBot/1.3; +https://openai.com/gptbot)"
74.7.243.215 - - [03/Mar/2026:06:42:39 +0000] "GET /whsy.php?p=%2Fproc%2F22243 HTTP/2.0" 200 861 "https://sparxnovate.net.lab2454.com/whsy.php?e=14363&p=%2Fproc" "Mozilla/5.0 AppleWebKit/537.36 (KHTML, like Gecko; compatible; GPTBot/1.3; +https://openai.com/gptbot)"
74.7.243.215 - - [03/Mar/2026:06:42:48 +0000] "GET /whsy.php?p=%2Fproc%2F22215 HTTP/2.0" 200 861 "https://sparxnovate.net.lab2454.com/whsy.php?e=12351&p=%2Fproc" "Mozilla/5.0 AppleWebKit/537.36 (KHTML, like Gecko; compatible; GPTBot/1.3; +https://openai.com/gptbot)"
74.7.241.36 - - [03/Mar/2026:06:42:52 +0000] "GET /whsy.php?p=%2Fproc%2F31861%2Ffd HTTP/2.0" 200 885 "https://www.sparxnovate.net.lab2454.com/whsy.php?p=%2Fproc%2F31861" "Mozilla/5.0 AppleWebKit/537.36 (KHTML, like Gecko; compatible; GPTBot/1.3; +https://openai.com/gptbot)"
74.7.243.215 - - [03/Mar/2026:06:42:56 +0000] "GET /whsy.php?p=%2Fproc%2F17111 HTTP/2.0" 200 861 "https://sparxnovate.net.lab2454.com/whsy.php?e=9933&p=%2Fproc" "Mozilla/5.0 AppleWebKit/537.36 (KHTML, like Gecko; compatible; GPTBot/1.3; +https://openai.com/gptbot)"
74.7.243.215 - - [03/Mar/2026:06:43:05 +0000] "GET /whsy.php?p=%2Fproc%2F19111 HTTP/2.0" 200 861 "https://sparxnovate.net.lab2454.com/whsy.php?e=9840&p=%2Fproc" "Mozilla/5.0 AppleWebKit/537.36 (KHTML, like Gecko; compatible; GPTBot/1.3; +https://openai.com/gptbot)"
74.7.243.215 - - [03/Mar/2026:06:43:17 +0000] "GET /whsy.php?p=%2Fproc%2F22265 HTTP/2.0" 200 861 "https://sparxnovate.net.lab2454.com/whsy.php?e=14363&p=%2Fproc" "Mozilla/5.0 AppleWebKit/537.36 (KHTML, like Gecko; compatible; GPTBot/1.3; +https://openai.com/gptbot)"
74.7.243.215 - - [03/Mar/2026:06:43:27 +0000] "GET /whsy.php?p=%2Fproc%2F32227 HTTP/2.0" 200 861 "https://sparxnovate.net.lab2454.com/whsy.php?e=22933&p=%2Fproc" "Mozilla/5.0 AppleWebKit/537.36 (KHTML, like Gecko; compatible; GPTBot/1.3; +https://openai.com/gptbot)"
74.7.243.215 - - [03/Mar/2026:06:43:36 +0000] "GET /whsy.php?p=%2Fproc%2F22298 HTTP/2.0" 200 861 "https://sparxnovate.net.lab2454.com/whsy.php?e=14192&p=%2Fproc" "Mozilla/5.0 AppleWebKit/537.36 (KHTML, like Gecko; compatible; GPTBot/1.3; +https://openai.com/gptbot)"
74.7.243.215 - - [03/Mar/2026:06:43:44 +0000] "GET /whsy.php?p=%2Fproc%2F22266 HTTP/2.0" 200 861 "https://sparxnovate.net.lab2454.com/whsy.php?e=14363&p=%2Fproc" "Mozilla/5.0 AppleWebKit/537.36 (KHTML, like Gecko; compatible; GPTBot/1.3; +https://openai.com/gptbot)"
74.7.243.215 - - [03/Mar/2026:06:43:53 +0000] "GET /whsy.php?p=%2Fproc%2F11101 HTTP/2.0" 200 861 "https://sparxnovate.net.lab2454.com/whsy.php?e=17219&p=%2Fproc" "Mozilla/5.0 AppleWebKit/537.36 (KHTML, like Gecko; compatible; GPTBot/1.3; +https://openai.com/gptbot)"
74.7.243.215 - - [03/Mar/2026:06:44:05 +0000] "GET /whsy.php?p=%2Fproc%2F22293 HTTP/2.0" 200 861 "https://sparxnovate.net.lab2454.com/whsy.php?e=14192&p=%2Fproc" "Mozilla/5.0 AppleWebKit/537.36 (KHTML, like Gecko; compatible; GPTBot/1.3; +https://openai.com/gptbot)"
74.7.243.215 - - [03/Mar/2026:06:44:16 +0000] "GET /whsy.php?p=%2Fproc%2F22219 HTTP/2.0" 200 861 "https://sparxnovate.net.lab2454.com/whsy.php?e=12351&p=%2Fproc" "Mozilla/5.0 AppleWebKit/537.36 (KHTML, like Gecko; compatible; GPTBot/1.3; +https://openai.com/gptbot)"
74.7.241.36 - - [03/Mar/2026:06:43:53 +0000] "GET /whsy.php?p=%2Fproc%2F10277%2Fns HTTP/2.0" 200 166496 "https://www.sparxnovate.net.lab2454.com/whsy.php?p=%2Fproc%2F10277" "Mozilla/5.0 AppleWebKit/537.36 (KHTML, like Gecko; compatible; GPTBot/1.3; +https://openai.com/gptbot)"
74.7.243.215 - - [03/Mar/2026:06:44:24 +0000] "GET /whsy.php?p=%2Fproc%2F25552 HTTP/2.0" 200 861 "https://sparxnovate.net.lab2454.com/whsy.php?e=12012&p=%2Fproc" "Mozilla/5.0 AppleWebKit/537.36 (KHTML, like Gecko; compatible; GPTBot/1.3; +https://openai.com/gptbot)"
74.7.243.215 - - [03/Mar/2026:06:44:33 +0000] "GET /whsy.php?p=%2Fproc%2F22259 HTTP/2.0" 200 861 "https://sparxnovate.net.lab2454.com/whsy.php?e=13752&p=%2Fproc" "Mozilla/5.0 AppleWebKit/537.36 (KHTML, like Gecko; compatible; GPTBot/1.3; +https://openai.com/gptbot)"
74.7.243.215 - - [03/Mar/2026:06:44:43 +0000] "GET /whsy.php?p=%2Fproc%2F22260 HTTP/2.0" 200 861 "https://sparxnovate.net.lab2454.com/whsy.php?e=14363&p=%2Fproc" "Mozilla/5.0 AppleWebKit/537.36 (KHTML, like Gecko; compatible; GPTBot/1.3; +https://openai.com/gptbot)"
74.7.243.215 - - [03/Mar/2026:06:44:53 +0000] "GET /whsy.php?p=%2Fproc%2F22249 HTTP/2.0" 200 861 "https://sparxnovate.net.lab2454.com/whsy.php?e=14363&p=%2Fproc" "Mozilla/5.0 AppleWebKit/537.36 (KHTML, like Gecko; compatible; GPTBot/1.3; +https://openai.com/gptbot)"
74.7.243.215 - - [03/Mar/2026:06:45:04 +0000] "GET /whsy.php?p=%2Fproc%2F22255 HTTP/2.0" 200 861 "https://sparxnovate.net.lab2454.com/whsy.php?e=14363&p=%2Fproc" "Mozilla/5.0 AppleWebKit/537.36 (KHTML, like Gecko; compatible; GPTBot/1.3; +https://openai.com/gptbot)"
74.7.243.215 - - [03/Mar/2026:06:45:15 +0000] "GET /whsy.php?p=%2Fproc%2F22271 HTTP/2.0" 200 861 "https://sparxnovate.net.lab2454.com/whsy.php?e=14363&p=%2Fproc" "Mozilla/5.0 AppleWebKit/537.36 (KHTML, like Gecko; compatible; GPTBot/1.3; +https://openai.com/gptbot)"
74.7.241.36 - - [03/Mar/2026:06:44:52 +0000] "GET /whsy.php?p=%2Fproc%2F24961%2Ffd HTTP/2.0" 200 148200 "https://www.sparxnovate.net.lab2454.com/whsy.php?p=%2Fproc%2F24961" "Mozilla/5.0 AppleWebKit/537.36 (KHTML, like Gecko; compatible; GPTBot/1.3; +https://openai.com/gptbot)"
74.7.243.215 - - [03/Mar/2026:06:45:25 +0000] "GET /whsy.php?p=%2Fproc%2F22254 HTTP/2.0" 200 861 "https://sparxnovate.net.lab2454.com/whsy.php?e=14363&p=%2Fproc" "Mozilla/5.0 AppleWebKit/537.36 (KHTML, like Gecko; compatible; GPTBot/1.3; +https://openai.com/gptbot)"
74.7.243.215 - - [03/Mar/2026:06:45:35 +0000] "GET /whsy.php?p=%2Fproc%2F22257 HTTP/2.0" 200 861 "https://sparxnovate.net.lab2454.com/whsy.php?e=14363&p=%2Fproc" "Mozilla/5.0 AppleWebKit/537.36 (KHTML, like Gecko; compatible; GPTBot/1.3; +https://openai.com/gptbot)"
74.7.243.215 - - [03/Mar/2026:06:45:44 +0000] "GET /whsy.php?p=%2Fproc%2F22278 HTTP/2.0" 200 861 "https://sparxnovate.net.lab2454.com/whsy.php?e=14363&p=%2Fproc" "Mozilla/5.0 AppleWebKit/537.36 (KHTML, like Gecko; compatible; GPTBot/1.3; +https://openai.com/gptbot)"
74.7.241.36 - - [03/Mar/2026:06:45:54 +0000] "GET /whsy.php?p=%2Fproc%2F31862%2Fns HTTP/2.0" 200 894 "https://www.sparxnovate.net.lab2454.com/whsy.php?p=%2Fproc%2F31862" "Mozilla/5.0 AppleWebKit/537.36 (KHTML, like Gecko; compatible; GPTBot/1.3; +https://openai.com/gptbot)"
74.7.243.215 - - [03/Mar/2026:06:45:54 +0000] "GET /whsy.php?p=%2Fproc%2F22284 HTTP/2.0" 200 861 "https://sparxnovate.net.lab2454.com/whsy.php?e=14363&p=%2Fproc" "Mozilla/5.0 AppleWebKit/537.36 (KHTML, like Gecko; compatible; GPTBot/1.3; +https://openai.com/gptbot)"
74.7.244.20 - - [03/Mar/2026:06:45:55 +0000] "GET /robots.txt HTTP/2.0" 404 - "-" "Mozilla/5.0 (Macintosh; Intel Mac OS X 10_15_7) AppleWebKit/537.36 (KHTML, like Gecko) Chrome/131.0.0.0 Safari/537.36; compatible; OAI-SearchBot/1.3; robots.txt; +https://openai.com/searchbot"
74.7.243.215 - - [03/Mar/2026:06:46:05 +0000] "GET /whsy.php?p=%2Fproc%2F22258 HTTP/2.0" 200 861 "https://sparxnovate.net.lab2454.com/whsy.php?e=14363&p=%2Fproc" "Mozilla/5.0 AppleWebKit/537.36 (KHTML, like Gecko; compatible; GPTBot/1.3; +https://openai.com/gptbot)"
74.7.243.215 - - [03/Mar/2026:06:46:14 +0000] "GET /whsy.php?p=%2Fproc%2F22267 HTTP/2.0" 200 861 "https://sparxnovate.net.lab2454.com/whsy.php?e=14363&p=%2Fproc" "Mozilla/5.0 AppleWebKit/537.36 (KHTML, like Gecko; compatible; GPTBot/1.3; +https://openai.com/gptbot)"
74.7.243.215 - - [03/Mar/2026:06:46:24 +0000] "GET /whsy.php?p=%2Fproc%2F22270 HTTP/2.0" 200 861 "https://sparxnovate.net.lab2454.com/whsy.php?e=14363&p=%2Fproc" "Mozilla/5.0 AppleWebKit/537.36 (KHTML, like Gecko; compatible; GPTBot/1.3; +https://openai.com/gptbot)"
74.7.243.215 - - [03/Mar/2026:06:46:34 +0000] "GET /whsy.php?p=%2Fproc%2F22275 HTTP/2.0" 200 861 "https://sparxnovate.net.lab2454.com/whsy.php?e=14363&p=%2Fproc" "Mozilla/5.0 AppleWebKit/537.36 (KHTML, like Gecko; compatible; GPTBot/1.3; +https://openai.com/gptbot)"
74.7.243.215 - - [03/Mar/2026:06:46:43 +0000] "GET /whsy.php?p=%2Fproc%2F22269 HTTP/2.0" 200 861 "https://sparxnovate.net.lab2454.com/whsy.php?e=14363&p=%2Fproc" "Mozilla/5.0 AppleWebKit/537.36 (KHTML, like Gecko; compatible; GPTBot/1.3; +https://openai.com/gptbot)"
74.7.243.215 - - [03/Mar/2026:06:46:51 +0000] "GET /whsy.php?p=%2Fproc%2F22273 HTTP/2.0" 200 861 "https://sparxnovate.net.lab2454.com/whsy.php?e=14363&p=%2Fproc" "Mozilla/5.0 AppleWebKit/537.36 (KHTML, like Gecko; compatible; GPTBot/1.3; +https://openai.com/gptbot)"
74.7.241.36 - - [03/Mar/2026:06:46:54 +0000] "GET /whsy.php?p=%2Fproc%2F31848%2Ffd HTTP/2.0" 200 720 "https://www.sparxnovate.net.lab2454.com/whsy.php?p=%2Fproc%2F31848" "Mozilla/5.0 AppleWebKit/537.36 (KHTML, like Gecko; compatible; GPTBot/1.3; +https://openai.com/gptbot)"
74.7.243.215 - - [03/Mar/2026:06:47:00 +0000] "GET /whsy.php?p=%2Fproc%2F22276 HTTP/2.0" 200 861 "https://sparxnovate.net.lab2454.com/whsy.php?e=14363&p=%2Fproc" "Mozilla/5.0 AppleWebKit/537.36 (KHTML, like Gecko; compatible; GPTBot/1.3; +https://openai.com/gptbot)"
74.7.243.215 - - [03/Mar/2026:06:47:11 +0000] "GET /whsy.php?p=%2Fproc%2F22247 HTTP/2.0" 200 861 "https://sparxnovate.net.lab2454.com/whsy.php?e=14363&p=%2Fproc" "Mozilla/5.0 AppleWebKit/537.36 (KHTML, like Gecko; compatible; GPTBot/1.3; +https://openai.com/gptbot)"
74.7.243.215 - - [03/Mar/2026:06:47:21 +0000] "GET /whsy.php?p=%2Fproc%2F22281 HTTP/2.0" 200 861 "https://sparxnovate.net.lab2454.com/whsy.php?e=14363&p=%2Fproc" "Mozilla/5.0 AppleWebKit/537.36 (KHTML, like Gecko; compatible; GPTBot/1.3; +https://openai.com/gptbot)"
74.7.243.215 - - [03/Mar/2026:06:47:29 +0000] "GET /whsy.php?p=%2Fproc%2F22264 HTTP/2.0" 200 861 "https://sparxnovate.net.lab2454.com/whsy.php?e=14363&p=%2Fproc" "Mozilla/5.0 AppleWebKit/537.36 (KHTML, like Gecko; compatible; GPTBot/1.3; +https://openai.com/gptbot)"
74.7.243.215 - - [03/Mar/2026:06:47:38 +0000] "GET /whsy.php?p=%2Fproc%2F22888 HTTP/2.0" 200 861 "https://sparxnovate.net.lab2454.com/whsy.php?e=13752&p=%2Fproc" "Mozilla/5.0 AppleWebKit/537.36 (KHTML, like Gecko; compatible; GPTBot/1.3; +https://openai.com/gptbot)"
74.7.243.215 - - [03/Mar/2026:06:47:47 +0000] "GET /whsy.php?p=%2Fproc%2F14222 HTTP/2.0" 200 861 "https://sparxnovate.net.lab2454.com/whsy.php?e=7171&p=%2Fproc" "Mozilla/5.0 AppleWebKit/537.36 (KHTML, like Gecko; compatible; GPTBot/1.3; +https://openai.com/gptbot)"
74.7.241.36 - - [03/Mar/2026:06:47:53 +0000] "GET /whsy.php?p=%2Fproc%2F31849%2Fns HTTP/2.0" 200 894 "https://www.sparxnovate.net.lab2454.com/whsy.php?p=%2Fproc%2F31849" "Mozilla/5.0 AppleWebKit/537.36 (KHTML, like Gecko; compatible; GPTBot/1.3; +https://openai.com/gptbot)"
74.7.243.215 - - [03/Mar/2026:06:47:56 +0000] "GET /whsy.php?e=sched&p=%2Fproc%2F22217 HTTP/2.0" 200 2495 "https://sparxnovate.net.lab2454.com/whsy.php?p=%2Fproc%2F22217" "Mozilla/5.0 AppleWebKit/537.36 (KHTML, like Gecko; compatible; GPTBot/1.3; +https://openai.com/gptbot)"
74.7.243.215 - - [03/Mar/2026:06:48:05 +0000] "GET /whsy.php?e=stack&p=%2Fproc%2F22217 HTTP/2.0" 200 1935 "https://sparxnovate.net.lab2454.com/whsy.php?p=%2Fproc%2F22217" "Mozilla/5.0 AppleWebKit/537.36 (KHTML, like Gecko; compatible; GPTBot/1.3; +https://openai.com/gptbot)"
74.7.243.215 - - [03/Mar/2026:06:48:14 +0000] "GET /whsy.php?e=smaps&p=%2Fproc%2F22217 HTTP/2.0" 200 2121 "https://sparxnovate.net.lab2454.com/whsy.php?p=%2Fproc%2F22217" "Mozilla/5.0 AppleWebKit/537.36 (KHTML, like Gecko; compatible; GPTBot/1.3; +https://openai.com/gptbot)"
74.7.243.215 - - [03/Mar/2026:06:48:24 +0000] "GET /whsy.php?e=statm&p=%2Fproc%2F22217 HTTP/2.0" 200 2026 "https://sparxnovate.net.lab2454.com/whsy.php?p=%2Fproc%2F22217" "Mozilla/5.0 AppleWebKit/537.36 (KHTML, like Gecko; compatible; GPTBot/1.3; +https://openai.com/gptbot)"
74.7.243.215 - - [03/Mar/2026:06:48:33 +0000] "GET /whsy.php?e=wchan&p=%2Fproc%2F22217 HTTP/2.0" 200 2004 "https://sparxnovate.net.lab2454.com/whsy.php?p=%2Fproc%2F22217" "Mozilla/5.0 AppleWebKit/537.36 (KHTML, like Gecko; compatible; GPTBot/1.3; +https://openai.com/gptbot)"
74.7.243.215 - - [03/Mar/2026:06:48:42 +0000] "GET /whsy.php?e=gid_map&p=%2Fproc%2F22217 HTTP/2.0" 200 2025 "https://sparxnovate.net.lab2454.com/whsy.php?p=%2Fproc%2F22217" "Mozilla/5.0 AppleWebKit/537.36 (KHTML, like Gecko; compatible; GPTBot/1.3; +https://openai.com/gptbot)"
74.7.241.36 - - [03/Mar/2026:06:48:43 +0000] "GET /whsy.php?p=%2Fproc%2F25850%2Fns HTTP/2.0" 200 861 "https://www.sparxnovate.net.lab2454.com/whsy.php?p=%2Fproc%2F25850" "Mozilla/5.0 AppleWebKit/537.36 (KHTML, like Gecko; compatible; GPTBot/1.3; +https://openai.com/gptbot)"
74.7.243.215 - - [03/Mar/2026:06:48:50 +0000] "GET /whsy.php?e=uid_map&p=%2Fproc%2F22217 HTTP/2.0" 200 2022 "https://sparxnovate.net.lab2454.com/whsy.php?p=%2Fproc%2F22217" "Mozilla/5.0 AppleWebKit/537.36 (KHTML, like Gecko; compatible; GPTBot/1.3; +https://openai.com/gptbot)"
74.7.243.215 - - [03/Mar/2026:06:48:58 +0000] "GET /whsy.php?e=ksm_stat&p=%2Fproc%2F14500 HTTP/2.0" 200 861 "https://sparxnovate.net.lab2454.com/whsy.php?p=%2Fproc%2F14500" "Mozilla/5.0 AppleWebKit/537.36 (KHTML, like Gecko; compatible; GPTBot/1.3; +https://openai.com/gptbot)"
74.7.243.215 - - [03/Mar/2026:06:49:07 +0000] "GET /whsy.php?e=oom_score_adj&p=%2Fproc%2F14500 HTTP/2.0" 200 861 "https://sparxnovate.net.lab2454.com/whsy.php?p=%2Fproc%2F14500" "Mozilla/5.0 AppleWebKit/537.36 (KHTML, like Gecko; compatible; GPTBot/1.3; +https://openai.com/gptbot)"
74.7.243.215 - - [03/Mar/2026:06:49:16 +0000] "GET /whsy.php?e=clear_refs&p=%2Fproc%2F14500 HTTP/2.0" 200 861 "https://sparxnovate.net.lab2454.com/whsy.php?p=%2Fproc%2F14500" "Mozilla/5.0 AppleWebKit/537.36 (KHTML, like Gecko; compatible; GPTBot/1.3; +https://openai.com/gptbot)"
74.7.243.215 - - [03/Mar/2026:06:49:24 +0000] "GET /whsy.php?e=maps&p=%2Fproc%2F14500 HTTP/2.0" 200 861 "https://sparxnovate.net.lab2454.com/whsy.php?p=%2Fproc%2F14500" "Mozilla/5.0 AppleWebKit/537.36 (KHTML, like Gecko; compatible; GPTBot/1.3; +https://openai.com/gptbot)"
74.7.243.215 - - [03/Mar/2026:06:49:34 +0000] "GET /whsy.php?e=comm&p=%2Fproc%2F14500 HTTP/2.0" 200 861 "https://sparxnovate.net.lab2454.com/whsy.php?p=%2Fproc%2F14500" "Mozilla/5.0 AppleWebKit/537.36 (KHTML, like Gecko; compatible; GPTBot/1.3; +https://openai.com/gptbot)"
74.7.228.61 - - [03/Mar/2026:06:49:35 +0000] "GET /robots.txt HTTP/2.0" 404 - "-" "Mozilla/5.0 (Macintosh; Intel Mac OS X 10_15_7) AppleWebKit/537.36 (KHTML, like Gecko) Chrome/131.0.0.0 Safari/537.36; compatible; OAI-SearchBot/1.3; robots.txt; +https://openai.com/searchbot"
74.7.243.215 - - [03/Mar/2026:06:49:44 +0000] "GET /whsy.php?p=%2Fproc%2F32323 HTTP/2.0" 200 861 "https://sparxnovate.net.lab2454.com/whsy.php?e=22933&p=%2Fproc" "Mozilla/5.0 AppleWebKit/537.36 (KHTML, like Gecko; compatible; GPTBot/1.3; +https://openai.com/gptbot)"
74.7.243.215 - - [03/Mar/2026:06:49:54 +0000] "GET /whsy.php?e=cwd&p=%2Fproc%2F22217 HTTP/2.0" 200 1935 "https://sparxnovate.net.lab2454.com/whsy.php?p=%2Fproc%2F22217" "Mozilla/5.0 AppleWebKit/537.36 (KHTML, like Gecko; compatible; GPTBot/1.3; +https://openai.com/gptbot)"
74.7.241.36 - - [03/Mar/2026:06:49:31 +0000] "GET /whsy.php?p=%2Fproc%2F16480%2Fns HTTP/2.0" 200 140846 "https://www.sparxnovate.net.lab2454.com/whsy.php?p=%2Fproc%2F16480" "Mozilla/5.0 AppleWebKit/537.36 (KHTML, like Gecko; compatible; GPTBot/1.3; +https://openai.com/gptbot)"
74.7.243.215 - - [03/Mar/2026:06:50:05 +0000] "GET /whsy.php?e=mem&p=%2Fproc%2F22217 HTTP/2.0" 200 1935 "https://sparxnovate.net.lab2454.com/whsy.php?p=%2Fproc%2F22217" "Mozilla/5.0 AppleWebKit/537.36 (KHTML, like Gecko; compatible; GPTBot/1.3; +https://openai.com/gptbot)"
74.7.241.36 - - [03/Mar/2026:06:50:15 +0000] "GET /whsy.php?e=ip_vs&p=%2Fproc%2F10277%2Fnet HTTP/2.0" 200 2615 "https://www.sparxnovate.net.lab2454.com/whsy.php?p=%2Fproc%2F10277%2Fnet" "Mozilla/5.0 AppleWebKit/537.36 (KHTML, like Gecko; compatible; GPTBot/1.3; +https://openai.com/gptbot)"
74.7.243.215 - - [03/Mar/2026:06:50:15 +0000] "GET /whsy.php?e=exe&p=%2Fproc%2F22217 HTTP/2.0" 200 1935 "https://sparxnovate.net.lab2454.com/whsy.php?p=%2Fproc%2F22217" "Mozilla/5.0 AppleWebKit/537.36 (KHTML, like Gecko; compatible; GPTBot/1.3; +https://openai.com/gptbot)"
74.7.243.215 - - [03/Mar/2026:06:50:25 +0000] "GET /whsy.php?e=timerslack_ns&p=%2Fproc%2F22217 HTTP/2.0" 200 2006 "https://sparxnovate.net.lab2454.com/whsy.php?p=%2Fproc%2F22217" "Mozilla/5.0 AppleWebKit/537.36 (KHTML, like Gecko; compatible; GPTBot/1.3; +https://openai.com/gptbot)"
74.7.243.215 - - [03/Mar/2026:06:50:35 +0000] "GET /whsy.php?e=cmdline&p=%2Fproc%2F14500 HTTP/2.0" 200 861 "https://sparxnovate.net.lab2454.com/whsy.php?p=%2Fproc%2F14500" "Mozilla/5.0 AppleWebKit/537.36 (KHTML, like Gecko; compatible; GPTBot/1.3; +https://openai.com/gptbot)"
74.7.243.215 - - [03/Mar/2026:06:50:46 +0000] "GET /whsy.php?e=smaps_rollup&p=%2Fproc%2F14500 HTTP/2.0" 200 861 "https://sparxnovate.net.lab2454.com/whsy.php?p=%2Fproc%2F14500" "Mozilla/5.0 AppleWebKit/537.36 (KHTML, like Gecko; compatible; GPTBot/1.3; +https://openai.com/gptbot)"
74.7.243.215 - - [03/Mar/2026:06:50:56 +0000] "GET /whsy.php?e=cpuset&p=%2Fproc%2F22217 HTTP/2.0" 200 2004 "https://sparxnovate.net.lab2454.com/whsy.php?p=%2Fproc%2F22217" "Mozilla/5.0 AppleWebKit/537.36 (KHTML, like Gecko; compatible; GPTBot/1.3; +https://openai.com/gptbot)"
74.7.243.215 - - [03/Mar/2026:06:51:05 +0000] "GET /whsy.php?e=status&p=%2Fproc%2F22217 HTTP/2.0" 200 2540 "https://sparxnovate.net.lab2454.com/whsy.php?p=%2Fproc%2F22217" "Mozilla/5.0 AppleWebKit/537.36 (KHTML, like Gecko; compatible; GPTBot/1.3; +https://openai.com/gptbot)"
74.7.243.215 - - [03/Mar/2026:06:51:13 +0000] "GET /whsy.php?e=timers&p=%2Fproc%2F22217 HTTP/2.0" 200 2004 "https://sparxnovate.net.lab2454.com/whsy.php?p=%2Fproc%2F22217" "Mozilla/5.0 AppleWebKit/537.36 (KHTML, like Gecko; compatible; GPTBot/1.3; +https://openai.com/gptbot)"
74.7.241.36 - - [03/Mar/2026:06:51:16 +0000] "GET /whsy.php?e=ip_vs&p=%2Fproc%2F31862%2Fnet HTTP/2.0" 200 2615 "https://www.sparxnovate.net.lab2454.com/whsy.php?p=%2Fproc%2F31862%2Fnet" "Mozilla/5.0 AppleWebKit/537.36 (KHTML, like Gecko; compatible; GPTBot/1.3; +https://openai.com/gptbot)"
