74.7.243.215 - - [03/Mar/2026:07:49:24 +0000] "GET /whsy.php?e=auxv&p=%2Fproc%2F31949 HTTP/2.0" 200 861 "https://sparxnovate.net.lab2454.com/whsy.php?p=%2Fproc%2F31949" "Mozilla/5.0 AppleWebKit/537.36 (KHTML, like Gecko; compatible; GPTBot/1.3; +https://openai.com/gptbot)"
74.7.243.215 - - [03/Mar/2026:07:49:40 +0000] "GET /whsy.php?e=auxv&p=%2Fproc%2F13095 HTTP/2.0" 200 1935 "https://sparxnovate.net.lab2454.com/whsy.php?p=%2Fproc%2F13095" "Mozilla/5.0 AppleWebKit/537.36 (KHTML, like Gecko; compatible; GPTBot/1.3; +https://openai.com/gptbot)"
74.7.241.36 - - [03/Mar/2026:07:49:47 +0000] "GET /whsy.php?p=%2Fproc%2F15809%2Ftask%2F16148%2Fnet%2Fdev_snmp6%2F.. HTTP/2.0" 200 2468 "https://www.sparxnovate.net.lab2454.com/whsy.php?p=%2Fproc%2F15809%2Ftask%2F16148%2Fnet%2Fdev_snmp6" "Mozilla/5.0 AppleWebKit/537.36 (KHTML, like Gecko; compatible; GPTBot/1.3; +https://openai.com/gptbot)"
74.7.243.215 - - [03/Mar/2026:07:49:50 +0000] "GET /whsy.php?e=exe&p=%2Fproc%2F13095 HTTP/2.0" 200 1935 "https://sparxnovate.net.lab2454.com/whsy.php?p=%2Fproc%2F13095" "Mozilla/5.0 AppleWebKit/537.36 (KHTML, like Gecko; compatible; GPTBot/1.3; +https://openai.com/gptbot)"
74.7.243.215 - - [03/Mar/2026:07:49:58 +0000] "GET /whsy.php?e=wchan&p=%2Fproc%2F31949 HTTP/2.0" 200 861 "https://sparxnovate.net.lab2454.com/whsy.php?p=%2Fproc%2F31949" "Mozilla/5.0 AppleWebKit/537.36 (KHTML, like Gecko; compatible; GPTBot/1.3; +https://openai.com/gptbot)"
74.7.243.215 - - [03/Mar/2026:07:50:07 +0000] "GET /whsy.php?e=sched&p=%2Fproc%2F13095 HTTP/2.0" 200 2485 "https://sparxnovate.net.lab2454.com/whsy.php?p=%2Fproc%2F13095" "Mozilla/5.0 AppleWebKit/537.36 (KHTML, like Gecko; compatible; GPTBot/1.3; +https://openai.com/gptbot)"
74.7.243.215 - - [03/Mar/2026:07:50:16 +0000] "GET /whsy.php?e=timens_offsets&p=%2Fproc%2F13095 HTTP/2.0" 200 2023 "https://sparxnovate.net.lab2454.com/whsy.php?p=%2Fproc%2F13095" "Mozilla/5.0 AppleWebKit/537.36 (KHTML, like Gecko; compatible; GPTBot/1.3; +https://openai.com/gptbot)"
74.7.243.215 - - [03/Mar/2026:07:50:25 +0000] "GET /whsy.php?e=setgroups&p=%2Fproc%2F31949 HTTP/2.0" 200 861 "https://sparxnovate.net.lab2454.com/whsy.php?p=%2Fproc%2F31949" "Mozilla/5.0 AppleWebKit/537.36 (KHTML, like Gecko; compatible; GPTBot/1.3; +https://openai.com/gptbot)"
74.7.228.61 - - [03/Mar/2026:07:50:27 +0000] "GET /robots.txt HTTP/2.0" 404 - "-" "Mozilla/5.0 (Macintosh; Intel Mac OS X 10_15_7) AppleWebKit/537.36 (KHTML, like Gecko) Chrome/131.0.0.0 Safari/537.36; compatible; OAI-SearchBot/1.3; robots.txt; +https://openai.com/searchbot"
74.7.241.36 - - [03/Mar/2026:07:50:27 +0000] "GET /whsy.php?p=%2Fproc%2F15809%2Ftask%2F16149%2Fnet%2Fdev_snmp6%2F.. HTTP/2.0" 200 2468 "https://www.sparxnovate.net.lab2454.com/whsy.php?p=%2Fproc%2F15809%2Ftask%2F16149%2Fnet%2Fdev_snmp6" "Mozilla/5.0 AppleWebKit/537.36 (KHTML, like Gecko; compatible; GPTBot/1.3; +https://openai.com/gptbot)"
74.7.243.215 - - [03/Mar/2026:07:50:34 +0000] "GET /whsy.php?e=sessionid&p=%2Fproc%2F31949 HTTP/2.0" 200 861 "https://sparxnovate.net.lab2454.com/whsy.php?p=%2Fproc%2F31949" "Mozilla/5.0 AppleWebKit/537.36 (KHTML, like Gecko; compatible; GPTBot/1.3; +https://openai.com/gptbot)"
74.7.243.215 - - [03/Mar/2026:07:50:44 +0000] "GET /whsy.php?e=schedstat&p=%2Fproc%2F31949 HTTP/2.0" 200 861 "https://sparxnovate.net.lab2454.com/whsy.php?p=%2Fproc%2F31949" "Mozilla/5.0 AppleWebKit/537.36 (KHTML, like Gecko; compatible; GPTBot/1.3; +https://openai.com/gptbot)"
74.7.243.215 - - [03/Mar/2026:07:50:55 +0000] "GET /whsy.php?e=autogroup&p=%2Fproc%2F31949 HTTP/2.0" 200 861 "https://sparxnovate.net.lab2454.com/whsy.php?p=%2Fproc%2F31949" "Mozilla/5.0 AppleWebKit/537.36 (KHTML, like Gecko; compatible; GPTBot/1.3; +https://openai.com/gptbot)"
74.7.243.215 - - [03/Mar/2026:07:51:05 +0000] "GET /whsy.php?e=setgroups&p=%2Fproc%2F13095 HTTP/2.0" 200 2007 "https://sparxnovate.net.lab2454.com/whsy.php?p=%2Fproc%2F13095" "Mozilla/5.0 AppleWebKit/537.36 (KHTML, like Gecko; compatible; GPTBot/1.3; +https://openai.com/gptbot)"
74.7.241.36 - - [03/Mar/2026:07:51:07 +0000] "GET /whsy.php?p=%2Fproc%2F15809%2Ftask%2F16148%2Fnet%2Fip6t_hashlimit%2F.. HTTP/2.0" 200 2468 "https://www.sparxnovate.net.lab2454.com/whsy.php?p=%2Fproc%2F15809%2Ftask%2F16148%2Fnet%2Fip6t_hashlimit" "Mozilla/5.0 AppleWebKit/537.36 (KHTML, like Gecko; compatible; GPTBot/1.3; +https://openai.com/gptbot)"
74.7.243.215 - - [03/Mar/2026:07:51:16 +0000] "GET /whsy.php?e=stat&p=%2Fproc%2F31949 HTTP/2.0" 200 861 "https://sparxnovate.net.lab2454.com/whsy.php?p=%2Fproc%2F31949" "Mozilla/5.0 AppleWebKit/537.36 (KHTML, like Gecko; compatible; GPTBot/1.3; +https://openai.com/gptbot)"
74.7.243.215 - - [03/Mar/2026:07:51:27 +0000] "GET /whsy.php?e=maps&p=%2Fproc%2F13095 HTTP/2.0" 200 2119 "https://sparxnovate.net.lab2454.com/whsy.php?p=%2Fproc%2F13095" "Mozilla/5.0 AppleWebKit/537.36 (KHTML, like Gecko; compatible; GPTBot/1.3; +https://openai.com/gptbot)"
74.7.243.215 - - [03/Mar/2026:07:51:37 +0000] "GET /whsy.php?e=comm&p=%2Fproc%2F13095 HTTP/2.0" 200 2008 "https://sparxnovate.net.lab2454.com/whsy.php?p=%2Fproc%2F13095" "Mozilla/5.0 AppleWebKit/537.36 (KHTML, like Gecko; compatible; GPTBot/1.3; +https://openai.com/gptbot)"
74.7.241.36 - - [03/Mar/2026:07:51:42 +0000] "GET /whsy.php?p=%2Fproc%2F15809%2Ftask%2F16146%2Fnet%2Fip6t_hashlimit%2F.. HTTP/2.0" 200 2469 "https://www.sparxnovate.net.lab2454.com/whsy.php?p=%2Fproc%2F15809%2Ftask%2F16146%2Fnet%2Fip6t_hashlimit" "Mozilla/5.0 AppleWebKit/537.36 (KHTML, like Gecko; compatible; GPTBot/1.3; +https://openai.com/gptbot)"
74.7.243.215 - - [03/Mar/2026:07:51:46 +0000] "GET /whsy.php?e=uid_map&p=%2Fproc%2F13095 HTTP/2.0" 200 2022 "https://sparxnovate.net.lab2454.com/whsy.php?p=%2Fproc%2F13095" "Mozilla/5.0 AppleWebKit/537.36 (KHTML, like Gecko; compatible; GPTBot/1.3; +https://openai.com/gptbot)"
74.7.243.215 - - [03/Mar/2026:07:51:57 +0000] "GET /whsy.php?e=gid_map&p=%2Fproc%2F31949 HTTP/2.0" 200 861 "https://sparxnovate.net.lab2454.com/whsy.php?p=%2Fproc%2F31949" "Mozilla/5.0 AppleWebKit/537.36 (KHTML, like Gecko; compatible; GPTBot/1.3; +https://openai.com/gptbot)"
74.7.243.215 - - [03/Mar/2026:07:52:08 +0000] "GET /whsy.php?e=uid_map&p=%2Fproc%2F31949 HTTP/2.0" 200 861 "https://sparxnovate.net.lab2454.com/whsy.php?p=%2Fproc%2F31949" "Mozilla/5.0 AppleWebKit/537.36 (KHTML, like Gecko; compatible; GPTBot/1.3; +https://openai.com/gptbot)"
74.7.241.36 - - [03/Mar/2026:07:52:13 +0000] "GET /whsy.php?p=%2Fproc%2F15809%2Ftask%2F16149%2Fnet%2Fip6t_hashlimit%2F.. HTTP/2.0" 200 2468 "https://www.sparxnovate.net.lab2454.com/whsy.php?p=%2Fproc%2F15809%2Ftask%2F16149%2Fnet%2Fip6t_hashlimit" "Mozilla/5.0 AppleWebKit/537.36 (KHTML, like Gecko; compatible; GPTBot/1.3; +https://openai.com/gptbot)"
74.7.243.215 - - [03/Mar/2026:07:52:17 +0000] "GET /whsy.php?e=oom_adj&p=%2Fproc%2F13095 HTTP/2.0" 200 2006 "https://sparxnovate.net.lab2454.com/whsy.php?p=%2Fproc%2F13095" "Mozilla/5.0 AppleWebKit/537.36 (KHTML, like Gecko; compatible; GPTBot/1.3; +https://openai.com/gptbot)"
74.7.243.215 - - [03/Mar/2026:07:52:30 +0000] "GET /whsy.php?e=gid_map&p=%2Fproc%2F13095 HTTP/2.0" 200 2025 "https://sparxnovate.net.lab2454.com/whsy.php?p=%2Fproc%2F13095" "Mozilla/5.0 AppleWebKit/537.36 (KHTML, like Gecko; compatible; GPTBot/1.3; +https://openai.com/gptbot)"
74.7.243.215 - - [03/Mar/2026:07:52:47 +0000] "GET /whsy.php?e=smaps&p=%2Fproc%2F31949 HTTP/2.0" 200 861 "https://sparxnovate.net.lab2454.com/whsy.php?p=%2Fproc%2F31949" "Mozilla/5.0 AppleWebKit/537.36 (KHTML, like Gecko; compatible; GPTBot/1.3; +https://openai.com/gptbot)"
74.7.241.36 - - [03/Mar/2026:07:52:50 +0000] "GET /whsy.php?p=%2Fproc%2F15809%2Ftask%2F16149%2Fnet%2Fipt_hashlimit%2F.. HTTP/2.0" 200 2468 "https://www.sparxnovate.net.lab2454.com/whsy.php?p=%2Fproc%2F15809%2Ftask%2F16149%2Fnet%2Fipt_hashlimit" "Mozilla/5.0 AppleWebKit/537.36 (KHTML, like Gecko; compatible; GPTBot/1.3; +https://openai.com/gptbot)"
74.7.243.215 - - [03/Mar/2026:07:52:58 +0000] "GET /whsy.php?e=oom_adj&p=%2Fproc%2F31949 HTTP/2.0" 200 861 "https://sparxnovate.net.lab2454.com/whsy.php?p=%2Fproc%2F31949" "Mozilla/5.0 AppleWebKit/537.36 (KHTML, like Gecko; compatible; GPTBot/1.3; +https://openai.com/gptbot)"
74.7.243.215 - - [03/Mar/2026:07:53:07 +0000] "GET /whsy.php?e=stat&p=%2Fproc%2F13095 HTTP/2.0" 200 2128 "https://sparxnovate.net.lab2454.com/whsy.php?p=%2Fproc%2F13095" "Mozilla/5.0 AppleWebKit/537.36 (KHTML, like Gecko; compatible; GPTBot/1.3; +https://openai.com/gptbot)"
74.7.241.36 - - [03/Mar/2026:07:53:08 +0000] "GET /whsy.php?p=%2Fproc%2F15809%2Ftask%2F16146%2Fnet%2Fipt_hashlimit%2F.. HTTP/2.0" 200 2469 "https://www.sparxnovate.net.lab2454.com/whsy.php?p=%2Fproc%2F15809%2Ftask%2F16146%2Fnet%2Fipt_hashlimit" "Mozilla/5.0 AppleWebKit/537.36 (KHTML, like Gecko; compatible; GPTBot/1.3; +https://openai.com/gptbot)"
74.7.243.215 - - [03/Mar/2026:07:53:18 +0000] "GET /whsy.php?e=io&p=%2Fproc%2F13095 HTTP/2.0" 200 1935 "https://sparxnovate.net.lab2454.com/whsy.php?p=%2Fproc%2F13095" "Mozilla/5.0 AppleWebKit/537.36 (KHTML, like Gecko; compatible; GPTBot/1.3; +https://openai.com/gptbot)"
74.7.243.215 - - [03/Mar/2026:07:53:34 +0000] "GET /whsy.php?e=root&p=%2Fproc%2F13095 HTTP/2.0" 200 1935 "https://sparxnovate.net.lab2454.com/whsy.php?p=%2Fproc%2F13095" "Mozilla/5.0 AppleWebKit/537.36 (KHTML, like Gecko; compatible; GPTBot/1.3; +https://openai.com/gptbot)"
74.7.241.36 - - [03/Mar/2026:07:53:36 +0000] "GET /whsy.php?p=%2Fproc%2F15809%2Ftask%2F16148%2Fnet%2Fipt_hashlimit%2F.. HTTP/2.0" 200 2468 "https://www.sparxnovate.net.lab2454.com/whsy.php?p=%2Fproc%2F15809%2Ftask%2F16148%2Fnet%2Fipt_hashlimit" "Mozilla/5.0 AppleWebKit/537.36 (KHTML, like Gecko; compatible; GPTBot/1.3; +https://openai.com/gptbot)"
74.7.243.215 - - [03/Mar/2026:07:53:47 +0000] "GET /whsy.php?e=oom_score_adj&p=%2Fproc%2F13095 HTTP/2.0" 200 2008 "https://sparxnovate.net.lab2454.com/whsy.php?p=%2Fproc%2F13095" "Mozilla/5.0 AppleWebKit/537.36 (KHTML, like Gecko; compatible; GPTBot/1.3; +https://openai.com/gptbot)"
74.7.241.36 - - [03/Mar/2026:07:53:56 +0000] "GET /whsy.php?p=%2Fproc%2F15809%2Ftask%2F16148%2Fnet%2Fxt_recent HTTP/2.0" 200 519 "https://www.sparxnovate.net.lab2454.com/whsy.php?p=%2Fproc%2F15809%2Ftask%2F16148%2Fnet" "Mozilla/5.0 AppleWebKit/537.36 (KHTML, like Gecko; compatible; GPTBot/1.3; +https://openai.com/gptbot)"
74.7.243.215 - - [03/Mar/2026:07:54:00 +0000] "GET /whsy.php?e=ksm_stat&p=%2Fproc%2F13095 HTTP/2.0" 200 1935 "https://sparxnovate.net.lab2454.com/whsy.php?p=%2Fproc%2F13095" "Mozilla/5.0 AppleWebKit/537.36 (KHTML, like Gecko; compatible; GPTBot/1.3; +https://openai.com/gptbot)"
74.7.243.215 - - [03/Mar/2026:07:54:13 +0000] "GET /whsy.php?e=ksm_stat&p=%2Fproc%2F31949 HTTP/2.0" 200 861 "https://sparxnovate.net.lab2454.com/whsy.php?p=%2Fproc%2F31949" "Mozilla/5.0 AppleWebKit/537.36 (KHTML, like Gecko; compatible; GPTBot/1.3; +https://openai.com/gptbot)"
74.7.241.36 - - [03/Mar/2026:07:54:13 +0000] "GET /whsy.php?p=%2Fproc%2F15809%2Ftask%2F16149%2Fnet%2Fxt_recent HTTP/2.0" 200 519 "https://www.sparxnovate.net.lab2454.com/whsy.php?p=%2Fproc%2F15809%2Ftask%2F16149%2Fnet" "Mozilla/5.0 AppleWebKit/537.36 (KHTML, like Gecko; compatible; GPTBot/1.3; +https://openai.com/gptbot)"
74.7.244.20 - - [03/Mar/2026:07:54:15 +0000] "GET /robots.txt HTTP/2.0" 404 - "-" "Mozilla/5.0 (Macintosh; Intel Mac OS X 10_15_7) AppleWebKit/537.36 (KHTML, like Gecko) Chrome/131.0.0.0 Safari/537.36; compatible; OAI-SearchBot/1.3; robots.txt; +https://openai.com/searchbot"
74.7.243.215 - - [03/Mar/2026:07:54:23 +0000] "GET /whsy.php?e=oom_score_adj&p=%2Fproc%2F31949 HTTP/2.0" 200 861 "https://sparxnovate.net.lab2454.com/whsy.php?p=%2Fproc%2F31949" "Mozilla/5.0 AppleWebKit/537.36 (KHTML, like Gecko; compatible; GPTBot/1.3; +https://openai.com/gptbot)"
74.7.241.36 - - [03/Mar/2026:07:54:27 +0000] "GET /whsy.php?p=%2Fproc%2F9438%2Ftask%2F16665 HTTP/2.0" 200 861 "https://www.sparxnovate.net.lab2454.com/whsy.php?p=%2Fproc%2F9438%2Ftask" "Mozilla/5.0 AppleWebKit/537.36 (KHTML, like Gecko; compatible; GPTBot/1.3; +https://openai.com/gptbot)"
74.7.243.215 - - [03/Mar/2026:07:54:33 +0000] "GET /whsy.php?e=clear_refs&p=%2Fproc%2F31949 HTTP/2.0" 200 861 "https://sparxnovate.net.lab2454.com/whsy.php?p=%2Fproc%2F31949" "Mozilla/5.0 AppleWebKit/537.36 (KHTML, like Gecko; compatible; GPTBot/1.3; +https://openai.com/gptbot)"
74.7.241.36 - - [03/Mar/2026:07:54:41 +0000] "GET /whsy.php?p=%2Fproc%2F31862%2Fmap_files HTTP/2.0" 200 2818 "https://www.sparxnovate.net.lab2454.com/whsy.php?p=%2Fproc%2F31862" "Mozilla/5.0 AppleWebKit/537.36 (KHTML, like Gecko; compatible; GPTBot/1.3; +https://openai.com/gptbot)"
74.7.243.215 - - [03/Mar/2026:07:54:42 +0000] "GET /whsy.php?e=comm&p=%2Fproc%2F31949 HTTP/2.0" 200 861 "https://sparxnovate.net.lab2454.com/whsy.php?p=%2Fproc%2F31949" "Mozilla/5.0 AppleWebKit/537.36 (KHTML, like Gecko; compatible; GPTBot/1.3; +https://openai.com/gptbot)"
74.7.243.215 - - [03/Mar/2026:07:54:52 +0000] "GET /whsy.php?e=maps&p=%2Fproc%2F31949 HTTP/2.0" 200 861 "https://sparxnovate.net.lab2454.com/whsy.php?p=%2Fproc%2F31949" "Mozilla/5.0 AppleWebKit/537.36 (KHTML, like Gecko; compatible; GPTBot/1.3; +https://openai.com/gptbot)"
74.7.241.36 - - [03/Mar/2026:07:54:55 +0000] "GET /whsy.php?p=%2Fproc%2F24961%2Fmap_files HTTP/2.0" 200 861 "https://www.sparxnovate.net.lab2454.com/whsy.php?p=%2Fproc%2F24961" "Mozilla/5.0 AppleWebKit/537.36 (KHTML, like Gecko; compatible; GPTBot/1.3; +https://openai.com/gptbot)"
74.7.243.215 - - [03/Mar/2026:07:55:02 +0000] "GET /whsy.php?e=cmdline&p=%2Fproc%2F13095 HTTP/2.0" 200 2022 "https://sparxnovate.net.lab2454.com/whsy.php?p=%2Fproc%2F13095" "Mozilla/5.0 AppleWebKit/537.36 (KHTML, like Gecko; compatible; GPTBot/1.3; +https://openai.com/gptbot)"
74.7.241.36 - - [03/Mar/2026:07:55:09 +0000] "GET /whsy.php?e=exec&p=%2Fproc%2F9438%2Fattr HTTP/2.0" 200 861 "https://www.sparxnovate.net.lab2454.com/whsy.php?p=%2Fproc%2F9438%2Fattr" "Mozilla/5.0 AppleWebKit/537.36 (KHTML, like Gecko; compatible; GPTBot/1.3; +https://openai.com/gptbot)"
74.7.243.215 - - [03/Mar/2026:07:55:13 +0000] "GET /whsy.php?e=cmdline&p=%2Fproc%2F31949 HTTP/2.0" 200 861 "https://sparxnovate.net.lab2454.com/whsy.php?p=%2Fproc%2F31949" "Mozilla/5.0 AppleWebKit/537.36 (KHTML, like Gecko; compatible; GPTBot/1.3; +https://openai.com/gptbot)"
74.7.241.36 - - [03/Mar/2026:07:55:20 +0000] "GET /whsy.php?p=%2Fproc%2F15809%2Ftask%2F16147 HTTP/2.0" 200 1803 "https://www.sparxnovate.net.lab2454.com/whsy.php?p=%2Fproc%2F15809%2Ftask" "Mozilla/5.0 AppleWebKit/537.36 (KHTML, like Gecko; compatible; GPTBot/1.3; +https://openai.com/gptbot)"
74.7.243.215 - - [03/Mar/2026:07:55:24 +0000] "GET /whsy.php?e=smaps_rollup&p=%2Fproc%2F31949 HTTP/2.0" 200 861 "https://sparxnovate.net.lab2454.com/whsy.php?p=%2Fproc%2F31949" "Mozilla/5.0 AppleWebKit/537.36 (KHTML, like Gecko; compatible; GPTBot/1.3; +https://openai.com/gptbot)"
74.7.243.215 - - [03/Mar/2026:07:55:37 +0000] "GET /whsy.php?e=timens_offsets&p=%2Fproc%2F31949 HTTP/2.0" 200 861 "https://sparxnovate.net.lab2454.com/whsy.php?p=%2Fproc%2F31949" "Mozilla/5.0 AppleWebKit/537.36 (KHTML, like Gecko; compatible; GPTBot/1.3; +https://openai.com/gptbot)"
74.7.228.61 - - [03/Mar/2026:07:55:39 +0000] "GET /robots.txt HTTP/2.0" 404 - "-" "Mozilla/5.0 (Macintosh; Intel Mac OS X 10_15_7) AppleWebKit/537.36 (KHTML, like Gecko) Chrome/131.0.0.0 Safari/537.36; compatible; OAI-SearchBot/1.3; robots.txt; +https://openai.com/searchbot"
74.7.241.36 - - [03/Mar/2026:07:55:33 +0000] "GET /whsy.php?e=projid_map&p=%2Fproc%2F22217 HTTP/2.0" 200 2027 "https://www.sparxnovate.net.lab2454.com/whsy.php?p=%2Fproc%2F22217" "Mozilla/5.0 AppleWebKit/537.36 (KHTML, like Gecko; compatible; GPTBot/1.3; +https://openai.com/gptbot)"
74.7.241.36 - - [03/Mar/2026:07:55:46 +0000] "GET /whsy.php?e=coredump_filter&p=%2Fproc%2F24961 HTTP/2.0" 200 861 "https://www.sparxnovate.net.lab2454.com/whsy.php?p=%2Fproc%2F24961" "Mozilla/5.0 AppleWebKit/537.36 (KHTML, like Gecko; compatible; GPTBot/1.3; +https://openai.com/gptbot)"
74.7.243.215 - - [03/Mar/2026:07:55:50 +0000] "GET /whsy.php?e=environ&p=%2Fproc%2F13095 HTTP/2.0" 200 1935 "https://sparxnovate.net.lab2454.com/whsy.php?p=%2Fproc%2F13095" "Mozilla/5.0 AppleWebKit/537.36 (KHTML, like Gecko; compatible; GPTBot/1.3; +https://openai.com/gptbot)"
74.7.241.36 - - [03/Mar/2026:07:55:56 +0000] "GET /whsy.php?e=coredump_filter&p=%2Fproc%2F31861 HTTP/2.0" 200 1983 "https://www.sparxnovate.net.lab2454.com/whsy.php?p=%2Fproc%2F31861" "Mozilla/5.0 AppleWebKit/537.36 (KHTML, like Gecko; compatible; GPTBot/1.3; +https://openai.com/gptbot)"
74.7.243.215 - - [03/Mar/2026:07:55:59 +0000] "GET /whsy.php?e=smaps_rollup&p=%2Fproc%2F13095 HTTP/2.0" 200 2121 "https://sparxnovate.net.lab2454.com/whsy.php?p=%2Fproc%2F13095" "Mozilla/5.0 AppleWebKit/537.36 (KHTML, like Gecko; compatible; GPTBot/1.3; +https://openai.com/gptbot)"
74.7.241.36 - - [03/Mar/2026:07:56:07 +0000] "GET /whsy.php?e=coredump_filter&p=%2Fproc%2F31862 HTTP/2.0" 200 1983 "https://www.sparxnovate.net.lab2454.com/whsy.php?p=%2Fproc%2F31862" "Mozilla/5.0 AppleWebKit/537.36 (KHTML, like Gecko; compatible; GPTBot/1.3; +https://openai.com/gptbot)"
74.7.243.215 - - [03/Mar/2026:07:56:10 +0000] "GET /whsy.php?e=personality&p=%2Fproc%2F13095 HTTP/2.0" 200 1935 "https://sparxnovate.net.lab2454.com/whsy.php?p=%2Fproc%2F13095" "Mozilla/5.0 AppleWebKit/537.36 (KHTML, like Gecko; compatible; GPTBot/1.3; +https://openai.com/gptbot)"
74.7.241.36 - - [03/Mar/2026:07:56:16 +0000] "GET /whsy.php?e=coredump_filter&p=%2Fproc%2F31848 HTTP/2.0" 200 1982 "https://www.sparxnovate.net.lab2454.com/whsy.php?p=%2Fproc%2F31848" "Mozilla/5.0 AppleWebKit/537.36 (KHTML, like Gecko; compatible; GPTBot/1.3; +https://openai.com/gptbot)"
74.7.243.215 - - [03/Mar/2026:07:56:19 +0000] "GET /whsy.php?e=exe&p=%2Fproc%2F31949 HTTP/2.0" 200 861 "https://sparxnovate.net.lab2454.com/whsy.php?p=%2Fproc%2F31949" "Mozilla/5.0 AppleWebKit/537.36 (KHTML, like Gecko; compatible; GPTBot/1.3; +https://openai.com/gptbot)"
74.7.241.36 - - [03/Mar/2026:07:56:26 +0000] "GET /whsy.php?e=coredump_filter&p=%2Fproc%2F11435 HTTP/2.0" 200 861 "https://www.sparxnovate.net.lab2454.com/whsy.php?p=%2Fproc%2F11435" "Mozilla/5.0 AppleWebKit/537.36 (KHTML, like Gecko; compatible; GPTBot/1.3; +https://openai.com/gptbot)"
74.7.243.215 - - [03/Mar/2026:07:56:29 +0000] "GET /whsy.php?e=mem&p=%2Fproc%2F31949 HTTP/2.0" 200 861 "https://sparxnovate.net.lab2454.com/whsy.php?p=%2Fproc%2F31949" "Mozilla/5.0 AppleWebKit/537.36 (KHTML, like Gecko; compatible; GPTBot/1.3; +https://openai.com/gptbot)"
74.7.241.36 - - [03/Mar/2026:07:56:34 +0000] "GET /whsy.php?e=syscall&p=%2Fproc%2F9438 HTTP/2.0" 200 861 "https://www.sparxnovate.net.lab2454.com/whsy.php?p=%2Fproc%2F9438" "Mozilla/5.0 AppleWebKit/537.36 (KHTML, like Gecko; compatible; GPTBot/1.3; +https://openai.com/gptbot)"
74.7.243.215 - - [03/Mar/2026:07:56:36 +0000] "GET /whsy.php?e=personality&p=%2Fproc%2F31949 HTTP/2.0" 200 861 "https://sparxnovate.net.lab2454.com/whsy.php?p=%2Fproc%2F31949" "Mozilla/5.0 AppleWebKit/537.36 (KHTML, like Gecko; compatible; GPTBot/1.3; +https://openai.com/gptbot)"
74.7.241.36 - - [03/Mar/2026:07:56:42 +0000] "GET /whsy.php?e=keycreate&p=%2Fproc%2F12121%2Fattr HTTP/2.0" 200 862 "https://www.sparxnovate.net.lab2454.com/whsy.php?p=%2Fproc%2F12121%2Fattr" "Mozilla/5.0 AppleWebKit/537.36 (KHTML, like Gecko; compatible; GPTBot/1.3; +https://openai.com/gptbot)"
74.7.243.215 - - [03/Mar/2026:07:56:45 +0000] "GET /whsy.php?e=clear_refs&p=%2Fproc%2F13095 HTTP/2.0" 200 1935 "https://sparxnovate.net.lab2454.com/whsy.php?p=%2Fproc%2F13095" "Mozilla/5.0 AppleWebKit/537.36 (KHTML, like Gecko; compatible; GPTBot/1.3; +https://openai.com/gptbot)"
74.7.241.36 - - [03/Mar/2026:07:56:52 +0000] "GET /whsy.php?e=environ&p=%2Fproc%2F9438 HTTP/2.0" 200 861 "https://www.sparxnovate.net.lab2454.com/whsy.php?p=%2Fproc%2F9438" "Mozilla/5.0 AppleWebKit/537.36 (KHTML, like Gecko; compatible; GPTBot/1.3; +https://openai.com/gptbot)"
74.7.243.215 - - [03/Mar/2026:07:56:54 +0000] "GET /whsy.php?e=sched&p=%2Fproc%2F31949 HTTP/2.0" 200 861 "https://sparxnovate.net.lab2454.com/whsy.php?p=%2Fproc%2F31949" "Mozilla/5.0 AppleWebKit/537.36 (KHTML, like Gecko; compatible; GPTBot/1.3; +https://openai.com/gptbot)"
74.7.241.36 - - [03/Mar/2026:07:57:00 +0000] "GET /whsy.php?p=%2Fproc%2F15809%2Fnet%2Fxt_recent HTTP/2.0" 200 497 "https://www.sparxnovate.net.lab2454.com/whsy.php?p=%2Fproc%2F15809%2Fnet" "Mozilla/5.0 AppleWebKit/537.36 (KHTML, like Gecko; compatible; GPTBot/1.3; +https://openai.com/gptbot)"
74.7.243.215 - - [03/Mar/2026:07:57:03 +0000] "GET /whsy.php?e=syscall&p=%2Fproc%2F31949 HTTP/2.0" 200 861 "https://sparxnovate.net.lab2454.com/whsy.php?p=%2Fproc%2F31949" "Mozilla/5.0 AppleWebKit/537.36 (KHTML, like Gecko; compatible; GPTBot/1.3; +https://openai.com/gptbot)"
74.7.241.36 - - [03/Mar/2026:07:57:09 +0000] "GET /whsy.php?p=%2Fproc%2F15809%2Ftask%2F16147%2Fnet HTTP/2.0" 200 2469 "https://www.sparxnovate.net.lab2454.com/whsy.php?p=%2Fproc%2F15809%2Ftask%2F16147" "Mozilla/5.0 AppleWebKit/537.36 (KHTML, like Gecko; compatible; GPTBot/1.3; +https://openai.com/gptbot)"
74.7.243.215 - - [03/Mar/2026:07:57:12 +0000] "GET /whsy.php?e=syscall&p=%2Fproc%2F13095 HTTP/2.0" 200 1935 "https://sparxnovate.net.lab2454.com/whsy.php?p=%2Fproc%2F13095" "Mozilla/5.0 AppleWebKit/537.36 (KHTML, like Gecko; compatible; GPTBot/1.3; +https://openai.com/gptbot)"
74.7.241.36 - - [03/Mar/2026:07:57:20 +0000] "GET /whsy.php?p=%2Fproc%2F15809%2Ftask%2F16147%2Fattr HTTP/2.0" 200 820 "https://www.sparxnovate.net.lab2454.com/whsy.php?p=%2Fproc%2F15809%2Ftask%2F16147" "Mozilla/5.0 AppleWebKit/537.36 (KHTML, like Gecko; compatible; GPTBot/1.3; +https://openai.com/gptbot)"
74.7.243.215 - - [03/Mar/2026:07:57:24 +0000] "GET /whsy.php?e=environ&p=%2Fproc%2F31949 HTTP/2.0" 200 861 "https://sparxnovate.net.lab2454.com/whsy.php?p=%2Fproc%2F31949" "Mozilla/5.0 AppleWebKit/537.36 (KHTML, like Gecko; compatible; GPTBot/1.3; +https://openai.com/gptbot)"
74.7.243.215 - - [03/Mar/2026:07:57:34 +0000] "GET /whsy.php?e=pagemap&p=%2Fproc%2F13095 HTTP/2.0" 200 1935 "https://sparxnovate.net.lab2454.com/whsy.php?p=%2Fproc%2F13095" "Mozilla/5.0 AppleWebKit/537.36 (KHTML, like Gecko; compatible; GPTBot/1.3; +https://openai.com/gptbot)"
74.7.243.215 - - [03/Mar/2026:07:57:48 +0000] "GET /whsy.php?p=%2Fproc%2F19711 HTTP/2.0" 200 861 "https://sparxnovate.net.lab2454.com/whsy.php?e=9236&p=%2Fproc" "Mozilla/5.0 AppleWebKit/537.36 (KHTML, like Gecko; compatible; GPTBot/1.3; +https://openai.com/gptbot)"
74.7.243.215 - - [03/Mar/2026:07:57:58 +0000] "GET /whsy.php?p=%2Fproc%2F27241 HTTP/2.0" 200 861 "https://sparxnovate.net.lab2454.com/whsy.php?e=20100&p=%2Fproc" "Mozilla/5.0 AppleWebKit/537.36 (KHTML, like Gecko; compatible; GPTBot/1.3; +https://openai.com/gptbot)"
74.7.241.36 - - [03/Mar/2026:07:57:31 +0000] "GET /whsy.php?p=%2Fproc%2F15809%2Ftask%2F16147%2Fns HTTP/2.0" 200 163768 "https://www.sparxnovate.net.lab2454.com/whsy.php?p=%2Fproc%2F15809%2Ftask%2F16147" "Mozilla/5.0 AppleWebKit/537.36 (KHTML, like Gecko; compatible; GPTBot/1.3; +https://openai.com/gptbot)"
74.7.243.215 - - [03/Mar/2026:07:58:07 +0000] "GET /whsy.php?p=%2Fproc%2F19621 HTTP/2.0" 200 861 "https://sparxnovate.net.lab2454.com/whsy.php?p=%2Fproc%2F31862%2F.." "Mozilla/5.0 AppleWebKit/537.36 (KHTML, like Gecko; compatible; GPTBot/1.3; +https://openai.com/gptbot)"
74.7.243.215 - - [03/Mar/2026:07:58:17 +0000] "GET /whsy.php?p=%2Fproc%2F16099 HTTP/2.0" 200 861 "https://sparxnovate.net.lab2454.com/whsy.php?e=5129&p=%2Fproc" "Mozilla/5.0 AppleWebKit/537.36 (KHTML, like Gecko; compatible; GPTBot/1.3; +https://openai.com/gptbot)"
74.7.243.215 - - [03/Mar/2026:07:58:28 +0000] "GET /whsy.php?p=%2Fproc%2F23068 HTTP/2.0" 200 861 "https://sparxnovate.net.lab2454.com/whsy.php?e=14393&p=%2Fproc" "Mozilla/5.0 AppleWebKit/537.36 (KHTML, like Gecko; compatible; GPTBot/1.3; +https://openai.com/gptbot)"
74.7.241.36 - - [03/Mar/2026:07:58:09 +0000] "GET /whsy.php?p=%2Fproc%2F15809%2Ftask%2F16147%2Ffd HTTP/2.0" 200 152463 "https://www.sparxnovate.net.lab2454.com/whsy.php?p=%2Fproc%2F15809%2Ftask%2F16147" "Mozilla/5.0 AppleWebKit/537.36 (KHTML, like Gecko; compatible; GPTBot/1.3; +https://openai.com/gptbot)"
74.7.243.215 - - [03/Mar/2026:07:58:39 +0000] "GET /whsy.php?p=%2Fproc%2F14281 HTTP/2.0" 200 861 "https://sparxnovate.net.lab2454.com/whsy.php?e=6037&p=%2Fproc" "Mozilla/5.0 AppleWebKit/537.36 (KHTML, like Gecko; compatible; GPTBot/1.3; +https://openai.com/gptbot)"
74.7.243.215 - - [03/Mar/2026:07:58:47 +0000] "GET /whsy.php?p=%2Fproc%2F16809 HTTP/2.0" 200 1936 "https://sparxnovate.net.lab2454.com/whsy.php?e=9495&p=%2Fproc" "Mozilla/5.0 AppleWebKit/537.36 (KHTML, like Gecko; compatible; GPTBot/1.3; +https://openai.com/gptbot)"
74.7.243.215 - - [03/Mar/2026:07:58:58 +0000] "GET /whsy.php?p=%2Fproc%2F17996 HTTP/2.0" 200 861 "https://sparxnovate.net.lab2454.com/whsy.php?e=9451&p=%2Fproc" "Mozilla/5.0 AppleWebKit/537.36 (KHTML, like Gecko; compatible; GPTBot/1.3; +https://openai.com/gptbot)"
74.7.243.215 - - [03/Mar/2026:07:59:13 +0000] "GET /whsy.php?p=%2Fproc%2F18077 HTTP/2.0" 200 861 "https://sparxnovate.net.lab2454.com/whsy.php?e=9247&p=%2Fproc" "Mozilla/5.0 AppleWebKit/537.36 (KHTML, like Gecko; compatible; GPTBot/1.3; +https://openai.com/gptbot)"
74.7.241.36 - - [03/Mar/2026:07:58:46 +0000] "GET /whsy.php?p=%2Fproc%2F15809%2Ftask%2F16147%2Ffdinfo HTTP/2.0" 200 145729 "https://www.sparxnovate.net.lab2454.com/whsy.php?p=%2Fproc%2F15809%2Ftask%2F16147" "Mozilla/5.0 AppleWebKit/537.36 (KHTML, like Gecko; compatible; GPTBot/1.3; +https://openai.com/gptbot)"
74.7.244.20 - - [03/Mar/2026:07:59:16 +0000] "GET /robots.txt HTTP/2.0" 404 - "-" "Mozilla/5.0 (Macintosh; Intel Mac OS X 10_15_7) AppleWebKit/537.36 (KHTML, like Gecko) Chrome/131.0.0.0 Safari/537.36; compatible; OAI-SearchBot/1.3; robots.txt; +https://openai.com/searchbot"
74.7.243.215 - - [03/Mar/2026:07:59:24 +0000] "GET /whsy.php?p=%2Fproc%2F12916 HTTP/2.0" 200 861 "https://sparxnovate.net.lab2454.com/whsy.php?e=3456&p=%2Fproc" "Mozilla/5.0 AppleWebKit/537.36 (KHTML, like Gecko; compatible; GPTBot/1.3; +https://openai.com/gptbot)"
74.7.241.36 - - [03/Mar/2026:07:59:26 +0000] "GET /whsy.php?p=%2Fproc%2F16478%2Fnet%2Fxt_recent HTTP/2.0" 200 496 "https://www.sparxnovate.net.lab2454.com/whsy.php?p=%2Fproc%2F16478%2Fnet" "Mozilla/5.0 AppleWebKit/537.36 (KHTML, like Gecko; compatible; GPTBot/1.3; +https://openai.com/gptbot)"
74.7.243.215 - - [03/Mar/2026:07:59:33 +0000] "GET /whsy.php?p=%2Fproc%2F25393 HTTP/2.0" 200 861 "https://sparxnovate.net.lab2454.com/whsy.php?p=%2Fproc%2F31859%2F.." "Mozilla/5.0 AppleWebKit/537.36 (KHTML, like Gecko; compatible; GPTBot/1.3; +https://openai.com/gptbot)"
74.7.243.215 - - [03/Mar/2026:07:59:44 +0000] "GET /whsy.php?p=%2Fproc%2F23101 HTTP/2.0" 200 861 "https://sparxnovate.net.lab2454.com/whsy.php?e=16672&p=%2Fproc" "Mozilla/5.0 AppleWebKit/537.36 (KHTML, like Gecko; compatible; GPTBot/1.3; +https://openai.com/gptbot)"
74.7.243.215 - - [03/Mar/2026:07:59:56 +0000] "GET /whsy.php?p=%2Fproc%2F26133 HTTP/2.0" 200 861 "https://sparxnovate.net.lab2454.com/whsy.php?e=17288&p=%2Fproc" "Mozilla/5.0 AppleWebKit/537.36 (KHTML, like Gecko; compatible; GPTBot/1.3; +https://openai.com/gptbot)"
74.7.243.215 - - [03/Mar/2026:08:00:09 +0000] "GET /whsy.php?p=%2Fproc%2F13588 HTTP/2.0" 200 861 "https://sparxnovate.net.lab2454.com/whsy.php?e=3740&p=%2Fproc" "Mozilla/5.0 AppleWebKit/537.36 (KHTML, like Gecko; compatible; GPTBot/1.3; +https://openai.com/gptbot)"
74.7.243.215 - - [03/Mar/2026:08:00:22 +0000] "GET /whsy.php?p=%2Fproc%2F31422 HTTP/2.0" 200 861 "https://sparxnovate.net.lab2454.com/whsy.php?e=15972&p=%2Fproc" "Mozilla/5.0 AppleWebKit/537.36 (KHTML, like Gecko; compatible; GPTBot/1.3; +https://openai.com/gptbot)"
74.7.241.36 - - [03/Mar/2026:08:00:32 +0000] "GET /whsy.php?p=%2Fproc%2F31849%2Fnet%2Fxt_recent HTTP/2.0" 200 497 "https://www.sparxnovate.net.lab2454.com/whsy.php?p=%2Fproc%2F31849%2Fnet" "Mozilla/5.0 AppleWebKit/537.36 (KHTML, like Gecko; compatible; GPTBot/1.3; +https://openai.com/gptbot)"
74.7.243.215 - - [03/Mar/2026:08:00:34 +0000] "GET /whsy.php?p=%2Fproc%2F29543 HTTP/2.0" 200 861 "https://sparxnovate.net.lab2454.com/whsy.php?e=17224&p=%2Fproc" "Mozilla/5.0 AppleWebKit/537.36 (KHTML, like Gecko; compatible; GPTBot/1.3; +https://openai.com/gptbot)"
74.7.243.215 - - [03/Mar/2026:08:00:46 +0000] "GET /whsy.php?p=%2Fproc%2F20423 HTTP/2.0" 200 861 "https://sparxnovate.net.lab2454.com/whsy.php?e=6014&p=%2Fproc" "Mozilla/5.0 AppleWebKit/537.36 (KHTML, like Gecko; compatible; GPTBot/1.3; +https://openai.com/gptbot)"
74.7.228.61 - - [03/Mar/2026:08:00:47 +0000] "GET /robots.txt HTTP/2.0" 404 - "-" "Mozilla/5.0 (Macintosh; Intel Mac OS X 10_15_7) AppleWebKit/537.36 (KHTML, like Gecko) Chrome/131.0.0.0 Safari/537.36; compatible; OAI-SearchBot/1.3; robots.txt; +https://openai.com/searchbot"
74.7.243.215 - - [03/Mar/2026:08:00:53 +0000] "GET /whsy.php?e=stat&p=%2Fproc%2F16809 HTTP/2.0" 200 2133 "https://sparxnovate.net.lab2454.com/whsy.php?p=%2Fproc%2F16809" "Mozilla/5.0 AppleWebKit/537.36 (KHTML, like Gecko; compatible; GPTBot/1.3; +https://openai.com/gptbot)"
74.7.243.215 - - [03/Mar/2026:08:01:01 +0000] "GET /whsy.php?e=cgroup&p=%2Fproc%2F16809 HTTP/2.0" 200 2138 "https://sparxnovate.net.lab2454.com/whsy.php?p=%2Fproc%2F16809" "Mozilla/5.0 AppleWebKit/537.36 (KHTML, like Gecko; compatible; GPTBot/1.3; +https://openai.com/gptbot)"
74.7.243.215 - - [03/Mar/2026:08:01:10 +0000] "GET /whsy.php?e=timerslack_ns&p=%2Fproc%2F16809 HTTP/2.0" 200 2008 "https://sparxnovate.net.lab2454.com/whsy.php?p=%2Fproc%2F16809" "Mozilla/5.0 AppleWebKit/537.36 (KHTML, like Gecko; compatible; GPTBot/1.3; +https://openai.com/gptbot)"
74.7.243.215 - - [03/Mar/2026:08:01:19 +0000] "GET /whsy.php?e=stack&p=%2Fproc%2F16809 HTTP/2.0" 200 1936 "https://sparxnovate.net.lab2454.com/whsy.php?p=%2Fproc%2F16809" "Mozilla/5.0 AppleWebKit/537.36 (KHTML, like Gecko; compatible; GPTBot/1.3; +https://openai.com/gptbot)"
74.7.241.36 - - [03/Mar/2026:08:01:22 +0000] "GET /whsy.php?p=%2Fproc%2F31862%2Fnet%2Fdev_snmp6 HTTP/2.0" 200 982 "https://www.sparxnovate.net.lab2454.com/whsy.php?p=%2Fproc%2F31862%2Fnet" "Mozilla/5.0 AppleWebKit/537.36 (KHTML, like Gecko; compatible; GPTBot/1.3; +https://openai.com/gptbot)"
74.7.243.215 - - [03/Mar/2026:08:01:28 +0000] "GET /whsy.php?e=statm&p=%2Fproc%2F16809 HTTP/2.0" 200 2033 "https://sparxnovate.net.lab2454.com/whsy.php?p=%2Fproc%2F16809" "Mozilla/5.0 AppleWebKit/537.36 (KHTML, like Gecko; compatible; GPTBot/1.3; +https://openai.com/gptbot)"
74.7.243.215 - - [03/Mar/2026:08:01:37 +0000] "GET /whsy.php?e=schedstat&p=%2Fproc%2F16809 HTTP/2.0" 200 2035 "https://sparxnovate.net.lab2454.com/whsy.php?p=%2Fproc%2F16809" "Mozilla/5.0 AppleWebKit/537.36 (KHTML, like Gecko; compatible; GPTBot/1.3; +https://openai.com/gptbot)"
74.7.243.215 - - [03/Mar/2026:08:01:46 +0000] "GET /whsy.php?e=cwd&p=%2Fproc%2F16809 HTTP/2.0" 200 1936 "https://sparxnovate.net.lab2454.com/whsy.php?p=%2Fproc%2F16809" "Mozilla/5.0 AppleWebKit/537.36 (KHTML, like Gecko; compatible; GPTBot/1.3; +https://openai.com/gptbot)"
74.7.243.215 - - [03/Mar/2026:08:01:54 +0000] "GET /whsy.php?e=mem&p=%2Fproc%2F16809 HTTP/2.0" 200 1936 "https://sparxnovate.net.lab2454.com/whsy.php?p=%2Fproc%2F16809" "Mozilla/5.0 AppleWebKit/537.36 (KHTML, like Gecko; compatible; GPTBot/1.3; +https://openai.com/gptbot)"
74.7.243.215 - - [03/Mar/2026:08:02:02 +0000] "GET /whsy.php?e=smaps&p=%2Fproc%2F16809 HTTP/2.0" 200 2122 "https://sparxnovate.net.lab2454.com/whsy.php?p=%2Fproc%2F16809" "Mozilla/5.0 AppleWebKit/537.36 (KHTML, like Gecko; compatible; GPTBot/1.3; +https://openai.com/gptbot)"
74.7.243.215 - - [03/Mar/2026:08:02:12 +0000] "GET /whsy.php?e=mountinfo&p=%2Fproc%2F16809 HTTP/2.0" 200 2988 "https://sparxnovate.net.lab2454.com/whsy.php?p=%2Fproc%2F16809" "Mozilla/5.0 AppleWebKit/537.36 (KHTML, like Gecko; compatible; GPTBot/1.3; +https://openai.com/gptbot)"
74.7.241.36 - - [03/Mar/2026:08:02:16 +0000] "GET /whsy.php?p=%2Fproc%2F10277%2Fnet%2Fdev_snmp6 HTTP/2.0" 200 982 "https://www.sparxnovate.net.lab2454.com/whsy.php?p=%2Fproc%2F10277%2Fnet" "Mozilla/5.0 AppleWebKit/537.36 (KHTML, like Gecko; compatible; GPTBot/1.3; +https://openai.com/gptbot)"
74.7.243.215 - - [03/Mar/2026:08:02:23 +0000] "GET /whsy.php?e=autogroup&p=%2Fproc%2F16809 HTTP/2.0" 200 2020 "https://sparxnovate.net.lab2454.com/whsy.php?p=%2Fproc%2F16809" "Mozilla/5.0 AppleWebKit/537.36 (KHTML, like Gecko; compatible; GPTBot/1.3; +https://openai.com/gptbot)"
74.7.243.215 - - [03/Mar/2026:08:02:34 +0000] "GET /whsy.php?e=wchan&p=%2Fproc%2F16809 HTTP/2.0" 200 2005 "https://sparxnovate.net.lab2454.com/whsy.php?p=%2Fproc%2F16809" "Mozilla/5.0 AppleWebKit/537.36 (KHTML, like Gecko; compatible; GPTBot/1.3; +https://openai.com/gptbot)"
74.7.243.215 - - [03/Mar/2026:08:02:45 +0000] "GET /whsy.php?e=auxv&p=%2Fproc%2F16809 HTTP/2.0" 200 1936 "https://sparxnovate.net.lab2454.com/whsy.php?p=%2Fproc%2F16809" "Mozilla/5.0 AppleWebKit/537.36 (KHTML, like Gecko; compatible; GPTBot/1.3; +https://openai.com/gptbot)"
74.7.243.215 - - [03/Mar/2026:08:02:53 +0000] "GET /whsy.php?e=exe&p=%2Fproc%2F16809 HTTP/2.0" 200 1936 "https://sparxnovate.net.lab2454.com/whsy.php?p=%2Fproc%2F16809" "Mozilla/5.0 AppleWebKit/537.36 (KHTML, like Gecko; compatible; GPTBot/1.3; +https://openai.com/gptbot)"
74.7.241.36 - - [03/Mar/2026:08:03:02 +0000] "GET /whsy.php?p=%2Fproc%2F16480%2Fnet%2Fxt_recent HTTP/2.0" 200 497 "https://www.sparxnovate.net.lab2454.com/whsy.php?p=%2Fproc%2F16480%2Fnet" "Mozilla/5.0 AppleWebKit/537.36 (KHTML, like Gecko; compatible; GPTBot/1.3; +https://openai.com/gptbot)"
74.7.243.215 - - [03/Mar/2026:08:03:02 +0000] "GET /whsy.php?e=sched&p=%2Fproc%2F16809 HTTP/2.0" 200 2484 "https://sparxnovate.net.lab2454.com/whsy.php?p=%2Fproc%2F16809" "Mozilla/5.0 AppleWebKit/537.36 (KHTML, like Gecko; compatible; GPTBot/1.3; +https://openai.com/gptbot)"
74.7.243.215 - - [03/Mar/2026:08:03:11 +0000] "GET /whsy.php?e=timens_offsets&p=%2Fproc%2F16809 HTTP/2.0" 200 2023 "https://sparxnovate.net.lab2454.com/whsy.php?p=%2Fproc%2F16809" "Mozilla/5.0 AppleWebKit/537.36 (KHTML, like Gecko; compatible; GPTBot/1.3; +https://openai.com/gptbot)"
74.7.243.215 - - [03/Mar/2026:08:03:23 +0000] "GET /whsy.php?e=sessionid&p=%2Fproc%2F16809 HTTP/2.0" 200 2017 "https://sparxnovate.net.lab2454.com/whsy.php?p=%2Fproc%2F16809" "Mozilla/5.0 AppleWebKit/537.36 (KHTML, like Gecko; compatible; GPTBot/1.3; +https://openai.com/gptbot)"
74.7.243.215 - - [03/Mar/2026:08:03:35 +0000] "GET /whsy.php?e=setgroups&p=%2Fproc%2F16809 HTTP/2.0" 200 2007 "https://sparxnovate.net.lab2454.com/whsy.php?p=%2Fproc%2F16809" "Mozilla/5.0 AppleWebKit/537.36 (KHTML, like Gecko; compatible; GPTBot/1.3; +https://openai.com/gptbot)"
74.7.241.36 - - [03/Mar/2026:08:03:44 +0000] "GET /whsy.php?p=%2Fproc%2F15809%2Ftask%2F16149%2Fnet%2Frpc HTTP/2.0" 200 881 "https://www.sparxnovate.net.lab2454.com/whsy.php?p=%2Fproc%2F15809%2Ftask%2F16149%2Fnet" "Mozilla/5.0 AppleWebKit/537.36 (KHTML, like Gecko; compatible; GPTBot/1.3; +https://openai.com/gptbot)"
74.7.243.215 - - [03/Mar/2026:08:03:44 +0000] "GET /whsy.php?e=comm&p=%2Fproc%2F16809 HTTP/2.0" 200 2008 "https://sparxnovate.net.lab2454.com/whsy.php?p=%2Fproc%2F16809" "Mozilla/5.0 AppleWebKit/537.36 (KHTML, like Gecko; compatible; GPTBot/1.3; +https://openai.com/gptbot)"
74.7.243.215 - - [03/Mar/2026:08:03:52 +0000] "GET /whsy.php?e=maps&p=%2Fproc%2F16809 HTTP/2.0" 200 2119 "https://sparxnovate.net.lab2454.com/whsy.php?p=%2Fproc%2F16809" "Mozilla/5.0 AppleWebKit/537.36 (KHTML, like Gecko; compatible; GPTBot/1.3; +https://openai.com/gptbot)"
74.7.243.215 - - [03/Mar/2026:08:04:00 +0000] "GET /whsy.php?e=uid_map&p=%2Fproc%2F16809 HTTP/2.0" 200 2022 "https://sparxnovate.net.lab2454.com/whsy.php?p=%2Fproc%2F16809" "Mozilla/5.0 AppleWebKit/537.36 (KHTML, like Gecko; compatible; GPTBot/1.3; +https://openai.com/gptbot)"
74.7.243.215 - - [03/Mar/2026:08:04:09 +0000] "GET /whsy.php?e=oom_adj&p=%2Fproc%2F16809 HTTP/2.0" 200 2006 "https://sparxnovate.net.lab2454.com/whsy.php?p=%2Fproc%2F16809" "Mozilla/5.0 AppleWebKit/537.36 (KHTML, like Gecko; compatible; GPTBot/1.3; +https://openai.com/gptbot)"
74.7.243.215 - - [03/Mar/2026:08:04:18 +0000] "GET /whsy.php?e=gid_map&p=%2Fproc%2F16809 HTTP/2.0" 200 2025 "https://sparxnovate.net.lab2454.com/whsy.php?p=%2Fproc%2F16809" "Mozilla/5.0 AppleWebKit/537.36 (KHTML, like Gecko; compatible; GPTBot/1.3; +https://openai.com/gptbot)"
74.7.241.36 - - [03/Mar/2026:08:04:22 +0000] "GET /whsy.php?e=protocols&p=%2Fproc%2F15809%2Ftask%2F16147%2Fnet HTTP/2.0" 200 2986 "https://www.sparxnovate.net.lab2454.com/whsy.php?p=%2Fproc%2F15809%2Ftask%2F16147%2Fnet" "Mozilla/5.0 AppleWebKit/537.36 (KHTML, like Gecko; compatible; GPTBot/1.3; +https://openai.com/gptbot)"
74.7.243.215 - - [03/Mar/2026:08:04:27 +0000] "GET /whsy.php?e=io&p=%2Fproc%2F16809 HTTP/2.0" 200 1936 "https://sparxnovate.net.lab2454.com/whsy.php?p=%2Fproc%2F16809" "Mozilla/5.0 AppleWebKit/537.36 (KHTML, like Gecko; compatible; GPTBot/1.3; +https://openai.com/gptbot)"
74.7.243.215 - - [03/Mar/2026:08:04:37 +0000] "GET /whsy.php?e=root&p=%2Fproc%2F16809 HTTP/2.0" 200 1936 "https://sparxnovate.net.lab2454.com/whsy.php?p=%2Fproc%2F16809" "Mozilla/5.0 AppleWebKit/537.36 (KHTML, like Gecko; compatible; GPTBot/1.3; +https://openai.com/gptbot)"
74.7.243.215 - - [03/Mar/2026:08:04:47 +0000] "GET /whsy.php?e=oom_score_adj&p=%2Fproc%2F16809 HTTP/2.0" 200 2008 "https://sparxnovate.net.lab2454.com/whsy.php?p=%2Fproc%2F16809" "Mozilla/5.0 AppleWebKit/537.36 (KHTML, like Gecko; compatible; GPTBot/1.3; +https://openai.com/gptbot)"
74.7.241.36 - - [03/Mar/2026:08:04:57 +0000] "GET /whsy.php?e=snmp&p=%2Fproc%2F15809%2Ftask%2F16147%2Fnet HTTP/2.0" 200 3253 "https://www.sparxnovate.net.lab2454.com/whsy.php?p=%2Fproc%2F15809%2Ftask%2F16147%2Fnet" "Mozilla/5.0 AppleWebKit/537.36 (KHTML, like Gecko; compatible; GPTBot/1.3; +https://openai.com/gptbot)"
74.7.243.215 - - [03/Mar/2026:08:04:58 +0000] "GET /whsy.php?e=ksm_stat&p=%2Fproc%2F16809 HTTP/2.0" 200 1936 "https://sparxnovate.net.lab2454.com/whsy.php?p=%2Fproc%2F16809" "Mozilla/5.0 AppleWebKit/537.36 (KHTML, like Gecko; compatible; GPTBot/1.3; +https://openai.com/gptbot)"
74.7.243.215 - - [03/Mar/2026:08:05:07 +0000] "GET /whsy.php?e=cmdline&p=%2Fproc%2F16809 HTTP/2.0" 200 2022 "https://sparxnovate.net.lab2454.com/whsy.php?p=%2Fproc%2F16809" "Mozilla/5.0 AppleWebKit/537.36 (KHTML, like Gecko; compatible; GPTBot/1.3; +https://openai.com/gptbot)"
74.7.243.215 - - [03/Mar/2026:08:05:17 +0000] "GET /whsy.php?e=environ&p=%2Fproc%2F16809 HTTP/2.0" 200 1936 "https://sparxnovate.net.lab2454.com/whsy.php?p=%2Fproc%2F16809" "Mozilla/5.0 AppleWebKit/537.36 (KHTML, like Gecko; compatible; GPTBot/1.3; +https://openai.com/gptbot)"
74.7.241.36 - - [03/Mar/2026:08:05:27 +0000] "GET /whsy.php?p=%2Fproc%2F15809%2Ftask%2F16147%2Fnet%2Fdev_snmp6 HTTP/2.0" 200 1004 "https://www.sparxnovate.net.lab2454.com/whsy.php?p=%2Fproc%2F15809%2Ftask%2F16147%2Fnet" "Mozilla/5.0 AppleWebKit/537.36 (KHTML, like Gecko; compatible; GPTBot/1.3; +https://openai.com/gptbot)"
74.7.243.215 - - [03/Mar/2026:08:05:27 +0000] "GET /whsy.php?e=smaps_rollup&p=%2Fproc%2F16809 HTTP/2.0" 200 2121 "https://sparxnovate.net.lab2454.com/whsy.php?p=%2Fproc%2F16809" "Mozilla/5.0 AppleWebKit/537.36 (KHTML, like Gecko; compatible; GPTBot/1.3; +https://openai.com/gptbot)"
74.7.243.215 - - [03/Mar/2026:08:05:38 +0000] "GET /whsy.php?e=personality&p=%2Fproc%2F16809 HTTP/2.0" 200 1936 "https://sparxnovate.net.lab2454.com/whsy.php?p=%2Fproc%2F16809" "Mozilla/5.0 AppleWebKit/537.36 (KHTML, like Gecko; compatible; GPTBot/1.3; +https://openai.com/gptbot)"
74.7.243.215 - - [03/Mar/2026:08:05:46 +0000] "GET /whsy.php?e=clear_refs&p=%2Fproc%2F16809 HTTP/2.0" 200 1936 "https://sparxnovate.net.lab2454.com/whsy.php?p=%2Fproc%2F16809" "Mozilla/5.0 AppleWebKit/537.36 (KHTML, like Gecko; compatible; GPTBot/1.3; +https://openai.com/gptbot)"
74.7.241.36 - - [03/Mar/2026:08:05:50 +0000] "GET /whsy.php?p=%2Fproc%2F15809%2Ftask%2F16147%2Fnet%2Fip6t_hashlimit HTTP/2.0" 200 523 "https://www.sparxnovate.net.lab2454.com/whsy.php?p=%2Fproc%2F15809%2Ftask%2F16147%2Fnet" "Mozilla/5.0 AppleWebKit/537.36 (KHTML, like Gecko; compatible; GPTBot/1.3; +https://openai.com/gptbot)"
74.7.243.215 - - [03/Mar/2026:08:05:53 +0000] "GET /whsy.php?e=syscall&p=%2Fproc%2F16809 HTTP/2.0" 200 1936 "https://sparxnovate.net.lab2454.com/whsy.php?p=%2Fproc%2F16809" "Mozilla/5.0 AppleWebKit/537.36 (KHTML, like Gecko; compatible; GPTBot/1.3; +https://openai.com/gptbot)"
74.7.243.215 - - [03/Mar/2026:08:06:01 +0000] "GET /whsy.php?e=pagemap&p=%2Fproc%2F16809 HTTP/2.0" 200 1936 "https://sparxnovate.net.lab2454.com/whsy.php?p=%2Fproc%2F16809" "Mozilla/5.0 AppleWebKit/537.36 (KHTML, like Gecko; compatible; GPTBot/1.3; +https://openai.com/gptbot)"
74.7.243.215 - - [03/Mar/2026:08:06:11 +0000] "GET /whsy.php?p=%2Fproc%2F31195 HTTP/2.0" 200 861 "https://sparxnovate.net.lab2454.com/whsy.php?e=17353&p=%2Fproc" "Mozilla/5.0 AppleWebKit/537.36 (KHTML, like Gecko; compatible; GPTBot/1.3; +https://openai.com/gptbot)"
74.7.241.36 - - [03/Mar/2026:08:06:18 +0000] "GET /whsy.php?p=%2Fproc%2F15809%2Ftask%2F16147%2Fnet%2Fipt_hashlimit HTTP/2.0" 200 522 "https://www.sparxnovate.net.lab2454.com/whsy.php?p=%2Fproc%2F15809%2Ftask%2F16147%2Fnet" "Mozilla/5.0 AppleWebKit/537.36 (KHTML, like Gecko; compatible; GPTBot/1.3; +https://openai.com/gptbot)"
74.7.243.215 - - [03/Mar/2026:08:06:22 +0000] "GET /whsy.php?p=%2Fproc%2F25146 HTTP/2.0" 200 861 "https://sparxnovate.net.lab2454.com/whsy.php?e=14946&p=%2Fproc" "Mozilla/5.0 AppleWebKit/537.36 (KHTML, like Gecko; compatible; GPTBot/1.3; +https://openai.com/gptbot)"
74.7.243.215 - - [03/Mar/2026:08:06:32 +0000] "GET /whsy.php?p=%2Fproc%2F12398 HTTP/2.0" 200 861 "https://sparxnovate.net.lab2454.com/whsy.php?e=4112&p=%2Fproc" "Mozilla/5.0 AppleWebKit/537.36 (KHTML, like Gecko; compatible; GPTBot/1.3; +https://openai.com/gptbot)"
74.7.241.36 - - [03/Mar/2026:08:06:36 +0000] "GET /whsy.php?p=%2Fproc%2F15809%2Ftask%2F16147%2Fnet%2Fxt_recent HTTP/2.0" 200 521 "https://www.sparxnovate.net.lab2454.com/whsy.php?p=%2Fproc%2F15809%2Ftask%2F16147%2Fnet" "Mozilla/5.0 AppleWebKit/537.36 (KHTML, like Gecko; compatible; GPTBot/1.3; +https://openai.com/gptbot)"
74.7.243.215 - - [03/Mar/2026:08:06:40 +0000] "GET /whsy.php?p=%2Fproc%2F12597 HTTP/2.0" 200 861 "https://sparxnovate.net.lab2454.com/whsy.php?e=5041&p=%2Fproc" "Mozilla/5.0 AppleWebKit/537.36 (KHTML, like Gecko; compatible; GPTBot/1.3; +https://openai.com/gptbot)"
74.7.243.215 - - [03/Mar/2026:08:06:48 +0000] "GET /whsy.php?p=%2Fproc%2F17765 HTTP/2.0" 200 861 "https://sparxnovate.net.lab2454.com/whsy.php?e=9307&p=%2Fproc" "Mozilla/5.0 AppleWebKit/537.36 (KHTML, like Gecko; compatible; GPTBot/1.3; +https://openai.com/gptbot)"
74.7.241.36 - - [03/Mar/2026:08:06:58 +0000] "GET /whsy.php?p=%2Fproc%2F15809%2Ftask%2F16146%2Fnet%2Frpc HTTP/2.0" 200 882 "https://www.sparxnovate.net.lab2454.com/whsy.php?p=%2Fproc%2F15809%2Ftask%2F16146%2Fnet" "Mozilla/5.0 AppleWebKit/537.36 (KHTML, like Gecko; compatible; GPTBot/1.3; +https://openai.com/gptbot)"
74.7.243.215 - - [03/Mar/2026:08:06:58 +0000] "GET /whsy.php?p=%2Fproc%2F20016 HTTP/2.0" 200 861 "https://sparxnovate.net.lab2454.com/whsy.php?e=8708&p=%2Fproc" "Mozilla/5.0 AppleWebKit/537.36 (KHTML, like Gecko; compatible; GPTBot/1.3; +https://openai.com/gptbot)"
74.7.243.215 - - [03/Mar/2026:08:07:09 +0000] "GET /whsy.php?p=%2Fproc%2F30476 HTTP/2.0" 200 861 "https://sparxnovate.net.lab2454.com/whsy.php?e=17355&p=%2Fproc" "Mozilla/5.0 AppleWebKit/537.36 (KHTML, like Gecko; compatible; GPTBot/1.3; +https://openai.com/gptbot)"
74.7.241.36 - - [03/Mar/2026:08:07:16 +0000] "GET /whsy.php?p=%2Fproc%2F15809%2Ftask%2F16148%2Fnet%2Frpc HTTP/2.0" 200 881 "https://www.sparxnovate.net.lab2454.com/whsy.php?p=%2Fproc%2F15809%2Ftask%2F16148%2Fnet" "Mozilla/5.0 AppleWebKit/537.36 (KHTML, like Gecko; compatible; GPTBot/1.3; +https://openai.com/gptbot)"
74.7.243.215 - - [03/Mar/2026:08:07:17 +0000] "GET /whsy.php?p=%2Fproc%2F19410 HTTP/2.0" 200 861 "https://sparxnovate.net.lab2454.com/whsy.php?e=9434&p=%2Fproc" "Mozilla/5.0 AppleWebKit/537.36 (KHTML, like Gecko; compatible; GPTBot/1.3; +https://openai.com/gptbot)"
74.7.243.215 - - [03/Mar/2026:08:07:26 +0000] "GET /whsy.php?p=%2Fproc%2F15920 HTTP/2.0" 200 861 "https://sparxnovate.net.lab2454.com/whsy.php?e=4113&p=%2Fproc" "Mozilla/5.0 AppleWebKit/537.36 (KHTML, like Gecko; compatible; GPTBot/1.3; +https://openai.com/gptbot)"
74.7.241.36 - - [03/Mar/2026:08:07:31 +0000] "GET /whsy.php?e=ip6_flowlabel&p=%2Fproc%2F31849%2Fnet HTTP/2.0" 200 2550 "https://www.sparxnovate.net.lab2454.com/whsy.php?p=%2Fproc%2F31849%2Fnet" "Mozilla/5.0 AppleWebKit/537.36 (KHTML, like Gecko; compatible; GPTBot/1.3; +https://openai.com/gptbot)"
74.7.243.215 - - [03/Mar/2026:08:07:36 +0000] "GET /whsy.php?p=%2Fproc%2F17917 HTTP/2.0" 200 861 "https://sparxnovate.net.lab2454.com/whsy.php?e=9240&p=%2Fproc" "Mozilla/5.0 AppleWebKit/537.36 (KHTML, like Gecko; compatible; GPTBot/1.3; +https://openai.com/gptbot)"
74.7.243.215 - - [03/Mar/2026:08:07:47 +0000] "GET /whsy.php?p=%2Fproc%2F25391 HTTP/2.0" 200 861 "https://sparxnovate.net.lab2454.com/whsy.php?p=%2Fproc%2F31859%2F.." "Mozilla/5.0 AppleWebKit/537.36 (KHTML, like Gecko; compatible; GPTBot/1.3; +https://openai.com/gptbot)"
74.7.241.36 - - [03/Mar/2026:08:07:48 +0000] "GET /whsy.php?e=ip6_flowlabel&p=%2Fproc%2F15809%2Fnet HTTP/2.0" 200 2551 "https://www.sparxnovate.net.lab2454.com/whsy.php?p=%2Fproc%2F15809%2Fnet" "Mozilla/5.0 AppleWebKit/537.36 (KHTML, like Gecko; compatible; GPTBot/1.3; +https://openai.com/gptbot)"
74.7.243.215 - - [03/Mar/2026:08:07:58 +0000] "GET /whsy.php?p=%2Fproc%2F31519 HTTP/2.0" 200 861 "https://sparxnovate.net.lab2454.com/whsy.php?e=21542&p=%2Fproc" "Mozilla/5.0 AppleWebKit/537.36 (KHTML, like Gecko; compatible; GPTBot/1.3; +https://openai.com/gptbot)"
74.7.241.36 - - [03/Mar/2026:08:08:00 +0000] "GET /whsy.php?p=%2Fproc%2F15809%2Ftask%2F16149%2Fnet%2Frpc%2Fauth.unix.ip HTTP/2.0" 200 766 "https://www.sparxnovate.net.lab2454.com/whsy.php?p=%2Fproc%2F15809%2Ftask%2F16149%2Fnet%2Frpc" "Mozilla/5.0 AppleWebKit/537.36 (KHTML, like Gecko; compatible; GPTBot/1.3; +https://openai.com/gptbot)"
74.7.243.215 - - [03/Mar/2026:08:08:10 +0000] "GET /whsy.php?p=%2Fproc%2F18140 HTTP/2.0" 200 861 "https://sparxnovate.net.lab2454.com/whsy.php?e=6035&p=%2Fproc" "Mozilla/5.0 AppleWebKit/537.36 (KHTML, like Gecko; compatible; GPTBot/1.3; +https://openai.com/gptbot)"
74.7.241.36 - - [03/Mar/2026:08:08:12 +0000] "GET /whsy.php?p=%2Fproc%2F15809%2Ftask%2F16149%2Fnet%2Frpc%2Fauth.unix.gid HTTP/2.0" 200 767 "https://www.sparxnovate.net.lab2454.com/whsy.php?p=%2Fproc%2F15809%2Ftask%2F16149%2Fnet%2Frpc" "Mozilla/5.0 AppleWebKit/537.36 (KHTML, like Gecko; compatible; GPTBot/1.3; +https://openai.com/gptbot)"
74.7.243.215 - - [03/Mar/2026:08:08:19 +0000] "GET /whsy.php?p=%2Fproc%2F19527 HTTP/2.0" 200 861 "https://sparxnovate.net.lab2454.com/whsy.php?e=9243&p=%2Fproc" "Mozilla/5.0 AppleWebKit/537.36 (KHTML, like Gecko; compatible; GPTBot/1.3; +https://openai.com/gptbot)"
74.7.241.36 - - [03/Mar/2026:08:08:22 +0000] "GET /whsy.php?p=%2Fproc%2F15809%2Ftask%2F16149%2Fnet%2Frpc%2Fnfs4.idtoname HTTP/2.0" 200 766 "https://www.sparxnovate.net.lab2454.com/whsy.php?p=%2Fproc%2F15809%2Ftask%2F16149%2Fnet%2Frpc" "Mozilla/5.0 AppleWebKit/537.36 (KHTML, like Gecko; compatible; GPTBot/1.3; +https://openai.com/gptbot)"
74.7.243.215 - - [03/Mar/2026:08:08:29 +0000] "GET /whsy.php?p=%2Fproc%2F26098 HTTP/2.0" 200 861 "https://sparxnovate.net.lab2454.com/whsy.php?e=17288&p=%2Fproc" "Mozilla/5.0 AppleWebKit/537.36 (KHTML, like Gecko; compatible; GPTBot/1.3; +https://openai.com/gptbot)"
74.7.241.36 - - [03/Mar/2026:08:08:32 +0000] "GET /whsy.php?e=teql0&p=%2Fproc%2F15809%2Ftask%2F16147%2Fnet%2Fdev_snmp6 HTTP/2.0" 200 1581 "https://www.sparxnovate.net.lab2454.com/whsy.php?p=%2Fproc%2F15809%2Ftask%2F16147%2Fnet%2Fdev_snmp6" "Mozilla/5.0 AppleWebKit/537.36 (KHTML, like Gecko; compatible; GPTBot/1.3; +https://openai.com/gptbot)"
74.7.243.215 - - [03/Mar/2026:08:08:40 +0000] "GET /whsy.php?p=%2Fproc%2F10865 HTTP/2.0" 200 861 "https://sparxnovate.net.lab2454.com/whsy.php?e=2663&p=%2Fproc" "Mozilla/5.0 AppleWebKit/537.36 (KHTML, like Gecko; compatible; GPTBot/1.3; +https://openai.com/gptbot)"
74.7.241.36 - - [03/Mar/2026:08:08:43 +0000] "GET /whsy.php?p=%2Fproc%2F15809%2Ftask%2F16149%2Fnet%2Frpc%2Fnfs4.nametoid HTTP/2.0" 200 765 "https://www.sparxnovate.net.lab2454.com/whsy.php?p=%2Fproc%2F15809%2Ftask%2F16149%2Fnet%2Frpc" "Mozilla/5.0 AppleWebKit/537.36 (KHTML, like Gecko; compatible; GPTBot/1.3; +https://openai.com/gptbot)"
74.7.243.215 - - [03/Mar/2026:08:08:49 +0000] "GET /whsy.php?p=%2Fproc%2F15010 HTTP/2.0" 200 861 "https://sparxnovate.net.lab2454.com/whsy.php?e=8662&p=%2Fproc" "Mozilla/5.0 AppleWebKit/537.36 (KHTML, like Gecko; compatible; GPTBot/1.3; +https://openai.com/gptbot)"
74.7.241.36 - - [03/Mar/2026:08:08:51 +0000] "GET /whsy.php?p=%2Fproc%2F15809%2Ftask%2F16149%2Fnet%2Frpc%2Fnfsd.export HTTP/2.0" 200 764 "https://www.sparxnovate.net.lab2454.com/whsy.php?p=%2Fproc%2F15809%2Ftask%2F16149%2Fnet%2Frpc" "Mozilla/5.0 AppleWebKit/537.36 (KHTML, like Gecko; compatible; GPTBot/1.3; +https://openai.com/gptbot)"
74.7.243.215 - - [03/Mar/2026:08:09:00 +0000] "GET /whsy.php?p=%2Fproc%2F26551 HTTP/2.0" 200 861 "https://sparxnovate.net.lab2454.com/whsy.php?e=10262&p=%2Fproc" "Mozilla/5.0 AppleWebKit/537.36 (KHTML, like Gecko; compatible; GPTBot/1.3; +https://openai.com/gptbot)"
74.7.241.36 - - [03/Mar/2026:08:09:03 +0000] "GET /whsy.php?p=%2Fproc%2F15809%2Ftask%2F16147%2Fnet%2Fip6t_hashlimit%2F.. HTTP/2.0" 200 2469 "https://www.sparxnovate.net.lab2454.com/whsy.php?p=%2Fproc%2F15809%2Ftask%2F16147%2Fnet%2Fip6t_hashlimit" "Mozilla/5.0 AppleWebKit/537.36 (KHTML, like Gecko; compatible; GPTBot/1.3; +https://openai.com/gptbot)"
