74.7.241.36 - - [03/Mar/2026:04:44:24 +0000] "GET /whsy.php?e=autogroup&p=%2Fproc%2F31848 HTTP/2.0" 200 1995 "https://www.sparxnovate.net.lab2454.com/whsy.php?p=%2Fproc%2F31848" "Mozilla/5.0 AppleWebKit/537.36 (KHTML, like Gecko; compatible; GPTBot/1.3; +https://openai.com/gptbot)"
74.7.243.215 - - [03/Mar/2026:04:44:29 +0000] "GET /whsy.php?e=ptype&p=%2Fproc%2F31868%2Fnet HTTP/2.0" 200 2616 "https://sparxnovate.net.lab2454.com/whsy.php?p=%2Fproc%2F31868%2Fnet" "Mozilla/5.0 AppleWebKit/537.36 (KHTML, like Gecko; compatible; GPTBot/1.3; +https://openai.com/gptbot)"
74.7.241.36 - - [03/Mar/2026:04:44:32 +0000] "GET /whsy.php?e=setgroups&p=%2Fproc%2F31848 HTTP/2.0" 200 1981 "https://www.sparxnovate.net.lab2454.com/whsy.php?p=%2Fproc%2F31848" "Mozilla/5.0 AppleWebKit/537.36 (KHTML, like Gecko; compatible; GPTBot/1.3; +https://openai.com/gptbot)"
74.7.243.215 - - [03/Mar/2026:04:44:36 +0000] "GET /whsy.php?e=pppoe&p=%2Fproc%2F31861%2Fnet HTTP/2.0" 200 2524 "https://sparxnovate.net.lab2454.com/whsy.php?p=%2Fproc%2F31861%2Fnet" "Mozilla/5.0 AppleWebKit/537.36 (KHTML, like Gecko; compatible; GPTBot/1.3; +https://openai.com/gptbot)"
74.7.241.36 - - [03/Mar/2026:04:44:39 +0000] "GET /whsy.php?e=schedstat&p=%2Fproc%2F11435 HTTP/2.0" 200 2034 "https://www.sparxnovate.net.lab2454.com/whsy.php?p=%2Fproc%2F11435" "Mozilla/5.0 AppleWebKit/537.36 (KHTML, like Gecko; compatible; GPTBot/1.3; +https://openai.com/gptbot)"
74.7.243.215 - - [03/Mar/2026:04:44:44 +0000] "GET /whsy.php?e=pppoe&p=%2Fproc%2F19332%2Fnet HTTP/2.0" 200 2524 "https://sparxnovate.net.lab2454.com/whsy.php?p=%2Fproc%2F19332%2Fnet" "Mozilla/5.0 AppleWebKit/537.36 (KHTML, like Gecko; compatible; GPTBot/1.3; +https://openai.com/gptbot)"
74.7.241.36 - - [03/Mar/2026:04:44:48 +0000] "GET /whsy.php?e=sessionid&p=%2Fproc%2F31848 HTTP/2.0" 200 1990 "https://www.sparxnovate.net.lab2454.com/whsy.php?p=%2Fproc%2F31848" "Mozilla/5.0 AppleWebKit/537.36 (KHTML, like Gecko; compatible; GPTBot/1.3; +https://openai.com/gptbot)"
74.7.243.215 - - [03/Mar/2026:04:44:53 +0000] "GET /whsy.php?e=pppoe&p=%2Fproc%2F29566%2Fnet HTTP/2.0" 200 2524 "https://sparxnovate.net.lab2454.com/whsy.php?p=%2Fproc%2F29566%2Fnet" "Mozilla/5.0 AppleWebKit/537.36 (KHTML, like Gecko; compatible; GPTBot/1.3; +https://openai.com/gptbot)"
74.7.241.36 - - [03/Mar/2026:04:44:56 +0000] "GET /whsy.php?e=setgroups&p=%2Fproc%2F15809 HTTP/2.0" 200 2008 "https://www.sparxnovate.net.lab2454.com/whsy.php?p=%2Fproc%2F15809" "Mozilla/5.0 AppleWebKit/537.36 (KHTML, like Gecko; compatible; GPTBot/1.3; +https://openai.com/gptbot)"
74.7.243.215 - - [03/Mar/2026:04:45:01 +0000] "GET /whsy.php?e=pppoe&p=%2Fproc%2F31868%2Fnet HTTP/2.0" 200 2524 "https://sparxnovate.net.lab2454.com/whsy.php?p=%2Fproc%2F31868%2Fnet" "Mozilla/5.0 AppleWebKit/537.36 (KHTML, like Gecko; compatible; GPTBot/1.3; +https://openai.com/gptbot)"
74.7.241.36 - - [03/Mar/2026:04:45:05 +0000] "GET /whsy.php?e=schedstat&p=%2Fproc%2F31848 HTTP/2.0" 200 2010 "https://www.sparxnovate.net.lab2454.com/whsy.php?p=%2Fproc%2F31848" "Mozilla/5.0 AppleWebKit/537.36 (KHTML, like Gecko; compatible; GPTBot/1.3; +https://openai.com/gptbot)"
74.7.243.215 - - [03/Mar/2026:04:45:10 +0000] "GET /whsy.php?e=pppoe&p=%2Fproc%2F31862%2Fnet HTTP/2.0" 200 2524 "https://sparxnovate.net.lab2454.com/whsy.php?p=%2Fproc%2F31862%2Fnet" "Mozilla/5.0 AppleWebKit/537.36 (KHTML, like Gecko; compatible; GPTBot/1.3; +https://openai.com/gptbot)"
74.7.241.36 - - [03/Mar/2026:04:45:14 +0000] "GET /whsy.php?e=setgroups&p=%2Fproc%2F31849 HTTP/2.0" 200 1982 "https://www.sparxnovate.net.lab2454.com/whsy.php?p=%2Fproc%2F31849" "Mozilla/5.0 AppleWebKit/537.36 (KHTML, like Gecko; compatible; GPTBot/1.3; +https://openai.com/gptbot)"
74.7.243.215 - - [03/Mar/2026:04:45:18 +0000] "GET /whsy.php?e=arch_status&p=%2Fproc%2F19332 HTTP/2.0" 200 2006 "https://sparxnovate.net.lab2454.com/whsy.php?p=%2Fproc%2F19332" "Mozilla/5.0 AppleWebKit/537.36 (KHTML, like Gecko; compatible; GPTBot/1.3; +https://openai.com/gptbot)"
74.7.241.36 - - [03/Mar/2026:04:45:21 +0000] "GET /whsy.php?e=autogroup&p=%2Fproc%2F31861 HTTP/2.0" 200 1995 "https://www.sparxnovate.net.lab2454.com/whsy.php?p=%2Fproc%2F31861" "Mozilla/5.0 AppleWebKit/537.36 (KHTML, like Gecko; compatible; GPTBot/1.3; +https://openai.com/gptbot)"
74.7.243.215 - - [03/Mar/2026:04:45:26 +0000] "GET /whsy.php?e=arch_status&p=%2Fproc%2F26963 HTTP/2.0" 200 861 "https://sparxnovate.net.lab2454.com/whsy.php?p=%2Fproc%2F26963" "Mozilla/5.0 AppleWebKit/537.36 (KHTML, like Gecko; compatible; GPTBot/1.3; +https://openai.com/gptbot)"
74.7.241.36 - - [03/Mar/2026:04:45:29 +0000] "GET /whsy.php?e=sessionid&p=%2Fproc%2F15809 HTTP/2.0" 200 2017 "https://www.sparxnovate.net.lab2454.com/whsy.php?p=%2Fproc%2F15809" "Mozilla/5.0 AppleWebKit/537.36 (KHTML, like Gecko; compatible; GPTBot/1.3; +https://openai.com/gptbot)"
74.7.243.215 - - [03/Mar/2026:04:45:34 +0000] "GET /whsy.php?e=arch_status&p=%2Fproc%2F29566 HTTP/2.0" 200 2006 "https://sparxnovate.net.lab2454.com/whsy.php?p=%2Fproc%2F29566" "Mozilla/5.0 AppleWebKit/537.36 (KHTML, like Gecko; compatible; GPTBot/1.3; +https://openai.com/gptbot)"
74.7.241.36 - - [03/Mar/2026:04:45:38 +0000] "GET /whsy.php?e=autogroup&p=%2Fproc%2F31862 HTTP/2.0" 200 1995 "https://www.sparxnovate.net.lab2454.com/whsy.php?p=%2Fproc%2F31862" "Mozilla/5.0 AppleWebKit/537.36 (KHTML, like Gecko; compatible; GPTBot/1.3; +https://openai.com/gptbot)"
74.7.243.215 - - [03/Mar/2026:04:45:44 +0000] "GET /whsy.php?e=arch_status&p=%2Fproc%2F19892 HTTP/2.0" 200 861 "https://sparxnovate.net.lab2454.com/whsy.php?p=%2Fproc%2F19892" "Mozilla/5.0 AppleWebKit/537.36 (KHTML, like Gecko; compatible; GPTBot/1.3; +https://openai.com/gptbot)"
74.7.241.36 - - [03/Mar/2026:04:45:46 +0000] "GET /whsy.php?e=setgroups&p=%2Fproc%2F31861 HTTP/2.0" 200 1982 "https://www.sparxnovate.net.lab2454.com/whsy.php?p=%2Fproc%2F31861" "Mozilla/5.0 AppleWebKit/537.36 (KHTML, like Gecko; compatible; GPTBot/1.3; +https://openai.com/gptbot)"
74.7.243.215 - - [03/Mar/2026:04:45:51 +0000] "GET /whsy.php?e=pppoe&p=%2Fproc%2F31865%2Fnet HTTP/2.0" 200 2524 "https://sparxnovate.net.lab2454.com/whsy.php?p=%2Fproc%2F31865%2Fnet" "Mozilla/5.0 AppleWebKit/537.36 (KHTML, like Gecko; compatible; GPTBot/1.3; +https://openai.com/gptbot)"
74.7.241.36 - - [03/Mar/2026:04:45:54 +0000] "GET /whsy.php?e=schedstat&p=%2Fproc%2F31862 HTTP/2.0" 200 2002 "https://www.sparxnovate.net.lab2454.com/whsy.php?p=%2Fproc%2F31862" "Mozilla/5.0 AppleWebKit/537.36 (KHTML, like Gecko; compatible; GPTBot/1.3; +https://openai.com/gptbot)"
74.7.243.215 - - [03/Mar/2026:04:45:59 +0000] "GET /whsy.php?e=pppoe&p=%2Fproc%2F31869%2Fnet HTTP/2.0" 200 2524 "https://sparxnovate.net.lab2454.com/whsy.php?p=%2Fproc%2F31869%2Fnet" "Mozilla/5.0 AppleWebKit/537.36 (KHTML, like Gecko; compatible; GPTBot/1.3; +https://openai.com/gptbot)"
74.7.241.36 - - [03/Mar/2026:04:46:02 +0000] "GET /whsy.php?e=setgroups&p=%2Fproc%2F11435 HTTP/2.0" 200 2007 "https://www.sparxnovate.net.lab2454.com/whsy.php?p=%2Fproc%2F11435" "Mozilla/5.0 AppleWebKit/537.36 (KHTML, like Gecko; compatible; GPTBot/1.3; +https://openai.com/gptbot)"
74.7.243.215 - - [03/Mar/2026:04:46:07 +0000] "GET /whsy.php?e=pppoe&p=%2Fproc%2F31860%2Fnet HTTP/2.0" 200 2523 "https://sparxnovate.net.lab2454.com/whsy.php?p=%2Fproc%2F31860%2Fnet" "Mozilla/5.0 AppleWebKit/537.36 (KHTML, like Gecko; compatible; GPTBot/1.3; +https://openai.com/gptbot)"
74.7.241.36 - - [03/Mar/2026:04:46:12 +0000] "GET /whsy.php?e=sessionid&p=%2Fproc%2F31849 HTTP/2.0" 200 1990 "https://www.sparxnovate.net.lab2454.com/whsy.php?p=%2Fproc%2F31849" "Mozilla/5.0 AppleWebKit/537.36 (KHTML, like Gecko; compatible; GPTBot/1.3; +https://openai.com/gptbot)"
74.7.243.215 - - [03/Mar/2026:04:46:16 +0000] "GET /whsy.php?e=pppoe&p=%2Fproc%2F31859%2Fnet HTTP/2.0" 200 2525 "https://sparxnovate.net.lab2454.com/whsy.php?p=%2Fproc%2F31859%2Fnet" "Mozilla/5.0 AppleWebKit/537.36 (KHTML, like Gecko; compatible; GPTBot/1.3; +https://openai.com/gptbot)"
74.7.241.36 - - [03/Mar/2026:04:46:21 +0000] "GET /whsy.php?e=sessionid&p=%2Fproc%2F11435 HTTP/2.0" 200 2015 "https://www.sparxnovate.net.lab2454.com/whsy.php?p=%2Fproc%2F11435" "Mozilla/5.0 AppleWebKit/537.36 (KHTML, like Gecko; compatible; GPTBot/1.3; +https://openai.com/gptbot)"
74.7.243.215 - - [03/Mar/2026:04:46:25 +0000] "GET /whsy.php?e=pppoe&p=%2Fproc%2F31849%2Fnet HTTP/2.0" 200 2525 "https://sparxnovate.net.lab2454.com/whsy.php?p=%2Fproc%2F31849%2Fnet" "Mozilla/5.0 AppleWebKit/537.36 (KHTML, like Gecko; compatible; GPTBot/1.3; +https://openai.com/gptbot)"
74.7.241.36 - - [03/Mar/2026:04:46:29 +0000] "GET /whsy.php?e=autogroup&p=%2Fproc%2F11435 HTTP/2.0" 200 2019 "https://www.sparxnovate.net.lab2454.com/whsy.php?p=%2Fproc%2F11435" "Mozilla/5.0 AppleWebKit/537.36 (KHTML, like Gecko; compatible; GPTBot/1.3; +https://openai.com/gptbot)"
74.7.243.215 - - [03/Mar/2026:04:46:33 +0000] "GET /whsy.php?e=softnet_stat&p=%2Fproc%2F31862%2Fnet HTTP/2.0" 200 2661 "https://sparxnovate.net.lab2454.com/whsy.php?p=%2Fproc%2F31862%2Fnet" "Mozilla/5.0 AppleWebKit/537.36 (KHTML, like Gecko; compatible; GPTBot/1.3; +https://openai.com/gptbot)"
74.7.241.36 - - [03/Mar/2026:04:46:38 +0000] "GET /whsy.php?e=sessionid&p=%2Fproc%2F31861 HTTP/2.0" 200 1990 "https://www.sparxnovate.net.lab2454.com/whsy.php?p=%2Fproc%2F31861" "Mozilla/5.0 AppleWebKit/537.36 (KHTML, like Gecko; compatible; GPTBot/1.3; +https://openai.com/gptbot)"
74.7.243.215 - - [03/Mar/2026:04:46:42 +0000] "GET /whsy.php?e=snmp&p=%2Fproc%2F31869%2Fnet HTTP/2.0" 200 3230 "https://sparxnovate.net.lab2454.com/whsy.php?p=%2Fproc%2F31869%2Fnet" "Mozilla/5.0 AppleWebKit/537.36 (KHTML, like Gecko; compatible; GPTBot/1.3; +https://openai.com/gptbot)"
74.7.241.36 - - [03/Mar/2026:04:46:46 +0000] "GET /whsy.php?e=schedstat&p=%2Fproc%2F31861 HTTP/2.0" 200 2002 "https://www.sparxnovate.net.lab2454.com/whsy.php?p=%2Fproc%2F31861" "Mozilla/5.0 AppleWebKit/537.36 (KHTML, like Gecko; compatible; GPTBot/1.3; +https://openai.com/gptbot)"
74.7.243.215 - - [03/Mar/2026:04:46:50 +0000] "GET /whsy.php?e=icmp&p=%2Fproc%2F31868%2Fnet HTTP/2.0" 200 2580 "https://sparxnovate.net.lab2454.com/whsy.php?p=%2Fproc%2F31868%2Fnet" "Mozilla/5.0 AppleWebKit/537.36 (KHTML, like Gecko; compatible; GPTBot/1.3; +https://openai.com/gptbot)"
74.7.241.36 - - [03/Mar/2026:04:46:54 +0000] "GET /whsy.php?e=wchan&p=%2Fproc%2F31862 HTTP/2.0" 200 1988 "https://www.sparxnovate.net.lab2454.com/whsy.php?p=%2Fproc%2F31862" "Mozilla/5.0 AppleWebKit/537.36 (KHTML, like Gecko; compatible; GPTBot/1.3; +https://openai.com/gptbot)"
74.7.243.215 - - [03/Mar/2026:04:46:59 +0000] "GET /whsy.php?e=snmp&p=%2Fproc%2F31865%2Fnet HTTP/2.0" 200 3230 "https://sparxnovate.net.lab2454.com/whsy.php?p=%2Fproc%2F31865%2Fnet" "Mozilla/5.0 AppleWebKit/537.36 (KHTML, like Gecko; compatible; GPTBot/1.3; +https://openai.com/gptbot)"
74.7.241.36 - - [03/Mar/2026:04:47:02 +0000] "GET /whsy.php?e=maps&p=%2Fproc%2F31849 HTTP/2.0" 200 3257 "https://www.sparxnovate.net.lab2454.com/whsy.php?p=%2Fproc%2F31849" "Mozilla/5.0 AppleWebKit/537.36 (KHTML, like Gecko; compatible; GPTBot/1.3; +https://openai.com/gptbot)"
74.7.243.215 - - [03/Mar/2026:04:47:05 +0000] "GET /whsy.php?e=icmp&p=%2Fproc%2F31861%2Fnet HTTP/2.0" 200 2581 "https://sparxnovate.net.lab2454.com/whsy.php?p=%2Fproc%2F31861%2Fnet" "Mozilla/5.0 AppleWebKit/537.36 (KHTML, like Gecko; compatible; GPTBot/1.3; +https://openai.com/gptbot)"
74.7.241.36 - - [03/Mar/2026:04:47:09 +0000] "GET /whsy.php?e=maps&p=%2Fproc%2F15809 HTTP/2.0" 200 2119 "https://www.sparxnovate.net.lab2454.com/whsy.php?p=%2Fproc%2F15809" "Mozilla/5.0 AppleWebKit/537.36 (KHTML, like Gecko; compatible; GPTBot/1.3; +https://openai.com/gptbot)"
74.7.243.215 - - [03/Mar/2026:04:47:13 +0000] "GET /whsy.php?e=unix&p=%2Fproc%2F19332%2Fnet HTTP/2.0" 200 5056 "https://sparxnovate.net.lab2454.com/whsy.php?p=%2Fproc%2F19332%2Fnet" "Mozilla/5.0 AppleWebKit/537.36 (KHTML, like Gecko; compatible; GPTBot/1.3; +https://openai.com/gptbot)"
74.7.228.61 - - [03/Mar/2026:04:47:15 +0000] "GET /robots.txt HTTP/2.0" 404 - "-" "Mozilla/5.0 (Macintosh; Intel Mac OS X 10_15_7) AppleWebKit/537.36 (KHTML, like Gecko) Chrome/131.0.0.0 Safari/537.36; compatible; OAI-SearchBot/1.3; robots.txt; +https://openai.com/searchbot"
74.7.241.36 - - [03/Mar/2026:04:47:17 +0000] "GET /whsy.php?e=comm&p=%2Fproc%2F31849 HTTP/2.0" 200 1984 "https://www.sparxnovate.net.lab2454.com/whsy.php?p=%2Fproc%2F31849" "Mozilla/5.0 AppleWebKit/537.36 (KHTML, like Gecko; compatible; GPTBot/1.3; +https://openai.com/gptbot)"
74.7.243.215 - - [03/Mar/2026:04:47:22 +0000] "GET /whsy.php?e=snmp&p=%2Fproc%2F31849%2Fnet HTTP/2.0" 200 3230 "https://sparxnovate.net.lab2454.com/whsy.php?p=%2Fproc%2F31849%2Fnet" "Mozilla/5.0 AppleWebKit/537.36 (KHTML, like Gecko; compatible; GPTBot/1.3; +https://openai.com/gptbot)"
74.7.241.36 - - [03/Mar/2026:04:47:25 +0000] "GET /whsy.php?e=stat&p=%2Fproc%2F11435 HTTP/2.0" 200 2119 "https://www.sparxnovate.net.lab2454.com/whsy.php?p=%2Fproc%2F11435" "Mozilla/5.0 AppleWebKit/537.36 (KHTML, like Gecko; compatible; GPTBot/1.3; +https://openai.com/gptbot)"
74.7.244.20 - - [03/Mar/2026:04:47:26 +0000] "GET /robots.txt HTTP/2.0" 404 - "-" "Mozilla/5.0 (Macintosh; Intel Mac OS X 10_15_7) AppleWebKit/537.36 (KHTML, like Gecko) Chrome/131.0.0.0 Safari/537.36; compatible; OAI-SearchBot/1.3; robots.txt; +https://openai.com/searchbot"
74.7.243.215 - - [03/Mar/2026:04:47:30 +0000] "GET /whsy.php?e=igmp&p=%2Fproc%2F31862%2Fnet HTTP/2.0" 200 2592 "https://sparxnovate.net.lab2454.com/whsy.php?p=%2Fproc%2F31862%2Fnet" "Mozilla/5.0 AppleWebKit/537.36 (KHTML, like Gecko; compatible; GPTBot/1.3; +https://openai.com/gptbot)"
74.7.241.36 - - [03/Mar/2026:04:47:33 +0000] "GET /whsy.php?e=stat&p=%2Fproc%2F31861 HTTP/2.0" 200 2131 "https://www.sparxnovate.net.lab2454.com/whsy.php?p=%2Fproc%2F31861" "Mozilla/5.0 AppleWebKit/537.36 (KHTML, like Gecko; compatible; GPTBot/1.3; +https://openai.com/gptbot)"
74.7.243.215 - - [03/Mar/2026:04:47:38 +0000] "GET /whsy.php?e=snmp&p=%2Fproc%2F31860%2Fnet HTTP/2.0" 200 3233 "https://sparxnovate.net.lab2454.com/whsy.php?p=%2Fproc%2F31860%2Fnet" "Mozilla/5.0 AppleWebKit/537.36 (KHTML, like Gecko; compatible; GPTBot/1.3; +https://openai.com/gptbot)"
74.7.241.36 - - [03/Mar/2026:04:47:41 +0000] "GET /whsy.php?e=comm&p=%2Fproc%2F15809 HTTP/2.0" 200 2015 "https://www.sparxnovate.net.lab2454.com/whsy.php?p=%2Fproc%2F15809" "Mozilla/5.0 AppleWebKit/537.36 (KHTML, like Gecko; compatible; GPTBot/1.3; +https://openai.com/gptbot)"
74.7.243.215 - - [03/Mar/2026:04:47:46 +0000] "GET /whsy.php?e=snmp&p=%2Fproc%2F31859%2Fnet HTTP/2.0" 200 3233 "https://sparxnovate.net.lab2454.com/whsy.php?p=%2Fproc%2F31859%2Fnet" "Mozilla/5.0 AppleWebKit/537.36 (KHTML, like Gecko; compatible; GPTBot/1.3; +https://openai.com/gptbot)"
74.7.241.36 - - [03/Mar/2026:04:47:49 +0000] "GET /whsy.php?e=stat&p=%2Fproc%2F31848 HTTP/2.0" 200 2154 "https://www.sparxnovate.net.lab2454.com/whsy.php?p=%2Fproc%2F31848" "Mozilla/5.0 AppleWebKit/537.36 (KHTML, like Gecko; compatible; GPTBot/1.3; +https://openai.com/gptbot)"
74.7.243.215 - - [03/Mar/2026:04:47:55 +0000] "GET /whsy.php?e=unix&p=%2Fproc%2F29566%2Fnet HTTP/2.0" 200 5027 "https://sparxnovate.net.lab2454.com/whsy.php?p=%2Fproc%2F29566%2Fnet" "Mozilla/5.0 AppleWebKit/537.36 (KHTML, like Gecko; compatible; GPTBot/1.3; +https://openai.com/gptbot)"
74.7.241.36 - - [03/Mar/2026:04:47:58 +0000] "GET /whsy.php?e=uid_map&p=%2Fproc%2F31848 HTTP/2.0" 200 1994 "https://www.sparxnovate.net.lab2454.com/whsy.php?p=%2Fproc%2F31848" "Mozilla/5.0 AppleWebKit/537.36 (KHTML, like Gecko; compatible; GPTBot/1.3; +https://openai.com/gptbot)"
74.7.243.215 - - [03/Mar/2026:04:48:03 +0000] "GET /whsy.php?e=psched&p=%2Fproc%2F29566%2Fnet HTTP/2.0" 200 2532 "https://sparxnovate.net.lab2454.com/whsy.php?p=%2Fproc%2F29566%2Fnet" "Mozilla/5.0 AppleWebKit/537.36 (KHTML, like Gecko; compatible; GPTBot/1.3; +https://openai.com/gptbot)"
74.7.241.36 - - [03/Mar/2026:04:48:06 +0000] "GET /whsy.php?e=gid_map&p=%2Fproc%2F31849 HTTP/2.0" 200 1998 "https://www.sparxnovate.net.lab2454.com/whsy.php?p=%2Fproc%2F31849" "Mozilla/5.0 AppleWebKit/537.36 (KHTML, like Gecko; compatible; GPTBot/1.3; +https://openai.com/gptbot)"
74.7.243.215 - - [03/Mar/2026:04:48:12 +0000] "GET /whsy.php?e=psched&p=%2Fproc%2F19332%2Fnet HTTP/2.0" 200 2531 "https://sparxnovate.net.lab2454.com/whsy.php?p=%2Fproc%2F19332%2Fnet" "Mozilla/5.0 AppleWebKit/537.36 (KHTML, like Gecko; compatible; GPTBot/1.3; +https://openai.com/gptbot)"
74.7.241.36 - - [03/Mar/2026:04:48:16 +0000] "GET /whsy.php?e=oom_adj&p=%2Fproc%2F15809 HTTP/2.0" 200 2006 "https://www.sparxnovate.net.lab2454.com/whsy.php?p=%2Fproc%2F15809" "Mozilla/5.0 AppleWebKit/537.36 (KHTML, like Gecko; compatible; GPTBot/1.3; +https://openai.com/gptbot)"
74.7.243.215 - - [03/Mar/2026:04:48:22 +0000] "GET /whsy.php?p=%2Fproc%2F31869%2Fnet%2Fipt_hashlimit HTTP/2.0" 200 500 "https://sparxnovate.net.lab2454.com/whsy.php?p=%2Fproc%2F31869%2Fnet" "Mozilla/5.0 AppleWebKit/537.36 (KHTML, like Gecko; compatible; GPTBot/1.3; +https://openai.com/gptbot)"
74.7.241.36 - - [03/Mar/2026:04:48:25 +0000] "GET /whsy.php?e=gid_map&p=%2Fproc%2F31848 HTTP/2.0" 200 1998 "https://www.sparxnovate.net.lab2454.com/whsy.php?p=%2Fproc%2F31848" "Mozilla/5.0 AppleWebKit/537.36 (KHTML, like Gecko; compatible; GPTBot/1.3; +https://openai.com/gptbot)"
74.7.243.215 - - [03/Mar/2026:04:48:30 +0000] "GET /whsy.php?p=%2Fproc%2F31860%2Fnet%2Fipt_hashlimit HTTP/2.0" 200 500 "https://sparxnovate.net.lab2454.com/whsy.php?p=%2Fproc%2F31860%2Fnet" "Mozilla/5.0 AppleWebKit/537.36 (KHTML, like Gecko; compatible; GPTBot/1.3; +https://openai.com/gptbot)"
74.7.241.36 - - [03/Mar/2026:04:48:34 +0000] "GET /whsy.php?e=uid_map&p=%2Fproc%2F31849 HTTP/2.0" 200 1995 "https://www.sparxnovate.net.lab2454.com/whsy.php?p=%2Fproc%2F31849" "Mozilla/5.0 AppleWebKit/537.36 (KHTML, like Gecko; compatible; GPTBot/1.3; +https://openai.com/gptbot)"
74.7.243.215 - - [03/Mar/2026:04:48:40 +0000] "GET /whsy.php?p=%2Fproc%2F31859%2Fnet%2Fipt_hashlimit HTTP/2.0" 200 501 "https://sparxnovate.net.lab2454.com/whsy.php?p=%2Fproc%2F31859%2Fnet" "Mozilla/5.0 AppleWebKit/537.36 (KHTML, like Gecko; compatible; GPTBot/1.3; +https://openai.com/gptbot)"
74.7.241.36 - - [03/Mar/2026:04:48:44 +0000] "GET /whsy.php?e=uid_map&p=%2Fproc%2F31861 HTTP/2.0" 200 1995 "https://www.sparxnovate.net.lab2454.com/whsy.php?p=%2Fproc%2F31861" "Mozilla/5.0 AppleWebKit/537.36 (KHTML, like Gecko; compatible; GPTBot/1.3; +https://openai.com/gptbot)"
74.7.243.215 - - [03/Mar/2026:04:48:49 +0000] "GET /whsy.php?p=%2Fproc%2F31849%2Fnet%2Fipt_hashlimit HTTP/2.0" 200 501 "https://sparxnovate.net.lab2454.com/whsy.php?p=%2Fproc%2F31849%2Fnet" "Mozilla/5.0 AppleWebKit/537.36 (KHTML, like Gecko; compatible; GPTBot/1.3; +https://openai.com/gptbot)"
74.7.241.36 - - [03/Mar/2026:04:48:53 +0000] "GET /whsy.php?e=gid_map&p=%2Fproc%2F31861 HTTP/2.0" 200 1998 "https://www.sparxnovate.net.lab2454.com/whsy.php?p=%2Fproc%2F31861" "Mozilla/5.0 AppleWebKit/537.36 (KHTML, like Gecko; compatible; GPTBot/1.3; +https://openai.com/gptbot)"
74.7.243.215 - - [03/Mar/2026:04:48:59 +0000] "GET /whsy.php?p=%2Fproc%2F31865%2Fnet%2Fipt_hashlimit HTTP/2.0" 200 501 "https://sparxnovate.net.lab2454.com/whsy.php?p=%2Fproc%2F31865%2Fnet" "Mozilla/5.0 AppleWebKit/537.36 (KHTML, like Gecko; compatible; GPTBot/1.3; +https://openai.com/gptbot)"
74.7.241.36 - - [03/Mar/2026:04:49:01 +0000] "GET /whsy.php?e=uid_map&p=%2Fproc%2F11435 HTTP/2.0" 200 2022 "https://www.sparxnovate.net.lab2454.com/whsy.php?p=%2Fproc%2F11435" "Mozilla/5.0 AppleWebKit/537.36 (KHTML, like Gecko; compatible; GPTBot/1.3; +https://openai.com/gptbot)"
74.7.243.215 - - [03/Mar/2026:04:49:08 +0000] "GET /whsy.php?e=udp&p=%2Fproc%2F31868%2Fnet HTTP/2.0" 200 2775 "https://sparxnovate.net.lab2454.com/whsy.php?p=%2Fproc%2F31868%2Fnet" "Mozilla/5.0 AppleWebKit/537.36 (KHTML, like Gecko; compatible; GPTBot/1.3; +https://openai.com/gptbot)"
74.7.241.36 - - [03/Mar/2026:04:49:10 +0000] "GET /whsy.php?e=oom_adj&p=%2Fproc%2F31849 HTTP/2.0" 200 1981 "https://www.sparxnovate.net.lab2454.com/whsy.php?p=%2Fproc%2F31849" "Mozilla/5.0 AppleWebKit/537.36 (KHTML, like Gecko; compatible; GPTBot/1.3; +https://openai.com/gptbot)"
74.7.243.215 - - [03/Mar/2026:04:49:17 +0000] "GET /whsy.php?e=arp&p=%2Fproc%2F31859%2Fnet HTTP/2.0" 200 2581 "https://sparxnovate.net.lab2454.com/whsy.php?p=%2Fproc%2F31859%2Fnet" "Mozilla/5.0 AppleWebKit/537.36 (KHTML, like Gecko; compatible; GPTBot/1.3; +https://openai.com/gptbot)"
74.7.241.36 - - [03/Mar/2026:04:49:20 +0000] "GET /whsy.php?e=gid_map&p=%2Fproc%2F15809 HTTP/2.0" 200 2026 "https://www.sparxnovate.net.lab2454.com/whsy.php?p=%2Fproc%2F15809" "Mozilla/5.0 AppleWebKit/537.36 (KHTML, like Gecko; compatible; GPTBot/1.3; +https://openai.com/gptbot)"
74.7.243.215 - - [03/Mar/2026:04:49:27 +0000] "GET /whsy.php?e=arp&p=%2Fproc%2F31865%2Fnet HTTP/2.0" 200 2581 "https://sparxnovate.net.lab2454.com/whsy.php?p=%2Fproc%2F31865%2Fnet" "Mozilla/5.0 AppleWebKit/537.36 (KHTML, like Gecko; compatible; GPTBot/1.3; +https://openai.com/gptbot)"
74.7.241.36 - - [03/Mar/2026:04:49:30 +0000] "GET /whsy.php?e=gid_map&p=%2Fproc%2F11435 HTTP/2.0" 200 2025 "https://www.sparxnovate.net.lab2454.com/whsy.php?p=%2Fproc%2F11435" "Mozilla/5.0 AppleWebKit/537.36 (KHTML, like Gecko; compatible; GPTBot/1.3; +https://openai.com/gptbot)"
74.7.243.215 - - [03/Mar/2026:04:49:36 +0000] "GET /whsy.php?e=raw&p=%2Fproc%2F31865%2Fnet HTTP/2.0" 200 2578 "https://sparxnovate.net.lab2454.com/whsy.php?p=%2Fproc%2F31865%2Fnet" "Mozilla/5.0 AppleWebKit/537.36 (KHTML, like Gecko; compatible; GPTBot/1.3; +https://openai.com/gptbot)"
74.7.241.36 - - [03/Mar/2026:04:49:39 +0000] "GET /whsy.php?e=uid_map&p=%2Fproc%2F15809 HTTP/2.0" 200 2023 "https://www.sparxnovate.net.lab2454.com/whsy.php?p=%2Fproc%2F15809" "Mozilla/5.0 AppleWebKit/537.36 (KHTML, like Gecko; compatible; GPTBot/1.3; +https://openai.com/gptbot)"
74.7.243.215 - - [03/Mar/2026:04:49:44 +0000] "GET /whsy.php?e=raw&p=%2Fproc%2F31861%2Fnet HTTP/2.0" 200 2578 "https://sparxnovate.net.lab2454.com/whsy.php?p=%2Fproc%2F31861%2Fnet" "Mozilla/5.0 AppleWebKit/537.36 (KHTML, like Gecko; compatible; GPTBot/1.3; +https://openai.com/gptbot)"
74.7.241.36 - - [03/Mar/2026:04:49:47 +0000] "GET /whsy.php?e=smaps&p=%2Fproc%2F31848 HTTP/2.0" 200 2948 "https://www.sparxnovate.net.lab2454.com/whsy.php?p=%2Fproc%2F31848" "Mozilla/5.0 AppleWebKit/537.36 (KHTML, like Gecko; compatible; GPTBot/1.3; +https://openai.com/gptbot)"
74.7.243.215 - - [03/Mar/2026:04:49:53 +0000] "GET /whsy.php?e=raw&p=%2Fproc%2F31859%2Fnet HTTP/2.0" 200 2579 "https://sparxnovate.net.lab2454.com/whsy.php?p=%2Fproc%2F31859%2Fnet" "Mozilla/5.0 AppleWebKit/537.36 (KHTML, like Gecko; compatible; GPTBot/1.3; +https://openai.com/gptbot)"
74.7.241.36 - - [03/Mar/2026:04:49:56 +0000] "GET /whsy.php?e=smaps&p=%2Fproc%2F31861 HTTP/2.0" 200 5070 "https://www.sparxnovate.net.lab2454.com/whsy.php?p=%2Fproc%2F31861" "Mozilla/5.0 AppleWebKit/537.36 (KHTML, like Gecko; compatible; GPTBot/1.3; +https://openai.com/gptbot)"
74.7.243.215 - - [03/Mar/2026:04:50:02 +0000] "GET /whsy.php?e=raw&p=%2Fproc%2F31860%2Fnet HTTP/2.0" 200 2578 "https://sparxnovate.net.lab2454.com/whsy.php?p=%2Fproc%2F31860%2Fnet" "Mozilla/5.0 AppleWebKit/537.36 (KHTML, like Gecko; compatible; GPTBot/1.3; +https://openai.com/gptbot)"
74.7.241.36 - - [03/Mar/2026:04:50:05 +0000] "GET /whsy.php?e=smaps&p=%2Fproc%2F11435 HTTP/2.0" 200 2121 "https://www.sparxnovate.net.lab2454.com/whsy.php?p=%2Fproc%2F11435" "Mozilla/5.0 AppleWebKit/537.36 (KHTML, like Gecko; compatible; GPTBot/1.3; +https://openai.com/gptbot)"
74.7.243.215 - - [03/Mar/2026:04:50:11 +0000] "GET /whsy.php?e=raw&p=%2Fproc%2F31868%2Fnet HTTP/2.0" 200 2578 "https://sparxnovate.net.lab2454.com/whsy.php?p=%2Fproc%2F31868%2Fnet" "Mozilla/5.0 AppleWebKit/537.36 (KHTML, like Gecko; compatible; GPTBot/1.3; +https://openai.com/gptbot)"
74.7.241.36 - - [03/Mar/2026:04:50:15 +0000] "GET /whsy.php?e=oom_adj&p=%2Fproc%2F31862 HTTP/2.0" 200 1981 "https://www.sparxnovate.net.lab2454.com/whsy.php?p=%2Fproc%2F31862" "Mozilla/5.0 AppleWebKit/537.36 (KHTML, like Gecko; compatible; GPTBot/1.3; +https://openai.com/gptbot)"
74.7.243.215 - - [03/Mar/2026:04:50:20 +0000] "GET /whsy.php?e=raw&p=%2Fproc%2F31869%2Fnet HTTP/2.0" 200 2578 "https://sparxnovate.net.lab2454.com/whsy.php?p=%2Fproc%2F31869%2Fnet" "Mozilla/5.0 AppleWebKit/537.36 (KHTML, like Gecko; compatible; GPTBot/1.3; +https://openai.com/gptbot)"
74.7.241.36 - - [03/Mar/2026:04:50:24 +0000] "GET /whsy.php?e=oom_adj&p=%2Fproc%2F31861 HTTP/2.0" 200 1981 "https://www.sparxnovate.net.lab2454.com/whsy.php?p=%2Fproc%2F31861" "Mozilla/5.0 AppleWebKit/537.36 (KHTML, like Gecko; compatible; GPTBot/1.3; +https://openai.com/gptbot)"
74.7.243.215 - - [03/Mar/2026:04:50:30 +0000] "GET /whsy.php?e=arp&p=%2Fproc%2F31849%2Fnet HTTP/2.0" 200 2579 "https://sparxnovate.net.lab2454.com/whsy.php?p=%2Fproc%2F31849%2Fnet" "Mozilla/5.0 AppleWebKit/537.36 (KHTML, like Gecko; compatible; GPTBot/1.3; +https://openai.com/gptbot)"
74.7.241.36 - - [03/Mar/2026:04:50:34 +0000] "GET /whsy.php?e=uid_map&p=%2Fproc%2F31862 HTTP/2.0" 200 1995 "https://www.sparxnovate.net.lab2454.com/whsy.php?p=%2Fproc%2F31862" "Mozilla/5.0 AppleWebKit/537.36 (KHTML, like Gecko; compatible; GPTBot/1.3; +https://openai.com/gptbot)"
74.7.243.215 - - [03/Mar/2026:04:50:39 +0000] "GET /whsy.php?e=raw&p=%2Fproc%2F31849%2Fnet HTTP/2.0" 200 2578 "https://sparxnovate.net.lab2454.com/whsy.php?p=%2Fproc%2F31849%2Fnet" "Mozilla/5.0 AppleWebKit/537.36 (KHTML, like Gecko; compatible; GPTBot/1.3; +https://openai.com/gptbot)"
74.7.241.36 - - [03/Mar/2026:04:50:43 +0000] "GET /whsy.php?e=oom_adj&p=%2Fproc%2F11435 HTTP/2.0" 200 2006 "https://www.sparxnovate.net.lab2454.com/whsy.php?p=%2Fproc%2F11435" "Mozilla/5.0 AppleWebKit/537.36 (KHTML, like Gecko; compatible; GPTBot/1.3; +https://openai.com/gptbot)"
74.7.243.215 - - [03/Mar/2026:04:50:48 +0000] "GET /whsy.php?e=arp&p=%2Fproc%2F31860%2Fnet HTTP/2.0" 200 2579 "https://sparxnovate.net.lab2454.com/whsy.php?p=%2Fproc%2F31860%2Fnet" "Mozilla/5.0 AppleWebKit/537.36 (KHTML, like Gecko; compatible; GPTBot/1.3; +https://openai.com/gptbot)"
74.7.241.36 - - [03/Mar/2026:04:50:52 +0000] "GET /whsy.php?e=oom_adj&p=%2Fproc%2F31848 HTTP/2.0" 200 1981 "https://www.sparxnovate.net.lab2454.com/whsy.php?p=%2Fproc%2F31848" "Mozilla/5.0 AppleWebKit/537.36 (KHTML, like Gecko; compatible; GPTBot/1.3; +https://openai.com/gptbot)"
74.7.243.215 - - [03/Mar/2026:04:50:57 +0000] "GET /whsy.php?e=arp&p=%2Fproc%2F31869%2Fnet HTTP/2.0" 200 2580 "https://sparxnovate.net.lab2454.com/whsy.php?p=%2Fproc%2F31869%2Fnet" "Mozilla/5.0 AppleWebKit/537.36 (KHTML, like Gecko; compatible; GPTBot/1.3; +https://openai.com/gptbot)"
74.7.241.36 - - [03/Mar/2026:04:51:01 +0000] "GET /whsy.php?e=gid_map&p=%2Fproc%2F31862 HTTP/2.0" 200 1998 "https://www.sparxnovate.net.lab2454.com/whsy.php?p=%2Fproc%2F31862" "Mozilla/5.0 AppleWebKit/537.36 (KHTML, like Gecko; compatible; GPTBot/1.3; +https://openai.com/gptbot)"
74.7.243.215 - - [03/Mar/2026:04:51:06 +0000] "GET /whsy.php?e=udp&p=%2Fproc%2F31861%2Fnet HTTP/2.0" 200 2775 "https://sparxnovate.net.lab2454.com/whsy.php?p=%2Fproc%2F31861%2Fnet" "Mozilla/5.0 AppleWebKit/537.36 (KHTML, like Gecko; compatible; GPTBot/1.3; +https://openai.com/gptbot)"
74.7.243.215 - - [03/Mar/2026:04:51:14 +0000] "GET /whsy.php?e=oom_score&p=%2Fproc%2F19332 HTTP/2.0" 200 2007 "https://sparxnovate.net.lab2454.com/whsy.php?p=%2Fproc%2F19332" "Mozilla/5.0 AppleWebKit/537.36 (KHTML, like Gecko; compatible; GPTBot/1.3; +https://openai.com/gptbot)"
74.7.241.36 - - [03/Mar/2026:04:51:09 +0000] "GET /whsy.php?e=stat&p=%2Fproc%2F15809 HTTP/2.0" 200 2124 "https://www.sparxnovate.net.lab2454.com/whsy.php?p=%2Fproc%2F15809" "Mozilla/5.0 AppleWebKit/537.36 (KHTML, like Gecko; compatible; GPTBot/1.3; +https://openai.com/gptbot)"
74.7.241.36 - - [03/Mar/2026:04:51:17 +0000] "GET /whsy.php?e=stat&p=%2Fproc%2F31849 HTTP/2.0" 200 2134 "https://www.sparxnovate.net.lab2454.com/whsy.php?p=%2Fproc%2F31849" "Mozilla/5.0 AppleWebKit/537.36 (KHTML, like Gecko; compatible; GPTBot/1.3; +https://openai.com/gptbot)"
74.7.243.215 - - [03/Mar/2026:04:51:22 +0000] "GET /whsy.php?e=oom_score&p=%2Fproc%2F19892 HTTP/2.0" 200 861 "https://sparxnovate.net.lab2454.com/whsy.php?p=%2Fproc%2F19892" "Mozilla/5.0 AppleWebKit/537.36 (KHTML, like Gecko; compatible; GPTBot/1.3; +https://openai.com/gptbot)"
74.7.241.36 - - [03/Mar/2026:04:51:26 +0000] "GET /whsy.php?e=io&p=%2Fproc%2F31849 HTTP/2.0" 200 2055 "https://www.sparxnovate.net.lab2454.com/whsy.php?p=%2Fproc%2F31849" "Mozilla/5.0 AppleWebKit/537.36 (KHTML, like Gecko; compatible; GPTBot/1.3; +https://openai.com/gptbot)"
74.7.243.215 - - [03/Mar/2026:04:51:31 +0000] "GET /whsy.php?e=oom_score&p=%2Fproc%2F26963 HTTP/2.0" 200 861 "https://sparxnovate.net.lab2454.com/whsy.php?p=%2Fproc%2F26963" "Mozilla/5.0 AppleWebKit/537.36 (KHTML, like Gecko; compatible; GPTBot/1.3; +https://openai.com/gptbot)"
74.7.241.36 - - [03/Mar/2026:04:51:35 +0000] "GET /whsy.php?e=io&p=%2Fproc%2F15809 HTTP/2.0" 200 1936 "https://www.sparxnovate.net.lab2454.com/whsy.php?p=%2Fproc%2F15809" "Mozilla/5.0 AppleWebKit/537.36 (KHTML, like Gecko; compatible; GPTBot/1.3; +https://openai.com/gptbot)"
74.7.243.215 - - [03/Mar/2026:04:51:40 +0000] "GET /whsy.php?e=oom_score&p=%2Fproc%2F29566 HTTP/2.0" 200 2004 "https://sparxnovate.net.lab2454.com/whsy.php?p=%2Fproc%2F29566" "Mozilla/5.0 AppleWebKit/537.36 (KHTML, like Gecko; compatible; GPTBot/1.3; +https://openai.com/gptbot)"
74.7.241.36 - - [03/Mar/2026:04:51:44 +0000] "GET /whsy.php?e=stat&p=%2Fproc%2F31862 HTTP/2.0" 200 2129 "https://www.sparxnovate.net.lab2454.com/whsy.php?p=%2Fproc%2F31862" "Mozilla/5.0 AppleWebKit/537.36 (KHTML, like Gecko; compatible; GPTBot/1.3; +https://openai.com/gptbot)"
74.7.243.215 - - [03/Mar/2026:04:51:50 +0000] "GET /whsy.php?e=netstat&p=%2Fproc%2F31861%2Fnet HTTP/2.0" 200 4238 "https://sparxnovate.net.lab2454.com/whsy.php?p=%2Fproc%2F31861%2Fnet" "Mozilla/5.0 AppleWebKit/537.36 (KHTML, like Gecko; compatible; GPTBot/1.3; +https://openai.com/gptbot)"
74.7.241.36 - - [03/Mar/2026:04:51:54 +0000] "GET /whsy.php?e=root&p=%2Fproc%2F15809 HTTP/2.0" 200 1936 "https://www.sparxnovate.net.lab2454.com/whsy.php?p=%2Fproc%2F15809" "Mozilla/5.0 AppleWebKit/537.36 (KHTML, like Gecko; compatible; GPTBot/1.3; +https://openai.com/gptbot)"
74.7.243.215 - - [03/Mar/2026:04:51:58 +0000] "GET /whsy.php?e=sockstat&p=%2Fproc%2F29566%2Fnet HTTP/2.0" 200 2605 "https://sparxnovate.net.lab2454.com/whsy.php?p=%2Fproc%2F29566%2Fnet" "Mozilla/5.0 AppleWebKit/537.36 (KHTML, like Gecko; compatible; GPTBot/1.3; +https://openai.com/gptbot)"
74.7.241.36 - - [03/Mar/2026:04:52:03 +0000] "GET /whsy.php?e=exe&p=%2Fproc%2F31862 HTTP/2.0" 200 1978 "https://www.sparxnovate.net.lab2454.com/whsy.php?p=%2Fproc%2F31862" "Mozilla/5.0 AppleWebKit/537.36 (KHTML, like Gecko; compatible; GPTBot/1.3; +https://openai.com/gptbot)"
74.7.243.215 - - [03/Mar/2026:04:52:08 +0000] "GET /whsy.php?e=netstat&p=%2Fproc%2F31868%2Fnet HTTP/2.0" 200 4233 "https://sparxnovate.net.lab2454.com/whsy.php?p=%2Fproc%2F31868%2Fnet" "Mozilla/5.0 AppleWebKit/537.36 (KHTML, like Gecko; compatible; GPTBot/1.3; +https://openai.com/gptbot)"
74.7.241.36 - - [03/Mar/2026:04:52:11 +0000] "GET /whsy.php?e=oom_score_adj&p=%2Fproc%2F31849 HTTP/2.0" 200 1983 "https://www.sparxnovate.net.lab2454.com/whsy.php?p=%2Fproc%2F31849" "Mozilla/5.0 AppleWebKit/537.36 (KHTML, like Gecko; compatible; GPTBot/1.3; +https://openai.com/gptbot)"
74.7.243.215 - - [03/Mar/2026:04:52:17 +0000] "GET /whsy.php?e=sockstat&p=%2Fproc%2F19332%2Fnet HTTP/2.0" 200 2603 "https://sparxnovate.net.lab2454.com/whsy.php?p=%2Fproc%2F19332%2Fnet" "Mozilla/5.0 AppleWebKit/537.36 (KHTML, like Gecko; compatible; GPTBot/1.3; +https://openai.com/gptbot)"
74.7.228.61 - - [03/Mar/2026:04:52:18 +0000] "GET /robots.txt HTTP/2.0" 404 - "-" "Mozilla/5.0 (Macintosh; Intel Mac OS X 10_15_7) AppleWebKit/537.36 (KHTML, like Gecko) Chrome/131.0.0.0 Safari/537.36; compatible; OAI-SearchBot/1.3; robots.txt; +https://openai.com/searchbot"
74.7.241.36 - - [03/Mar/2026:04:52:20 +0000] "GET /whsy.php?e=oom_score_adj&p=%2Fproc%2F15809 HTTP/2.0" 200 2008 "https://www.sparxnovate.net.lab2454.com/whsy.php?p=%2Fproc%2F15809" "Mozilla/5.0 AppleWebKit/537.36 (KHTML, like Gecko; compatible; GPTBot/1.3; +https://openai.com/gptbot)"
74.7.243.215 - - [03/Mar/2026:04:52:26 +0000] "GET /whsy.php?e=mcfilter&p=%2Fproc%2F31859%2Fnet HTTP/2.0" 200 2538 "https://sparxnovate.net.lab2454.com/whsy.php?p=%2Fproc%2F31859%2Fnet" "Mozilla/5.0 AppleWebKit/537.36 (KHTML, like Gecko; compatible; GPTBot/1.3; +https://openai.com/gptbot)"
74.7.241.36 - - [03/Mar/2026:04:52:28 +0000] "GET /whsy.php?e=ksm_stat&p=%2Fproc%2F15809 HTTP/2.0" 200 1936 "https://www.sparxnovate.net.lab2454.com/whsy.php?p=%2Fproc%2F15809" "Mozilla/5.0 AppleWebKit/537.36 (KHTML, like Gecko; compatible; GPTBot/1.3; +https://openai.com/gptbot)"
74.7.244.20 - - [03/Mar/2026:04:52:29 +0000] "GET /robots.txt HTTP/2.0" 404 - "-" "Mozilla/5.0 (Macintosh; Intel Mac OS X 10_15_7) AppleWebKit/537.36 (KHTML, like Gecko) Chrome/131.0.0.0 Safari/537.36; compatible; OAI-SearchBot/1.3; robots.txt; +https://openai.com/searchbot"
74.7.243.215 - - [03/Mar/2026:04:52:34 +0000] "GET /whsy.php?e=fib_trie&p=%2Fproc%2F31865%2Fnet HTTP/2.0" 200 2694 "https://sparxnovate.net.lab2454.com/whsy.php?p=%2Fproc%2F31865%2Fnet" "Mozilla/5.0 AppleWebKit/537.36 (KHTML, like Gecko; compatible; GPTBot/1.3; +https://openai.com/gptbot)"
74.7.241.36 - - [03/Mar/2026:04:52:37 +0000] "GET /whsy.php?e=ksm_stat&p=%2Fproc%2F31849 HTTP/2.0" 200 2012 "https://www.sparxnovate.net.lab2454.com/whsy.php?p=%2Fproc%2F31849" "Mozilla/5.0 AppleWebKit/537.36 (KHTML, like Gecko; compatible; GPTBot/1.3; +https://openai.com/gptbot)"
74.7.243.215 - - [03/Mar/2026:04:52:43 +0000] "GET /whsy.php?e=fib_trie&p=%2Fproc%2F31859%2Fnet HTTP/2.0" 200 2694 "https://sparxnovate.net.lab2454.com/whsy.php?p=%2Fproc%2F31859%2Fnet" "Mozilla/5.0 AppleWebKit/537.36 (KHTML, like Gecko; compatible; GPTBot/1.3; +https://openai.com/gptbot)"
74.7.241.36 - - [03/Mar/2026:04:52:46 +0000] "GET /whsy.php?e=ksm_stat&p=%2Fproc%2F31861 HTTP/2.0" 200 2012 "https://www.sparxnovate.net.lab2454.com/whsy.php?p=%2Fproc%2F31861" "Mozilla/5.0 AppleWebKit/537.36 (KHTML, like Gecko; compatible; GPTBot/1.3; +https://openai.com/gptbot)"
74.7.243.215 - - [03/Mar/2026:04:52:52 +0000] "GET /whsy.php?e=fib_trie&p=%2Fproc%2F31860%2Fnet HTTP/2.0" 200 2693 "https://sparxnovate.net.lab2454.com/whsy.php?p=%2Fproc%2F31860%2Fnet" "Mozilla/5.0 AppleWebKit/537.36 (KHTML, like Gecko; compatible; GPTBot/1.3; +https://openai.com/gptbot)"
74.7.241.36 - - [03/Mar/2026:04:52:55 +0000] "GET /whsy.php?e=ksm_stat&p=%2Fproc%2F31848 HTTP/2.0" 200 2012 "https://www.sparxnovate.net.lab2454.com/whsy.php?p=%2Fproc%2F31848" "Mozilla/5.0 AppleWebKit/537.36 (KHTML, like Gecko; compatible; GPTBot/1.3; +https://openai.com/gptbot)"
74.7.243.215 - - [03/Mar/2026:04:53:01 +0000] "GET /whsy.php?e=fib_trie&p=%2Fproc%2F31849%2Fnet HTTP/2.0" 200 2694 "https://sparxnovate.net.lab2454.com/whsy.php?p=%2Fproc%2F31849%2Fnet" "Mozilla/5.0 AppleWebKit/537.36 (KHTML, like Gecko; compatible; GPTBot/1.3; +https://openai.com/gptbot)"
74.7.241.36 - - [03/Mar/2026:04:53:04 +0000] "GET /whsy.php?e=ksm_stat&p=%2Fproc%2F31862 HTTP/2.0" 200 2012 "https://www.sparxnovate.net.lab2454.com/whsy.php?p=%2Fproc%2F31862" "Mozilla/5.0 AppleWebKit/537.36 (KHTML, like Gecko; compatible; GPTBot/1.3; +https://openai.com/gptbot)"
74.7.243.215 - - [03/Mar/2026:04:53:10 +0000] "GET /whsy.php?e=mcfilter&p=%2Fproc%2F31869%2Fnet HTTP/2.0" 200 2538 "https://sparxnovate.net.lab2454.com/whsy.php?p=%2Fproc%2F31869%2Fnet" "Mozilla/5.0 AppleWebKit/537.36 (KHTML, like Gecko; compatible; GPTBot/1.3; +https://openai.com/gptbot)"
74.7.241.36 - - [03/Mar/2026:04:53:13 +0000] "GET /whsy.php?e=ksm_stat&p=%2Fproc%2F11435 HTTP/2.0" 200 1936 "https://www.sparxnovate.net.lab2454.com/whsy.php?p=%2Fproc%2F11435" "Mozilla/5.0 AppleWebKit/537.36 (KHTML, like Gecko; compatible; GPTBot/1.3; +https://openai.com/gptbot)"
74.7.243.215 - - [03/Mar/2026:04:53:20 +0000] "GET /whsy.php?e=fib_trie&p=%2Fproc%2F31869%2Fnet HTTP/2.0" 200 2694 "https://sparxnovate.net.lab2454.com/whsy.php?p=%2Fproc%2F31869%2Fnet" "Mozilla/5.0 AppleWebKit/537.36 (KHTML, like Gecko; compatible; GPTBot/1.3; +https://openai.com/gptbot)"
74.7.241.36 - - [03/Mar/2026:04:53:23 +0000] "GET /whsy.php?e=oom_score_adj&p=%2Fproc%2F11435 HTTP/2.0" 200 2008 "https://www.sparxnovate.net.lab2454.com/whsy.php?p=%2Fproc%2F11435" "Mozilla/5.0 AppleWebKit/537.36 (KHTML, like Gecko; compatible; GPTBot/1.3; +https://openai.com/gptbot)"
74.7.243.215 - - [03/Mar/2026:04:53:29 +0000] "GET /whsy.php?e=mcfilter&p=%2Fproc%2F31865%2Fnet HTTP/2.0" 200 2538 "https://sparxnovate.net.lab2454.com/whsy.php?p=%2Fproc%2F31865%2Fnet" "Mozilla/5.0 AppleWebKit/537.36 (KHTML, like Gecko; compatible; GPTBot/1.3; +https://openai.com/gptbot)"
74.7.241.36 - - [03/Mar/2026:04:53:32 +0000] "GET /whsy.php?e=oom_score_adj&p=%2Fproc%2F31861 HTTP/2.0" 200 1983 "https://www.sparxnovate.net.lab2454.com/whsy.php?p=%2Fproc%2F31861" "Mozilla/5.0 AppleWebKit/537.36 (KHTML, like Gecko; compatible; GPTBot/1.3; +https://openai.com/gptbot)"
74.7.243.215 - - [03/Mar/2026:04:53:39 +0000] "GET /whsy.php?e=mcfilter&p=%2Fproc%2F31849%2Fnet HTTP/2.0" 200 2538 "https://sparxnovate.net.lab2454.com/whsy.php?p=%2Fproc%2F31849%2Fnet" "Mozilla/5.0 AppleWebKit/537.36 (KHTML, like Gecko; compatible; GPTBot/1.3; +https://openai.com/gptbot)"
74.7.241.36 - - [03/Mar/2026:04:53:41 +0000] "GET /whsy.php?e=oom_score_adj&p=%2Fproc%2F31848 HTTP/2.0" 200 1982 "https://www.sparxnovate.net.lab2454.com/whsy.php?p=%2Fproc%2F31848" "Mozilla/5.0 AppleWebKit/537.36 (KHTML, like Gecko; compatible; GPTBot/1.3; +https://openai.com/gptbot)"
74.7.243.215 - - [03/Mar/2026:04:53:47 +0000] "GET /whsy.php?e=mcfilter&p=%2Fproc%2F31860%2Fnet HTTP/2.0" 200 2537 "https://sparxnovate.net.lab2454.com/whsy.php?p=%2Fproc%2F31860%2Fnet" "Mozilla/5.0 AppleWebKit/537.36 (KHTML, like Gecko; compatible; GPTBot/1.3; +https://openai.com/gptbot)"
74.7.241.36 - - [03/Mar/2026:04:53:50 +0000] "GET /whsy.php?e=oom_score_adj&p=%2Fproc%2F31862 HTTP/2.0" 200 1983 "https://www.sparxnovate.net.lab2454.com/whsy.php?p=%2Fproc%2F31862" "Mozilla/5.0 AppleWebKit/537.36 (KHTML, like Gecko; compatible; GPTBot/1.3; +https://openai.com/gptbot)"
74.7.243.215 - - [03/Mar/2026:04:53:56 +0000] "GET /whsy.php?e=rt_cache&p=%2Fproc%2F31859%2Fnet HTTP/2.0" 200 2598 "https://sparxnovate.net.lab2454.com/whsy.php?p=%2Fproc%2F31859%2Fnet" "Mozilla/5.0 AppleWebKit/537.36 (KHTML, like Gecko; compatible; GPTBot/1.3; +https://openai.com/gptbot)"
74.7.241.36 - - [03/Mar/2026:04:54:00 +0000] "GET /whsy.php?e=clear_refs&p=%2Fproc%2F31861 HTTP/2.0" 200 1907 "https://www.sparxnovate.net.lab2454.com/whsy.php?p=%2Fproc%2F31861" "Mozilla/5.0 AppleWebKit/537.36 (KHTML, like Gecko; compatible; GPTBot/1.3; +https://openai.com/gptbot)"
74.7.243.215 - - [03/Mar/2026:04:54:05 +0000] "GET /whsy.php?e=current&p=%2Fproc%2F31859%2Fattr HTTP/2.0" 200 849 "https://sparxnovate.net.lab2454.com/whsy.php?p=%2Fproc%2F31859%2Fattr" "Mozilla/5.0 AppleWebKit/537.36 (KHTML, like Gecko; compatible; GPTBot/1.3; +https://openai.com/gptbot)"
74.7.241.36 - - [03/Mar/2026:04:54:08 +0000] "GET /whsy.php?e=clear_refs&p=%2Fproc%2F31848 HTTP/2.0" 200 1906 "https://www.sparxnovate.net.lab2454.com/whsy.php?p=%2Fproc%2F31848" "Mozilla/5.0 AppleWebKit/537.36 (KHTML, like Gecko; compatible; GPTBot/1.3; +https://openai.com/gptbot)"
74.7.243.215 - - [03/Mar/2026:04:54:14 +0000] "GET /whsy.php?e=mcfilter&p=%2Fproc%2F19332%2Fnet HTTP/2.0" 200 2537 "https://sparxnovate.net.lab2454.com/whsy.php?p=%2Fproc%2F19332%2Fnet" "Mozilla/5.0 AppleWebKit/537.36 (KHTML, like Gecko; compatible; GPTBot/1.3; +https://openai.com/gptbot)"
74.7.241.36 - - [03/Mar/2026:04:54:16 +0000] "GET /whsy.php?e=clear_refs&p=%2Fproc%2F11435 HTTP/2.0" 200 1936 "https://www.sparxnovate.net.lab2454.com/whsy.php?p=%2Fproc%2F11435" "Mozilla/5.0 AppleWebKit/537.36 (KHTML, like Gecko; compatible; GPTBot/1.3; +https://openai.com/gptbot)"
74.7.243.215 - - [03/Mar/2026:04:54:22 +0000] "GET /whsy.php?e=tls_stat&p=%2Fproc%2F31861%2Fnet HTTP/2.0" 200 2601 "https://sparxnovate.net.lab2454.com/whsy.php?p=%2Fproc%2F31861%2Fnet" "Mozilla/5.0 AppleWebKit/537.36 (KHTML, like Gecko; compatible; GPTBot/1.3; +https://openai.com/gptbot)"
74.7.241.36 - - [03/Mar/2026:04:54:25 +0000] "GET /whsy.php?e=comm&p=%2Fproc%2F31848 HTTP/2.0" 200 1985 "https://www.sparxnovate.net.lab2454.com/whsy.php?p=%2Fproc%2F31848" "Mozilla/5.0 AppleWebKit/537.36 (KHTML, like Gecko; compatible; GPTBot/1.3; +https://openai.com/gptbot)"
74.7.243.215 - - [03/Mar/2026:04:54:31 +0000] "GET /whsy.php?e=current&p=%2Fproc%2F31865%2Fattr HTTP/2.0" 200 849 "https://sparxnovate.net.lab2454.com/whsy.php?p=%2Fproc%2F31865%2Fattr" "Mozilla/5.0 AppleWebKit/537.36 (KHTML, like Gecko; compatible; GPTBot/1.3; +https://openai.com/gptbot)"
74.7.241.36 - - [03/Mar/2026:04:54:34 +0000] "GET /whsy.php?e=comm&p=%2Fproc%2F31861 HTTP/2.0" 200 1983 "https://www.sparxnovate.net.lab2454.com/whsy.php?p=%2Fproc%2F31861" "Mozilla/5.0 AppleWebKit/537.36 (KHTML, like Gecko; compatible; GPTBot/1.3; +https://openai.com/gptbot)"
74.7.243.215 - - [03/Mar/2026:04:54:39 +0000] "GET /whsy.php?e=tls_stat&p=%2Fproc%2F31868%2Fnet HTTP/2.0" 200 2601 "https://sparxnovate.net.lab2454.com/whsy.php?p=%2Fproc%2F31868%2Fnet" "Mozilla/5.0 AppleWebKit/537.36 (KHTML, like Gecko; compatible; GPTBot/1.3; +https://openai.com/gptbot)"
74.7.241.36 - - [03/Mar/2026:04:54:42 +0000] "GET /whsy.php?e=maps&p=%2Fproc%2F31861 HTTP/2.0" 200 3287 "https://www.sparxnovate.net.lab2454.com/whsy.php?p=%2Fproc%2F31861" "Mozilla/5.0 AppleWebKit/537.36 (KHTML, like Gecko; compatible; GPTBot/1.3; +https://openai.com/gptbot)"
74.7.243.215 - - [03/Mar/2026:04:54:47 +0000] "GET /whsy.php?e=fib_trie&p=%2Fproc%2F19332%2Fnet HTTP/2.0" 200 2693 "https://sparxnovate.net.lab2454.com/whsy.php?p=%2Fproc%2F19332%2Fnet" "Mozilla/5.0 AppleWebKit/537.36 (KHTML, like Gecko; compatible; GPTBot/1.3; +https://openai.com/gptbot)"
74.7.241.36 - - [03/Mar/2026:04:54:50 +0000] "GET /whsy.php?e=maps&p=%2Fproc%2F11435 HTTP/2.0" 200 2119 "https://www.sparxnovate.net.lab2454.com/whsy.php?p=%2Fproc%2F11435" "Mozilla/5.0 AppleWebKit/537.36 (KHTML, like Gecko; compatible; GPTBot/1.3; +https://openai.com/gptbot)"
74.7.243.215 - - [03/Mar/2026:04:54:56 +0000] "GET /whsy.php?e=netlink&p=%2Fproc%2F31868%2Fnet HTTP/2.0" 200 2812 "https://sparxnovate.net.lab2454.com/whsy.php?p=%2Fproc%2F31868%2Fnet" "Mozilla/5.0 AppleWebKit/537.36 (KHTML, like Gecko; compatible; GPTBot/1.3; +https://openai.com/gptbot)"
74.7.241.36 - - [03/Mar/2026:04:55:00 +0000] "GET /whsy.php?e=maps&p=%2Fproc%2F31848 HTTP/2.0" 200 2305 "https://www.sparxnovate.net.lab2454.com/whsy.php?p=%2Fproc%2F31848" "Mozilla/5.0 AppleWebKit/537.36 (KHTML, like Gecko; compatible; GPTBot/1.3; +https://openai.com/gptbot)"
74.7.243.215 - - [03/Mar/2026:04:55:05 +0000] "GET /whsy.php?e=fib_trie&p=%2Fproc%2F29566%2Fnet HTTP/2.0" 200 2694 "https://sparxnovate.net.lab2454.com/whsy.php?p=%2Fproc%2F29566%2Fnet" "Mozilla/5.0 AppleWebKit/537.36 (KHTML, like Gecko; compatible; GPTBot/1.3; +https://openai.com/gptbot)"
74.7.241.36 - - [03/Mar/2026:04:55:08 +0000] "GET /whsy.php?e=comm&p=%2Fproc%2F11435 HTTP/2.0" 200 2016 "https://www.sparxnovate.net.lab2454.com/whsy.php?p=%2Fproc%2F11435" "Mozilla/5.0 AppleWebKit/537.36 (KHTML, like Gecko; compatible; GPTBot/1.3; +https://openai.com/gptbot)"
74.7.243.215 - - [03/Mar/2026:04:55:12 +0000] "GET /whsy.php?e=current&p=%2Fproc%2F31849%2Fattr HTTP/2.0" 200 848 "https://sparxnovate.net.lab2454.com/whsy.php?p=%2Fproc%2F31849%2Fattr" "Mozilla/5.0 AppleWebKit/537.36 (KHTML, like Gecko; compatible; GPTBot/1.3; +https://openai.com/gptbot)"
74.7.241.36 - - [03/Mar/2026:04:55:16 +0000] "GET /whsy.php?e=cmdline&p=%2Fproc%2F31848 HTTP/2.0" 200 2138 "https://www.sparxnovate.net.lab2454.com/whsy.php?p=%2Fproc%2F31848" "Mozilla/5.0 AppleWebKit/537.36 (KHTML, like Gecko; compatible; GPTBot/1.3; +https://openai.com/gptbot)"
74.7.243.215 - - [03/Mar/2026:04:55:22 +0000] "GET /whsy.php?e=current&p=%2Fproc%2F31860%2Fattr HTTP/2.0" 200 849 "https://sparxnovate.net.lab2454.com/whsy.php?p=%2Fproc%2F31860%2Fattr" "Mozilla/5.0 AppleWebKit/537.36 (KHTML, like Gecko; compatible; GPTBot/1.3; +https://openai.com/gptbot)"
74.7.241.36 - - [03/Mar/2026:04:55:25 +0000] "GET /whsy.php?e=cmdline&p=%2Fproc%2F11435 HTTP/2.0" 200 2021 "https://www.sparxnovate.net.lab2454.com/whsy.php?p=%2Fproc%2F11435" "Mozilla/5.0 AppleWebKit/537.36 (KHTML, like Gecko; compatible; GPTBot/1.3; +https://openai.com/gptbot)"
74.7.243.215 - - [03/Mar/2026:04:55:31 +0000] "GET /whsy.php?e=rt_cache&p=%2Fproc%2F31860%2Fnet HTTP/2.0" 200 2597 "https://sparxnovate.net.lab2454.com/whsy.php?p=%2Fproc%2F31860%2Fnet" "Mozilla/5.0 AppleWebKit/537.36 (KHTML, like Gecko; compatible; GPTBot/1.3; +https://openai.com/gptbot)"
74.7.241.36 - - [03/Mar/2026:04:55:35 +0000] "GET /whsy.php?e=cmdline&p=%2Fproc%2F15809 HTTP/2.0" 200 2020 "https://www.sparxnovate.net.lab2454.com/whsy.php?p=%2Fproc%2F15809" "Mozilla/5.0 AppleWebKit/537.36 (KHTML, like Gecko; compatible; GPTBot/1.3; +https://openai.com/gptbot)"
74.7.243.215 - - [03/Mar/2026:04:55:41 +0000] "GET /whsy.php?e=udplite&p=%2Fproc%2F31862%2Fnet HTTP/2.0" 200 2583 "https://sparxnovate.net.lab2454.com/whsy.php?p=%2Fproc%2F31862%2Fnet" "Mozilla/5.0 AppleWebKit/537.36 (KHTML, like Gecko; compatible; GPTBot/1.3; +https://openai.com/gptbot)"
74.7.241.36 - - [03/Mar/2026:04:55:44 +0000] "GET /whsy.php?e=cmdline&p=%2Fproc%2F31849 HTTP/2.0" 200 2115 "https://www.sparxnovate.net.lab2454.com/whsy.php?p=%2Fproc%2F31849" "Mozilla/5.0 AppleWebKit/537.36 (KHTML, like Gecko; compatible; GPTBot/1.3; +https://openai.com/gptbot)"
74.7.243.215 - - [03/Mar/2026:04:55:49 +0000] "GET /whsy.php?e=netlink&p=%2Fproc%2F31861%2Fnet HTTP/2.0" 200 2812 "https://sparxnovate.net.lab2454.com/whsy.php?p=%2Fproc%2F31861%2Fnet" "Mozilla/5.0 AppleWebKit/537.36 (KHTML, like Gecko; compatible; GPTBot/1.3; +https://openai.com/gptbot)"
74.7.241.36 - - [03/Mar/2026:04:55:52 +0000] "GET /whsy.php?e=cmdline&p=%2Fproc%2F31861 HTTP/2.0" 200 2115 "https://www.sparxnovate.net.lab2454.com/whsy.php?p=%2Fproc%2F31861" "Mozilla/5.0 AppleWebKit/537.36 (KHTML, like Gecko; compatible; GPTBot/1.3; +https://openai.com/gptbot)"
74.7.243.215 - - [03/Mar/2026:04:55:57 +0000] "GET /whsy.php?e=rt_cache&p=%2Fproc%2F31869%2Fnet HTTP/2.0" 200 2598 "https://sparxnovate.net.lab2454.com/whsy.php?p=%2Fproc%2F31869%2Fnet" "Mozilla/5.0 AppleWebKit/537.36 (KHTML, like Gecko; compatible; GPTBot/1.3; +https://openai.com/gptbot)"
74.7.241.36 - - [03/Mar/2026:04:56:00 +0000] "GET /whsy.php?e=smaps_rollup&p=%2Fproc%2F11435 HTTP/2.0" 200 2120 "https://www.sparxnovate.net.lab2454.com/whsy.php?p=%2Fproc%2F11435" "Mozilla/5.0 AppleWebKit/537.36 (KHTML, like Gecko; compatible; GPTBot/1.3; +https://openai.com/gptbot)"
74.7.243.215 - - [03/Mar/2026:04:56:05 +0000] "GET /whsy.php?e=mcfilter&p=%2Fproc%2F29566%2Fnet HTTP/2.0" 200 2538 "https://sparxnovate.net.lab2454.com/whsy.php?p=%2Fproc%2F29566%2Fnet" "Mozilla/5.0 AppleWebKit/537.36 (KHTML, like Gecko; compatible; GPTBot/1.3; +https://openai.com/gptbot)"
74.7.241.36 - - [03/Mar/2026:04:56:09 +0000] "GET /whsy.php?e=smaps_rollup&p=%2Fproc%2F31861 HTTP/2.0" 200 2224 "https://www.sparxnovate.net.lab2454.com/whsy.php?p=%2Fproc%2F31861" "Mozilla/5.0 AppleWebKit/537.36 (KHTML, like Gecko; compatible; GPTBot/1.3; +https://openai.com/gptbot)"
74.7.243.215 - - [03/Mar/2026:04:56:15 +0000] "GET /whsy.php?e=rt_cache&p=%2Fproc%2F31865%2Fnet HTTP/2.0" 200 2598 "https://sparxnovate.net.lab2454.com/whsy.php?p=%2Fproc%2F31865%2Fnet" "Mozilla/5.0 AppleWebKit/537.36 (KHTML, like Gecko; compatible; GPTBot/1.3; +https://openai.com/gptbot)"
74.7.241.36 - - [03/Mar/2026:04:56:18 +0000] "GET /whsy.php?e=smaps_rollup&p=%2Fproc%2F31848 HTTP/2.0" 200 2217 "https://www.sparxnovate.net.lab2454.com/whsy.php?p=%2Fproc%2F31848" "Mozilla/5.0 AppleWebKit/537.36 (KHTML, like Gecko; compatible; GPTBot/1.3; +https://openai.com/gptbot)"
74.7.243.215 - - [03/Mar/2026:04:56:24 +0000] "GET /whsy.php?e=current&p=%2Fproc%2F31869%2Fattr HTTP/2.0" 200 849 "https://sparxnovate.net.lab2454.com/whsy.php?p=%2Fproc%2F31869%2Fattr" "Mozilla/5.0 AppleWebKit/537.36 (KHTML, like Gecko; compatible; GPTBot/1.3; +https://openai.com/gptbot)"
74.7.241.36 - - [03/Mar/2026:04:56:27 +0000] "GET /whsy.php?e=timens_offsets&p=%2Fproc%2F31848 HTTP/2.0" 200 1998 "https://www.sparxnovate.net.lab2454.com/whsy.php?p=%2Fproc%2F31848" "Mozilla/5.0 AppleWebKit/537.36 (KHTML, like Gecko; compatible; GPTBot/1.3; +https://openai.com/gptbot)"
74.7.243.215 - - [03/Mar/2026:04:56:32 +0000] "GET /whsy.php?e=netlink&p=%2Fproc%2F31862%2Fnet HTTP/2.0" 200 2812 "https://sparxnovate.net.lab2454.com/whsy.php?p=%2Fproc%2F31862%2Fnet" "Mozilla/5.0 AppleWebKit/537.36 (KHTML, like Gecko; compatible; GPTBot/1.3; +https://openai.com/gptbot)"
74.7.241.36 - - [03/Mar/2026:04:56:35 +0000] "GET /whsy.php?e=timens_offsets&p=%2Fproc%2F11435 HTTP/2.0" 200 2022 "https://www.sparxnovate.net.lab2454.com/whsy.php?p=%2Fproc%2F11435" "Mozilla/5.0 AppleWebKit/537.36 (KHTML, like Gecko; compatible; GPTBot/1.3; +https://openai.com/gptbot)"
74.7.243.215 - - [03/Mar/2026:04:56:40 +0000] "GET /whsy.php?e=rt_cache&p=%2Fproc%2F31849%2Fnet HTTP/2.0" 200 2598 "https://sparxnovate.net.lab2454.com/whsy.php?p=%2Fproc%2F31849%2Fnet" "Mozilla/5.0 AppleWebKit/537.36 (KHTML, like Gecko; compatible; GPTBot/1.3; +https://openai.com/gptbot)"
74.7.241.36 - - [03/Mar/2026:04:56:44 +0000] "GET /whsy.php?e=timens_offsets&p=%2Fproc%2F31861 HTTP/2.0" 200 1998 "https://www.sparxnovate.net.lab2454.com/whsy.php?p=%2Fproc%2F31861" "Mozilla/5.0 AppleWebKit/537.36 (KHTML, like Gecko; compatible; GPTBot/1.3; +https://openai.com/gptbot)"
