74.7.243.215 - - [03/Mar/2026:10:42:35 +0000] "GET /whsy.php?e=cmdline&p=%2Fproc%2F16690 HTTP/2.0" 200 2023 "https://sparxnovate.net.lab2454.com/whsy.php?p=%2Fproc%2F16690" "Mozilla/5.0 AppleWebKit/537.36 (KHTML, like Gecko; compatible; GPTBot/1.3; +https://openai.com/gptbot)"
74.7.241.36 - - [03/Mar/2026:10:42:37 +0000] "GET /whsy.php?p=%2Fproc%2F21625 HTTP/2.0" 200 861 "https://www.sparxnovate.net.lab2454.com/whsy.php?p=%2Fproc%2F16480%2F.." "Mozilla/5.0 AppleWebKit/537.36 (KHTML, like Gecko; compatible; GPTBot/1.3; +https://openai.com/gptbot)"
74.7.243.215 - - [03/Mar/2026:10:42:45 +0000] "GET /whsy.php?e=smaps_rollup&p=%2Fproc%2F16690 HTTP/2.0" 200 2121 "https://sparxnovate.net.lab2454.com/whsy.php?p=%2Fproc%2F16690" "Mozilla/5.0 AppleWebKit/537.36 (KHTML, like Gecko; compatible; GPTBot/1.3; +https://openai.com/gptbot)"
74.7.241.36 - - [03/Mar/2026:10:42:46 +0000] "GET /whsy.php?p=%2Fproc%2F10844 HTTP/2.0" 200 861 "https://www.sparxnovate.net.lab2454.com/whsy.php?e=2113&p=%2Fproc" "Mozilla/5.0 AppleWebKit/537.36 (KHTML, like Gecko; compatible; GPTBot/1.3; +https://openai.com/gptbot)"
74.7.243.215 - - [03/Mar/2026:10:42:54 +0000] "GET /whsy.php?e=timens_offsets&p=%2Fproc%2F16690 HTTP/2.0" 200 2023 "https://sparxnovate.net.lab2454.com/whsy.php?p=%2Fproc%2F16690" "Mozilla/5.0 AppleWebKit/537.36 (KHTML, like Gecko; compatible; GPTBot/1.3; +https://openai.com/gptbot)"
74.7.241.36 - - [03/Mar/2026:10:42:55 +0000] "GET /whsy.php?p=%2Fproc%2F28627 HTTP/2.0" 200 861 "https://www.sparxnovate.net.lab2454.com/whsy.php?e=20235&p=%2Fproc" "Mozilla/5.0 AppleWebKit/537.36 (KHTML, like Gecko; compatible; GPTBot/1.3; +https://openai.com/gptbot)"
74.7.243.215 - - [03/Mar/2026:10:43:03 +0000] "GET /whsy.php?e=exe&p=%2Fproc%2F16690 HTTP/2.0" 200 1936 "https://sparxnovate.net.lab2454.com/whsy.php?p=%2Fproc%2F16690" "Mozilla/5.0 AppleWebKit/537.36 (KHTML, like Gecko; compatible; GPTBot/1.3; +https://openai.com/gptbot)"
74.7.241.36 - - [03/Mar/2026:10:43:04 +0000] "GET /whsy.php?p=%2Fproc%2F32174 HTTP/2.0" 200 861 "https://www.sparxnovate.net.lab2454.com/whsy.php?e=19495&p=%2Fproc" "Mozilla/5.0 AppleWebKit/537.36 (KHTML, like Gecko; compatible; GPTBot/1.3; +https://openai.com/gptbot)"
74.7.243.215 - - [03/Mar/2026:10:43:12 +0000] "GET /whsy.php?e=mem&p=%2Fproc%2F16690 HTTP/2.0" 200 1936 "https://sparxnovate.net.lab2454.com/whsy.php?p=%2Fproc%2F16690" "Mozilla/5.0 AppleWebKit/537.36 (KHTML, like Gecko; compatible; GPTBot/1.3; +https://openai.com/gptbot)"
74.7.241.36 - - [03/Mar/2026:10:43:14 +0000] "GET /whsy.php?p=%2Fproc%2F19736 HTTP/2.0" 200 861 "https://www.sparxnovate.net.lab2454.com/whsy.php?e=8952&p=%2Fproc" "Mozilla/5.0 AppleWebKit/537.36 (KHTML, like Gecko; compatible; GPTBot/1.3; +https://openai.com/gptbot)"
74.7.243.215 - - [03/Mar/2026:10:43:21 +0000] "GET /whsy.php?e=cwd&p=%2Fproc%2F16690 HTTP/2.0" 200 1936 "https://sparxnovate.net.lab2454.com/whsy.php?p=%2Fproc%2F16690" "Mozilla/5.0 AppleWebKit/537.36 (KHTML, like Gecko; compatible; GPTBot/1.3; +https://openai.com/gptbot)"
74.7.241.36 - - [03/Mar/2026:10:43:22 +0000] "GET /whsy.php?p=%2Fproc%2F19519 HTTP/2.0" 200 861 "https://www.sparxnovate.net.lab2454.com/whsy.php?p=%2Fproc%2F31849%2F.." "Mozilla/5.0 AppleWebKit/537.36 (KHTML, like Gecko; compatible; GPTBot/1.3; +https://openai.com/gptbot)"
74.7.243.215 - - [03/Mar/2026:10:43:29 +0000] "GET /whsy.php?e=personality&p=%2Fproc%2F16690 HTTP/2.0" 200 1936 "https://sparxnovate.net.lab2454.com/whsy.php?p=%2Fproc%2F16690" "Mozilla/5.0 AppleWebKit/537.36 (KHTML, like Gecko; compatible; GPTBot/1.3; +https://openai.com/gptbot)"
74.7.241.36 - - [03/Mar/2026:10:43:31 +0000] "GET /whsy.php?p=%2Fproc%2F31147 HTTP/2.0" 200 861 "https://www.sparxnovate.net.lab2454.com/whsy.php?e=23044&p=%2Fproc" "Mozilla/5.0 AppleWebKit/537.36 (KHTML, like Gecko; compatible; GPTBot/1.3; +https://openai.com/gptbot)"
74.7.243.215 - - [03/Mar/2026:10:43:39 +0000] "GET /whsy.php?e=sched&p=%2Fproc%2F16690 HTTP/2.0" 200 2472 "https://sparxnovate.net.lab2454.com/whsy.php?p=%2Fproc%2F16690" "Mozilla/5.0 AppleWebKit/537.36 (KHTML, like Gecko; compatible; GPTBot/1.3; +https://openai.com/gptbot)"
74.7.241.36 - - [03/Mar/2026:10:43:40 +0000] "GET /whsy.php?p=%2Fproc%2F20238 HTTP/2.0" 200 861 "https://www.sparxnovate.net.lab2454.com/whsy.php?p=%2Fproc%2F16478%2F.." "Mozilla/5.0 AppleWebKit/537.36 (KHTML, like Gecko; compatible; GPTBot/1.3; +https://openai.com/gptbot)"
74.7.243.215 - - [03/Mar/2026:10:43:49 +0000] "GET /whsy.php?e=syscall&p=%2Fproc%2F16690 HTTP/2.0" 200 1936 "https://sparxnovate.net.lab2454.com/whsy.php?p=%2Fproc%2F16690" "Mozilla/5.0 AppleWebKit/537.36 (KHTML, like Gecko; compatible; GPTBot/1.3; +https://openai.com/gptbot)"
74.7.228.61 - - [03/Mar/2026:10:43:51 +0000] "GET /robots.txt HTTP/2.0" 404 - "-" "Mozilla/5.0 (Macintosh; Intel Mac OS X 10_15_7) AppleWebKit/537.36 (KHTML, like Gecko) Chrome/131.0.0.0 Safari/537.36; compatible; OAI-SearchBot/1.3; robots.txt; +https://openai.com/searchbot"
74.7.241.36 - - [03/Mar/2026:10:43:51 +0000] "GET /whsy.php?p=%2Fproc%2F27574 HTTP/2.0" 200 861 "https://www.sparxnovate.net.lab2454.com/whsy.php?e=19377&p=%2Fproc" "Mozilla/5.0 AppleWebKit/537.36 (KHTML, like Gecko; compatible; GPTBot/1.3; +https://openai.com/gptbot)"
74.7.243.215 - - [03/Mar/2026:10:44:01 +0000] "GET /whsy.php?e=environ&p=%2Fproc%2F16690 HTTP/2.0" 200 1936 "https://sparxnovate.net.lab2454.com/whsy.php?p=%2Fproc%2F16690" "Mozilla/5.0 AppleWebKit/537.36 (KHTML, like Gecko; compatible; GPTBot/1.3; +https://openai.com/gptbot)"
74.7.241.36 - - [03/Mar/2026:10:44:03 +0000] "GET /whsy.php?p=%2Fproc%2F19682 HTTP/2.0" 200 861 "https://www.sparxnovate.net.lab2454.com/whsy.php?p=%2Fproc%2F16478%2F.." "Mozilla/5.0 AppleWebKit/537.36 (KHTML, like Gecko; compatible; GPTBot/1.3; +https://openai.com/gptbot)"
74.7.243.215 - - [03/Mar/2026:10:44:12 +0000] "GET /whsy.php?p=%2Fproc%2F17452 HTTP/2.0" 200 861 "https://sparxnovate.net.lab2454.com/whsy.php?e=8803&p=%2Fproc" "Mozilla/5.0 AppleWebKit/537.36 (KHTML, like Gecko; compatible; GPTBot/1.3; +https://openai.com/gptbot)"
74.7.241.36 - - [03/Mar/2026:10:44:14 +0000] "GET /whsy.php?p=%2Fproc%2F10148 HTTP/2.0" 200 861 "https://www.sparxnovate.net.lab2454.com/whsy.php?e=2110&p=%2Fproc" "Mozilla/5.0 AppleWebKit/537.36 (KHTML, like Gecko; compatible; GPTBot/1.3; +https://openai.com/gptbot)"
74.7.243.215 - - [03/Mar/2026:10:44:23 +0000] "GET /whsy.php?p=%2Fproc%2F15801 HTTP/2.0" 200 861 "https://sparxnovate.net.lab2454.com/whsy.php?e=9323&p=%2Fproc" "Mozilla/5.0 AppleWebKit/537.36 (KHTML, like Gecko; compatible; GPTBot/1.3; +https://openai.com/gptbot)"
74.7.241.36 - - [03/Mar/2026:10:44:25 +0000] "GET /whsy.php?p=%2Fproc%2F23673 HTTP/2.0" 200 861 "https://www.sparxnovate.net.lab2454.com/whsy.php?e=10825&p=%2Fproc" "Mozilla/5.0 AppleWebKit/537.36 (KHTML, like Gecko; compatible; GPTBot/1.3; +https://openai.com/gptbot)"
74.7.243.215 - - [03/Mar/2026:10:44:35 +0000] "GET /whsy.php?p=%2Fproc%2F25181 HTTP/2.0" 200 861 "https://sparxnovate.net.lab2454.com/whsy.php?e=17223&p=%2Fproc" "Mozilla/5.0 AppleWebKit/537.36 (KHTML, like Gecko; compatible; GPTBot/1.3; +https://openai.com/gptbot)"
74.7.241.36 - - [03/Mar/2026:10:44:36 +0000] "GET /whsy.php?p=%2Fproc%2F23693 HTTP/2.0" 200 861 "https://www.sparxnovate.net.lab2454.com/whsy.php?e=10825&p=%2Fproc" "Mozilla/5.0 AppleWebKit/537.36 (KHTML, like Gecko; compatible; GPTBot/1.3; +https://openai.com/gptbot)"
74.7.243.215 - - [03/Mar/2026:10:44:44 +0000] "GET /whsy.php?p=%2Fproc%2F11698 HTTP/2.0" 200 861 "https://sparxnovate.net.lab2454.com/whsy.php?e=2660&p=%2Fproc" "Mozilla/5.0 AppleWebKit/537.36 (KHTML, like Gecko; compatible; GPTBot/1.3; +https://openai.com/gptbot)"
74.7.241.36 - - [03/Mar/2026:10:44:45 +0000] "GET /whsy.php?p=%2Fproc%2F18709 HTTP/2.0" 200 861 "https://www.sparxnovate.net.lab2454.com/whsy.php?p=%2Fproc%2F31861%2F.." "Mozilla/5.0 AppleWebKit/537.36 (KHTML, like Gecko; compatible; GPTBot/1.3; +https://openai.com/gptbot)"
74.7.243.215 - - [03/Mar/2026:10:44:53 +0000] "GET /whsy.php?p=%2Fproc%2F11638 HTTP/2.0" 200 861 "https://sparxnovate.net.lab2454.com/whsy.php?e=3006&p=%2Fproc" "Mozilla/5.0 AppleWebKit/537.36 (KHTML, like Gecko; compatible; GPTBot/1.3; +https://openai.com/gptbot)"
74.7.241.36 - - [03/Mar/2026:10:44:54 +0000] "GET /whsy.php?p=%2Fproc%2F18701 HTTP/2.0" 200 861 "https://www.sparxnovate.net.lab2454.com/whsy.php?p=%2Fproc%2F31861%2F.." "Mozilla/5.0 AppleWebKit/537.36 (KHTML, like Gecko; compatible; GPTBot/1.3; +https://openai.com/gptbot)"
74.7.243.215 - - [03/Mar/2026:10:45:00 +0000] "GET /whsy.php?p=%2Fproc%2F15923 HTTP/2.0" 200 861 "https://sparxnovate.net.lab2454.com/whsy.php?e=4113&p=%2Fproc" "Mozilla/5.0 AppleWebKit/537.36 (KHTML, like Gecko; compatible; GPTBot/1.3; +https://openai.com/gptbot)"
74.7.241.36 - - [03/Mar/2026:10:45:01 +0000] "GET /whsy.php?p=%2Fproc%2F13088 HTTP/2.0" 200 861 "https://www.sparxnovate.net.lab2454.com/whsy.php?p=%2Fproc%2F31848%2F.." "Mozilla/5.0 AppleWebKit/537.36 (KHTML, like Gecko; compatible; GPTBot/1.3; +https://openai.com/gptbot)"
74.7.243.215 - - [03/Mar/2026:10:45:08 +0000] "GET /whsy.php?p=%2Fproc%2F17901 HTTP/2.0" 200 861 "https://sparxnovate.net.lab2454.com/whsy.php?e=9451&p=%2Fproc" "Mozilla/5.0 AppleWebKit/537.36 (KHTML, like Gecko; compatible; GPTBot/1.3; +https://openai.com/gptbot)"
74.7.241.36 - - [03/Mar/2026:10:45:09 +0000] "GET /whsy.php?p=%2Fproc%2F32158 HTTP/2.0" 200 861 "https://www.sparxnovate.net.lab2454.com/whsy.php?e=19495&p=%2Fproc" "Mozilla/5.0 AppleWebKit/537.36 (KHTML, like Gecko; compatible; GPTBot/1.3; +https://openai.com/gptbot)"
74.7.243.215 - - [03/Mar/2026:10:45:16 +0000] "GET /whsy.php?p=%2Fproc%2F20391 HTTP/2.0" 200 861 "https://sparxnovate.net.lab2454.com/whsy.php?p=%2Fproc%2F31861%2F.." "Mozilla/5.0 AppleWebKit/537.36 (KHTML, like Gecko; compatible; GPTBot/1.3; +https://openai.com/gptbot)"
74.7.241.36 - - [03/Mar/2026:10:45:17 +0000] "GET /whsy.php?p=%2Fproc%2F31847 HTTP/2.0" 200 861 "https://www.sparxnovate.net.lab2454.com/whsy.php?e=24205&p=%2Fproc" "Mozilla/5.0 AppleWebKit/537.36 (KHTML, like Gecko; compatible; GPTBot/1.3; +https://openai.com/gptbot)"
74.7.243.215 - - [03/Mar/2026:10:45:24 +0000] "GET /whsy.php?p=%2Fproc%2F15196 HTTP/2.0" 200 861 "https://sparxnovate.net.lab2454.com/whsy.php?e=9323&p=%2Fproc" "Mozilla/5.0 AppleWebKit/537.36 (KHTML, like Gecko; compatible; GPTBot/1.3; +https://openai.com/gptbot)"
74.7.241.36 - - [03/Mar/2026:10:45:25 +0000] "GET /whsy.php?p=%2Fproc%2F18637 HTTP/2.0" 200 861 "https://www.sparxnovate.net.lab2454.com/whsy.php?p=%2Fproc%2F31861%2F.." "Mozilla/5.0 AppleWebKit/537.36 (KHTML, like Gecko; compatible; GPTBot/1.3; +https://openai.com/gptbot)"
74.7.243.215 - - [03/Mar/2026:10:45:33 +0000] "GET /whsy.php?p=%2Fproc%2F18151 HTTP/2.0" 200 1936 "https://sparxnovate.net.lab2454.com/whsy.php?e=6035&p=%2Fproc" "Mozilla/5.0 AppleWebKit/537.36 (KHTML, like Gecko; compatible; GPTBot/1.3; +https://openai.com/gptbot)"
74.7.241.36 - - [03/Mar/2026:10:45:34 +0000] "GET /whsy.php?p=%2Fproc%2F12987 HTTP/2.0" 200 861 "https://www.sparxnovate.net.lab2454.com/whsy.php?e=2073&p=%2Fproc" "Mozilla/5.0 AppleWebKit/537.36 (KHTML, like Gecko; compatible; GPTBot/1.3; +https://openai.com/gptbot)"
74.7.243.215 - - [03/Mar/2026:10:45:43 +0000] "GET /whsy.php?p=%2Fproc%2F21560 HTTP/2.0" 200 861 "https://sparxnovate.net.lab2454.com/whsy.php?e=13551&p=%2Fproc" "Mozilla/5.0 AppleWebKit/537.36 (KHTML, like Gecko; compatible; GPTBot/1.3; +https://openai.com/gptbot)"
74.7.241.36 - - [03/Mar/2026:10:45:44 +0000] "GET /whsy.php?p=%2Fproc%2F22546 HTTP/2.0" 200 861 "https://www.sparxnovate.net.lab2454.com/whsy.php?e=12961&p=%2Fproc" "Mozilla/5.0 AppleWebKit/537.36 (KHTML, like Gecko; compatible; GPTBot/1.3; +https://openai.com/gptbot)"
74.7.243.215 - - [03/Mar/2026:10:45:53 +0000] "GET /whsy.php?p=%2Fproc%2F25188 HTTP/2.0" 200 861 "https://sparxnovate.net.lab2454.com/whsy.php?e=17223&p=%2Fproc" "Mozilla/5.0 AppleWebKit/537.36 (KHTML, like Gecko; compatible; GPTBot/1.3; +https://openai.com/gptbot)"
74.7.241.36 - - [03/Mar/2026:10:45:56 +0000] "GET /whsy.php?p=%2Fproc%2F19517 HTTP/2.0" 200 861 "https://www.sparxnovate.net.lab2454.com/whsy.php?p=%2Fproc%2F31849%2F.." "Mozilla/5.0 AppleWebKit/537.36 (KHTML, like Gecko; compatible; GPTBot/1.3; +https://openai.com/gptbot)"
74.7.243.215 - - [03/Mar/2026:10:46:03 +0000] "GET /whsy.php?p=%2Fproc%2F10708 HTTP/2.0" 200 861 "https://sparxnovate.net.lab2454.com/whsy.php?e=2991&p=%2Fproc" "Mozilla/5.0 AppleWebKit/537.36 (KHTML, like Gecko; compatible; GPTBot/1.3; +https://openai.com/gptbot)"
74.7.241.36 - - [03/Mar/2026:10:46:05 +0000] "GET /whsy.php?p=%2Fproc%2F20969 HTTP/2.0" 200 861 "https://www.sparxnovate.net.lab2454.com/whsy.php?p=%2Fproc%2F15809%2F.." "Mozilla/5.0 AppleWebKit/537.36 (KHTML, like Gecko; compatible; GPTBot/1.3; +https://openai.com/gptbot)"
74.7.243.215 - - [03/Mar/2026:10:46:12 +0000] "GET /whsy.php?p=%2Fproc%2F10596 HTTP/2.0" 200 861 "https://sparxnovate.net.lab2454.com/whsy.php?e=2991&p=%2Fproc" "Mozilla/5.0 AppleWebKit/537.36 (KHTML, like Gecko; compatible; GPTBot/1.3; +https://openai.com/gptbot)"
74.7.241.36 - - [03/Mar/2026:10:46:13 +0000] "GET /whsy.php?p=%2Fproc%2F22467 HTTP/2.0" 200 861 "https://www.sparxnovate.net.lab2454.com/whsy.php?p=%2Fproc%2F31862%2F.." "Mozilla/5.0 AppleWebKit/537.36 (KHTML, like Gecko; compatible; GPTBot/1.3; +https://openai.com/gptbot)"
74.7.243.215 - - [03/Mar/2026:10:46:20 +0000] "GET /whsy.php?p=%2Fproc%2F17340 HTTP/2.0" 200 861 "https://sparxnovate.net.lab2454.com/whsy.php?e=9964&p=%2Fproc" "Mozilla/5.0 AppleWebKit/537.36 (KHTML, like Gecko; compatible; GPTBot/1.3; +https://openai.com/gptbot)"
74.7.241.36 - - [03/Mar/2026:10:46:22 +0000] "GET /whsy.php?p=%2Fproc%2F13725 HTTP/2.0" 200 861 "https://www.sparxnovate.net.lab2454.com/whsy.php?e=2111&p=%2Fproc" "Mozilla/5.0 AppleWebKit/537.36 (KHTML, like Gecko; compatible; GPTBot/1.3; +https://openai.com/gptbot)"
74.7.243.215 - - [03/Mar/2026:10:46:29 +0000] "GET /whsy.php?p=%2Fproc%2F12867 HTTP/2.0" 200 861 "https://sparxnovate.net.lab2454.com/whsy.php?e=3008&p=%2Fproc" "Mozilla/5.0 AppleWebKit/537.36 (KHTML, like Gecko; compatible; GPTBot/1.3; +https://openai.com/gptbot)"
74.7.241.36 - - [03/Mar/2026:10:46:31 +0000] "GET /whsy.php?p=%2Fproc%2F16651 HTTP/2.0" 200 861 "https://www.sparxnovate.net.lab2454.com/whsy.php?e=7451&p=%2Fproc" "Mozilla/5.0 AppleWebKit/537.36 (KHTML, like Gecko; compatible; GPTBot/1.3; +https://openai.com/gptbot)"
74.7.243.215 - - [03/Mar/2026:10:46:39 +0000] "GET /whsy.php?p=%2Fproc%2F26639 HTTP/2.0" 200 861 "https://sparxnovate.net.lab2454.com/whsy.php?e=14612&p=%2Fproc" "Mozilla/5.0 AppleWebKit/537.36 (KHTML, like Gecko; compatible; GPTBot/1.3; +https://openai.com/gptbot)"
74.7.241.36 - - [03/Mar/2026:10:46:41 +0000] "GET /whsy.php?p=%2Fproc%2F17391 HTTP/2.0" 200 861 "https://www.sparxnovate.net.lab2454.com/whsy.php?e=7451&p=%2Fproc" "Mozilla/5.0 AppleWebKit/537.36 (KHTML, like Gecko; compatible; GPTBot/1.3; +https://openai.com/gptbot)"
74.7.243.215 - - [03/Mar/2026:10:46:47 +0000] "GET /whsy.php?p=%2Fproc%2F31343 HTTP/2.0" 200 861 "https://sparxnovate.net.lab2454.com/whsy.php?e=20368&p=%2Fproc" "Mozilla/5.0 AppleWebKit/537.36 (KHTML, like Gecko; compatible; GPTBot/1.3; +https://openai.com/gptbot)"
74.7.241.36 - - [03/Mar/2026:10:46:49 +0000] "GET /whsy.php?p=%2Fproc%2F32162 HTTP/2.0" 200 861 "https://www.sparxnovate.net.lab2454.com/whsy.php?e=19495&p=%2Fproc" "Mozilla/5.0 AppleWebKit/537.36 (KHTML, like Gecko; compatible; GPTBot/1.3; +https://openai.com/gptbot)"
74.7.243.215 - - [03/Mar/2026:10:46:55 +0000] "GET /whsy.php?p=%2Fproc%2F25384 HTTP/2.0" 200 1936 "https://sparxnovate.net.lab2454.com/whsy.php?p=%2Fproc%2F31859%2F.." "Mozilla/5.0 AppleWebKit/537.36 (KHTML, like Gecko; compatible; GPTBot/1.3; +https://openai.com/gptbot)"
74.7.241.36 - - [03/Mar/2026:10:46:57 +0000] "GET /whsy.php?p=%2Fproc%2F18705 HTTP/2.0" 200 861 "https://www.sparxnovate.net.lab2454.com/whsy.php?p=%2Fproc%2F31861%2F.." "Mozilla/5.0 AppleWebKit/537.36 (KHTML, like Gecko; compatible; GPTBot/1.3; +https://openai.com/gptbot)"
74.7.243.215 - - [03/Mar/2026:10:47:03 +0000] "GET /whsy.php?p=%2Fproc%2F19481 HTTP/2.0" 200 861 "https://sparxnovate.net.lab2454.com/whsy.php?e=10862&p=%2Fproc" "Mozilla/5.0 AppleWebKit/537.36 (KHTML, like Gecko; compatible; GPTBot/1.3; +https://openai.com/gptbot)"
74.7.241.36 - - [03/Mar/2026:10:47:05 +0000] "GET /whsy.php?p=%2Fproc%2F19118 HTTP/2.0" 200 861 "https://www.sparxnovate.net.lab2454.com/whsy.php?e=8978&p=%2Fproc" "Mozilla/5.0 AppleWebKit/537.36 (KHTML, like Gecko; compatible; GPTBot/1.3; +https://openai.com/gptbot)"
74.7.243.215 - - [03/Mar/2026:10:47:11 +0000] "GET /whsy.php?e=mountinfo&p=%2Fproc%2F18151 HTTP/2.0" 200 2951 "https://sparxnovate.net.lab2454.com/whsy.php?p=%2Fproc%2F18151" "Mozilla/5.0 AppleWebKit/537.36 (KHTML, like Gecko; compatible; GPTBot/1.3; +https://openai.com/gptbot)"
74.7.241.36 - - [03/Mar/2026:10:47:14 +0000] "GET /whsy.php?p=%2Fproc%2F14878 HTTP/2.0" 200 861 "https://www.sparxnovate.net.lab2454.com/whsy.php?e=6905&p=%2Fproc" "Mozilla/5.0 AppleWebKit/537.36 (KHTML, like Gecko; compatible; GPTBot/1.3; +https://openai.com/gptbot)"
74.7.243.215 - - [03/Mar/2026:10:47:21 +0000] "GET /whsy.php?e=pagemap&p=%2Fproc%2F18151 HTTP/2.0" 200 1936 "https://sparxnovate.net.lab2454.com/whsy.php?p=%2Fproc%2F18151" "Mozilla/5.0 AppleWebKit/537.36 (KHTML, like Gecko; compatible; GPTBot/1.3; +https://openai.com/gptbot)"
74.7.241.36 - - [03/Mar/2026:10:47:23 +0000] "GET /whsy.php?p=%2Fproc%2F22548 HTTP/2.0" 200 861 "https://www.sparxnovate.net.lab2454.com/whsy.php?e=12961&p=%2Fproc" "Mozilla/5.0 AppleWebKit/537.36 (KHTML, like Gecko; compatible; GPTBot/1.3; +https://openai.com/gptbot)"
74.7.244.20 - - [03/Mar/2026:10:47:24 +0000] "GET /robots.txt HTTP/2.0" 404 - "-" "Mozilla/5.0 (Macintosh; Intel Mac OS X 10_15_7) AppleWebKit/537.36 (KHTML, like Gecko) Chrome/131.0.0.0 Safari/537.36; compatible; OAI-SearchBot/1.3; robots.txt; +https://openai.com/searchbot"
74.7.243.215 - - [03/Mar/2026:10:47:30 +0000] "GET /whsy.php?e=stack&p=%2Fproc%2F18151 HTTP/2.0" 200 1936 "https://sparxnovate.net.lab2454.com/whsy.php?p=%2Fproc%2F18151" "Mozilla/5.0 AppleWebKit/537.36 (KHTML, like Gecko; compatible; GPTBot/1.3; +https://openai.com/gptbot)"
74.7.241.36 - - [03/Mar/2026:10:47:32 +0000] "GET /whsy.php?p=%2Fproc%2F10320 HTTP/2.0" 200 861 "https://www.sparxnovate.net.lab2454.com/whsy.php?e=2113&p=%2Fproc" "Mozilla/5.0 AppleWebKit/537.36 (KHTML, like Gecko; compatible; GPTBot/1.3; +https://openai.com/gptbot)"
74.7.243.215 - - [03/Mar/2026:10:47:38 +0000] "GET /whsy.php?e=statm&p=%2Fproc%2F18151 HTTP/2.0" 200 2032 "https://sparxnovate.net.lab2454.com/whsy.php?p=%2Fproc%2F18151" "Mozilla/5.0 AppleWebKit/537.36 (KHTML, like Gecko; compatible; GPTBot/1.3; +https://openai.com/gptbot)"
74.7.241.36 - - [03/Mar/2026:10:47:40 +0000] "GET /whsy.php?p=%2Fproc%2F26482 HTTP/2.0" 200 861 "https://www.sparxnovate.net.lab2454.com/whsy.php?e=18267&p=%2Fproc" "Mozilla/5.0 AppleWebKit/537.36 (KHTML, like Gecko; compatible; GPTBot/1.3; +https://openai.com/gptbot)"
74.7.243.215 - - [03/Mar/2026:10:47:47 +0000] "GET /whsy.php?e=autogroup&p=%2Fproc%2F18151 HTTP/2.0" 200 2020 "https://sparxnovate.net.lab2454.com/whsy.php?p=%2Fproc%2F18151" "Mozilla/5.0 AppleWebKit/537.36 (KHTML, like Gecko; compatible; GPTBot/1.3; +https://openai.com/gptbot)"
74.7.241.36 - - [03/Mar/2026:10:47:49 +0000] "GET /whsy.php?p=%2Fproc%2F31161 HTTP/2.0" 200 861 "https://www.sparxnovate.net.lab2454.com/whsy.php?e=24205&p=%2Fproc" "Mozilla/5.0 AppleWebKit/537.36 (KHTML, like Gecko; compatible; GPTBot/1.3; +https://openai.com/gptbot)"
74.7.243.215 - - [03/Mar/2026:10:47:55 +0000] "GET /whsy.php?e=timerslack_ns&p=%2Fproc%2F18151 HTTP/2.0" 200 2008 "https://sparxnovate.net.lab2454.com/whsy.php?p=%2Fproc%2F18151" "Mozilla/5.0 AppleWebKit/537.36 (KHTML, like Gecko; compatible; GPTBot/1.3; +https://openai.com/gptbot)"
74.7.241.36 - - [03/Mar/2026:10:47:58 +0000] "GET /whsy.php?p=%2Fproc%2F21807 HTTP/2.0" 200 861 "https://www.sparxnovate.net.lab2454.com/whsy.php?e=10824&p=%2Fproc" "Mozilla/5.0 AppleWebKit/537.36 (KHTML, like Gecko; compatible; GPTBot/1.3; +https://openai.com/gptbot)"
74.7.243.215 - - [03/Mar/2026:10:48:04 +0000] "GET /whsy.php?e=uid_map&p=%2Fproc%2F18151 HTTP/2.0" 200 2023 "https://sparxnovate.net.lab2454.com/whsy.php?p=%2Fproc%2F18151" "Mozilla/5.0 AppleWebKit/537.36 (KHTML, like Gecko; compatible; GPTBot/1.3; +https://openai.com/gptbot)"
74.7.241.36 - - [03/Mar/2026:10:48:07 +0000] "GET /whsy.php?p=%2Fproc%2F26473 HTTP/2.0" 200 861 "https://www.sparxnovate.net.lab2454.com/whsy.php?e=18267&p=%2Fproc" "Mozilla/5.0 AppleWebKit/537.36 (KHTML, like Gecko; compatible; GPTBot/1.3; +https://openai.com/gptbot)"
74.7.243.215 - - [03/Mar/2026:10:48:14 +0000] "GET /whsy.php?e=gid_map&p=%2Fproc%2F18151 HTTP/2.0" 200 2026 "https://sparxnovate.net.lab2454.com/whsy.php?p=%2Fproc%2F18151" "Mozilla/5.0 AppleWebKit/537.36 (KHTML, like Gecko; compatible; GPTBot/1.3; +https://openai.com/gptbot)"
74.7.241.36 - - [03/Mar/2026:10:48:17 +0000] "GET /whsy.php?p=%2Fproc%2F30637 HTTP/2.0" 200 861 "https://www.sparxnovate.net.lab2454.com/whsy.php?e=23044&p=%2Fproc" "Mozilla/5.0 AppleWebKit/537.36 (KHTML, like Gecko; compatible; GPTBot/1.3; +https://openai.com/gptbot)"
74.7.243.215 - - [03/Mar/2026:10:48:24 +0000] "GET /whsy.php?e=schedstat&p=%2Fproc%2F18151 HTTP/2.0" 200 2036 "https://sparxnovate.net.lab2454.com/whsy.php?p=%2Fproc%2F18151" "Mozilla/5.0 AppleWebKit/537.36 (KHTML, like Gecko; compatible; GPTBot/1.3; +https://openai.com/gptbot)"
74.7.241.36 - - [03/Mar/2026:10:48:26 +0000] "GET /whsy.php?p=%2Fproc%2F20256 HTTP/2.0" 200 861 "https://www.sparxnovate.net.lab2454.com/whsy.php?p=%2Fproc%2F16478%2F.." "Mozilla/5.0 AppleWebKit/537.36 (KHTML, like Gecko; compatible; GPTBot/1.3; +https://openai.com/gptbot)"
74.7.243.215 - - [03/Mar/2026:10:48:32 +0000] "GET /whsy.php?e=mountinfo&p=%2Fproc%2F25384 HTTP/2.0" 200 2950 "https://sparxnovate.net.lab2454.com/whsy.php?p=%2Fproc%2F25384" "Mozilla/5.0 AppleWebKit/537.36 (KHTML, like Gecko; compatible; GPTBot/1.3; +https://openai.com/gptbot)"
74.7.241.36 - - [03/Mar/2026:10:48:35 +0000] "GET /whsy.php?p=%2Fproc%2F29435 HTTP/2.0" 200 861 "https://www.sparxnovate.net.lab2454.com/whsy.php?e=23044&p=%2Fproc" "Mozilla/5.0 AppleWebKit/537.36 (KHTML, like Gecko; compatible; GPTBot/1.3; +https://openai.com/gptbot)"
74.7.243.215 - - [03/Mar/2026:10:48:40 +0000] "GET /whsy.php?e=statm&p=%2Fproc%2F25384 HTTP/2.0" 200 2033 "https://sparxnovate.net.lab2454.com/whsy.php?p=%2Fproc%2F25384" "Mozilla/5.0 AppleWebKit/537.36 (KHTML, like Gecko; compatible; GPTBot/1.3; +https://openai.com/gptbot)"
74.7.241.36 - - [03/Mar/2026:10:48:42 +0000] "GET /whsy.php?p=%2Fproc%2F19842 HTTP/2.0" 200 1936 "https://www.sparxnovate.net.lab2454.com/whsy.php?e=8952&p=%2Fproc" "Mozilla/5.0 AppleWebKit/537.36 (KHTML, like Gecko; compatible; GPTBot/1.3; +https://openai.com/gptbot)"
74.7.243.215 - - [03/Mar/2026:10:48:49 +0000] "GET /whsy.php?e=stack&p=%2Fproc%2F25384 HTTP/2.0" 200 1936 "https://sparxnovate.net.lab2454.com/whsy.php?p=%2Fproc%2F25384" "Mozilla/5.0 AppleWebKit/537.36 (KHTML, like Gecko; compatible; GPTBot/1.3; +https://openai.com/gptbot)"
74.7.241.36 - - [03/Mar/2026:10:48:51 +0000] "GET /whsy.php?p=%2Fproc%2F23050 HTTP/2.0" 200 861 "https://www.sparxnovate.net.lab2454.com/whsy.php?e=12959&p=%2Fproc" "Mozilla/5.0 AppleWebKit/537.36 (KHTML, like Gecko; compatible; GPTBot/1.3; +https://openai.com/gptbot)"
74.7.243.215 - - [03/Mar/2026:10:48:57 +0000] "GET /whsy.php?e=auxv&p=%2Fproc%2F25384 HTTP/2.0" 200 1936 "https://sparxnovate.net.lab2454.com/whsy.php?p=%2Fproc%2F25384" "Mozilla/5.0 AppleWebKit/537.36 (KHTML, like Gecko; compatible; GPTBot/1.3; +https://openai.com/gptbot)"
74.7.241.36 - - [03/Mar/2026:10:48:59 +0000] "GET /whsy.php?p=%2Fproc%2F31128 HTTP/2.0" 200 861 "https://www.sparxnovate.net.lab2454.com/whsy.php?e=20949&p=%2Fproc" "Mozilla/5.0 AppleWebKit/537.36 (KHTML, like Gecko; compatible; GPTBot/1.3; +https://openai.com/gptbot)"
74.7.243.215 - - [03/Mar/2026:10:49:04 +0000] "GET /whsy.php?e=sessionid&p=%2Fproc%2F25384 HTTP/2.0" 200 2017 "https://sparxnovate.net.lab2454.com/whsy.php?p=%2Fproc%2F25384" "Mozilla/5.0 AppleWebKit/537.36 (KHTML, like Gecko; compatible; GPTBot/1.3; +https://openai.com/gptbot)"
74.7.241.36 - - [03/Mar/2026:10:49:06 +0000] "GET /whsy.php?p=%2Fproc%2F31774 HTTP/2.0" 200 861 "https://www.sparxnovate.net.lab2454.com/whsy.php?e=24205&p=%2Fproc" "Mozilla/5.0 AppleWebKit/537.36 (KHTML, like Gecko; compatible; GPTBot/1.3; +https://openai.com/gptbot)"
74.7.243.215 - - [03/Mar/2026:10:49:12 +0000] "GET /whsy.php?e=setgroups&p=%2Fproc%2F25384 HTTP/2.0" 200 2008 "https://sparxnovate.net.lab2454.com/whsy.php?p=%2Fproc%2F25384" "Mozilla/5.0 AppleWebKit/537.36 (KHTML, like Gecko; compatible; GPTBot/1.3; +https://openai.com/gptbot)"
74.7.241.36 - - [03/Mar/2026:10:49:14 +0000] "GET /whsy.php?p=%2Fproc%2F18315 HTTP/2.0" 200 861 "https://www.sparxnovate.net.lab2454.com/whsy.php?e=8968&p=%2Fproc" "Mozilla/5.0 AppleWebKit/537.36 (KHTML, like Gecko; compatible; GPTBot/1.3; +https://openai.com/gptbot)"
74.7.243.215 - - [03/Mar/2026:10:49:20 +0000] "GET /whsy.php?e=timerslack_ns&p=%2Fproc%2F25384 HTTP/2.0" 200 2008 "https://sparxnovate.net.lab2454.com/whsy.php?p=%2Fproc%2F25384" "Mozilla/5.0 AppleWebKit/537.36 (KHTML, like Gecko; compatible; GPTBot/1.3; +https://openai.com/gptbot)"
74.7.241.36 - - [03/Mar/2026:10:49:23 +0000] "GET /whsy.php?p=%2Fproc%2F11478 HTTP/2.0" 200 861 "https://www.sparxnovate.net.lab2454.com/whsy.php?e=2112&p=%2Fproc" "Mozilla/5.0 AppleWebKit/537.36 (KHTML, like Gecko; compatible; GPTBot/1.3; +https://openai.com/gptbot)"
74.7.243.215 - - [03/Mar/2026:10:49:30 +0000] "GET /whsy.php?e=schedstat&p=%2Fproc%2F25384 HTTP/2.0" 200 2036 "https://sparxnovate.net.lab2454.com/whsy.php?p=%2Fproc%2F25384" "Mozilla/5.0 AppleWebKit/537.36 (KHTML, like Gecko; compatible; GPTBot/1.3; +https://openai.com/gptbot)"
74.7.241.36 - - [03/Mar/2026:10:49:34 +0000] "GET /whsy.php?p=%2Fproc%2F21331 HTTP/2.0" 200 861 "https://www.sparxnovate.net.lab2454.com/whsy.php?e=10824&p=%2Fproc" "Mozilla/5.0 AppleWebKit/537.36 (KHTML, like Gecko; compatible; GPTBot/1.3; +https://openai.com/gptbot)"
74.7.243.215 - - [03/Mar/2026:10:49:44 +0000] "GET /whsy.php?e=autogroup&p=%2Fproc%2F25384 HTTP/2.0" 200 2021 "https://sparxnovate.net.lab2454.com/whsy.php?p=%2Fproc%2F25384" "Mozilla/5.0 AppleWebKit/537.36 (KHTML, like Gecko; compatible; GPTBot/1.3; +https://openai.com/gptbot)"
74.7.241.36 - - [03/Mar/2026:10:49:48 +0000] "GET /whsy.php?p=%2Fproc%2F18696 HTTP/2.0" 200 861 "https://www.sparxnovate.net.lab2454.com/whsy.php?p=%2Fproc%2F31861%2F.." "Mozilla/5.0 AppleWebKit/537.36 (KHTML, like Gecko; compatible; GPTBot/1.3; +https://openai.com/gptbot)"
74.7.243.215 - - [03/Mar/2026:10:49:56 +0000] "GET /whsy.php?e=wchan&p=%2Fproc%2F25384 HTTP/2.0" 200 2006 "https://sparxnovate.net.lab2454.com/whsy.php?p=%2Fproc%2F25384" "Mozilla/5.0 AppleWebKit/537.36 (KHTML, like Gecko; compatible; GPTBot/1.3; +https://openai.com/gptbot)"
74.7.241.36 - - [03/Mar/2026:10:50:00 +0000] "GET /whsy.php?p=%2Fproc%2F19737 HTTP/2.0" 200 861 "https://www.sparxnovate.net.lab2454.com/whsy.php?e=8952&p=%2Fproc" "Mozilla/5.0 AppleWebKit/537.36 (KHTML, like Gecko; compatible; GPTBot/1.3; +https://openai.com/gptbot)"
74.7.243.215 - - [03/Mar/2026:10:50:10 +0000] "GET /whsy.php?e=sched&p=%2Fproc%2F18151 HTTP/2.0" 200 2484 "https://sparxnovate.net.lab2454.com/whsy.php?p=%2Fproc%2F18151" "Mozilla/5.0 AppleWebKit/537.36 (KHTML, like Gecko; compatible; GPTBot/1.3; +https://openai.com/gptbot)"
74.7.241.36 - - [03/Mar/2026:10:50:13 +0000] "GET /whsy.php?p=%2Fproc%2F10161 HTTP/2.0" 200 861 "https://www.sparxnovate.net.lab2454.com/whsy.php?e=2110&p=%2Fproc" "Mozilla/5.0 AppleWebKit/537.36 (KHTML, like Gecko; compatible; GPTBot/1.3; +https://openai.com/gptbot)"
74.7.243.215 - - [03/Mar/2026:10:50:22 +0000] "GET /whsy.php?e=smaps&p=%2Fproc%2F18151 HTTP/2.0" 200 2122 "https://sparxnovate.net.lab2454.com/whsy.php?p=%2Fproc%2F18151" "Mozilla/5.0 AppleWebKit/537.36 (KHTML, like Gecko; compatible; GPTBot/1.3; +https://openai.com/gptbot)"
74.7.241.36 - - [03/Mar/2026:10:50:26 +0000] "GET /whsy.php?p=%2Fproc%2F11423 HTTP/2.0" 200 861 "https://www.sparxnovate.net.lab2454.com/whsy.php?e=2112&p=%2Fproc" "Mozilla/5.0 AppleWebKit/537.36 (KHTML, like Gecko; compatible; GPTBot/1.3; +https://openai.com/gptbot)"
74.7.243.215 - - [03/Mar/2026:10:50:38 +0000] "GET /whsy.php?e=gid_map&p=%2Fproc%2F25384 HTTP/2.0" 200 2026 "https://sparxnovate.net.lab2454.com/whsy.php?p=%2Fproc%2F25384" "Mozilla/5.0 AppleWebKit/537.36 (KHTML, like Gecko; compatible; GPTBot/1.3; +https://openai.com/gptbot)"
74.7.241.36 - - [03/Mar/2026:10:50:41 +0000] "GET /whsy.php?e=syscall&p=%2Fproc%2F19842 HTTP/2.0" 200 1936 "https://www.sparxnovate.net.lab2454.com/whsy.php?p=%2Fproc%2F19842" "Mozilla/5.0 AppleWebKit/537.36 (KHTML, like Gecko; compatible; GPTBot/1.3; +https://openai.com/gptbot)"
74.7.243.215 - - [03/Mar/2026:10:50:51 +0000] "GET /whsy.php?e=oom_adj&p=%2Fproc%2F25384 HTTP/2.0" 200 2006 "https://sparxnovate.net.lab2454.com/whsy.php?p=%2Fproc%2F25384" "Mozilla/5.0 AppleWebKit/537.36 (KHTML, like Gecko; compatible; GPTBot/1.3; +https://openai.com/gptbot)"
74.7.241.36 - - [03/Mar/2026:10:50:54 +0000] "GET /whsy.php?e=numa_maps&p=%2Fproc%2F19842 HTTP/2.0" 200 2124 "https://www.sparxnovate.net.lab2454.com/whsy.php?p=%2Fproc%2F19842" "Mozilla/5.0 AppleWebKit/537.36 (KHTML, like Gecko; compatible; GPTBot/1.3; +https://openai.com/gptbot)"
74.7.243.215 - - [03/Mar/2026:10:51:06 +0000] "GET /whsy.php?e=uid_map&p=%2Fproc%2F25384 HTTP/2.0" 200 2023 "https://sparxnovate.net.lab2454.com/whsy.php?p=%2Fproc%2F25384" "Mozilla/5.0 AppleWebKit/537.36 (KHTML, like Gecko; compatible; GPTBot/1.3; +https://openai.com/gptbot)"
74.7.241.36 - - [03/Mar/2026:10:51:11 +0000] "GET /whsy.php?e=gid_map&p=%2Fproc%2F19842 HTTP/2.0" 200 2025 "https://www.sparxnovate.net.lab2454.com/whsy.php?p=%2Fproc%2F19842" "Mozilla/5.0 AppleWebKit/537.36 (KHTML, like Gecko; compatible; GPTBot/1.3; +https://openai.com/gptbot)"
74.7.243.215 - - [03/Mar/2026:10:51:20 +0000] "GET /whsy.php?e=auxv&p=%2Fproc%2F18151 HTTP/2.0" 200 1936 "https://sparxnovate.net.lab2454.com/whsy.php?p=%2Fproc%2F18151" "Mozilla/5.0 AppleWebKit/537.36 (KHTML, like Gecko; compatible; GPTBot/1.3; +https://openai.com/gptbot)"
74.7.241.36 - - [03/Mar/2026:10:51:23 +0000] "GET /whsy.php?e=stat&p=%2Fproc%2F19842 HTTP/2.0" 200 2132 "https://www.sparxnovate.net.lab2454.com/whsy.php?p=%2Fproc%2F19842" "Mozilla/5.0 AppleWebKit/537.36 (KHTML, like Gecko; compatible; GPTBot/1.3; +https://openai.com/gptbot)"
74.7.243.215 - - [03/Mar/2026:10:51:34 +0000] "GET /whsy.php?e=setgroups&p=%2Fproc%2F18151 HTTP/2.0" 200 2008 "https://sparxnovate.net.lab2454.com/whsy.php?p=%2Fproc%2F18151" "Mozilla/5.0 AppleWebKit/537.36 (KHTML, like Gecko; compatible; GPTBot/1.3; +https://openai.com/gptbot)"
74.7.241.36 - - [03/Mar/2026:10:51:40 +0000] "GET /whsy.php?e=mountinfo&p=%2Fproc%2F19842 HTTP/2.0" 200 2950 "https://www.sparxnovate.net.lab2454.com/whsy.php?p=%2Fproc%2F19842" "Mozilla/5.0 AppleWebKit/537.36 (KHTML, like Gecko; compatible; GPTBot/1.3; +https://openai.com/gptbot)"
74.7.243.215 - - [03/Mar/2026:10:51:52 +0000] "GET /whsy.php?e=sessionid&p=%2Fproc%2F18151 HTTP/2.0" 200 2016 "https://sparxnovate.net.lab2454.com/whsy.php?p=%2Fproc%2F18151" "Mozilla/5.0 AppleWebKit/537.36 (KHTML, like Gecko; compatible; GPTBot/1.3; +https://openai.com/gptbot)"
74.7.241.36 - - [03/Mar/2026:10:51:55 +0000] "GET /whsy.php?e=statm&p=%2Fproc%2F19842 HTTP/2.0" 200 2033 "https://www.sparxnovate.net.lab2454.com/whsy.php?p=%2Fproc%2F19842" "Mozilla/5.0 AppleWebKit/537.36 (KHTML, like Gecko; compatible; GPTBot/1.3; +https://openai.com/gptbot)"
74.7.243.215 - - [03/Mar/2026:10:52:06 +0000] "GET /whsy.php?e=exe&p=%2Fproc%2F18151 HTTP/2.0" 200 1936 "https://sparxnovate.net.lab2454.com/whsy.php?p=%2Fproc%2F18151" "Mozilla/5.0 AppleWebKit/537.36 (KHTML, like Gecko; compatible; GPTBot/1.3; +https://openai.com/gptbot)"
74.7.241.36 - - [03/Mar/2026:10:52:10 +0000] "GET /whsy.php?e=stack&p=%2Fproc%2F19842 HTTP/2.0" 200 1936 "https://www.sparxnovate.net.lab2454.com/whsy.php?p=%2Fproc%2F19842" "Mozilla/5.0 AppleWebKit/537.36 (KHTML, like Gecko; compatible; GPTBot/1.3; +https://openai.com/gptbot)"
74.7.243.215 - - [03/Mar/2026:10:52:21 +0000] "GET /whsy.php?e=cwd&p=%2Fproc%2F18151 HTTP/2.0" 200 1936 "https://sparxnovate.net.lab2454.com/whsy.php?p=%2Fproc%2F18151" "Mozilla/5.0 AppleWebKit/537.36 (KHTML, like Gecko; compatible; GPTBot/1.3; +https://openai.com/gptbot)"
74.7.241.36 - - [03/Mar/2026:10:52:26 +0000] "GET /whsy.php?e=auxv&p=%2Fproc%2F19842 HTTP/2.0" 200 1936 "https://www.sparxnovate.net.lab2454.com/whsy.php?p=%2Fproc%2F19842" "Mozilla/5.0 AppleWebKit/537.36 (KHTML, like Gecko; compatible; GPTBot/1.3; +https://openai.com/gptbot)"
74.7.244.20 - - [03/Mar/2026:10:52:27 +0000] "GET /robots.txt HTTP/2.0" 404 - "-" "Mozilla/5.0 (Macintosh; Intel Mac OS X 10_15_7) AppleWebKit/537.36 (KHTML, like Gecko) Chrome/131.0.0.0 Safari/537.36; compatible; OAI-SearchBot/1.3; robots.txt; +https://openai.com/searchbot"
74.7.243.215 - - [03/Mar/2026:10:52:37 +0000] "GET /whsy.php?e=mem&p=%2Fproc%2F18151 HTTP/2.0" 200 1936 "https://sparxnovate.net.lab2454.com/whsy.php?p=%2Fproc%2F18151" "Mozilla/5.0 AppleWebKit/537.36 (KHTML, like Gecko; compatible; GPTBot/1.3; +https://openai.com/gptbot)"
74.7.241.36 - - [03/Mar/2026:10:52:41 +0000] "GET /whsy.php?e=sessionid&p=%2Fproc%2F19842 HTTP/2.0" 200 2015 "https://www.sparxnovate.net.lab2454.com/whsy.php?p=%2Fproc%2F19842" "Mozilla/5.0 AppleWebKit/537.36 (KHTML, like Gecko; compatible; GPTBot/1.3; +https://openai.com/gptbot)"
74.7.243.215 - - [03/Mar/2026:10:52:50 +0000] "GET /whsy.php?e=stat&p=%2Fproc%2F25384 HTTP/2.0" 200 2135 "https://sparxnovate.net.lab2454.com/whsy.php?p=%2Fproc%2F25384" "Mozilla/5.0 AppleWebKit/537.36 (KHTML, like Gecko; compatible; GPTBot/1.3; +https://openai.com/gptbot)"
74.7.241.36 - - [03/Mar/2026:10:52:53 +0000] "GET /whsy.php?e=setgroups&p=%2Fproc%2F19842 HTTP/2.0" 200 2007 "https://www.sparxnovate.net.lab2454.com/whsy.php?p=%2Fproc%2F19842" "Mozilla/5.0 AppleWebKit/537.36 (KHTML, like Gecko; compatible; GPTBot/1.3; +https://openai.com/gptbot)"
74.7.243.215 - - [03/Mar/2026:10:53:03 +0000] "GET /whsy.php?e=ksm_stat&p=%2Fproc%2F18151 HTTP/2.0" 200 1936 "https://sparxnovate.net.lab2454.com/whsy.php?p=%2Fproc%2F18151" "Mozilla/5.0 AppleWebKit/537.36 (KHTML, like Gecko; compatible; GPTBot/1.3; +https://openai.com/gptbot)"
74.7.241.36 - - [03/Mar/2026:10:53:06 +0000] "GET /whsy.php?e=timerslack_ns&p=%2Fproc%2F19842 HTTP/2.0" 200 2007 "https://www.sparxnovate.net.lab2454.com/whsy.php?p=%2Fproc%2F19842" "Mozilla/5.0 AppleWebKit/537.36 (KHTML, like Gecko; compatible; GPTBot/1.3; +https://openai.com/gptbot)"
74.7.243.215 - - [03/Mar/2026:10:53:15 +0000] "GET /whsy.php?e=exe&p=%2Fproc%2F25384 HTTP/2.0" 200 1936 "https://sparxnovate.net.lab2454.com/whsy.php?p=%2Fproc%2F25384" "Mozilla/5.0 AppleWebKit/537.36 (KHTML, like Gecko; compatible; GPTBot/1.3; +https://openai.com/gptbot)"
74.7.241.36 - - [03/Mar/2026:10:53:18 +0000] "GET /whsy.php?e=schedstat&p=%2Fproc%2F19842 HTTP/2.0" 200 2033 "https://www.sparxnovate.net.lab2454.com/whsy.php?p=%2Fproc%2F19842" "Mozilla/5.0 AppleWebKit/537.36 (KHTML, like Gecko; compatible; GPTBot/1.3; +https://openai.com/gptbot)"
74.7.243.215 - - [03/Mar/2026:10:53:29 +0000] "GET /whsy.php?e=oom_adj&p=%2Fproc%2F18151 HTTP/2.0" 200 2007 "https://sparxnovate.net.lab2454.com/whsy.php?p=%2Fproc%2F18151" "Mozilla/5.0 AppleWebKit/537.36 (KHTML, like Gecko; compatible; GPTBot/1.3; +https://openai.com/gptbot)"
74.7.241.36 - - [03/Mar/2026:10:53:33 +0000] "GET /whsy.php?e=autogroup&p=%2Fproc%2F19842 HTTP/2.0" 200 2020 "https://www.sparxnovate.net.lab2454.com/whsy.php?p=%2Fproc%2F19842" "Mozilla/5.0 AppleWebKit/537.36 (KHTML, like Gecko; compatible; GPTBot/1.3; +https://openai.com/gptbot)"
74.7.243.215 - - [03/Mar/2026:10:53:43 +0000] "GET /whsy.php?e=cmdline&p=%2Fproc%2F18151 HTTP/2.0" 200 2023 "https://sparxnovate.net.lab2454.com/whsy.php?p=%2Fproc%2F18151" "Mozilla/5.0 AppleWebKit/537.36 (KHTML, like Gecko; compatible; GPTBot/1.3; +https://openai.com/gptbot)"
74.7.241.36 - - [03/Mar/2026:10:53:48 +0000] "GET /whsy.php?e=wchan&p=%2Fproc%2F19842 HTTP/2.0" 200 2005 "https://www.sparxnovate.net.lab2454.com/whsy.php?p=%2Fproc%2F19842" "Mozilla/5.0 AppleWebKit/537.36 (KHTML, like Gecko; compatible; GPTBot/1.3; +https://openai.com/gptbot)"
74.7.243.215 - - [03/Mar/2026:10:53:59 +0000] "GET /whsy.php?e=ksm_stat&p=%2Fproc%2F25384 HTTP/2.0" 200 1936 "https://sparxnovate.net.lab2454.com/whsy.php?p=%2Fproc%2F25384" "Mozilla/5.0 AppleWebKit/537.36 (KHTML, like Gecko; compatible; GPTBot/1.3; +https://openai.com/gptbot)"
74.7.241.36 - - [03/Mar/2026:10:54:02 +0000] "GET /whsy.php?e=oom_adj&p=%2Fproc%2F19842 HTTP/2.0" 200 2006 "https://www.sparxnovate.net.lab2454.com/whsy.php?p=%2Fproc%2F19842" "Mozilla/5.0 AppleWebKit/537.36 (KHTML, like Gecko; compatible; GPTBot/1.3; +https://openai.com/gptbot)"
74.7.243.215 - - [03/Mar/2026:10:54:11 +0000] "GET /whsy.php?e=oom_score_adj&p=%2Fproc%2F18151 HTTP/2.0" 200 2008 "https://sparxnovate.net.lab2454.com/whsy.php?p=%2Fproc%2F18151" "Mozilla/5.0 AppleWebKit/537.36 (KHTML, like Gecko; compatible; GPTBot/1.3; +https://openai.com/gptbot)"
74.7.228.61 - - [03/Mar/2026:10:54:13 +0000] "GET /robots.txt HTTP/2.0" 404 - "-" "Mozilla/5.0 (Macintosh; Intel Mac OS X 10_15_7) AppleWebKit/537.36 (KHTML, like Gecko) Chrome/131.0.0.0 Safari/537.36; compatible; OAI-SearchBot/1.3; robots.txt; +https://openai.com/searchbot"
74.7.241.36 - - [03/Mar/2026:10:54:15 +0000] "GET /whsy.php?e=uid_map&p=%2Fproc%2F19842 HTTP/2.0" 200 2022 "https://www.sparxnovate.net.lab2454.com/whsy.php?p=%2Fproc%2F19842" "Mozilla/5.0 AppleWebKit/537.36 (KHTML, like Gecko; compatible; GPTBot/1.3; +https://openai.com/gptbot)"
74.7.243.215 - - [03/Mar/2026:10:54:26 +0000] "GET /whsy.php?e=root&p=%2Fproc%2F25384 HTTP/2.0" 200 1936 "https://sparxnovate.net.lab2454.com/whsy.php?p=%2Fproc%2F25384" "Mozilla/5.0 AppleWebKit/537.36 (KHTML, like Gecko; compatible; GPTBot/1.3; +https://openai.com/gptbot)"
74.7.241.36 - - [03/Mar/2026:10:54:31 +0000] "GET /whsy.php?e=exe&p=%2Fproc%2F19842 HTTP/2.0" 200 1936 "https://www.sparxnovate.net.lab2454.com/whsy.php?p=%2Fproc%2F19842" "Mozilla/5.0 AppleWebKit/537.36 (KHTML, like Gecko; compatible; GPTBot/1.3; +https://openai.com/gptbot)"
74.7.243.215 - - [03/Mar/2026:10:54:38 +0000] "GET /whsy.php?e=personality&p=%2Fproc%2F18151 HTTP/2.0" 200 1936 "https://sparxnovate.net.lab2454.com/whsy.php?p=%2Fproc%2F18151" "Mozilla/5.0 AppleWebKit/537.36 (KHTML, like Gecko; compatible; GPTBot/1.3; +https://openai.com/gptbot)"
74.7.241.36 - - [03/Mar/2026:10:54:44 +0000] "GET /whsy.php?e=ksm_stat&p=%2Fproc%2F19842 HTTP/2.0" 200 1936 "https://www.sparxnovate.net.lab2454.com/whsy.php?p=%2Fproc%2F19842" "Mozilla/5.0 AppleWebKit/537.36 (KHTML, like Gecko; compatible; GPTBot/1.3; +https://openai.com/gptbot)"
74.7.243.215 - - [03/Mar/2026:10:54:50 +0000] "GET /whsy.php?e=oom_score_adj&p=%2Fproc%2F25384 HTTP/2.0" 200 2008 "https://sparxnovate.net.lab2454.com/whsy.php?p=%2Fproc%2F25384" "Mozilla/5.0 AppleWebKit/537.36 (KHTML, like Gecko; compatible; GPTBot/1.3; +https://openai.com/gptbot)"
74.7.241.36 - - [03/Mar/2026:10:54:57 +0000] "GET /whsy.php?e=root&p=%2Fproc%2F19842 HTTP/2.0" 200 1936 "https://www.sparxnovate.net.lab2454.com/whsy.php?p=%2Fproc%2F19842" "Mozilla/5.0 AppleWebKit/537.36 (KHTML, like Gecko; compatible; GPTBot/1.3; +https://openai.com/gptbot)"
74.7.243.215 - - [03/Mar/2026:10:55:03 +0000] "GET /whsy.php?e=maps&p=%2Fproc%2F18151 HTTP/2.0" 200 2119 "https://sparxnovate.net.lab2454.com/whsy.php?p=%2Fproc%2F18151" "Mozilla/5.0 AppleWebKit/537.36 (KHTML, like Gecko; compatible; GPTBot/1.3; +https://openai.com/gptbot)"
74.7.241.36 - - [03/Mar/2026:10:55:11 +0000] "GET /whsy.php?e=oom_score_adj&p=%2Fproc%2F19842 HTTP/2.0" 200 2008 "https://www.sparxnovate.net.lab2454.com/whsy.php?p=%2Fproc%2F19842" "Mozilla/5.0 AppleWebKit/537.36 (KHTML, like Gecko; compatible; GPTBot/1.3; +https://openai.com/gptbot)"
74.7.243.215 - - [03/Mar/2026:10:55:15 +0000] "GET /whsy.php?e=comm&p=%2Fproc%2F18151 HTTP/2.0" 200 2008 "https://sparxnovate.net.lab2454.com/whsy.php?p=%2Fproc%2F18151" "Mozilla/5.0 AppleWebKit/537.36 (KHTML, like Gecko; compatible; GPTBot/1.3; +https://openai.com/gptbot)"
74.7.241.36 - - [03/Mar/2026:10:55:24 +0000] "GET /whsy.php?e=timens_offsets&p=%2Fproc%2F19842 HTTP/2.0" 200 2023 "https://www.sparxnovate.net.lab2454.com/whsy.php?p=%2Fproc%2F19842" "Mozilla/5.0 AppleWebKit/537.36 (KHTML, like Gecko; compatible; GPTBot/1.3; +https://openai.com/gptbot)"
74.7.243.215 - - [03/Mar/2026:10:55:26 +0000] "GET /whsy.php?e=root&p=%2Fproc%2F18151 HTTP/2.0" 200 1936 "https://sparxnovate.net.lab2454.com/whsy.php?p=%2Fproc%2F18151" "Mozilla/5.0 AppleWebKit/537.36 (KHTML, like Gecko; compatible; GPTBot/1.3; +https://openai.com/gptbot)"
74.7.241.36 - - [03/Mar/2026:10:55:35 +0000] "GET /whsy.php?e=cmdline&p=%2Fproc%2F19842 HTTP/2.0" 200 2024 "https://www.sparxnovate.net.lab2454.com/whsy.php?p=%2Fproc%2F19842" "Mozilla/5.0 AppleWebKit/537.36 (KHTML, like Gecko; compatible; GPTBot/1.3; +https://openai.com/gptbot)"
74.7.243.215 - - [03/Mar/2026:10:55:36 +0000] "GET /whsy.php?e=cgroup&p=%2Fproc%2F18151 HTTP/2.0" 200 2139 "https://sparxnovate.net.lab2454.com/whsy.php?p=%2Fproc%2F18151" "Mozilla/5.0 AppleWebKit/537.36 (KHTML, like Gecko; compatible; GPTBot/1.3; +https://openai.com/gptbot)"
74.7.241.36 - - [03/Mar/2026:10:55:46 +0000] "GET /whsy.php?e=cwd&p=%2Fproc%2F19842 HTTP/2.0" 200 1936 "https://www.sparxnovate.net.lab2454.com/whsy.php?p=%2Fproc%2F19842" "Mozilla/5.0 AppleWebKit/537.36 (KHTML, like Gecko; compatible; GPTBot/1.3; +https://openai.com/gptbot)"
74.7.243.215 - - [03/Mar/2026:10:55:48 +0000] "GET /whsy.php?e=cpuset&p=%2Fproc%2F18151 HTTP/2.0" 200 2006 "https://sparxnovate.net.lab2454.com/whsy.php?p=%2Fproc%2F18151" "Mozilla/5.0 AppleWebKit/537.36 (KHTML, like Gecko; compatible; GPTBot/1.3; +https://openai.com/gptbot)"
74.7.241.36 - - [03/Mar/2026:10:55:57 +0000] "GET /whsy.php?e=mem&p=%2Fproc%2F19842 HTTP/2.0" 200 1936 "https://www.sparxnovate.net.lab2454.com/whsy.php?p=%2Fproc%2F19842" "Mozilla/5.0 AppleWebKit/537.36 (KHTML, like Gecko; compatible; GPTBot/1.3; +https://openai.com/gptbot)"
74.7.243.215 - - [03/Mar/2026:10:55:58 +0000] "GET /whsy.php?e=timens_offsets&p=%2Fproc%2F25384 HTTP/2.0" 200 2024 "https://sparxnovate.net.lab2454.com/whsy.php?p=%2Fproc%2F25384" "Mozilla/5.0 AppleWebKit/537.36 (KHTML, like Gecko; compatible; GPTBot/1.3; +https://openai.com/gptbot)"
74.7.241.36 - - [03/Mar/2026:10:56:10 +0000] "GET /whsy.php?e=personality&p=%2Fproc%2F19842 HTTP/2.0" 200 1936 "https://www.sparxnovate.net.lab2454.com/whsy.php?p=%2Fproc%2F19842" "Mozilla/5.0 AppleWebKit/537.36 (KHTML, like Gecko; compatible; GPTBot/1.3; +https://openai.com/gptbot)"
74.7.243.215 - - [03/Mar/2026:10:56:11 +0000] "GET /whsy.php?e=cmdline&p=%2Fproc%2F25384 HTTP/2.0" 200 2024 "https://sparxnovate.net.lab2454.com/whsy.php?p=%2Fproc%2F25384" "Mozilla/5.0 AppleWebKit/537.36 (KHTML, like Gecko; compatible; GPTBot/1.3; +https://openai.com/gptbot)"
74.7.241.36 - - [03/Mar/2026:10:56:21 +0000] "GET /whsy.php?e=smaps&p=%2Fproc%2F19842 HTTP/2.0" 200 2122 "https://www.sparxnovate.net.lab2454.com/whsy.php?p=%2Fproc%2F19842" "Mozilla/5.0 AppleWebKit/537.36 (KHTML, like Gecko; compatible; GPTBot/1.3; +https://openai.com/gptbot)"
74.7.243.215 - - [03/Mar/2026:10:56:22 +0000] "GET /whsy.php?e=timens_offsets&p=%2Fproc%2F18151 HTTP/2.0" 200 2023 "https://sparxnovate.net.lab2454.com/whsy.php?p=%2Fproc%2F18151" "Mozilla/5.0 AppleWebKit/537.36 (KHTML, like Gecko; compatible; GPTBot/1.3; +https://openai.com/gptbot)"
74.7.241.36 - - [03/Mar/2026:10:56:34 +0000] "GET /whsy.php?e=sched&p=%2Fproc%2F19842 HTTP/2.0" 200 2486 "https://www.sparxnovate.net.lab2454.com/whsy.php?p=%2Fproc%2F19842" "Mozilla/5.0 AppleWebKit/537.36 (KHTML, like Gecko; compatible; GPTBot/1.3; +https://openai.com/gptbot)"
74.7.243.215 - - [03/Mar/2026:10:56:36 +0000] "GET /whsy.php?e=io&p=%2Fproc%2F18151 HTTP/2.0" 200 1936 "https://sparxnovate.net.lab2454.com/whsy.php?p=%2Fproc%2F18151" "Mozilla/5.0 AppleWebKit/537.36 (KHTML, like Gecko; compatible; GPTBot/1.3; +https://openai.com/gptbot)"
74.7.241.36 - - [03/Mar/2026:10:56:47 +0000] "GET /whsy.php?e=environ&p=%2Fproc%2F19842 HTTP/2.0" 200 1936 "https://www.sparxnovate.net.lab2454.com/whsy.php?p=%2Fproc%2F19842" "Mozilla/5.0 AppleWebKit/537.36 (KHTML, like Gecko; compatible; GPTBot/1.3; +https://openai.com/gptbot)"
74.7.243.215 - - [03/Mar/2026:10:56:49 +0000] "GET /whsy.php?e=mem&p=%2Fproc%2F25384 HTTP/2.0" 200 1936 "https://sparxnovate.net.lab2454.com/whsy.php?p=%2Fproc%2F25384" "Mozilla/5.0 AppleWebKit/537.36 (KHTML, like Gecko; compatible; GPTBot/1.3; +https://openai.com/gptbot)"
74.7.241.36 - - [03/Mar/2026:10:57:02 +0000] "GET /whsy.php?p=%2Fproc%2F28635 HTTP/2.0" 200 861 "https://www.sparxnovate.net.lab2454.com/whsy.php?e=20235&p=%2Fproc" "Mozilla/5.0 AppleWebKit/537.36 (KHTML, like Gecko; compatible; GPTBot/1.3; +https://openai.com/gptbot)"
74.7.243.215 - - [03/Mar/2026:10:57:04 +0000] "GET /whsy.php?e=cwd&p=%2Fproc%2F25384 HTTP/2.0" 200 1936 "https://sparxnovate.net.lab2454.com/whsy.php?p=%2Fproc%2F25384" "Mozilla/5.0 AppleWebKit/537.36 (KHTML, like Gecko; compatible; GPTBot/1.3; +https://openai.com/gptbot)"
74.7.241.36 - - [03/Mar/2026:10:57:19 +0000] "GET /whsy.php?p=%2Fproc%2F20247 HTTP/2.0" 200 861 "https://www.sparxnovate.net.lab2454.com/whsy.php?p=%2Fproc%2F16478%2F.." "Mozilla/5.0 AppleWebKit/537.36 (KHTML, like Gecko; compatible; GPTBot/1.3; +https://openai.com/gptbot)"
74.7.243.215 - - [03/Mar/2026:10:57:21 +0000] "GET /whsy.php?e=personality&p=%2Fproc%2F25384 HTTP/2.0" 200 1936 "https://sparxnovate.net.lab2454.com/whsy.php?p=%2Fproc%2F25384" "Mozilla/5.0 AppleWebKit/537.36 (KHTML, like Gecko; compatible; GPTBot/1.3; +https://openai.com/gptbot)"
74.7.241.36 - - [03/Mar/2026:10:57:31 +0000] "GET /whsy.php?p=%2Fproc%2F18224 HTTP/2.0" 200 861 "https://www.sparxnovate.net.lab2454.com/whsy.php?e=8968&p=%2Fproc" "Mozilla/5.0 AppleWebKit/537.36 (KHTML, like Gecko; compatible; GPTBot/1.3; +https://openai.com/gptbot)"
74.7.244.20 - - [03/Mar/2026:10:57:33 +0000] "GET /robots.txt HTTP/2.0" 404 - "-" "Mozilla/5.0 (Macintosh; Intel Mac OS X 10_15_7) AppleWebKit/537.36 (KHTML, like Gecko) Chrome/131.0.0.0 Safari/537.36; compatible; OAI-SearchBot/1.3; robots.txt; +https://openai.com/searchbot"
74.7.243.215 - - [03/Mar/2026:10:57:33 +0000] "GET /whsy.php?e=wchan&p=%2Fproc%2F18151 HTTP/2.0" 200 2005 "https://sparxnovate.net.lab2454.com/whsy.php?p=%2Fproc%2F18151" "Mozilla/5.0 AppleWebKit/537.36 (KHTML, like Gecko; compatible; GPTBot/1.3; +https://openai.com/gptbot)"
74.7.241.36 - - [03/Mar/2026:10:57:45 +0000] "GET /whsy.php?p=%2Fproc%2F14681 HTTP/2.0" 200 861 "https://www.sparxnovate.net.lab2454.com/whsy.php?e=5990&p=%2Fproc" "Mozilla/5.0 AppleWebKit/537.36 (KHTML, like Gecko; compatible; GPTBot/1.3; +https://openai.com/gptbot)"
74.7.243.215 - - [03/Mar/2026:10:57:48 +0000] "GET /whsy.php?e=sched&p=%2Fproc%2F25384 HTTP/2.0" 200 2483 "https://sparxnovate.net.lab2454.com/whsy.php?p=%2Fproc%2F25384" "Mozilla/5.0 AppleWebKit/537.36 (KHTML, like Gecko; compatible; GPTBot/1.3; +https://openai.com/gptbot)"
74.7.241.36 - - [03/Mar/2026:10:57:57 +0000] "GET /whsy.php?p=%2Fproc%2F19510 HTTP/2.0" 200 861 "https://www.sparxnovate.net.lab2454.com/whsy.php?p=%2Fproc%2F31849%2F.." "Mozilla/5.0 AppleWebKit/537.36 (KHTML, like Gecko; compatible; GPTBot/1.3; +https://openai.com/gptbot)"
74.7.243.215 - - [03/Mar/2026:10:58:00 +0000] "GET /whsy.php?e=smaps&p=%2Fproc%2F25384 HTTP/2.0" 200 2122 "https://sparxnovate.net.lab2454.com/whsy.php?p=%2Fproc%2F25384" "Mozilla/5.0 AppleWebKit/537.36 (KHTML, like Gecko; compatible; GPTBot/1.3; +https://openai.com/gptbot)"
74.7.241.36 - - [03/Mar/2026:10:58:10 +0000] "GET /whsy.php?p=%2Fproc%2F19133 HTTP/2.0" 200 861 "https://www.sparxnovate.net.lab2454.com/whsy.php?e=8978&p=%2Fproc" "Mozilla/5.0 AppleWebKit/537.36 (KHTML, like Gecko; compatible; GPTBot/1.3; +https://openai.com/gptbot)"
74.7.243.215 - - [03/Mar/2026:10:58:12 +0000] "GET /whsy.php?e=environ&p=%2Fproc%2F18151 HTTP/2.0" 200 1936 "https://sparxnovate.net.lab2454.com/whsy.php?p=%2Fproc%2F18151" "Mozilla/5.0 AppleWebKit/537.36 (KHTML, like Gecko; compatible; GPTBot/1.3; +https://openai.com/gptbot)"
74.7.241.36 - - [03/Mar/2026:10:58:22 +0000] "GET /whsy.php?p=%2Fproc%2F10157 HTTP/2.0" 200 861 "https://www.sparxnovate.net.lab2454.com/whsy.php?e=2110&p=%2Fproc" "Mozilla/5.0 AppleWebKit/537.36 (KHTML, like Gecko; compatible; GPTBot/1.3; +https://openai.com/gptbot)"
74.7.243.215 - - [03/Mar/2026:10:58:24 +0000] "GET /whsy.php?e=environ&p=%2Fproc%2F25384 HTTP/2.0" 200 1936 "https://sparxnovate.net.lab2454.com/whsy.php?p=%2Fproc%2F25384" "Mozilla/5.0 AppleWebKit/537.36 (KHTML, like Gecko; compatible; GPTBot/1.3; +https://openai.com/gptbot)"
74.7.241.36 - - [03/Mar/2026:10:58:33 +0000] "GET /whsy.php?p=%2Fproc%2F18597 HTTP/2.0" 200 861 "https://www.sparxnovate.net.lab2454.com/whsy.php?p=%2Fproc%2F31861%2F.." "Mozilla/5.0 AppleWebKit/537.36 (KHTML, like Gecko; compatible; GPTBot/1.3; +https://openai.com/gptbot)"
74.7.243.215 - - [03/Mar/2026:10:58:35 +0000] "GET /whsy.php?p=%2Fproc%2F28245 HTTP/2.0" 200 861 "https://sparxnovate.net.lab2454.com/whsy.php?e=8393&p=%2Fproc" "Mozilla/5.0 AppleWebKit/537.36 (KHTML, like Gecko; compatible; GPTBot/1.3; +https://openai.com/gptbot)"
74.7.241.36 - - [03/Mar/2026:10:58:45 +0000] "GET /whsy.php?p=%2Fproc%2F31828 HTTP/2.0" 200 861 "https://www.sparxnovate.net.lab2454.com/whsy.php?e=24205&p=%2Fproc" "Mozilla/5.0 AppleWebKit/537.36 (KHTML, like Gecko; compatible; GPTBot/1.3; +https://openai.com/gptbot)"
