74.7.243.215 - - [03/Mar/2026:06:02:03 +0000] "GET /whsy.php?e=6103&p=%2Fproc HTTP/2.0" 200 4198 "https://sparxnovate.net.lab2454.com/whsy.php?e=25666&p=%2Fproc" "Mozilla/5.0 AppleWebKit/537.36 (KHTML, like Gecko; compatible; GPTBot/1.3; +https://openai.com/gptbot)"
74.7.241.36 - - [03/Mar/2026:06:02:06 +0000] "GET /whsy.php?e=sockstat&p=%2Fproc%2F10277%2Fnet HTTP/2.0" 200 2604 "https://www.sparxnovate.net.lab2454.com/whsy.php?p=%2Fproc%2F10277%2Fnet" "Mozilla/5.0 AppleWebKit/537.36 (KHTML, like Gecko; compatible; GPTBot/1.3; +https://openai.com/gptbot)"
74.7.241.36 - - [03/Mar/2026:06:02:15 +0000] "GET /whsy.php?e=netstat&p=%2Fproc%2F31861%2Fnet HTTP/2.0" 200 4240 "https://www.sparxnovate.net.lab2454.com/whsy.php?p=%2Fproc%2F31861%2Fnet" "Mozilla/5.0 AppleWebKit/537.36 (KHTML, like Gecko; compatible; GPTBot/1.3; +https://openai.com/gptbot)"
74.7.243.215 - - [03/Mar/2026:06:02:12 +0000] "GET /whsy.php?e=6105&p=%2Fproc HTTP/2.0" 200 4161 "https://sparxnovate.net.lab2454.com/whsy.php?e=25666&p=%2Fproc" "Mozilla/5.0 AppleWebKit/537.36 (KHTML, like Gecko; compatible; GPTBot/1.3; +https://openai.com/gptbot)"
74.7.243.215 - - [03/Mar/2026:06:02:21 +0000] "GET /whsy.php?e=1965&p=%2Fproc HTTP/2.0" 200 4189 "https://sparxnovate.net.lab2454.com/whsy.php?e=25665&p=%2Fproc" "Mozilla/5.0 AppleWebKit/537.36 (KHTML, like Gecko; compatible; GPTBot/1.3; +https://openai.com/gptbot)"
74.7.241.36 - - [03/Mar/2026:06:02:23 +0000] "GET /whsy.php?e=arch_status&p=%2Fproc%2F12121 HTTP/2.0" 200 2004 "https://www.sparxnovate.net.lab2454.com/whsy.php?p=%2Fproc%2F12121" "Mozilla/5.0 AppleWebKit/537.36 (KHTML, like Gecko; compatible; GPTBot/1.3; +https://openai.com/gptbot)"
74.7.243.215 - - [03/Mar/2026:06:02:30 +0000] "GET /whsy.php?e=4113&p=%2Fproc HTTP/2.0" 200 4176 "https://sparxnovate.net.lab2454.com/whsy.php?e=24035&p=%2Fproc" "Mozilla/5.0 AppleWebKit/537.36 (KHTML, like Gecko; compatible; GPTBot/1.3; +https://openai.com/gptbot)"
74.7.241.36 - - [03/Mar/2026:06:02:32 +0000] "GET /whsy.php?e=mcfilter&p=%2Fproc%2F15809%2Fnet HTTP/2.0" 200 2538 "https://www.sparxnovate.net.lab2454.com/whsy.php?p=%2Fproc%2F15809%2Fnet" "Mozilla/5.0 AppleWebKit/537.36 (KHTML, like Gecko; compatible; GPTBot/1.3; +https://openai.com/gptbot)"
74.7.243.215 - - [03/Mar/2026:06:02:38 +0000] "GET /whsy.php?e=1951&p=%2Fproc HTTP/2.0" 200 4274 "https://sparxnovate.net.lab2454.com/whsy.php?e=25665&p=%2Fproc" "Mozilla/5.0 AppleWebKit/537.36 (KHTML, like Gecko; compatible; GPTBot/1.3; +https://openai.com/gptbot)"
74.7.241.36 - - [03/Mar/2026:06:02:41 +0000] "GET /whsy.php?e=fib_trie&p=%2Fproc%2F31849%2Fnet HTTP/2.0" 200 2694 "https://www.sparxnovate.net.lab2454.com/whsy.php?p=%2Fproc%2F31849%2Fnet" "Mozilla/5.0 AppleWebKit/537.36 (KHTML, like Gecko; compatible; GPTBot/1.3; +https://openai.com/gptbot)"
74.7.243.215 - - [03/Mar/2026:06:02:48 +0000] "GET /whsy.php?e=9495&p=%2Fproc HTTP/2.0" 200 4348 "https://sparxnovate.net.lab2454.com/whsy.php?e=1950&p=%2Fproc" "Mozilla/5.0 AppleWebKit/537.36 (KHTML, like Gecko; compatible; GPTBot/1.3; +https://openai.com/gptbot)"
74.7.241.36 - - [03/Mar/2026:06:02:50 +0000] "GET /whsy.php?e=mcfilter&p=%2Fproc%2F16478%2Fnet HTTP/2.0" 200 2538 "https://www.sparxnovate.net.lab2454.com/whsy.php?p=%2Fproc%2F16478%2Fnet" "Mozilla/5.0 AppleWebKit/537.36 (KHTML, like Gecko; compatible; GPTBot/1.3; +https://openai.com/gptbot)"
74.7.243.215 - - [03/Mar/2026:06:02:57 +0000] "GET /whsy.php?e=9451&p=%2Fproc HTTP/2.0" 200 4191 "https://sparxnovate.net.lab2454.com/whsy.php?e=1950&p=%2Fproc" "Mozilla/5.0 AppleWebKit/537.36 (KHTML, like Gecko; compatible; GPTBot/1.3; +https://openai.com/gptbot)"
74.7.241.36 - - [03/Mar/2026:06:02:59 +0000] "GET /whsy.php?e=fib_trie&p=%2Fproc%2F16478%2Fnet HTTP/2.0" 200 2693 "https://www.sparxnovate.net.lab2454.com/whsy.php?p=%2Fproc%2F16478%2Fnet" "Mozilla/5.0 AppleWebKit/537.36 (KHTML, like Gecko; compatible; GPTBot/1.3; +https://openai.com/gptbot)"
74.7.243.215 - - [03/Mar/2026:06:03:06 +0000] "GET /whsy.php?e=9496&p=%2Fproc HTTP/2.0" 200 4193 "https://sparxnovate.net.lab2454.com/whsy.php?e=1950&p=%2Fproc" "Mozilla/5.0 AppleWebKit/537.36 (KHTML, like Gecko; compatible; GPTBot/1.3; +https://openai.com/gptbot)"
74.7.241.36 - - [03/Mar/2026:06:03:08 +0000] "GET /whsy.php?e=mcfilter&p=%2Fproc%2F31849%2Fnet HTTP/2.0" 200 2538 "https://www.sparxnovate.net.lab2454.com/whsy.php?p=%2Fproc%2F31849%2Fnet" "Mozilla/5.0 AppleWebKit/537.36 (KHTML, like Gecko; compatible; GPTBot/1.3; +https://openai.com/gptbot)"
74.7.243.215 - - [03/Mar/2026:06:03:14 +0000] "GET /whsy.php?e=9434&p=%2Fproc HTTP/2.0" 200 4163 "https://sparxnovate.net.lab2454.com/whsy.php?e=1950&p=%2Fproc" "Mozilla/5.0 AppleWebKit/537.36 (KHTML, like Gecko; compatible; GPTBot/1.3; +https://openai.com/gptbot)"
74.7.241.36 - - [03/Mar/2026:06:03:17 +0000] "GET /whsy.php?e=mcfilter&p=%2Fproc%2F16480%2Fnet HTTP/2.0" 200 2538 "https://www.sparxnovate.net.lab2454.com/whsy.php?p=%2Fproc%2F16480%2Fnet" "Mozilla/5.0 AppleWebKit/537.36 (KHTML, like Gecko; compatible; GPTBot/1.3; +https://openai.com/gptbot)"
74.7.243.215 - - [03/Mar/2026:06:03:23 +0000] "GET /whsy.php?e=10862&p=%2Fproc HTTP/2.0" 200 4322 "https://sparxnovate.net.lab2454.com/whsy.php?e=2663&p=%2Fproc" "Mozilla/5.0 AppleWebKit/537.36 (KHTML, like Gecko; compatible; GPTBot/1.3; +https://openai.com/gptbot)"
74.7.241.36 - - [03/Mar/2026:06:03:26 +0000] "GET /whsy.php?e=fib_trie&p=%2Fproc%2F15809%2Fnet HTTP/2.0" 200 2694 "https://www.sparxnovate.net.lab2454.com/whsy.php?p=%2Fproc%2F15809%2Fnet" "Mozilla/5.0 AppleWebKit/537.36 (KHTML, like Gecko; compatible; GPTBot/1.3; +https://openai.com/gptbot)"
74.7.243.215 - - [03/Mar/2026:06:03:31 +0000] "GET /whsy.php?e=12355&p=%2Fproc HTTP/2.0" 200 4164 "https://sparxnovate.net.lab2454.com/whsy.php?e=4112&p=%2Fproc" "Mozilla/5.0 AppleWebKit/537.36 (KHTML, like Gecko; compatible; GPTBot/1.3; +https://openai.com/gptbot)"
74.7.241.36 - - [03/Mar/2026:06:03:34 +0000] "GET /whsy.php?e=fib_trie&p=%2Fproc%2F16480%2Fnet HTTP/2.0" 200 2693 "https://www.sparxnovate.net.lab2454.com/whsy.php?p=%2Fproc%2F16480%2Fnet" "Mozilla/5.0 AppleWebKit/537.36 (KHTML, like Gecko; compatible; GPTBot/1.3; +https://openai.com/gptbot)"
74.7.243.215 - - [03/Mar/2026:06:03:40 +0000] "GET /whsy.php?e=12358&p=%2Fproc HTTP/2.0" 200 4161 "https://sparxnovate.net.lab2454.com/whsy.php?e=4112&p=%2Fproc" "Mozilla/5.0 AppleWebKit/537.36 (KHTML, like Gecko; compatible; GPTBot/1.3; +https://openai.com/gptbot)"
74.7.241.36 - - [03/Mar/2026:06:03:42 +0000] "GET /whsy.php?p=%2Fproc%2F9438%2Fns HTTP/2.0" 200 861 "https://www.sparxnovate.net.lab2454.com/whsy.php?p=%2Fproc%2F9438" "Mozilla/5.0 AppleWebKit/537.36 (KHTML, like Gecko; compatible; GPTBot/1.3; +https://openai.com/gptbot)"
74.7.243.215 - - [03/Mar/2026:06:03:48 +0000] "GET /whsy.php?e=12351&p=%2Fproc HTTP/2.0" 200 4139 "https://sparxnovate.net.lab2454.com/whsy.php?e=4112&p=%2Fproc" "Mozilla/5.0 AppleWebKit/537.36 (KHTML, like Gecko; compatible; GPTBot/1.3; +https://openai.com/gptbot)"
74.7.241.36 - - [03/Mar/2026:06:03:51 +0000] "GET /whsy.php?p=%2Fproc%2F9438%2Ffd HTTP/2.0" 200 861 "https://www.sparxnovate.net.lab2454.com/whsy.php?p=%2Fproc%2F9438" "Mozilla/5.0 AppleWebKit/537.36 (KHTML, like Gecko; compatible; GPTBot/1.3; +https://openai.com/gptbot)"
74.7.244.20 - - [03/Mar/2026:06:03:52 +0000] "GET /robots.txt HTTP/2.0" 404 - "-" "Mozilla/5.0 (Macintosh; Intel Mac OS X 10_15_7) AppleWebKit/537.36 (KHTML, like Gecko) Chrome/131.0.0.0 Safari/537.36; compatible; OAI-SearchBot/1.3; robots.txt; +https://openai.com/searchbot"
74.7.243.215 - - [03/Mar/2026:06:03:57 +0000] "GET /whsy.php?e=13752&p=%2Fproc HTTP/2.0" 200 4324 "https://sparxnovate.net.lab2454.com/whsy.php?e=6103&p=%2Fproc" "Mozilla/5.0 AppleWebKit/537.36 (KHTML, like Gecko; compatible; GPTBot/1.3; +https://openai.com/gptbot)"
74.7.241.36 - - [03/Mar/2026:06:04:00 +0000] "GET /whsy.php?e=setgroups&p=%2Fproc%2F9438 HTTP/2.0" 200 861 "https://www.sparxnovate.net.lab2454.com/whsy.php?p=%2Fproc%2F9438" "Mozilla/5.0 AppleWebKit/537.36 (KHTML, like Gecko; compatible; GPTBot/1.3; +https://openai.com/gptbot)"
74.7.243.215 - - [03/Mar/2026:06:04:06 +0000] "GET /whsy.php?p=%2Fproc%2F15913 HTTP/2.0" 200 861 "https://sparxnovate.net.lab2454.com/whsy.php?e=4113&p=%2Fproc" "Mozilla/5.0 AppleWebKit/537.36 (KHTML, like Gecko; compatible; GPTBot/1.3; +https://openai.com/gptbot)"
74.7.241.36 - - [03/Mar/2026:06:04:08 +0000] "GET /whsy.php?e=ip_vs&p=%2Fproc%2F12121%2Fnet HTTP/2.0" 200 2613 "https://www.sparxnovate.net.lab2454.com/whsy.php?p=%2Fproc%2F12121%2Fnet" "Mozilla/5.0 AppleWebKit/537.36 (KHTML, like Gecko; compatible; GPTBot/1.3; +https://openai.com/gptbot)"
74.7.243.215 - - [03/Mar/2026:06:04:15 +0000] "GET /whsy.php?e=16576&p=%2Fproc HTTP/2.0" 200 4271 "https://sparxnovate.net.lab2454.com/whsy.php?e=1951&p=%2Fproc" "Mozilla/5.0 AppleWebKit/537.36 (KHTML, like Gecko; compatible; GPTBot/1.3; +https://openai.com/gptbot)"
74.7.241.36 - - [03/Mar/2026:06:04:17 +0000] "GET /whsy.php?e=rt_cache&p=%2Fproc%2F31849%2Fnet HTTP/2.0" 200 2598 "https://www.sparxnovate.net.lab2454.com/whsy.php?p=%2Fproc%2F31849%2Fnet" "Mozilla/5.0 AppleWebKit/537.36 (KHTML, like Gecko; compatible; GPTBot/1.3; +https://openai.com/gptbot)"
74.7.243.215 - - [03/Mar/2026:06:04:25 +0000] "GET /whsy.php?e=17223&p=%2Fproc HTTP/2.0" 200 4201 "https://sparxnovate.net.lab2454.com/whsy.php?e=9495&p=%2Fproc" "Mozilla/5.0 AppleWebKit/537.36 (KHTML, like Gecko; compatible; GPTBot/1.3; +https://openai.com/gptbot)"
74.7.241.36 - - [03/Mar/2026:06:04:27 +0000] "GET /whsy.php?e=current&p=%2Fproc%2F16478%2Fattr HTTP/2.0" 200 848 "https://www.sparxnovate.net.lab2454.com/whsy.php?p=%2Fproc%2F16478%2Fattr" "Mozilla/5.0 AppleWebKit/537.36 (KHTML, like Gecko; compatible; GPTBot/1.3; +https://openai.com/gptbot)"
74.7.243.215 - - [03/Mar/2026:06:04:35 +0000] "GET /whsy.php?p=%2Fproc%2F17986 HTTP/2.0" 200 861 "https://sparxnovate.net.lab2454.com/whsy.php?e=9451&p=%2Fproc" "Mozilla/5.0 AppleWebKit/537.36 (KHTML, like Gecko; compatible; GPTBot/1.3; +https://openai.com/gptbot)"
74.7.241.36 - - [03/Mar/2026:06:04:37 +0000] "GET /whsy.php?e=rt_cache&p=%2Fproc%2F16480%2Fnet HTTP/2.0" 200 2597 "https://www.sparxnovate.net.lab2454.com/whsy.php?p=%2Fproc%2F16480%2Fnet" "Mozilla/5.0 AppleWebKit/537.36 (KHTML, like Gecko; compatible; GPTBot/1.3; +https://openai.com/gptbot)"
74.7.243.215 - - [03/Mar/2026:06:04:44 +0000] "GET /whsy.php?p=%2Fproc%2F18709 HTTP/2.0" 200 861 "https://sparxnovate.net.lab2454.com/whsy.php?e=9496&p=%2Fproc" "Mozilla/5.0 AppleWebKit/537.36 (KHTML, like Gecko; compatible; GPTBot/1.3; +https://openai.com/gptbot)"
74.7.241.36 - - [03/Mar/2026:06:04:46 +0000] "GET /whsy.php?e=current&p=%2Fproc%2F16480%2Fattr HTTP/2.0" 200 849 "https://www.sparxnovate.net.lab2454.com/whsy.php?p=%2Fproc%2F16480%2Fattr" "Mozilla/5.0 AppleWebKit/537.36 (KHTML, like Gecko; compatible; GPTBot/1.3; +https://openai.com/gptbot)"
74.7.243.215 - - [03/Mar/2026:06:04:53 +0000] "GET /whsy.php?e=17260&p=%2Fproc HTTP/2.0" 200 4210 "https://sparxnovate.net.lab2454.com/whsy.php?e=9495&p=%2Fproc" "Mozilla/5.0 AppleWebKit/537.36 (KHTML, like Gecko; compatible; GPTBot/1.3; +https://openai.com/gptbot)"
74.7.241.36 - - [03/Mar/2026:06:04:54 +0000] "GET /whsy.php?e=udplite&p=%2Fproc%2F31862%2Fnet HTTP/2.0" 200 2583 "https://www.sparxnovate.net.lab2454.com/whsy.php?p=%2Fproc%2F31862%2Fnet" "Mozilla/5.0 AppleWebKit/537.36 (KHTML, like Gecko; compatible; GPTBot/1.3; +https://openai.com/gptbot)"
74.7.243.215 - - [03/Mar/2026:06:05:01 +0000] "GET /whsy.php?e=19946&p=%2Fproc HTTP/2.0" 200 4078 "https://sparxnovate.net.lab2454.com/whsy.php?e=10862&p=%2Fproc" "Mozilla/5.0 AppleWebKit/537.36 (KHTML, like Gecko; compatible; GPTBot/1.3; +https://openai.com/gptbot)"
74.7.241.36 - - [03/Mar/2026:06:05:03 +0000] "GET /whsy.php?e=fib_trie&p=%2Fproc%2F10277%2Fnet HTTP/2.0" 200 2694 "https://www.sparxnovate.net.lab2454.com/whsy.php?p=%2Fproc%2F10277%2Fnet" "Mozilla/5.0 AppleWebKit/537.36 (KHTML, like Gecko; compatible; GPTBot/1.3; +https://openai.com/gptbot)"
74.7.243.215 - - [03/Mar/2026:06:05:10 +0000] "GET /whsy.php?e=20743&p=%2Fproc HTTP/2.0" 200 4252 "https://sparxnovate.net.lab2454.com/whsy.php?e=12355&p=%2Fproc" "Mozilla/5.0 AppleWebKit/537.36 (KHTML, like Gecko; compatible; GPTBot/1.3; +https://openai.com/gptbot)"
74.7.241.36 - - [03/Mar/2026:06:05:12 +0000] "GET /whsy.php?e=current&p=%2Fproc%2F31849%2Fattr HTTP/2.0" 200 848 "https://www.sparxnovate.net.lab2454.com/whsy.php?p=%2Fproc%2F31849%2Fattr" "Mozilla/5.0 AppleWebKit/537.36 (KHTML, like Gecko; compatible; GPTBot/1.3; +https://openai.com/gptbot)"
74.7.243.215 - - [03/Mar/2026:06:05:19 +0000] "GET /whsy.php?e=17224&p=%2Fproc HTTP/2.0" 200 4331 "https://sparxnovate.net.lab2454.com/whsy.php?e=9495&p=%2Fproc" "Mozilla/5.0 AppleWebKit/537.36 (KHTML, like Gecko; compatible; GPTBot/1.3; +https://openai.com/gptbot)"
74.7.241.36 - - [03/Mar/2026:06:05:21 +0000] "GET /whsy.php?e=tls_stat&p=%2Fproc%2F31861%2Fnet HTTP/2.0" 200 2601 "https://www.sparxnovate.net.lab2454.com/whsy.php?p=%2Fproc%2F31861%2Fnet" "Mozilla/5.0 AppleWebKit/537.36 (KHTML, like Gecko; compatible; GPTBot/1.3; +https://openai.com/gptbot)"
74.7.243.215 - - [03/Mar/2026:06:05:29 +0000] "GET /whsy.php?p=%2Fproc%2F22220 HTTP/2.0" 200 861 "https://sparxnovate.net.lab2454.com/whsy.php?e=12351&p=%2Fproc" "Mozilla/5.0 AppleWebKit/537.36 (KHTML, like Gecko; compatible; GPTBot/1.3; +https://openai.com/gptbot)"
74.7.241.36 - - [03/Mar/2026:06:05:31 +0000] "GET /whsy.php?e=netlink&p=%2Fproc%2F31862%2Fnet HTTP/2.0" 200 2811 "https://www.sparxnovate.net.lab2454.com/whsy.php?p=%2Fproc%2F31862%2Fnet" "Mozilla/5.0 AppleWebKit/537.36 (KHTML, like Gecko; compatible; GPTBot/1.3; +https://openai.com/gptbot)"
74.7.243.215 - - [03/Mar/2026:06:05:38 +0000] "GET /whsy.php?p=%2Fproc%2F22221 HTTP/2.0" 200 861 "https://sparxnovate.net.lab2454.com/whsy.php?e=12351&p=%2Fproc" "Mozilla/5.0 AppleWebKit/537.36 (KHTML, like Gecko; compatible; GPTBot/1.3; +https://openai.com/gptbot)"
74.7.241.36 - - [03/Mar/2026:06:05:41 +0000] "GET /whsy.php?e=netlink&p=%2Fproc%2F31848%2Fnet HTTP/2.0" 200 2811 "https://www.sparxnovate.net.lab2454.com/whsy.php?p=%2Fproc%2F31848%2Fnet" "Mozilla/5.0 AppleWebKit/537.36 (KHTML, like Gecko; compatible; GPTBot/1.3; +https://openai.com/gptbot)"
74.7.243.215 - - [03/Mar/2026:06:05:49 +0000] "GET /whsy.php?e=17238&p=%2Fproc HTTP/2.0" 200 4196 "https://sparxnovate.net.lab2454.com/whsy.php?e=9495&p=%2Fproc" "Mozilla/5.0 AppleWebKit/537.36 (KHTML, like Gecko; compatible; GPTBot/1.3; +https://openai.com/gptbot)"
74.7.241.36 - - [03/Mar/2026:06:05:52 +0000] "GET /whsy.php?e=netlink&p=%2Fproc%2F31861%2Fnet HTTP/2.0" 200 2811 "https://www.sparxnovate.net.lab2454.com/whsy.php?p=%2Fproc%2F31861%2Fnet" "Mozilla/5.0 AppleWebKit/537.36 (KHTML, like Gecko; compatible; GPTBot/1.3; +https://openai.com/gptbot)"
74.7.243.215 - - [03/Mar/2026:06:05:58 +0000] "GET /whsy.php?p=%2Fproc%2F24268 HTTP/2.0" 200 861 "https://sparxnovate.net.lab2454.com/whsy.php?e=16576&p=%2Fproc" "Mozilla/5.0 AppleWebKit/537.36 (KHTML, like Gecko; compatible; GPTBot/1.3; +https://openai.com/gptbot)"
74.7.241.36 - - [03/Mar/2026:06:06:01 +0000] "GET /whsy.php?e=tls_stat&p=%2Fproc%2F31848%2Fnet HTTP/2.0" 200 2601 "https://www.sparxnovate.net.lab2454.com/whsy.php?p=%2Fproc%2F31848%2Fnet" "Mozilla/5.0 AppleWebKit/537.36 (KHTML, like Gecko; compatible; GPTBot/1.3; +https://openai.com/gptbot)"
74.7.243.215 - - [03/Mar/2026:06:06:08 +0000] "GET /whsy.php?p=%2Fproc%2F25183 HTTP/2.0" 200 861 "https://sparxnovate.net.lab2454.com/whsy.php?e=17223&p=%2Fproc" "Mozilla/5.0 AppleWebKit/537.36 (KHTML, like Gecko; compatible; GPTBot/1.3; +https://openai.com/gptbot)"
74.7.241.36 - - [03/Mar/2026:06:06:11 +0000] "GET /whsy.php?e=mcfilter&p=%2Fproc%2F10277%2Fnet HTTP/2.0" 200 2538 "https://www.sparxnovate.net.lab2454.com/whsy.php?p=%2Fproc%2F10277%2Fnet" "Mozilla/5.0 AppleWebKit/537.36 (KHTML, like Gecko; compatible; GPTBot/1.3; +https://openai.com/gptbot)"
74.7.243.215 - - [03/Mar/2026:06:06:17 +0000] "GET /whsy.php?e=24323&p=%2Fproc HTTP/2.0" 200 4281 "https://sparxnovate.net.lab2454.com/whsy.php?e=16576&p=%2Fproc" "Mozilla/5.0 AppleWebKit/537.36 (KHTML, like Gecko; compatible; GPTBot/1.3; +https://openai.com/gptbot)"
74.7.241.36 - - [03/Mar/2026:06:06:19 +0000] "GET /whsy.php?e=current&p=%2Fproc%2F15809%2Fattr HTTP/2.0" 200 849 "https://www.sparxnovate.net.lab2454.com/whsy.php?p=%2Fproc%2F15809%2Fattr" "Mozilla/5.0 AppleWebKit/537.36 (KHTML, like Gecko; compatible; GPTBot/1.3; +https://openai.com/gptbot)"
74.7.243.215 - - [03/Mar/2026:06:06:26 +0000] "GET /whsy.php?e=24324&p=%2Fproc HTTP/2.0" 200 4178 "https://sparxnovate.net.lab2454.com/whsy.php?e=16576&p=%2Fproc" "Mozilla/5.0 AppleWebKit/537.36 (KHTML, like Gecko; compatible; GPTBot/1.3; +https://openai.com/gptbot)"
74.7.241.36 - - [03/Mar/2026:06:06:28 +0000] "GET /whsy.php?e=rt_cache&p=%2Fproc%2F16478%2Fnet HTTP/2.0" 200 2597 "https://www.sparxnovate.net.lab2454.com/whsy.php?p=%2Fproc%2F16478%2Fnet" "Mozilla/5.0 AppleWebKit/537.36 (KHTML, like Gecko; compatible; GPTBot/1.3; +https://openai.com/gptbot)"
74.7.243.215 - - [03/Mar/2026:06:06:34 +0000] "GET /whsy.php?e=22843&p=%2Fproc HTTP/2.0" 200 4217 "https://sparxnovate.net.lab2454.com/whsy.php?e=13752&p=%2Fproc" "Mozilla/5.0 AppleWebKit/537.36 (KHTML, like Gecko; compatible; GPTBot/1.3; +https://openai.com/gptbot)"
74.7.241.36 - - [03/Mar/2026:06:06:36 +0000] "GET /whsy.php?e=rt_cache&p=%2Fproc%2F15809%2Fnet HTTP/2.0" 200 2598 "https://www.sparxnovate.net.lab2454.com/whsy.php?p=%2Fproc%2F15809%2Fnet" "Mozilla/5.0 AppleWebKit/537.36 (KHTML, like Gecko; compatible; GPTBot/1.3; +https://openai.com/gptbot)"
74.7.243.215 - - [03/Mar/2026:06:06:43 +0000] "GET /whsy.php?p=%2Fproc%2F28053 HTTP/2.0" 200 861 "https://sparxnovate.net.lab2454.com/whsy.php?e=19946&p=%2Fproc" "Mozilla/5.0 AppleWebKit/537.36 (KHTML, like Gecko; compatible; GPTBot/1.3; +https://openai.com/gptbot)"
74.7.241.36 - - [03/Mar/2026:06:06:45 +0000] "GET /whsy.php?p=%2Fproc%2F9438%2Fmap_files HTTP/2.0" 200 861 "https://www.sparxnovate.net.lab2454.com/whsy.php?p=%2Fproc%2F9438" "Mozilla/5.0 AppleWebKit/537.36 (KHTML, like Gecko; compatible; GPTBot/1.3; +https://openai.com/gptbot)"
74.7.243.215 - - [03/Mar/2026:06:06:51 +0000] "GET /whsy.php?e=28807&p=%2Fproc HTTP/2.0" 200 4149 "https://sparxnovate.net.lab2454.com/whsy.php?e=20743&p=%2Fproc" "Mozilla/5.0 AppleWebKit/537.36 (KHTML, like Gecko; compatible; GPTBot/1.3; +https://openai.com/gptbot)"
74.7.241.36 - - [03/Mar/2026:06:06:53 +0000] "GET /whsy.php?e=fib_trie&p=%2Fproc%2F12121%2Fnet HTTP/2.0" 200 2692 "https://www.sparxnovate.net.lab2454.com/whsy.php?p=%2Fproc%2F12121%2Fnet" "Mozilla/5.0 AppleWebKit/537.36 (KHTML, like Gecko; compatible; GPTBot/1.3; +https://openai.com/gptbot)"
74.7.243.215 - - [03/Mar/2026:06:07:01 +0000] "GET /whsy.php?e=29581&p=%2Fproc HTTP/2.0" 200 4217 "https://sparxnovate.net.lab2454.com/whsy.php?e=17224&p=%2Fproc" "Mozilla/5.0 AppleWebKit/537.36 (KHTML, like Gecko; compatible; GPTBot/1.3; +https://openai.com/gptbot)"
74.7.241.36 - - [03/Mar/2026:06:07:03 +0000] "GET /whsy.php?e=mcfilter&p=%2Fproc%2F12121%2Fnet HTTP/2.0" 200 2536 "https://www.sparxnovate.net.lab2454.com/whsy.php?p=%2Fproc%2F12121%2Fnet" "Mozilla/5.0 AppleWebKit/537.36 (KHTML, like Gecko; compatible; GPTBot/1.3; +https://openai.com/gptbot)"
74.7.243.215 - - [03/Mar/2026:06:07:09 +0000] "GET /whsy.php?e=18585&p=%2Fproc HTTP/2.0" 200 4267 "https://sparxnovate.net.lab2454.com/whsy.php?e=9496&p=%2Fproc" "Mozilla/5.0 AppleWebKit/537.36 (KHTML, like Gecko; compatible; GPTBot/1.3; +https://openai.com/gptbot)"
74.7.241.36 - - [03/Mar/2026:06:07:12 +0000] "GET /whsy.php?e=rt_cache&p=%2Fproc%2F22217%2Fnet HTTP/2.0" 200 2597 "https://www.sparxnovate.net.lab2454.com/whsy.php?p=%2Fproc%2F22217%2Fnet" "Mozilla/5.0 AppleWebKit/537.36 (KHTML, like Gecko; compatible; GPTBot/1.3; +https://openai.com/gptbot)"
74.7.243.215 - - [03/Mar/2026:06:07:21 +0000] "GET /whsy.php?e=20049&p=%2Fproc HTTP/2.0" 200 4122 "https://sparxnovate.net.lab2454.com/whsy.php?e=10862&p=%2Fproc" "Mozilla/5.0 AppleWebKit/537.36 (KHTML, like Gecko; compatible; GPTBot/1.3; +https://openai.com/gptbot)"
74.7.241.36 - - [03/Mar/2026:06:07:23 +0000] "GET /whsy.php?e=autogroup&p=%2Fproc%2F9438 HTTP/2.0" 200 861 "https://www.sparxnovate.net.lab2454.com/whsy.php?p=%2Fproc%2F9438" "Mozilla/5.0 AppleWebKit/537.36 (KHTML, like Gecko; compatible; GPTBot/1.3; +https://openai.com/gptbot)"
74.7.243.215 - - [03/Mar/2026:06:07:30 +0000] "GET /whsy.php?e=29576&p=%2Fproc HTTP/2.0" 200 4168 "https://sparxnovate.net.lab2454.com/whsy.php?e=17224&p=%2Fproc" "Mozilla/5.0 AppleWebKit/537.36 (KHTML, like Gecko; compatible; GPTBot/1.3; +https://openai.com/gptbot)"
74.7.241.36 - - [03/Mar/2026:06:07:31 +0000] "GET /whsy.php?e=schedstat&p=%2Fproc%2F9438 HTTP/2.0" 200 861 "https://www.sparxnovate.net.lab2454.com/whsy.php?p=%2Fproc%2F9438" "Mozilla/5.0 AppleWebKit/537.36 (KHTML, like Gecko; compatible; GPTBot/1.3; +https://openai.com/gptbot)"
74.7.243.215 - - [03/Mar/2026:06:07:39 +0000] "GET /whsy.php?e=25095&p=%2Fproc HTTP/2.0" 200 4366 "https://sparxnovate.net.lab2454.com/whsy.php?e=17223&p=%2Fproc" "Mozilla/5.0 AppleWebKit/537.36 (KHTML, like Gecko; compatible; GPTBot/1.3; +https://openai.com/gptbot)"
74.7.241.36 - - [03/Mar/2026:06:07:41 +0000] "GET /whsy.php?e=sessionid&p=%2Fproc%2F9438 HTTP/2.0" 200 861 "https://www.sparxnovate.net.lab2454.com/whsy.php?p=%2Fproc%2F9438" "Mozilla/5.0 AppleWebKit/537.36 (KHTML, like Gecko; compatible; GPTBot/1.3; +https://openai.com/gptbot)"
74.7.243.215 - - [03/Mar/2026:06:07:47 +0000] "GET /whsy.php?e=16565&p=%2Fproc HTTP/2.0" 200 4334 "https://sparxnovate.net.lab2454.com/whsy.php?e=1951&p=%2Fproc" "Mozilla/5.0 AppleWebKit/537.36 (KHTML, like Gecko; compatible; GPTBot/1.3; +https://openai.com/gptbot)"
74.7.241.36 - - [03/Mar/2026:06:07:49 +0000] "GET /whsy.php?e=mcfilter&p=%2Fproc%2F31861%2Fnet HTTP/2.0" 200 2538 "https://www.sparxnovate.net.lab2454.com/whsy.php?p=%2Fproc%2F31861%2Fnet" "Mozilla/5.0 AppleWebKit/537.36 (KHTML, like Gecko; compatible; GPTBot/1.3; +https://openai.com/gptbot)"
74.7.243.215 - - [03/Mar/2026:06:07:56 +0000] "GET /whsy.php?e=1656&p=%2Fproc HTTP/2.0" 200 4357 "https://sparxnovate.net.lab2454.com/whsy.php?e=24323&p=%2Fproc" "Mozilla/5.0 AppleWebKit/537.36 (KHTML, like Gecko; compatible; GPTBot/1.3; +https://openai.com/gptbot)"
74.7.241.36 - - [03/Mar/2026:06:07:58 +0000] "GET /whsy.php?e=udplite&p=%2Fproc%2F16478%2Fnet HTTP/2.0" 200 2583 "https://www.sparxnovate.net.lab2454.com/whsy.php?p=%2Fproc%2F16478%2Fnet" "Mozilla/5.0 AppleWebKit/537.36 (KHTML, like Gecko; compatible; GPTBot/1.3; +https://openai.com/gptbot)"
74.7.243.215 - - [03/Mar/2026:06:08:05 +0000] "GET /whsy.php?e=17225&p=%2Fproc HTTP/2.0" 200 4172 "https://sparxnovate.net.lab2454.com/whsy.php?e=9495&p=%2Fproc" "Mozilla/5.0 AppleWebKit/537.36 (KHTML, like Gecko; compatible; GPTBot/1.3; +https://openai.com/gptbot)"
74.7.241.36 - - [03/Mar/2026:06:08:07 +0000] "GET /whsy.php?e=udplite&p=%2Fproc%2F15809%2Fnet HTTP/2.0" 200 2583 "https://www.sparxnovate.net.lab2454.com/whsy.php?p=%2Fproc%2F15809%2Fnet" "Mozilla/5.0 AppleWebKit/537.36 (KHTML, like Gecko; compatible; GPTBot/1.3; +https://openai.com/gptbot)"
74.7.243.215 - - [03/Mar/2026:06:08:13 +0000] "GET /whsy.php?e=2991&p=%2Fproc HTTP/2.0" 200 4146 "https://sparxnovate.net.lab2454.com/whsy.php?e=22843&p=%2Fproc" "Mozilla/5.0 AppleWebKit/537.36 (KHTML, like Gecko; compatible; GPTBot/1.3; +https://openai.com/gptbot)"
74.7.241.36 - - [03/Mar/2026:06:08:15 +0000] "GET /whsy.php?e=fib_trie&p=%2Fproc%2F31861%2Fnet HTTP/2.0" 200 2693 "https://www.sparxnovate.net.lab2454.com/whsy.php?p=%2Fproc%2F31861%2Fnet" "Mozilla/5.0 AppleWebKit/537.36 (KHTML, like Gecko; compatible; GPTBot/1.3; +https://openai.com/gptbot)"
74.7.243.215 - - [03/Mar/2026:06:08:21 +0000] "GET /whsy.php?e=17243&p=%2Fproc HTTP/2.0" 200 4148 "https://sparxnovate.net.lab2454.com/whsy.php?e=9495&p=%2Fproc" "Mozilla/5.0 AppleWebKit/537.36 (KHTML, like Gecko; compatible; GPTBot/1.3; +https://openai.com/gptbot)"
74.7.241.36 - - [03/Mar/2026:06:08:23 +0000] "GET /whsy.php?e=fib_trie&p=%2Fproc%2F31848%2Fnet HTTP/2.0" 200 2693 "https://www.sparxnovate.net.lab2454.com/whsy.php?p=%2Fproc%2F31848%2Fnet" "Mozilla/5.0 AppleWebKit/537.36 (KHTML, like Gecko; compatible; GPTBot/1.3; +https://openai.com/gptbot)"
74.7.243.215 - - [03/Mar/2026:06:08:30 +0000] "GET /whsy.php?e=22839&p=%2Fproc HTTP/2.0" 200 4269 "https://sparxnovate.net.lab2454.com/whsy.php?e=13752&p=%2Fproc" "Mozilla/5.0 AppleWebKit/537.36 (KHTML, like Gecko; compatible; GPTBot/1.3; +https://openai.com/gptbot)"
74.7.241.36 - - [03/Mar/2026:06:08:31 +0000] "GET /whsy.php?e=udplite&p=%2Fproc%2F31849%2Fnet HTTP/2.0" 200 2583 "https://www.sparxnovate.net.lab2454.com/whsy.php?p=%2Fproc%2F31849%2Fnet" "Mozilla/5.0 AppleWebKit/537.36 (KHTML, like Gecko; compatible; GPTBot/1.3; +https://openai.com/gptbot)"
74.7.243.215 - - [03/Mar/2026:06:08:38 +0000] "GET /whsy.php?e=5041&p=%2Fproc HTTP/2.0" 200 4161 "https://sparxnovate.net.lab2454.com/whsy.php?e=29581&p=%2Fproc" "Mozilla/5.0 AppleWebKit/537.36 (KHTML, like Gecko; compatible; GPTBot/1.3; +https://openai.com/gptbot)"
74.7.228.61 - - [03/Mar/2026:06:08:39 +0000] "GET /robots.txt HTTP/2.0" 404 - "-" "Mozilla/5.0 (Macintosh; Intel Mac OS X 10_15_7) AppleWebKit/537.36 (KHTML, like Gecko) Chrome/131.0.0.0 Safari/537.36; compatible; OAI-SearchBot/1.3; robots.txt; +https://openai.com/searchbot"
74.7.241.36 - - [03/Mar/2026:06:08:40 +0000] "GET /whsy.php?e=udplite&p=%2Fproc%2F16480%2Fnet HTTP/2.0" 200 2582 "https://www.sparxnovate.net.lab2454.com/whsy.php?p=%2Fproc%2F16480%2Fnet" "Mozilla/5.0 AppleWebKit/537.36 (KHTML, like Gecko; compatible; GPTBot/1.3; +https://openai.com/gptbot)"
74.7.243.215 - - [03/Mar/2026:06:08:46 +0000] "GET /whsy.php?e=5716&p=%2Fproc HTTP/2.0" 200 4137 "https://sparxnovate.net.lab2454.com/whsy.php?e=18585&p=%2Fproc" "Mozilla/5.0 AppleWebKit/537.36 (KHTML, like Gecko; compatible; GPTBot/1.3; +https://openai.com/gptbot)"
74.7.241.36 - - [03/Mar/2026:06:08:48 +0000] "GET /whsy.php?e=mcfilter&p=%2Fproc%2F31848%2Fnet HTTP/2.0" 200 2538 "https://www.sparxnovate.net.lab2454.com/whsy.php?p=%2Fproc%2F31848%2Fnet" "Mozilla/5.0 AppleWebKit/537.36 (KHTML, like Gecko; compatible; GPTBot/1.3; +https://openai.com/gptbot)"
74.7.243.215 - - [03/Mar/2026:06:08:54 +0000] "GET /whsy.php?e=6499&p=%2Fproc HTTP/2.0" 200 4180 "https://sparxnovate.net.lab2454.com/whsy.php?e=20049&p=%2Fproc" "Mozilla/5.0 AppleWebKit/537.36 (KHTML, like Gecko; compatible; GPTBot/1.3; +https://openai.com/gptbot)"
74.7.241.36 - - [03/Mar/2026:06:08:56 +0000] "GET /whsy.php?e=tls_stat&p=%2Fproc%2F22217%2Fnet HTTP/2.0" 200 2600 "https://www.sparxnovate.net.lab2454.com/whsy.php?p=%2Fproc%2F22217%2Fnet" "Mozilla/5.0 AppleWebKit/537.36 (KHTML, like Gecko; compatible; GPTBot/1.3; +https://openai.com/gptbot)"
74.7.244.20 - - [03/Mar/2026:06:08:57 +0000] "GET /robots.txt HTTP/2.0" 404 - "-" "Mozilla/5.0 (Macintosh; Intel Mac OS X 10_15_7) AppleWebKit/537.36 (KHTML, like Gecko) Chrome/131.0.0.0 Safari/537.36; compatible; OAI-SearchBot/1.3; robots.txt; +https://openai.com/searchbot"
74.7.243.215 - - [03/Mar/2026:06:09:03 +0000] "GET /whsy.php?e=16477&p=%2Fproc HTTP/2.0" 200 4224 "https://sparxnovate.net.lab2454.com/whsy.php?e=1951&p=%2Fproc" "Mozilla/5.0 AppleWebKit/537.36 (KHTML, like Gecko; compatible; GPTBot/1.3; +https://openai.com/gptbot)"
74.7.241.36 - - [03/Mar/2026:06:09:05 +0000] "GET /whsy.php?e=sockstat&p=%2Fproc%2F16478%2Fnet HTTP/2.0" 200 2602 "https://www.sparxnovate.net.lab2454.com/whsy.php?p=%2Fproc%2F16478%2Fnet" "Mozilla/5.0 AppleWebKit/537.36 (KHTML, like Gecko; compatible; GPTBot/1.3; +https://openai.com/gptbot)"
74.7.243.215 - - [03/Mar/2026:06:09:13 +0000] "GET /whsy.php?e=7908&p=%2Fproc HTTP/2.0" 200 4185 "https://sparxnovate.net.lab2454.com/whsy.php?e=25095&p=%2Fproc" "Mozilla/5.0 AppleWebKit/537.36 (KHTML, like Gecko; compatible; GPTBot/1.3; +https://openai.com/gptbot)"
74.7.241.36 - - [03/Mar/2026:06:09:15 +0000] "GET /whsy.php?e=sockstat&p=%2Fproc%2F31849%2Fnet HTTP/2.0" 200 2602 "https://www.sparxnovate.net.lab2454.com/whsy.php?p=%2Fproc%2F31849%2Fnet" "Mozilla/5.0 AppleWebKit/537.36 (KHTML, like Gecko; compatible; GPTBot/1.3; +https://openai.com/gptbot)"
74.7.243.215 - - [03/Mar/2026:06:09:22 +0000] "GET /whsy.php?e=8541&p=%2Fproc HTTP/2.0" 200 4321 "https://sparxnovate.net.lab2454.com/whsy.php?e=16565&p=%2Fproc" "Mozilla/5.0 AppleWebKit/537.36 (KHTML, like Gecko; compatible; GPTBot/1.3; +https://openai.com/gptbot)"
74.7.241.36 - - [03/Mar/2026:06:09:24 +0000] "GET /whsy.php?e=sockstat&p=%2Fproc%2F15809%2Fnet HTTP/2.0" 200 2603 "https://www.sparxnovate.net.lab2454.com/whsy.php?p=%2Fproc%2F15809%2Fnet" "Mozilla/5.0 AppleWebKit/537.36 (KHTML, like Gecko; compatible; GPTBot/1.3; +https://openai.com/gptbot)"
74.7.243.215 - - [03/Mar/2026:06:09:31 +0000] "GET /whsy.php?e=7904&p=%2Fproc HTTP/2.0" 200 4209 "https://sparxnovate.net.lab2454.com/whsy.php?e=25095&p=%2Fproc" "Mozilla/5.0 AppleWebKit/537.36 (KHTML, like Gecko; compatible; GPTBot/1.3; +https://openai.com/gptbot)"
74.7.241.36 - - [03/Mar/2026:06:09:35 +0000] "GET /whsy.php?e=udplite&p=%2Fproc%2F31848%2Fnet HTTP/2.0" 200 2582 "https://www.sparxnovate.net.lab2454.com/whsy.php?p=%2Fproc%2F31848%2Fnet" "Mozilla/5.0 AppleWebKit/537.36 (KHTML, like Gecko; compatible; GPTBot/1.3; +https://openai.com/gptbot)"
74.7.243.215 - - [03/Mar/2026:06:09:40 +0000] "GET /whsy.php?e=9964&p=%2Fproc HTTP/2.0" 200 4270 "https://sparxnovate.net.lab2454.com/whsy.php?e=17225&p=%2Fproc" "Mozilla/5.0 AppleWebKit/537.36 (KHTML, like Gecko; compatible; GPTBot/1.3; +https://openai.com/gptbot)"
74.7.241.36 - - [03/Mar/2026:06:09:45 +0000] "GET /whsy.php?e=tls_stat&p=%2Fproc%2F15809%2Fnet HTTP/2.0" 200 2601 "https://www.sparxnovate.net.lab2454.com/whsy.php?p=%2Fproc%2F15809%2Fnet" "Mozilla/5.0 AppleWebKit/537.36 (KHTML, like Gecko; compatible; GPTBot/1.3; +https://openai.com/gptbot)"
74.7.243.215 - - [03/Mar/2026:06:09:49 +0000] "GET /whsy.php?e=9247&p=%2Fproc HTTP/2.0" 200 4108 "https://sparxnovate.net.lab2454.com/whsy.php?e=1656&p=%2Fproc" "Mozilla/5.0 AppleWebKit/537.36 (KHTML, like Gecko; compatible; GPTBot/1.3; +https://openai.com/gptbot)"
74.7.241.36 - - [03/Mar/2026:06:09:55 +0000] "GET /whsy.php?e=sockstat&p=%2Fproc%2F16480%2Fnet HTTP/2.0" 200 2603 "https://www.sparxnovate.net.lab2454.com/whsy.php?p=%2Fproc%2F16480%2Fnet" "Mozilla/5.0 AppleWebKit/537.36 (KHTML, like Gecko; compatible; GPTBot/1.3; +https://openai.com/gptbot)"
74.7.243.215 - - [03/Mar/2026:06:10:00 +0000] "GET /whsy.php?e=8553&p=%2Fproc HTTP/2.0" 200 4306 "https://sparxnovate.net.lab2454.com/whsy.php?e=16565&p=%2Fproc" "Mozilla/5.0 AppleWebKit/537.36 (KHTML, like Gecko; compatible; GPTBot/1.3; +https://openai.com/gptbot)"
74.7.241.36 - - [03/Mar/2026:06:10:05 +0000] "GET /whsy.php?e=netlink&p=%2Fproc%2F15809%2Fnet HTTP/2.0" 200 2812 "https://www.sparxnovate.net.lab2454.com/whsy.php?p=%2Fproc%2F15809%2Fnet" "Mozilla/5.0 AppleWebKit/537.36 (KHTML, like Gecko; compatible; GPTBot/1.3; +https://openai.com/gptbot)"
74.7.243.215 - - [03/Mar/2026:06:10:09 +0000] "GET /whsy.php?e=9243&p=%2Fproc HTTP/2.0" 200 4263 "https://sparxnovate.net.lab2454.com/whsy.php?e=1656&p=%2Fproc" "Mozilla/5.0 AppleWebKit/537.36 (KHTML, like Gecko; compatible; GPTBot/1.3; +https://openai.com/gptbot)"
74.7.241.36 - - [03/Mar/2026:06:10:14 +0000] "GET /whsy.php?e=mcfilter&p=%2Fproc%2F31862%2Fnet HTTP/2.0" 200 2538 "https://www.sparxnovate.net.lab2454.com/whsy.php?p=%2Fproc%2F31862%2Fnet" "Mozilla/5.0 AppleWebKit/537.36 (KHTML, like Gecko; compatible; GPTBot/1.3; +https://openai.com/gptbot)"
74.7.243.215 - - [03/Mar/2026:06:10:17 +0000] "GET /whsy.php?e=9248&p=%2Fproc HTTP/2.0" 200 4309 "https://sparxnovate.net.lab2454.com/whsy.php?e=1656&p=%2Fproc" "Mozilla/5.0 AppleWebKit/537.36 (KHTML, like Gecko; compatible; GPTBot/1.3; +https://openai.com/gptbot)"
74.7.241.36 - - [03/Mar/2026:06:10:22 +0000] "GET /whsy.php?e=netlink&p=%2Fproc%2F16478%2Fnet HTTP/2.0" 200 2812 "https://www.sparxnovate.net.lab2454.com/whsy.php?p=%2Fproc%2F16478%2Fnet" "Mozilla/5.0 AppleWebKit/537.36 (KHTML, like Gecko; compatible; GPTBot/1.3; +https://openai.com/gptbot)"
74.7.243.215 - - [03/Mar/2026:06:10:26 +0000] "GET /whsy.php?p=%2Fproc%2F13296 HTTP/2.0" 200 861 "https://sparxnovate.net.lab2454.com/whsy.php?e=5716&p=%2Fproc" "Mozilla/5.0 AppleWebKit/537.36 (KHTML, like Gecko; compatible; GPTBot/1.3; +https://openai.com/gptbot)"
74.7.241.36 - - [03/Mar/2026:06:10:31 +0000] "GET /whsy.php?e=tls_stat&p=%2Fproc%2F16480%2Fnet HTTP/2.0" 200 2600 "https://www.sparxnovate.net.lab2454.com/whsy.php?p=%2Fproc%2F16480%2Fnet" "Mozilla/5.0 AppleWebKit/537.36 (KHTML, like Gecko; compatible; GPTBot/1.3; +https://openai.com/gptbot)"
74.7.243.215 - - [03/Mar/2026:06:10:36 +0000] "GET /whsy.php?p=%2Fproc%2F13968 HTTP/2.0" 200 861 "https://sparxnovate.net.lab2454.com/whsy.php?e=6499&p=%2Fproc" "Mozilla/5.0 AppleWebKit/537.36 (KHTML, like Gecko; compatible; GPTBot/1.3; +https://openai.com/gptbot)"
74.7.241.36 - - [03/Mar/2026:06:10:41 +0000] "GET /whsy.php?e=tls_stat&p=%2Fproc%2F31849%2Fnet HTTP/2.0" 200 2601 "https://www.sparxnovate.net.lab2454.com/whsy.php?p=%2Fproc%2F31849%2Fnet" "Mozilla/5.0 AppleWebKit/537.36 (KHTML, like Gecko; compatible; GPTBot/1.3; +https://openai.com/gptbot)"
74.7.243.215 - - [03/Mar/2026:06:10:44 +0000] "GET /whsy.php?p=%2Fproc%2F14500 HTTP/2.0" 200 1936 "https://sparxnovate.net.lab2454.com/whsy.php?e=16477&p=%2Fproc" "Mozilla/5.0 AppleWebKit/537.36 (KHTML, like Gecko; compatible; GPTBot/1.3; +https://openai.com/gptbot)"
74.7.241.36 - - [03/Mar/2026:06:10:47 +0000] "GET /whsy.php?e=netlink&p=%2Fproc%2F31849%2Fnet HTTP/2.0" 200 2812 "https://www.sparxnovate.net.lab2454.com/whsy.php?p=%2Fproc%2F31849%2Fnet" "Mozilla/5.0 AppleWebKit/537.36 (KHTML, like Gecko; compatible; GPTBot/1.3; +https://openai.com/gptbot)"
74.7.243.215 - - [03/Mar/2026:06:10:50 +0000] "GET /whsy.php?p=%2Fproc%2F13316 HTTP/2.0" 200 861 "https://sparxnovate.net.lab2454.com/whsy.php?e=5716&p=%2Fproc" "Mozilla/5.0 AppleWebKit/537.36 (KHTML, like Gecko; compatible; GPTBot/1.3; +https://openai.com/gptbot)"
74.7.241.36 - - [03/Mar/2026:06:10:54 +0000] "GET /whsy.php?e=udplite&p=%2Fproc%2F31861%2Fnet HTTP/2.0" 200 2583 "https://www.sparxnovate.net.lab2454.com/whsy.php?p=%2Fproc%2F31861%2Fnet" "Mozilla/5.0 AppleWebKit/537.36 (KHTML, like Gecko; compatible; GPTBot/1.3; +https://openai.com/gptbot)"
74.7.243.215 - - [03/Mar/2026:06:10:58 +0000] "GET /whsy.php?p=%2Fproc%2F15317 HTTP/2.0" 200 861 "https://sparxnovate.net.lab2454.com/whsy.php?e=7908&p=%2Fproc" "Mozilla/5.0 AppleWebKit/537.36 (KHTML, like Gecko; compatible; GPTBot/1.3; +https://openai.com/gptbot)"
74.7.241.36 - - [03/Mar/2026:06:11:02 +0000] "GET /whsy.php?e=fib_trie&p=%2Fproc%2F31862%2Fnet HTTP/2.0" 200 2693 "https://www.sparxnovate.net.lab2454.com/whsy.php?p=%2Fproc%2F31862%2Fnet" "Mozilla/5.0 AppleWebKit/537.36 (KHTML, like Gecko; compatible; GPTBot/1.3; +https://openai.com/gptbot)"
74.7.243.215 - - [03/Mar/2026:06:11:07 +0000] "GET /whsy.php?e=8550&p=%2Fproc HTTP/2.0" 200 4154 "https://sparxnovate.net.lab2454.com/whsy.php?e=16565&p=%2Fproc" "Mozilla/5.0 AppleWebKit/537.36 (KHTML, like Gecko; compatible; GPTBot/1.3; +https://openai.com/gptbot)"
74.7.241.36 - - [03/Mar/2026:06:11:11 +0000] "GET /whsy.php?e=tls_stat&p=%2Fproc%2F16478%2Fnet HTTP/2.0" 200 2601 "https://www.sparxnovate.net.lab2454.com/whsy.php?p=%2Fproc%2F16478%2Fnet" "Mozilla/5.0 AppleWebKit/537.36 (KHTML, like Gecko; compatible; GPTBot/1.3; +https://openai.com/gptbot)"
74.7.243.215 - - [03/Mar/2026:06:11:17 +0000] "GET /whsy.php?e=7903&p=%2Fproc HTTP/2.0" 200 4196 "https://sparxnovate.net.lab2454.com/whsy.php?e=25095&p=%2Fproc" "Mozilla/5.0 AppleWebKit/537.36 (KHTML, like Gecko; compatible; GPTBot/1.3; +https://openai.com/gptbot)"
74.7.241.36 - - [03/Mar/2026:06:11:20 +0000] "GET /whsy.php?e=netlink&p=%2Fproc%2F16480%2Fnet HTTP/2.0" 200 2811 "https://www.sparxnovate.net.lab2454.com/whsy.php?p=%2Fproc%2F16480%2Fnet" "Mozilla/5.0 AppleWebKit/537.36 (KHTML, like Gecko; compatible; GPTBot/1.3; +https://openai.com/gptbot)"
74.7.243.215 - - [03/Mar/2026:06:11:25 +0000] "GET /whsy.php?e=12010&p=%2Fproc HTTP/2.0" 200 4084 "https://sparxnovate.net.lab2454.com/whsy.php?e=22839&p=%2Fproc" "Mozilla/5.0 AppleWebKit/537.36 (KHTML, like Gecko; compatible; GPTBot/1.3; +https://openai.com/gptbot)"
74.7.241.36 - - [03/Mar/2026:06:11:29 +0000] "GET /whsy.php?e=icmp&p=%2Fproc%2F12121%2Fnet HTTP/2.0" 200 2578 "https://www.sparxnovate.net.lab2454.com/whsy.php?p=%2Fproc%2F12121%2Fnet" "Mozilla/5.0 AppleWebKit/537.36 (KHTML, like Gecko; compatible; GPTBot/1.3; +https://openai.com/gptbot)"
74.7.243.215 - - [03/Mar/2026:06:11:35 +0000] "GET /whsy.php?e=12012&p=%2Fproc HTTP/2.0" 200 4221 "https://sparxnovate.net.lab2454.com/whsy.php?e=22839&p=%2Fproc" "Mozilla/5.0 AppleWebKit/537.36 (KHTML, like Gecko; compatible; GPTBot/1.3; +https://openai.com/gptbot)"
74.7.241.36 - - [03/Mar/2026:06:11:38 +0000] "GET /whsy.php?e=snmp&p=%2Fproc%2F12121%2Fnet HTTP/2.0" 200 3232 "https://www.sparxnovate.net.lab2454.com/whsy.php?p=%2Fproc%2F12121%2Fnet" "Mozilla/5.0 AppleWebKit/537.36 (KHTML, like Gecko; compatible; GPTBot/1.3; +https://openai.com/gptbot)"
74.7.243.215 - - [03/Mar/2026:06:11:42 +0000] "GET /whsy.php?e=14612&p=%2Fproc HTTP/2.0" 200 4277 "https://sparxnovate.net.lab2454.com/whsy.php?e=16477&p=%2Fproc" "Mozilla/5.0 AppleWebKit/537.36 (KHTML, like Gecko; compatible; GPTBot/1.3; +https://openai.com/gptbot)"
74.7.241.36 - - [03/Mar/2026:06:11:47 +0000] "GET /whsy.php?e=igmp&p=%2Fproc%2F12121%2Fnet HTTP/2.0" 200 2591 "https://www.sparxnovate.net.lab2454.com/whsy.php?p=%2Fproc%2F12121%2Fnet" "Mozilla/5.0 AppleWebKit/537.36 (KHTML, like Gecko; compatible; GPTBot/1.3; +https://openai.com/gptbot)"
74.7.243.215 - - [03/Mar/2026:06:11:51 +0000] "GET /whsy.php?e=20100&p=%2Fproc HTTP/2.0" 200 4174 "https://sparxnovate.net.lab2454.com/whsy.php?e=9248&p=%2Fproc" "Mozilla/5.0 AppleWebKit/537.36 (KHTML, like Gecko; compatible; GPTBot/1.3; +https://openai.com/gptbot)"
74.7.241.36 - - [03/Mar/2026:06:11:55 +0000] "GET /whsy.php?e=current&p=%2Fproc%2F10277%2Fattr HTTP/2.0" 200 848 "https://www.sparxnovate.net.lab2454.com/whsy.php?p=%2Fproc%2F10277%2Fattr" "Mozilla/5.0 AppleWebKit/537.36 (KHTML, like Gecko; compatible; GPTBot/1.3; +https://openai.com/gptbot)"
74.7.243.215 - - [03/Mar/2026:06:11:59 +0000] "GET /whsy.php?e=17362&p=%2Fproc HTTP/2.0" 200 4219 "https://sparxnovate.net.lab2454.com/whsy.php?e=9964&p=%2Fproc" "Mozilla/5.0 AppleWebKit/537.36 (KHTML, like Gecko; compatible; GPTBot/1.3; +https://openai.com/gptbot)"
74.7.241.36 - - [03/Mar/2026:06:12:03 +0000] "GET /whsy.php?e=rt_cache&p=%2Fproc%2F10277%2Fnet HTTP/2.0" 200 2598 "https://www.sparxnovate.net.lab2454.com/whsy.php?p=%2Fproc%2F10277%2Fnet" "Mozilla/5.0 AppleWebKit/537.36 (KHTML, like Gecko; compatible; GPTBot/1.3; +https://openai.com/gptbot)"
74.7.243.215 - - [03/Mar/2026:06:12:08 +0000] "GET /whsy.php?e=19499&p=%2Fproc HTTP/2.0" 200 4130 "https://sparxnovate.net.lab2454.com/whsy.php?e=9243&p=%2Fproc" "Mozilla/5.0 AppleWebKit/537.36 (KHTML, like Gecko; compatible; GPTBot/1.3; +https://openai.com/gptbot)"
74.7.241.36 - - [03/Mar/2026:06:12:11 +0000] "GET /whsy.php?e=clear_refs&p=%2Fproc%2F9438 HTTP/2.0" 200 861 "https://www.sparxnovate.net.lab2454.com/whsy.php?p=%2Fproc%2F9438" "Mozilla/5.0 AppleWebKit/537.36 (KHTML, like Gecko; compatible; GPTBot/1.3; +https://openai.com/gptbot)"
74.7.243.215 - - [03/Mar/2026:06:12:16 +0000] "GET /whsy.php?e=uid_map&p=%2Fproc%2F14500 HTTP/2.0" 200 2021 "https://sparxnovate.net.lab2454.com/whsy.php?p=%2Fproc%2F14500" "Mozilla/5.0 AppleWebKit/537.36 (KHTML, like Gecko; compatible; GPTBot/1.3; +https://openai.com/gptbot)"
74.7.241.36 - - [03/Mar/2026:06:12:19 +0000] "GET /whsy.php?e=arch_status&p=%2Fproc%2F22217 HTTP/2.0" 200 2005 "https://www.sparxnovate.net.lab2454.com/whsy.php?p=%2Fproc%2F22217" "Mozilla/5.0 AppleWebKit/537.36 (KHTML, like Gecko; compatible; GPTBot/1.3; +https://openai.com/gptbot)"
74.7.243.215 - - [03/Mar/2026:06:12:24 +0000] "GET /whsy.php?e=mountinfo&p=%2Fproc%2F14500 HTTP/2.0" 200 2987 "https://sparxnovate.net.lab2454.com/whsy.php?p=%2Fproc%2F14500" "Mozilla/5.0 AppleWebKit/537.36 (KHTML, like Gecko; compatible; GPTBot/1.3; +https://openai.com/gptbot)"
74.7.241.36 - - [03/Mar/2026:06:12:27 +0000] "GET /whsy.php?e=packet&p=%2Fproc%2F31862%2Fnet HTTP/2.0" 200 2572 "https://www.sparxnovate.net.lab2454.com/whsy.php?p=%2Fproc%2F31862%2Fnet" "Mozilla/5.0 AppleWebKit/537.36 (KHTML, like Gecko; compatible; GPTBot/1.3; +https://openai.com/gptbot)"
74.7.243.215 - - [03/Mar/2026:06:12:32 +0000] "GET /whsy.php?e=17355&p=%2Fproc HTTP/2.0" 200 4133 "https://sparxnovate.net.lab2454.com/whsy.php?e=9964&p=%2Fproc" "Mozilla/5.0 AppleWebKit/537.36 (KHTML, like Gecko; compatible; GPTBot/1.3; +https://openai.com/gptbot)"
74.7.241.36 - - [03/Mar/2026:06:12:35 +0000] "GET /whsy.php?e=unix&p=%2Fproc%2F12121%2Fnet HTTP/2.0" 200 5055 "https://www.sparxnovate.net.lab2454.com/whsy.php?p=%2Fproc%2F12121%2Fnet" "Mozilla/5.0 AppleWebKit/537.36 (KHTML, like Gecko; compatible; GPTBot/1.3; +https://openai.com/gptbot)"
74.7.243.215 - - [03/Mar/2026:06:12:41 +0000] "GET /whsy.php?e=17353&p=%2Fproc HTTP/2.0" 200 4157 "https://sparxnovate.net.lab2454.com/whsy.php?e=9964&p=%2Fproc" "Mozilla/5.0 AppleWebKit/537.36 (KHTML, like Gecko; compatible; GPTBot/1.3; +https://openai.com/gptbot)"
74.7.241.36 - - [03/Mar/2026:06:12:44 +0000] "GET /whsy.php?e=oom_score_adj&p=%2Fproc%2F12121 HTTP/2.0" 200 2006 "https://www.sparxnovate.net.lab2454.com/whsy.php?p=%2Fproc%2F12121" "Mozilla/5.0 AppleWebKit/537.36 (KHTML, like Gecko; compatible; GPTBot/1.3; +https://openai.com/gptbot)"
74.7.243.215 - - [03/Mar/2026:06:12:49 +0000] "GET /whsy.php?p=%2Fproc%2F24621 HTTP/2.0" 200 861 "https://sparxnovate.net.lab2454.com/whsy.php?e=7903&p=%2Fproc" "Mozilla/5.0 AppleWebKit/537.36 (KHTML, like Gecko; compatible; GPTBot/1.3; +https://openai.com/gptbot)"
74.7.241.36 - - [03/Mar/2026:06:12:53 +0000] "GET /whsy.php?e=netstat&p=%2Fproc%2F31862%2Fnet HTTP/2.0" 200 4235 "https://www.sparxnovate.net.lab2454.com/whsy.php?p=%2Fproc%2F31862%2Fnet" "Mozilla/5.0 AppleWebKit/537.36 (KHTML, like Gecko; compatible; GPTBot/1.3; +https://openai.com/gptbot)"
74.7.243.215 - - [03/Mar/2026:06:12:58 +0000] "GET /whsy.php?p=%2Fproc%2F25282 HTTP/2.0" 200 861 "https://sparxnovate.net.lab2454.com/whsy.php?e=12010&p=%2Fproc" "Mozilla/5.0 AppleWebKit/537.36 (KHTML, like Gecko; compatible; GPTBot/1.3; +https://openai.com/gptbot)"
74.7.241.36 - - [03/Mar/2026:06:13:01 +0000] "GET /whsy.php?e=snmp&p=%2Fproc%2F22217%2Fnet HTTP/2.0" 200 3232 "https://www.sparxnovate.net.lab2454.com/whsy.php?p=%2Fproc%2F22217%2Fnet" "Mozilla/5.0 AppleWebKit/537.36 (KHTML, like Gecko; compatible; GPTBot/1.3; +https://openai.com/gptbot)"
74.7.243.215 - - [03/Mar/2026:06:13:08 +0000] "GET /whsy.php?e=25961&p=%2Fproc HTTP/2.0" 200 4264 "https://sparxnovate.net.lab2454.com/whsy.php?e=12012&p=%2Fproc" "Mozilla/5.0 AppleWebKit/537.36 (KHTML, like Gecko; compatible; GPTBot/1.3; +https://openai.com/gptbot)"
74.7.241.36 - - [03/Mar/2026:06:13:12 +0000] "GET /whsy.php?e=igmp&p=%2Fproc%2F22217%2Fnet HTTP/2.0" 200 2591 "https://www.sparxnovate.net.lab2454.com/whsy.php?p=%2Fproc%2F22217%2Fnet" "Mozilla/5.0 AppleWebKit/537.36 (KHTML, like Gecko; compatible; GPTBot/1.3; +https://openai.com/gptbot)"
74.7.243.215 - - [03/Mar/2026:06:13:20 +0000] "GET /whsy.php?p=%2Fproc%2F26450 HTTP/2.0" 200 861 "https://sparxnovate.net.lab2454.com/whsy.php?e=14612&p=%2Fproc" "Mozilla/5.0 AppleWebKit/537.36 (KHTML, like Gecko; compatible; GPTBot/1.3; +https://openai.com/gptbot)"
74.7.241.36 - - [03/Mar/2026:06:13:25 +0000] "GET /whsy.php?e=icmp&p=%2Fproc%2F22217%2Fnet HTTP/2.0" 200 2579 "https://www.sparxnovate.net.lab2454.com/whsy.php?p=%2Fproc%2F22217%2Fnet" "Mozilla/5.0 AppleWebKit/537.36 (KHTML, like Gecko; compatible; GPTBot/1.3; +https://openai.com/gptbot)"
74.7.243.215 - - [03/Mar/2026:06:13:31 +0000] "GET /whsy.php?e=15950&p=%2Fproc HTTP/2.0" 200 4130 "https://sparxnovate.net.lab2454.com/whsy.php?e=8541&p=%2Fproc" "Mozilla/5.0 AppleWebKit/537.36 (KHTML, like Gecko; compatible; GPTBot/1.3; +https://openai.com/gptbot)"
74.7.241.36 - - [03/Mar/2026:06:13:35 +0000] "GET /whsy.php?e=mcfilter&p=%2Fproc%2F22217%2Fnet HTTP/2.0" 200 2537 "https://www.sparxnovate.net.lab2454.com/whsy.php?p=%2Fproc%2F22217%2Fnet" "Mozilla/5.0 AppleWebKit/537.36 (KHTML, like Gecko; compatible; GPTBot/1.3; +https://openai.com/gptbot)"
74.7.243.215 - - [03/Mar/2026:06:13:41 +0000] "GET /whsy.php?p=%2Fproc%2F27855 HTTP/2.0" 200 861 "https://sparxnovate.net.lab2454.com/whsy.php?e=17362&p=%2Fproc" "Mozilla/5.0 AppleWebKit/537.36 (KHTML, like Gecko; compatible; GPTBot/1.3; +https://openai.com/gptbot)"
74.7.228.61 - - [03/Mar/2026:06:13:42 +0000] "GET /robots.txt HTTP/2.0" 404 - "-" "Mozilla/5.0 (Macintosh; Intel Mac OS X 10_15_7) AppleWebKit/537.36 (KHTML, like Gecko) Chrome/131.0.0.0 Safari/537.36; compatible; OAI-SearchBot/1.3; robots.txt; +https://openai.com/searchbot"
74.7.241.36 - - [03/Mar/2026:06:13:46 +0000] "GET /whsy.php?p=%2Fproc%2F9438%2Fnet HTTP/2.0" 200 861 "https://www.sparxnovate.net.lab2454.com/whsy.php?p=%2Fproc%2F9438" "Mozilla/5.0 AppleWebKit/537.36 (KHTML, like Gecko; compatible; GPTBot/1.3; +https://openai.com/gptbot)"
74.7.241.36 - - [03/Mar/2026:06:13:54 +0000] "GET /whsy.php?e=rt_acct&p=%2Fproc%2F22217%2Fnet HTTP/2.0" 200 2528 "https://www.sparxnovate.net.lab2454.com/whsy.php?p=%2Fproc%2F22217%2Fnet" "Mozilla/5.0 AppleWebKit/537.36 (KHTML, like Gecko; compatible; GPTBot/1.3; +https://openai.com/gptbot)"
74.7.241.36 - - [03/Mar/2026:06:14:04 +0000] "GET /whsy.php?e=fscreate&p=%2Fproc%2F9438%2Fattr HTTP/2.0" 200 861 "https://www.sparxnovate.net.lab2454.com/whsy.php?p=%2Fproc%2F9438%2Fattr" "Mozilla/5.0 AppleWebKit/537.36 (KHTML, like Gecko; compatible; GPTBot/1.3; +https://openai.com/gptbot)"
74.7.244.20 - - [03/Mar/2026:06:14:05 +0000] "GET /robots.txt HTTP/2.0" 404 - "-" "Mozilla/5.0 (Macintosh; Intel Mac OS X 10_15_7) AppleWebKit/537.36 (KHTML, like Gecko) Chrome/131.0.0.0 Safari/537.36; compatible; OAI-SearchBot/1.3; robots.txt; +https://openai.com/searchbot"
74.7.243.215 - - [03/Mar/2026:06:14:07 +0000] "GET /whsy.php?e=27831&p=%2Fproc HTTP/2.0" 200 4199 "https://sparxnovate.net.lab2454.com/whsy.php?e=17362&p=%2Fproc" "Mozilla/5.0 AppleWebKit/537.36 (KHTML, like Gecko; compatible; GPTBot/1.3; +https://openai.com/gptbot)"
74.7.241.36 - - [03/Mar/2026:06:14:13 +0000] "GET /whsy.php?e=current&p=%2Fproc%2F9438%2Fattr HTTP/2.0" 200 861 "https://www.sparxnovate.net.lab2454.com/whsy.php?p=%2Fproc%2F9438%2Fattr" "Mozilla/5.0 AppleWebKit/537.36 (KHTML, like Gecko; compatible; GPTBot/1.3; +https://openai.com/gptbot)"
74.7.243.215 - - [03/Mar/2026:06:14:19 +0000] "GET /whsy.php?e=28468&p=%2Fproc HTTP/2.0" 200 4355 "https://sparxnovate.net.lab2454.com/whsy.php?e=19499&p=%2Fproc" "Mozilla/5.0 AppleWebKit/537.36 (KHTML, like Gecko; compatible; GPTBot/1.3; +https://openai.com/gptbot)"
74.7.241.36 - - [03/Mar/2026:06:14:23 +0000] "GET /whsy.php?e=clear_refs&p=%2Fproc%2F12121 HTTP/2.0" 200 1935 "https://www.sparxnovate.net.lab2454.com/whsy.php?p=%2Fproc%2F12121" "Mozilla/5.0 AppleWebKit/537.36 (KHTML, like Gecko; compatible; GPTBot/1.3; +https://openai.com/gptbot)"
74.7.243.215 - - [03/Mar/2026:06:14:29 +0000] "GET /whsy.php?e=18707&p=%2Fproc HTTP/2.0" 200 4208 "https://sparxnovate.net.lab2454.com/whsy.php?e=8553&p=%2Fproc" "Mozilla/5.0 AppleWebKit/537.36 (KHTML, like Gecko; compatible; GPTBot/1.3; +https://openai.com/gptbot)"
74.7.241.36 - - [03/Mar/2026:06:14:33 +0000] "GET /whsy.php?e=udplite&p=%2Fproc%2F22217%2Fnet HTTP/2.0" 200 2581 "https://www.sparxnovate.net.lab2454.com/whsy.php?p=%2Fproc%2F22217%2Fnet" "Mozilla/5.0 AppleWebKit/537.36 (KHTML, like Gecko; compatible; GPTBot/1.3; +https://openai.com/gptbot)"
74.7.243.215 - - [03/Mar/2026:06:14:37 +0000] "GET /whsy.php?p=%2Fproc%2F30514 HTTP/2.0" 200 861 "https://sparxnovate.net.lab2454.com/whsy.php?e=17355&p=%2Fproc" "Mozilla/5.0 AppleWebKit/537.36 (KHTML, like Gecko; compatible; GPTBot/1.3; +https://openai.com/gptbot)"
74.7.241.36 - - [03/Mar/2026:06:14:41 +0000] "GET /whsy.php?e=ip_vs&p=%2Fproc%2F31848%2Fnet HTTP/2.0" 200 2614 "https://www.sparxnovate.net.lab2454.com/whsy.php?p=%2Fproc%2F31848%2Fnet" "Mozilla/5.0 AppleWebKit/537.36 (KHTML, like Gecko; compatible; GPTBot/1.3; +https://openai.com/gptbot)"
74.7.243.215 - - [03/Mar/2026:06:14:46 +0000] "GET /whsy.php?p=%2Fproc%2F31210 HTTP/2.0" 200 861 "https://sparxnovate.net.lab2454.com/whsy.php?e=17353&p=%2Fproc" "Mozilla/5.0 AppleWebKit/537.36 (KHTML, like Gecko; compatible; GPTBot/1.3; +https://openai.com/gptbot)"
74.7.241.36 - - [03/Mar/2026:06:14:50 +0000] "GET /whsy.php?e=ip_vs&p=%2Fproc%2F31861%2Fnet HTTP/2.0" 200 2615 "https://www.sparxnovate.net.lab2454.com/whsy.php?p=%2Fproc%2F31861%2Fnet" "Mozilla/5.0 AppleWebKit/537.36 (KHTML, like Gecko; compatible; GPTBot/1.3; +https://openai.com/gptbot)"
74.7.243.215 - - [03/Mar/2026:06:14:54 +0000] "GET /whsy.php?e=12595&p=%2Fproc HTTP/2.0" 200 4241 "https://sparxnovate.net.lab2454.com/whsy.php?e=5041&p=%2Fproc" "Mozilla/5.0 AppleWebKit/537.36 (KHTML, like Gecko; compatible; GPTBot/1.3; +https://openai.com/gptbot)"
74.7.241.36 - - [03/Mar/2026:06:14:59 +0000] "GET /whsy.php?e=ptype&p=%2Fproc%2F16480%2Fnet HTTP/2.0" 200 2616 "https://www.sparxnovate.net.lab2454.com/whsy.php?p=%2Fproc%2F16480%2Fnet" "Mozilla/5.0 AppleWebKit/537.36 (KHTML, like Gecko; compatible; GPTBot/1.3; +https://openai.com/gptbot)"
74.7.243.215 - - [03/Mar/2026:06:15:03 +0000] "GET /whsy.php?e=16684&p=%2Fproc HTTP/2.0" 200 4142 "https://sparxnovate.net.lab2454.com/whsy.php?e=7904&p=%2Fproc" "Mozilla/5.0 AppleWebKit/537.36 (KHTML, like Gecko; compatible; GPTBot/1.3; +https://openai.com/gptbot)"
74.7.241.36 - - [03/Mar/2026:06:15:08 +0000] "GET /whsy.php?e=route&p=%2Fproc%2F10277%2Fnet HTTP/2.0" 200 2637 "https://www.sparxnovate.net.lab2454.com/whsy.php?p=%2Fproc%2F10277%2Fnet" "Mozilla/5.0 AppleWebKit/537.36 (KHTML, like Gecko; compatible; GPTBot/1.3; +https://openai.com/gptbot)"
