74.7.241.36 - - [03/Mar/2026:07:28:27 +0000] "GET /whsy.php?e=ksm_merging_pages&p=%2Fproc%2F15809 HTTP/2.0" 200 1936 "https://www.sparxnovate.net.lab2454.com/whsy.php?p=%2Fproc%2F15809" "Mozilla/5.0 AppleWebKit/537.36 (KHTML, like Gecko; compatible; GPTBot/1.3; +https://openai.com/gptbot)"
74.7.243.215 - - [03/Mar/2026:07:28:35 +0000] "GET /whsy.php?p=%2Fproc%2F30746 HTTP/2.0" 200 861 "https://sparxnovate.net.lab2454.com/whsy.php?e=21546&p=%2Fproc" "Mozilla/5.0 AppleWebKit/537.36 (KHTML, like Gecko; compatible; GPTBot/1.3; +https://openai.com/gptbot)"
74.7.243.215 - - [03/Mar/2026:07:28:44 +0000] "GET /whsy.php?p=%2Fproc%2F29550 HTTP/2.0" 200 861 "https://sparxnovate.net.lab2454.com/whsy.php?e=20384&p=%2Fproc" "Mozilla/5.0 AppleWebKit/537.36 (KHTML, like Gecko; compatible; GPTBot/1.3; +https://openai.com/gptbot)"
74.7.241.36 - - [03/Mar/2026:07:28:48 +0000] "GET /whsy.php?e=if_inet6&p=%2Fproc%2F12121%2Fnet HTTP/2.0" 200 2568 "https://www.sparxnovate.net.lab2454.com/whsy.php?p=%2Fproc%2F12121%2Fnet" "Mozilla/5.0 AppleWebKit/537.36 (KHTML, like Gecko; compatible; GPTBot/1.3; +https://openai.com/gptbot)"
74.7.243.215 - - [03/Mar/2026:07:28:54 +0000] "GET /whsy.php?p=%2Fproc%2F23686 HTTP/2.0" 200 861 "https://sparxnovate.net.lab2454.com/whsy.php?e=11087&p=%2Fproc" "Mozilla/5.0 AppleWebKit/537.36 (KHTML, like Gecko; compatible; GPTBot/1.3; +https://openai.com/gptbot)"
74.7.243.215 - - [03/Mar/2026:07:29:04 +0000] "GET /whsy.php?p=%2Fproc%2F21478 HTTP/2.0" 200 861 "https://sparxnovate.net.lab2454.com/whsy.php?e=12358&p=%2Fproc" "Mozilla/5.0 AppleWebKit/537.36 (KHTML, like Gecko; compatible; GPTBot/1.3; +https://openai.com/gptbot)"
74.7.241.36 - - [03/Mar/2026:07:29:07 +0000] "GET /whsy.php?e=oom_adj&p=%2Fproc%2F12121 HTTP/2.0" 200 2005 "https://www.sparxnovate.net.lab2454.com/whsy.php?p=%2Fproc%2F12121" "Mozilla/5.0 AppleWebKit/537.36 (KHTML, like Gecko; compatible; GPTBot/1.3; +https://openai.com/gptbot)"
74.7.243.215 - - [03/Mar/2026:07:29:14 +0000] "GET /whsy.php?p=%2Fproc%2F14076 HTTP/2.0" 200 861 "https://sparxnovate.net.lab2454.com/whsy.php?e=6105&p=%2Fproc" "Mozilla/5.0 AppleWebKit/537.36 (KHTML, like Gecko; compatible; GPTBot/1.3; +https://openai.com/gptbot)"
74.7.241.36 - - [03/Mar/2026:07:29:22 +0000] "GET /whsy.php?p=%2Fproc%2F16478%2Fnet%2Fdev_snmp6 HTTP/2.0" 200 981 "https://www.sparxnovate.net.lab2454.com/whsy.php?p=%2Fproc%2F16478%2Fnet" "Mozilla/5.0 AppleWebKit/537.36 (KHTML, like Gecko; compatible; GPTBot/1.3; +https://openai.com/gptbot)"
74.7.243.215 - - [03/Mar/2026:07:29:23 +0000] "GET /whsy.php?p=%2Fproc%2F22918 HTTP/2.0" 200 861 "https://sparxnovate.net.lab2454.com/whsy.php?e=13752&p=%2Fproc" "Mozilla/5.0 AppleWebKit/537.36 (KHTML, like Gecko; compatible; GPTBot/1.3; +https://openai.com/gptbot)"
74.7.243.215 - - [03/Mar/2026:07:29:31 +0000] "GET /whsy.php?p=%2Fproc%2F12374 HTTP/2.0" 200 861 "https://sparxnovate.net.lab2454.com/whsy.php?e=4112&p=%2Fproc" "Mozilla/5.0 AppleWebKit/537.36 (KHTML, like Gecko; compatible; GPTBot/1.3; +https://openai.com/gptbot)"
74.7.241.36 - - [03/Mar/2026:07:29:35 +0000] "GET /whsy.php?p=%2Fproc%2F31848%2Fnet%2Fdev_snmp6 HTTP/2.0" 200 981 "https://www.sparxnovate.net.lab2454.com/whsy.php?p=%2Fproc%2F31848%2Fnet" "Mozilla/5.0 AppleWebKit/537.36 (KHTML, like Gecko; compatible; GPTBot/1.3; +https://openai.com/gptbot)"
74.7.243.215 - - [03/Mar/2026:07:29:39 +0000] "GET /whsy.php?p=%2Fproc%2F30199 HTTP/2.0" 200 861 "https://sparxnovate.net.lab2454.com/whsy.php?e=29554&p=%2Fproc" "Mozilla/5.0 AppleWebKit/537.36 (KHTML, like Gecko; compatible; GPTBot/1.3; +https://openai.com/gptbot)"
74.7.243.215 - - [03/Mar/2026:07:29:47 +0000] "GET /whsy.php?p=%2Fproc%2F14404 HTTP/2.0" 200 861 "https://sparxnovate.net.lab2454.com/whsy.php?e=8044&p=%2Fproc" "Mozilla/5.0 AppleWebKit/537.36 (KHTML, like Gecko; compatible; GPTBot/1.3; +https://openai.com/gptbot)"
74.7.241.36 - - [03/Mar/2026:07:29:48 +0000] "GET /whsy.php?p=%2Fproc%2F16480%2Fnet%2Fdev_snmp6 HTTP/2.0" 200 982 "https://www.sparxnovate.net.lab2454.com/whsy.php?p=%2Fproc%2F16480%2Fnet" "Mozilla/5.0 AppleWebKit/537.36 (KHTML, like Gecko; compatible; GPTBot/1.3; +https://openai.com/gptbot)"
74.7.243.215 - - [03/Mar/2026:07:29:55 +0000] "GET /whsy.php?p=%2Fproc%2F31198 HTTP/2.0" 200 861 "https://sparxnovate.net.lab2454.com/whsy.php?e=17353&p=%2Fproc" "Mozilla/5.0 AppleWebKit/537.36 (KHTML, like Gecko; compatible; GPTBot/1.3; +https://openai.com/gptbot)"
74.7.241.36 - - [03/Mar/2026:07:29:59 +0000] "GET /whsy.php?e=smaps&p=%2Fproc%2F9438 HTTP/2.0" 200 861 "https://www.sparxnovate.net.lab2454.com/whsy.php?p=%2Fproc%2F9438" "Mozilla/5.0 AppleWebKit/537.36 (KHTML, like Gecko; compatible; GPTBot/1.3; +https://openai.com/gptbot)"
74.7.243.215 - - [03/Mar/2026:07:30:03 +0000] "GET /whsy.php?p=%2Fproc%2F26570 HTTP/2.0" 200 861 "https://sparxnovate.net.lab2454.com/whsy.php?e=10262&p=%2Fproc" "Mozilla/5.0 AppleWebKit/537.36 (KHTML, like Gecko; compatible; GPTBot/1.3; +https://openai.com/gptbot)"
74.7.241.36 - - [03/Mar/2026:07:30:10 +0000] "GET /whsy.php?e=sched&p=%2Fproc%2F9438 HTTP/2.0" 200 861 "https://www.sparxnovate.net.lab2454.com/whsy.php?p=%2Fproc%2F9438" "Mozilla/5.0 AppleWebKit/537.36 (KHTML, like Gecko; compatible; GPTBot/1.3; +https://openai.com/gptbot)"
74.7.243.215 - - [03/Mar/2026:07:30:11 +0000] "GET /whsy.php?p=%2Fproc%2F28661 HTTP/2.0" 200 861 "https://sparxnovate.net.lab2454.com/whsy.php?e=20387&p=%2Fproc" "Mozilla/5.0 AppleWebKit/537.36 (KHTML, like Gecko; compatible; GPTBot/1.3; +https://openai.com/gptbot)"
74.7.228.61 - - [03/Mar/2026:07:30:13 +0000] "GET /robots.txt HTTP/2.0" 404 - "-" "Mozilla/5.0 (Macintosh; Intel Mac OS X 10_15_7) AppleWebKit/537.36 (KHTML, like Gecko) Chrome/131.0.0.0 Safari/537.36; compatible; OAI-SearchBot/1.3; robots.txt; +https://openai.com/searchbot"
74.7.243.215 - - [03/Mar/2026:07:30:19 +0000] "GET /whsy.php?p=%2Fproc%2F18378 HTTP/2.0" 200 861 "https://sparxnovate.net.lab2454.com/whsy.php?e=9307&p=%2Fproc" "Mozilla/5.0 AppleWebKit/537.36 (KHTML, like Gecko; compatible; GPTBot/1.3; +https://openai.com/gptbot)"
74.7.241.36 - - [03/Mar/2026:07:30:20 +0000] "GET /whsy.php?p=%2Fproc%2F15809%2Ftask%2F16148 HTTP/2.0" 200 1803 "https://www.sparxnovate.net.lab2454.com/whsy.php?p=%2Fproc%2F15809%2Ftask" "Mozilla/5.0 AppleWebKit/537.36 (KHTML, like Gecko; compatible; GPTBot/1.3; +https://openai.com/gptbot)"
74.7.243.215 - - [03/Mar/2026:07:30:32 +0000] "GET /whsy.php?p=%2Fproc%2F28977 HTTP/2.0" 200 861 "https://sparxnovate.net.lab2454.com/whsy.php?e=8393&p=%2Fproc" "Mozilla/5.0 AppleWebKit/537.36 (KHTML, like Gecko; compatible; GPTBot/1.3; +https://openai.com/gptbot)"
74.7.241.36 - - [03/Mar/2026:07:30:33 +0000] "GET /whsy.php?p=%2Fproc%2F15809%2Ftask%2F16146 HTTP/2.0" 200 1803 "https://www.sparxnovate.net.lab2454.com/whsy.php?p=%2Fproc%2F15809%2Ftask" "Mozilla/5.0 AppleWebKit/537.36 (KHTML, like Gecko; compatible; GPTBot/1.3; +https://openai.com/gptbot)"
74.7.243.215 - - [03/Mar/2026:07:30:44 +0000] "GET /whsy.php?p=%2Fproc%2F13786 HTTP/2.0" 200 861 "https://sparxnovate.net.lab2454.com/whsy.php?e=6103&p=%2Fproc" "Mozilla/5.0 AppleWebKit/537.36 (KHTML, like Gecko; compatible; GPTBot/1.3; +https://openai.com/gptbot)"
74.7.241.36 - - [03/Mar/2026:07:30:45 +0000] "GET /whsy.php?p=%2Fproc%2F15809%2Ftask%2F16149 HTTP/2.0" 200 1802 "https://www.sparxnovate.net.lab2454.com/whsy.php?p=%2Fproc%2F15809%2Ftask" "Mozilla/5.0 AppleWebKit/537.36 (KHTML, like Gecko; compatible; GPTBot/1.3; +https://openai.com/gptbot)"
74.7.243.215 - - [03/Mar/2026:07:30:54 +0000] "GET /whsy.php?p=%2Fproc%2F10062 HTTP/2.0" 200 861 "https://sparxnovate.net.lab2454.com/whsy.php?e=17225&p=%2Fproc" "Mozilla/5.0 AppleWebKit/537.36 (KHTML, like Gecko; compatible; GPTBot/1.3; +https://openai.com/gptbot)"
74.7.241.36 - - [03/Mar/2026:07:30:55 +0000] "GET /whsy.php?e=cmdline&p=%2Fproc%2F9438 HTTP/2.0" 200 861 "https://www.sparxnovate.net.lab2454.com/whsy.php?p=%2Fproc%2F9438" "Mozilla/5.0 AppleWebKit/537.36 (KHTML, like Gecko; compatible; GPTBot/1.3; +https://openai.com/gptbot)"
74.7.243.215 - - [03/Mar/2026:07:31:08 +0000] "GET /whsy.php?p=%2Fproc%2F15017 HTTP/2.0" 200 861 "https://sparxnovate.net.lab2454.com/whsy.php?e=8662&p=%2Fproc" "Mozilla/5.0 AppleWebKit/537.36 (KHTML, like Gecko; compatible; GPTBot/1.3; +https://openai.com/gptbot)"
74.7.241.36 - - [03/Mar/2026:07:31:09 +0000] "GET /whsy.php?p=%2Fproc%2F22217%2Fnet%2Fip6t_hashlimit HTTP/2.0" 200 500 "https://www.sparxnovate.net.lab2454.com/whsy.php?p=%2Fproc%2F22217%2Fnet" "Mozilla/5.0 AppleWebKit/537.36 (KHTML, like Gecko; compatible; GPTBot/1.3; +https://openai.com/gptbot)"
74.7.243.215 - - [03/Mar/2026:07:31:21 +0000] "GET /whsy.php?p=%2Fproc%2F10715 HTTP/2.0" 200 861 "https://sparxnovate.net.lab2454.com/whsy.php?e=2991&p=%2Fproc" "Mozilla/5.0 AppleWebKit/537.36 (KHTML, like Gecko; compatible; GPTBot/1.3; +https://openai.com/gptbot)"
74.7.241.36 - - [03/Mar/2026:07:31:22 +0000] "GET /whsy.php?p=%2Fproc%2F9438%2Ftask%2F16669 HTTP/2.0" 200 861 "https://www.sparxnovate.net.lab2454.com/whsy.php?p=%2Fproc%2F9438%2Ftask" "Mozilla/5.0 AppleWebKit/537.36 (KHTML, like Gecko; compatible; GPTBot/1.3; +https://openai.com/gptbot)"
74.7.243.215 - - [03/Mar/2026:07:31:31 +0000] "GET /whsy.php?p=%2Fproc%2F15019 HTTP/2.0" 200 861 "https://sparxnovate.net.lab2454.com/whsy.php?e=8662&p=%2Fproc" "Mozilla/5.0 AppleWebKit/537.36 (KHTML, like Gecko; compatible; GPTBot/1.3; +https://openai.com/gptbot)"
74.7.241.36 - - [03/Mar/2026:07:31:32 +0000] "GET /whsy.php?e=ip6tnl0&p=%2Fproc%2F16478%2Fnet%2Fdev_snmp6 HTTP/2.0" 200 1565 "https://www.sparxnovate.net.lab2454.com/whsy.php?p=%2Fproc%2F16478%2Fnet%2Fdev_snmp6" "Mozilla/5.0 AppleWebKit/537.36 (KHTML, like Gecko; compatible; GPTBot/1.3; +https://openai.com/gptbot)"
74.7.243.215 - - [03/Mar/2026:07:31:39 +0000] "GET /whsy.php?p=%2Fproc%2F18920 HTTP/2.0" 200 861 "https://sparxnovate.net.lab2454.com/whsy.php?p=%2Fproc%2F31862%2F.." "Mozilla/5.0 AppleWebKit/537.36 (KHTML, like Gecko; compatible; GPTBot/1.3; +https://openai.com/gptbot)"
74.7.241.36 - - [03/Mar/2026:07:31:40 +0000] "GET /whsy.php?e=sockcreate&p=%2Fproc%2F10277%2Fattr HTTP/2.0" 200 864 "https://www.sparxnovate.net.lab2454.com/whsy.php?p=%2Fproc%2F10277%2Fattr" "Mozilla/5.0 AppleWebKit/537.36 (KHTML, like Gecko; compatible; GPTBot/1.3; +https://openai.com/gptbot)"
74.7.243.215 - - [03/Mar/2026:07:31:49 +0000] "GET /whsy.php?p=%2Fproc%2F16106 HTTP/2.0" 200 861 "https://sparxnovate.net.lab2454.com/whsy.php?e=8463&p=%2Fproc" "Mozilla/5.0 AppleWebKit/537.36 (KHTML, like Gecko; compatible; GPTBot/1.3; +https://openai.com/gptbot)"
74.7.241.36 - - [03/Mar/2026:07:31:50 +0000] "GET /whsy.php?p=%2Fproc%2F15809%2Fnet%2Fdev_snmp6 HTTP/2.0" 200 982 "https://www.sparxnovate.net.lab2454.com/whsy.php?p=%2Fproc%2F15809%2Fnet" "Mozilla/5.0 AppleWebKit/537.36 (KHTML, like Gecko; compatible; GPTBot/1.3; +https://openai.com/gptbot)"
74.7.243.215 - - [03/Mar/2026:07:31:58 +0000] "GET /whsy.php?p=%2Fproc%2F27355 HTTP/2.0" 200 861 "https://sparxnovate.net.lab2454.com/whsy.php?e=17260&p=%2Fproc" "Mozilla/5.0 AppleWebKit/537.36 (KHTML, like Gecko; compatible; GPTBot/1.3; +https://openai.com/gptbot)"
74.7.241.36 - - [03/Mar/2026:07:31:59 +0000] "GET /whsy.php?p=%2Fproc%2F31849%2Fnet%2Fdev_snmp6 HTTP/2.0" 200 981 "https://www.sparxnovate.net.lab2454.com/whsy.php?p=%2Fproc%2F31849%2Fnet" "Mozilla/5.0 AppleWebKit/537.36 (KHTML, like Gecko; compatible; GPTBot/1.3; +https://openai.com/gptbot)"
74.7.243.215 - - [03/Mar/2026:07:32:07 +0000] "GET /whsy.php?p=%2Fproc%2F24356 HTTP/2.0" 200 861 "https://sparxnovate.net.lab2454.com/whsy.php?e=16576&p=%2Fproc" "Mozilla/5.0 AppleWebKit/537.36 (KHTML, like Gecko; compatible; GPTBot/1.3; +https://openai.com/gptbot)"
74.7.241.36 - - [03/Mar/2026:07:32:08 +0000] "GET /whsy.php?p=%2Fproc%2F22217%2Fnet%2Fnetfilter HTTP/2.0" 200 731 "https://www.sparxnovate.net.lab2454.com/whsy.php?p=%2Fproc%2F22217%2Fnet" "Mozilla/5.0 AppleWebKit/537.36 (KHTML, like Gecko; compatible; GPTBot/1.3; +https://openai.com/gptbot)"
74.7.243.215 - - [03/Mar/2026:07:32:16 +0000] "GET /whsy.php?p=%2Fproc%2F19157 HTTP/2.0" 200 861 "https://sparxnovate.net.lab2454.com/whsy.php?p=%2Fproc%2F31862%2F.." "Mozilla/5.0 AppleWebKit/537.36 (KHTML, like Gecko; compatible; GPTBot/1.3; +https://openai.com/gptbot)"
74.7.241.36 - - [03/Mar/2026:07:32:17 +0000] "GET /whsy.php?p=%2Fproc%2F15809%2Ftask%2F16148%2Fattr HTTP/2.0" 200 819 "https://www.sparxnovate.net.lab2454.com/whsy.php?p=%2Fproc%2F15809%2Ftask%2F16148" "Mozilla/5.0 AppleWebKit/537.36 (KHTML, like Gecko; compatible; GPTBot/1.3; +https://openai.com/gptbot)"
74.7.244.20 - - [03/Mar/2026:07:32:18 +0000] "GET /robots.txt HTTP/2.0" 404 - "-" "Mozilla/5.0 (Macintosh; Intel Mac OS X 10_15_7) AppleWebKit/537.36 (KHTML, like Gecko) Chrome/131.0.0.0 Safari/537.36; compatible; OAI-SearchBot/1.3; robots.txt; +https://openai.com/searchbot"
74.7.243.215 - - [03/Mar/2026:07:32:26 +0000] "GET /whsy.php?p=%2Fproc%2F10727 HTTP/2.0" 200 861 "https://sparxnovate.net.lab2454.com/whsy.php?e=2991&p=%2Fproc" "Mozilla/5.0 AppleWebKit/537.36 (KHTML, like Gecko; compatible; GPTBot/1.3; +https://openai.com/gptbot)"
74.7.241.36 - - [03/Mar/2026:07:32:27 +0000] "GET /whsy.php?p=%2Fproc%2F15809%2Ftask%2F16146%2Fattr HTTP/2.0" 200 819 "https://www.sparxnovate.net.lab2454.com/whsy.php?p=%2Fproc%2F15809%2Ftask%2F16146" "Mozilla/5.0 AppleWebKit/537.36 (KHTML, like Gecko; compatible; GPTBot/1.3; +https://openai.com/gptbot)"
74.7.243.215 - - [03/Mar/2026:07:32:36 +0000] "GET /whsy.php?p=%2Fproc%2F18783 HTTP/2.0" 200 861 "https://sparxnovate.net.lab2454.com/whsy.php?e=8553&p=%2Fproc" "Mozilla/5.0 AppleWebKit/537.36 (KHTML, like Gecko; compatible; GPTBot/1.3; +https://openai.com/gptbot)"
74.7.241.36 - - [03/Mar/2026:07:32:37 +0000] "GET /whsy.php?p=%2Fproc%2F15809%2Ftask%2F16149%2Fattr HTTP/2.0" 200 818 "https://www.sparxnovate.net.lab2454.com/whsy.php?p=%2Fproc%2F15809%2Ftask%2F16149" "Mozilla/5.0 AppleWebKit/537.36 (KHTML, like Gecko; compatible; GPTBot/1.3; +https://openai.com/gptbot)"
74.7.243.215 - - [03/Mar/2026:07:32:46 +0000] "GET /whsy.php?p=%2Fproc%2F32138 HTTP/2.0" 200 861 "https://sparxnovate.net.lab2454.com/whsy.php?e=24033&p=%2Fproc" "Mozilla/5.0 AppleWebKit/537.36 (KHTML, like Gecko; compatible; GPTBot/1.3; +https://openai.com/gptbot)"
74.7.241.36 - - [03/Mar/2026:07:32:47 +0000] "GET /whsy.php?p=%2Fproc%2F15809%2Ftask%2F16146%2Fnet HTTP/2.0" 200 2469 "https://www.sparxnovate.net.lab2454.com/whsy.php?p=%2Fproc%2F15809%2Ftask%2F16146" "Mozilla/5.0 AppleWebKit/537.36 (KHTML, like Gecko; compatible; GPTBot/1.3; +https://openai.com/gptbot)"
74.7.243.215 - - [03/Mar/2026:07:32:54 +0000] "GET /whsy.php?p=%2Fproc%2F24813 HTTP/2.0" 200 861 "https://sparxnovate.net.lab2454.com/whsy.php?e=10334&p=%2Fproc" "Mozilla/5.0 AppleWebKit/537.36 (KHTML, like Gecko; compatible; GPTBot/1.3; +https://openai.com/gptbot)"
74.7.241.36 - - [03/Mar/2026:07:32:55 +0000] "GET /whsy.php?p=%2Fproc%2F15809%2Ftask%2F16149%2Fnet HTTP/2.0" 200 2468 "https://www.sparxnovate.net.lab2454.com/whsy.php?p=%2Fproc%2F15809%2Ftask%2F16149" "Mozilla/5.0 AppleWebKit/537.36 (KHTML, like Gecko; compatible; GPTBot/1.3; +https://openai.com/gptbot)"
74.7.243.215 - - [03/Mar/2026:07:33:04 +0000] "GET /whsy.php?p=%2Fproc%2F26144 HTTP/2.0" 200 861 "https://sparxnovate.net.lab2454.com/whsy.php?e=17288&p=%2Fproc" "Mozilla/5.0 AppleWebKit/537.36 (KHTML, like Gecko; compatible; GPTBot/1.3; +https://openai.com/gptbot)"
74.7.241.36 - - [03/Mar/2026:07:33:05 +0000] "GET /whsy.php?p=%2Fproc%2F15809%2Ftask%2F16148%2Fnet HTTP/2.0" 200 2468 "https://www.sparxnovate.net.lab2454.com/whsy.php?p=%2Fproc%2F15809%2Ftask%2F16148" "Mozilla/5.0 AppleWebKit/537.36 (KHTML, like Gecko; compatible; GPTBot/1.3; +https://openai.com/gptbot)"
74.7.243.215 - - [03/Mar/2026:07:33:15 +0000] "GET /whsy.php?p=%2Fproc%2F23835 HTTP/2.0" 200 861 "https://sparxnovate.net.lab2454.com/whsy.php?e=8550&p=%2Fproc" "Mozilla/5.0 AppleWebKit/537.36 (KHTML, like Gecko; compatible; GPTBot/1.3; +https://openai.com/gptbot)"
74.7.243.215 - - [03/Mar/2026:07:33:25 +0000] "GET /whsy.php?p=%2Fproc%2F19380 HTTP/2.0" 200 861 "https://sparxnovate.net.lab2454.com/whsy.php?e=9434&p=%2Fproc" "Mozilla/5.0 AppleWebKit/537.36 (KHTML, like Gecko; compatible; GPTBot/1.3; +https://openai.com/gptbot)"
74.7.243.215 - - [03/Mar/2026:07:33:34 +0000] "GET /whsy.php?p=%2Fproc%2F32562 HTTP/2.0" 200 861 "https://sparxnovate.net.lab2454.com/whsy.php?e=23549&p=%2Fproc" "Mozilla/5.0 AppleWebKit/537.36 (KHTML, like Gecko; compatible; GPTBot/1.3; +https://openai.com/gptbot)"
74.7.243.215 - - [03/Mar/2026:07:33:43 +0000] "GET /whsy.php?p=%2Fproc%2F27230 HTTP/2.0" 200 861 "https://sparxnovate.net.lab2454.com/whsy.php?e=20100&p=%2Fproc" "Mozilla/5.0 AppleWebKit/537.36 (KHTML, like Gecko; compatible; GPTBot/1.3; +https://openai.com/gptbot)"
74.7.241.36 - - [03/Mar/2026:07:33:16 +0000] "GET /whsy.php?p=%2Fproc%2F15809%2Ftask%2F16146%2Fns HTTP/2.0" 200 196068 "https://www.sparxnovate.net.lab2454.com/whsy.php?p=%2Fproc%2F15809%2Ftask%2F16146" "Mozilla/5.0 AppleWebKit/537.36 (KHTML, like Gecko; compatible; GPTBot/1.3; +https://openai.com/gptbot)"
74.7.243.215 - - [03/Mar/2026:07:33:50 +0000] "GET /whsy.php?p=%2Fproc%2F30515 HTTP/2.0" 200 861 "https://sparxnovate.net.lab2454.com/whsy.php?e=17355&p=%2Fproc" "Mozilla/5.0 AppleWebKit/537.36 (KHTML, like Gecko; compatible; GPTBot/1.3; +https://openai.com/gptbot)"
74.7.243.215 - - [03/Mar/2026:07:33:58 +0000] "GET /whsy.php?p=%2Fproc%2F20401 HTTP/2.0" 200 861 "https://sparxnovate.net.lab2454.com/whsy.php?p=%2Fproc%2F31861%2F.." "Mozilla/5.0 AppleWebKit/537.36 (KHTML, like Gecko; compatible; GPTBot/1.3; +https://openai.com/gptbot)"
74.7.243.215 - - [03/Mar/2026:07:34:06 +0000] "GET /whsy.php?p=%2Fproc%2F26308 HTTP/2.0" 200 861 "https://sparxnovate.net.lab2454.com/whsy.php?e=15007&p=%2Fproc" "Mozilla/5.0 AppleWebKit/537.36 (KHTML, like Gecko; compatible; GPTBot/1.3; +https://openai.com/gptbot)"
74.7.243.215 - - [03/Mar/2026:07:34:13 +0000] "GET /whsy.php?p=%2Fproc%2F20425 HTTP/2.0" 200 861 "https://sparxnovate.net.lab2454.com/whsy.php?e=6014&p=%2Fproc" "Mozilla/5.0 AppleWebKit/537.36 (KHTML, like Gecko; compatible; GPTBot/1.3; +https://openai.com/gptbot)"
74.7.241.36 - - [03/Mar/2026:07:33:52 +0000] "GET /whsy.php?p=%2Fproc%2F15809%2Ftask%2F16148%2Fns HTTP/2.0" 200 216297 "https://www.sparxnovate.net.lab2454.com/whsy.php?p=%2Fproc%2F15809%2Ftask%2F16148" "Mozilla/5.0 AppleWebKit/537.36 (KHTML, like Gecko; compatible; GPTBot/1.3; +https://openai.com/gptbot)"
74.7.243.215 - - [03/Mar/2026:07:34:22 +0000] "GET /whsy.php?p=%2Fproc%2F19723 HTTP/2.0" 200 861 "https://sparxnovate.net.lab2454.com/whsy.php?e=9236&p=%2Fproc" "Mozilla/5.0 AppleWebKit/537.36 (KHTML, like Gecko; compatible; GPTBot/1.3; +https://openai.com/gptbot)"
74.7.243.215 - - [03/Mar/2026:07:34:30 +0000] "GET /whsy.php?p=%2Fproc%2F22183 HTTP/2.0" 200 861 "https://sparxnovate.net.lab2454.com/whsy.php?e=12351&p=%2Fproc" "Mozilla/5.0 AppleWebKit/537.36 (KHTML, like Gecko; compatible; GPTBot/1.3; +https://openai.com/gptbot)"
74.7.243.215 - - [03/Mar/2026:07:34:41 +0000] "GET /whsy.php?p=%2Fproc%2F28759 HTTP/2.0" 200 861 "https://sparxnovate.net.lab2454.com/whsy.php?e=20387&p=%2Fproc" "Mozilla/5.0 AppleWebKit/537.36 (KHTML, like Gecko; compatible; GPTBot/1.3; +https://openai.com/gptbot)"
74.7.243.215 - - [03/Mar/2026:07:34:53 +0000] "GET /whsy.php?p=%2Fproc%2F18377 HTTP/2.0" 200 861 "https://sparxnovate.net.lab2454.com/whsy.php?e=9307&p=%2Fproc" "Mozilla/5.0 AppleWebKit/537.36 (KHTML, like Gecko; compatible; GPTBot/1.3; +https://openai.com/gptbot)"
74.7.241.36 - - [03/Mar/2026:07:34:29 +0000] "GET /whsy.php?p=%2Fproc%2F15809%2Ftask%2F16149%2Fns HTTP/2.0" 200 157647 "https://www.sparxnovate.net.lab2454.com/whsy.php?p=%2Fproc%2F15809%2Ftask%2F16149" "Mozilla/5.0 AppleWebKit/537.36 (KHTML, like Gecko; compatible; GPTBot/1.3; +https://openai.com/gptbot)"
74.7.243.215 - - [03/Mar/2026:07:35:02 +0000] "GET /whsy.php?p=%2Fproc%2F16437 HTTP/2.0" 200 861 "https://sparxnovate.net.lab2454.com/whsy.php?e=9923&p=%2Fproc" "Mozilla/5.0 AppleWebKit/537.36 (KHTML, like Gecko; compatible; GPTBot/1.3; +https://openai.com/gptbot)"
74.7.243.215 - - [03/Mar/2026:07:35:12 +0000] "GET /whsy.php?p=%2Fproc%2F24371 HTTP/2.0" 200 861 "https://sparxnovate.net.lab2454.com/whsy.php?e=16576&p=%2Fproc" "Mozilla/5.0 AppleWebKit/537.36 (KHTML, like Gecko; compatible; GPTBot/1.3; +https://openai.com/gptbot)"
74.7.228.61 - - [03/Mar/2026:07:35:13 +0000] "GET /robots.txt HTTP/2.0" 404 - "-" "Mozilla/5.0 (Macintosh; Intel Mac OS X 10_15_7) AppleWebKit/537.36 (KHTML, like Gecko) Chrome/131.0.0.0 Safari/537.36; compatible; OAI-SearchBot/1.3; robots.txt; +https://openai.com/searchbot"
74.7.243.215 - - [03/Mar/2026:07:35:22 +0000] "GET /whsy.php?p=%2Fproc%2F19181 HTTP/2.0" 200 861 "https://sparxnovate.net.lab2454.com/whsy.php?e=8636&p=%2Fproc" "Mozilla/5.0 AppleWebKit/537.36 (KHTML, like Gecko; compatible; GPTBot/1.3; +https://openai.com/gptbot)"
74.7.243.215 - - [03/Mar/2026:07:35:31 +0000] "GET /whsy.php?p=%2Fproc%2F10420 HTTP/2.0" 200 861 "https://sparxnovate.net.lab2454.com/whsy.php?e=2331&p=%2Fproc" "Mozilla/5.0 AppleWebKit/537.36 (KHTML, like Gecko; compatible; GPTBot/1.3; +https://openai.com/gptbot)"
74.7.241.36 - - [03/Mar/2026:07:35:07 +0000] "GET /whsy.php?p=%2Fproc%2F15809%2Ftask%2F16146%2Ffd HTTP/2.0" 200 161983 "https://www.sparxnovate.net.lab2454.com/whsy.php?p=%2Fproc%2F15809%2Ftask%2F16146" "Mozilla/5.0 AppleWebKit/537.36 (KHTML, like Gecko; compatible; GPTBot/1.3; +https://openai.com/gptbot)"
74.7.243.215 - - [03/Mar/2026:07:35:40 +0000] "GET /whsy.php?p=%2Fproc%2F11095 HTTP/2.0" 200 861 "https://sparxnovate.net.lab2454.com/whsy.php?e=17219&p=%2Fproc" "Mozilla/5.0 AppleWebKit/537.36 (KHTML, like Gecko; compatible; GPTBot/1.3; +https://openai.com/gptbot)"
74.7.243.215 - - [03/Mar/2026:07:35:50 +0000] "GET /whsy.php?p=%2Fproc%2F13299 HTTP/2.0" 200 861 "https://sparxnovate.net.lab2454.com/whsy.php?e=5716&p=%2Fproc" "Mozilla/5.0 AppleWebKit/537.36 (KHTML, like Gecko; compatible; GPTBot/1.3; +https://openai.com/gptbot)"
74.7.243.215 - - [03/Mar/2026:07:36:02 +0000] "GET /whsy.php?p=%2Fproc%2F30724 HTTP/2.0" 200 861 "https://sparxnovate.net.lab2454.com/whsy.php?e=21763&p=%2Fproc" "Mozilla/5.0 AppleWebKit/537.36 (KHTML, like Gecko; compatible; GPTBot/1.3; +https://openai.com/gptbot)"
74.7.243.215 - - [03/Mar/2026:07:36:13 +0000] "GET /whsy.php?p=%2Fproc%2F32139 HTTP/2.0" 200 861 "https://sparxnovate.net.lab2454.com/whsy.php?e=24033&p=%2Fproc" "Mozilla/5.0 AppleWebKit/537.36 (KHTML, like Gecko; compatible; GPTBot/1.3; +https://openai.com/gptbot)"
74.7.241.36 - - [03/Mar/2026:07:35:46 +0000] "GET /whsy.php?p=%2Fproc%2F15809%2Ftask%2F16148%2Ffd HTTP/2.0" 200 160707 "https://www.sparxnovate.net.lab2454.com/whsy.php?p=%2Fproc%2F15809%2Ftask%2F16148" "Mozilla/5.0 AppleWebKit/537.36 (KHTML, like Gecko; compatible; GPTBot/1.3; +https://openai.com/gptbot)"
74.7.243.215 - - [03/Mar/2026:07:36:21 +0000] "GET /whsy.php?p=%2Fproc%2F30821 HTTP/2.0" 200 861 "https://sparxnovate.net.lab2454.com/whsy.php?e=21546&p=%2Fproc" "Mozilla/5.0 AppleWebKit/537.36 (KHTML, like Gecko; compatible; GPTBot/1.3; +https://openai.com/gptbot)"
74.7.243.215 - - [03/Mar/2026:07:36:29 +0000] "GET /whsy.php?p=%2Fproc%2F14204 HTTP/2.0" 200 861 "https://sparxnovate.net.lab2454.com/whsy.php?e=7171&p=%2Fproc" "Mozilla/5.0 AppleWebKit/537.36 (KHTML, like Gecko; compatible; GPTBot/1.3; +https://openai.com/gptbot)"
74.7.243.215 - - [03/Mar/2026:07:36:37 +0000] "GET /whsy.php?p=%2Fproc%2F19114 HTTP/2.0" 200 861 "https://sparxnovate.net.lab2454.com/whsy.php?e=9840&p=%2Fproc" "Mozilla/5.0 AppleWebKit/537.36 (KHTML, like Gecko; compatible; GPTBot/1.3; +https://openai.com/gptbot)"
74.7.243.215 - - [03/Mar/2026:07:36:46 +0000] "GET /whsy.php?p=%2Fproc%2F31807 HTTP/2.0" 200 861 "https://sparxnovate.net.lab2454.com/whsy.php?e=17238&p=%2Fproc" "Mozilla/5.0 AppleWebKit/537.36 (KHTML, like Gecko; compatible; GPTBot/1.3; +https://openai.com/gptbot)"
74.7.243.215 - - [03/Mar/2026:07:36:56 +0000] "GET /whsy.php?p=%2Fproc%2F17252 HTTP/2.0" 200 861 "https://sparxnovate.net.lab2454.com/whsy.php?e=9495&p=%2Fproc" "Mozilla/5.0 AppleWebKit/537.36 (KHTML, like Gecko; compatible; GPTBot/1.3; +https://openai.com/gptbot)"
74.7.243.215 - - [03/Mar/2026:07:37:07 +0000] "GET /whsy.php?p=%2Fproc%2F31335 HTTP/2.0" 200 861 "https://sparxnovate.net.lab2454.com/whsy.php?e=20368&p=%2Fproc" "Mozilla/5.0 AppleWebKit/537.36 (KHTML, like Gecko; compatible; GPTBot/1.3; +https://openai.com/gptbot)"
74.7.241.36 - - [03/Mar/2026:07:36:46 +0000] "GET /whsy.php?p=%2Fproc%2F15809%2Ftask%2F16149%2Ffd HTTP/2.0" 200 174477 "https://www.sparxnovate.net.lab2454.com/whsy.php?p=%2Fproc%2F15809%2Ftask%2F16149" "Mozilla/5.0 AppleWebKit/537.36 (KHTML, like Gecko; compatible; GPTBot/1.3; +https://openai.com/gptbot)"
74.7.243.215 - - [03/Mar/2026:07:37:16 +0000] "GET /whsy.php?p=%2Fproc%2F28947 HTTP/2.0" 200 861 "https://sparxnovate.net.lab2454.com/whsy.php?e=8393&p=%2Fproc" "Mozilla/5.0 AppleWebKit/537.36 (KHTML, like Gecko; compatible; GPTBot/1.3; +https://openai.com/gptbot)"
74.7.243.215 - - [03/Mar/2026:07:37:26 +0000] "GET /whsy.php?p=%2Fproc%2F10288 HTTP/2.0" 200 861 "https://sparxnovate.net.lab2454.com/whsy.php?e=12009&p=%2Fproc" "Mozilla/5.0 AppleWebKit/537.36 (KHTML, like Gecko; compatible; GPTBot/1.3; +https://openai.com/gptbot)"
74.7.243.215 - - [03/Mar/2026:07:37:36 +0000] "GET /whsy.php?p=%2Fproc%2F31517 HTTP/2.0" 200 861 "https://sparxnovate.net.lab2454.com/whsy.php?e=21542&p=%2Fproc" "Mozilla/5.0 AppleWebKit/537.36 (KHTML, like Gecko; compatible; GPTBot/1.3; +https://openai.com/gptbot)"
74.7.243.215 - - [03/Mar/2026:07:37:46 +0000] "GET /whsy.php?p=%2Fproc%2F11386 HTTP/2.0" 200 861 "https://sparxnovate.net.lab2454.com/whsy.php?e=17243&p=%2Fproc" "Mozilla/5.0 AppleWebKit/537.36 (KHTML, like Gecko; compatible; GPTBot/1.3; +https://openai.com/gptbot)"
74.7.243.215 - - [03/Mar/2026:07:37:56 +0000] "GET /whsy.php?p=%2Fproc%2F24415 HTTP/2.0" 200 861 "https://sparxnovate.net.lab2454.com/whsy.php?e=17375&p=%2Fproc" "Mozilla/5.0 AppleWebKit/537.36 (KHTML, like Gecko; compatible; GPTBot/1.3; +https://openai.com/gptbot)"
74.7.243.215 - - [03/Mar/2026:07:38:04 +0000] "GET /whsy.php?p=%2Fproc%2F32150 HTTP/2.0" 200 861 "https://sparxnovate.net.lab2454.com/whsy.php?e=24033&p=%2Fproc" "Mozilla/5.0 AppleWebKit/537.36 (KHTML, like Gecko; compatible; GPTBot/1.3; +https://openai.com/gptbot)"
74.7.243.215 - - [03/Mar/2026:07:38:13 +0000] "GET /whsy.php?p=%2Fproc%2F19459 HTTP/2.0" 200 861 "https://sparxnovate.net.lab2454.com/whsy.php?e=9236&p=%2Fproc" "Mozilla/5.0 AppleWebKit/537.36 (KHTML, like Gecko; compatible; GPTBot/1.3; +https://openai.com/gptbot)"
74.7.241.36 - - [03/Mar/2026:07:37:52 +0000] "GET /whsy.php?p=%2Fproc%2F15809%2Ftask%2F16146%2Ffdinfo HTTP/2.0" 200 171433 "https://www.sparxnovate.net.lab2454.com/whsy.php?p=%2Fproc%2F15809%2Ftask%2F16146" "Mozilla/5.0 AppleWebKit/537.36 (KHTML, like Gecko; compatible; GPTBot/1.3; +https://openai.com/gptbot)"
74.7.243.215 - - [03/Mar/2026:07:38:23 +0000] "GET /whsy.php?p=%2Fproc%2F19638 HTTP/2.0" 200 861 "https://sparxnovate.net.lab2454.com/whsy.php?p=%2Fproc%2F31862%2F.." "Mozilla/5.0 AppleWebKit/537.36 (KHTML, like Gecko; compatible; GPTBot/1.3; +https://openai.com/gptbot)"
74.7.243.215 - - [03/Mar/2026:07:38:31 +0000] "GET /whsy.php?p=%2Fproc%2F19725 HTTP/2.0" 200 861 "https://sparxnovate.net.lab2454.com/whsy.php?e=9236&p=%2Fproc" "Mozilla/5.0 AppleWebKit/537.36 (KHTML, like Gecko; compatible; GPTBot/1.3; +https://openai.com/gptbot)"
74.7.243.215 - - [03/Mar/2026:07:38:39 +0000] "GET /whsy.php?p=%2Fproc%2F21776 HTTP/2.0" 200 861 "https://sparxnovate.net.lab2454.com/whsy.php?p=%2Fproc%2F31868%2F.." "Mozilla/5.0 AppleWebKit/537.36 (KHTML, like Gecko; compatible; GPTBot/1.3; +https://openai.com/gptbot)"
74.7.243.215 - - [03/Mar/2026:07:38:47 +0000] "GET /whsy.php?p=%2Fproc%2F28186 HTTP/2.0" 200 861 "https://sparxnovate.net.lab2454.com/whsy.php?e=20371&p=%2Fproc" "Mozilla/5.0 AppleWebKit/537.36 (KHTML, like Gecko; compatible; GPTBot/1.3; +https://openai.com/gptbot)"
74.7.243.215 - - [03/Mar/2026:07:38:56 +0000] "GET /whsy.php?p=%2Fproc%2F28553 HTTP/2.0" 200 861 "https://sparxnovate.net.lab2454.com/whsy.php?e=19499&p=%2Fproc" "Mozilla/5.0 AppleWebKit/537.36 (KHTML, like Gecko; compatible; GPTBot/1.3; +https://openai.com/gptbot)"
74.7.243.215 - - [03/Mar/2026:07:39:08 +0000] "GET /whsy.php?p=%2Fproc%2F24592 HTTP/2.0" 200 861 "https://sparxnovate.net.lab2454.com/whsy.php?e=7903&p=%2Fproc" "Mozilla/5.0 AppleWebKit/537.36 (KHTML, like Gecko; compatible; GPTBot/1.3; +https://openai.com/gptbot)"
74.7.243.215 - - [03/Mar/2026:07:39:17 +0000] "GET /whsy.php?p=%2Fproc%2F29503 HTTP/2.0" 200 861 "https://sparxnovate.net.lab2454.com/whsy.php?e=20384&p=%2Fproc" "Mozilla/5.0 AppleWebKit/537.36 (KHTML, like Gecko; compatible; GPTBot/1.3; +https://openai.com/gptbot)"
74.7.241.36 - - [03/Mar/2026:07:38:52 +0000] "GET /whsy.php?p=%2Fproc%2F15809%2Ftask%2F16148%2Ffdinfo HTTP/2.0" 200 149928 "https://www.sparxnovate.net.lab2454.com/whsy.php?p=%2Fproc%2F15809%2Ftask%2F16148" "Mozilla/5.0 AppleWebKit/537.36 (KHTML, like Gecko; compatible; GPTBot/1.3; +https://openai.com/gptbot)"
74.7.243.215 - - [03/Mar/2026:07:39:28 +0000] "GET /whsy.php?p=%2Fproc%2F14259 HTTP/2.0" 200 861 "https://sparxnovate.net.lab2454.com/whsy.php?e=6037&p=%2Fproc" "Mozilla/5.0 AppleWebKit/537.36 (KHTML, like Gecko; compatible; GPTBot/1.3; +https://openai.com/gptbot)"
74.7.243.215 - - [03/Mar/2026:07:39:38 +0000] "GET /whsy.php?p=%2Fproc%2F13856 HTTP/2.0" 200 861 "https://sparxnovate.net.lab2454.com/whsy.php?e=6499&p=%2Fproc" "Mozilla/5.0 AppleWebKit/537.36 (KHTML, like Gecko; compatible; GPTBot/1.3; +https://openai.com/gptbot)"
74.7.243.215 - - [03/Mar/2026:07:39:48 +0000] "GET /whsy.php?p=%2Fproc%2F24439 HTTP/2.0" 200 861 "https://sparxnovate.net.lab2454.com/whsy.php?e=17375&p=%2Fproc" "Mozilla/5.0 AppleWebKit/537.36 (KHTML, like Gecko; compatible; GPTBot/1.3; +https://openai.com/gptbot)"
74.7.241.36 - - [03/Mar/2026:07:39:54 +0000] "GET /whsy.php?p=%2Fproc%2F15809%2Ftask%2F16146%2Fnet%2Fdev_snmp6 HTTP/2.0" 200 1003 "https://www.sparxnovate.net.lab2454.com/whsy.php?p=%2Fproc%2F15809%2Ftask%2F16146%2Fnet" "Mozilla/5.0 AppleWebKit/537.36 (KHTML, like Gecko; compatible; GPTBot/1.3; +https://openai.com/gptbot)"
74.7.243.215 - - [03/Mar/2026:07:39:56 +0000] "GET /whsy.php?p=%2Fproc%2F24062 HTTP/2.0" 200 861 "https://sparxnovate.net.lab2454.com/whsy.php?e=15657&p=%2Fproc" "Mozilla/5.0 AppleWebKit/537.36 (KHTML, like Gecko; compatible; GPTBot/1.3; +https://openai.com/gptbot)"
74.7.243.215 - - [03/Mar/2026:07:40:06 +0000] "GET /whsy.php?p=%2Fproc%2F31593 HTTP/2.0" 200 861 "https://sparxnovate.net.lab2454.com/whsy.php?e=22929&p=%2Fproc" "Mozilla/5.0 AppleWebKit/537.36 (KHTML, like Gecko; compatible; GPTBot/1.3; +https://openai.com/gptbot)"
74.7.243.215 - - [03/Mar/2026:07:40:19 +0000] "GET /whsy.php?p=%2Fproc%2F15765 HTTP/2.0" 200 861 "https://sparxnovate.net.lab2454.com/whsy.php?e=6867&p=%2Fproc" "Mozilla/5.0 AppleWebKit/537.36 (KHTML, like Gecko; compatible; GPTBot/1.3; +https://openai.com/gptbot)"
74.7.228.61 - - [03/Mar/2026:07:40:20 +0000] "GET /robots.txt HTTP/2.0" 404 - "-" "Mozilla/5.0 (Macintosh; Intel Mac OS X 10_15_7) AppleWebKit/537.36 (KHTML, like Gecko) Chrome/131.0.0.0 Safari/537.36; compatible; OAI-SearchBot/1.3; robots.txt; +https://openai.com/searchbot"
74.7.243.215 - - [03/Mar/2026:07:40:34 +0000] "GET /whsy.php?p=%2Fproc%2F13788 HTTP/2.0" 200 861 "https://sparxnovate.net.lab2454.com/whsy.php?e=6103&p=%2Fproc" "Mozilla/5.0 AppleWebKit/537.36 (KHTML, like Gecko; compatible; GPTBot/1.3; +https://openai.com/gptbot)"
74.7.243.215 - - [03/Mar/2026:07:40:44 +0000] "GET /whsy.php?p=%2Fproc%2F10052 HTTP/2.0" 200 861 "https://sparxnovate.net.lab2454.com/whsy.php?e=17225&p=%2Fproc" "Mozilla/5.0 AppleWebKit/537.36 (KHTML, like Gecko; compatible; GPTBot/1.3; +https://openai.com/gptbot)"
74.7.243.215 - - [03/Mar/2026:07:40:51 +0000] "GET /whsy.php?p=%2Fproc%2F18702 HTTP/2.0" 200 861 "https://sparxnovate.net.lab2454.com/whsy.php?e=9496&p=%2Fproc" "Mozilla/5.0 AppleWebKit/537.36 (KHTML, like Gecko; compatible; GPTBot/1.3; +https://openai.com/gptbot)"
74.7.241.36 - - [03/Mar/2026:07:40:54 +0000] "GET /whsy.php?e=anycast6&p=%2Fproc%2F15809%2Ftask%2F16149%2Fnet HTTP/2.0" 200 2531 "https://www.sparxnovate.net.lab2454.com/whsy.php?p=%2Fproc%2F15809%2Ftask%2F16149%2Fnet" "Mozilla/5.0 AppleWebKit/537.36 (KHTML, like Gecko; compatible; GPTBot/1.3; +https://openai.com/gptbot)"
74.7.243.215 - - [03/Mar/2026:07:40:59 +0000] "GET /whsy.php?p=%2Fproc%2F28861 HTTP/2.0" 200 861 "https://sparxnovate.net.lab2454.com/whsy.php?e=20743&p=%2Fproc" "Mozilla/5.0 AppleWebKit/537.36 (KHTML, like Gecko; compatible; GPTBot/1.3; +https://openai.com/gptbot)"
74.7.243.215 - - [03/Mar/2026:07:41:07 +0000] "GET /whsy.php?p=%2Fproc%2F18394 HTTP/2.0" 200 861 "https://sparxnovate.net.lab2454.com/whsy.php?e=9307&p=%2Fproc" "Mozilla/5.0 AppleWebKit/537.36 (KHTML, like Gecko; compatible; GPTBot/1.3; +https://openai.com/gptbot)"
74.7.243.215 - - [03/Mar/2026:07:41:15 +0000] "GET /whsy.php?p=%2Fproc%2F11385 HTTP/2.0" 200 861 "https://sparxnovate.net.lab2454.com/whsy.php?e=17243&p=%2Fproc" "Mozilla/5.0 AppleWebKit/537.36 (KHTML, like Gecko; compatible; GPTBot/1.3; +https://openai.com/gptbot)"
74.7.243.215 - - [03/Mar/2026:07:41:25 +0000] "GET /whsy.php?p=%2Fproc%2F31806 HTTP/2.0" 200 861 "https://sparxnovate.net.lab2454.com/whsy.php?e=17238&p=%2Fproc" "Mozilla/5.0 AppleWebKit/537.36 (KHTML, like Gecko; compatible; GPTBot/1.3; +https://openai.com/gptbot)"
74.7.243.215 - - [03/Mar/2026:07:41:36 +0000] "GET /whsy.php?p=%2Fproc%2F27175 HTTP/2.0" 200 861 "https://sparxnovate.net.lab2454.com/whsy.php?e=17082&p=%2Fproc" "Mozilla/5.0 AppleWebKit/537.36 (KHTML, like Gecko; compatible; GPTBot/1.3; +https://openai.com/gptbot)"
74.7.243.215 - - [03/Mar/2026:07:41:50 +0000] "GET /whsy.php?p=%2Fproc%2F11696 HTTP/2.0" 200 861 "https://sparxnovate.net.lab2454.com/whsy.php?e=2660&p=%2Fproc" "Mozilla/5.0 AppleWebKit/537.36 (KHTML, like Gecko; compatible; GPTBot/1.3; +https://openai.com/gptbot)"
74.7.241.36 - - [03/Mar/2026:07:41:53 +0000] "GET /whsy.php?e=tls_stat&p=%2Fproc%2F15809%2Ftask%2F16148%2Fnet HTTP/2.0" 200 2623 "https://www.sparxnovate.net.lab2454.com/whsy.php?p=%2Fproc%2F15809%2Ftask%2F16148%2Fnet" "Mozilla/5.0 AppleWebKit/537.36 (KHTML, like Gecko; compatible; GPTBot/1.3; +https://openai.com/gptbot)"
74.7.243.215 - - [03/Mar/2026:07:42:01 +0000] "GET /whsy.php?p=%2Fproc%2F15719 HTTP/2.0" 200 861 "https://sparxnovate.net.lab2454.com/whsy.php?e=6867&p=%2Fproc" "Mozilla/5.0 AppleWebKit/537.36 (KHTML, like Gecko; compatible; GPTBot/1.3; +https://openai.com/gptbot)"
74.7.243.215 - - [03/Mar/2026:07:42:13 +0000] "GET /whsy.php?p=%2Fproc%2F22957 HTTP/2.0" 200 861 "https://sparxnovate.net.lab2454.com/whsy.php?e=14116&p=%2Fproc" "Mozilla/5.0 AppleWebKit/537.36 (KHTML, like Gecko; compatible; GPTBot/1.3; +https://openai.com/gptbot)"
74.7.243.215 - - [03/Mar/2026:07:42:23 +0000] "GET /whsy.php?p=%2Fproc%2F25991 HTTP/2.0" 200 861 "https://sparxnovate.net.lab2454.com/whsy.php?e=12012&p=%2Fproc" "Mozilla/5.0 AppleWebKit/537.36 (KHTML, like Gecko; compatible; GPTBot/1.3; +https://openai.com/gptbot)"
74.7.243.215 - - [03/Mar/2026:07:42:32 +0000] "GET /whsy.php?p=%2Fproc%2F13969 HTTP/2.0" 200 861 "https://sparxnovate.net.lab2454.com/whsy.php?e=6499&p=%2Fproc" "Mozilla/5.0 AppleWebKit/537.36 (KHTML, like Gecko; compatible; GPTBot/1.3; +https://openai.com/gptbot)"
74.7.241.36 - - [03/Mar/2026:07:42:40 +0000] "GET /whsy.php?p=%2Fproc%2F15809%2Ftask%2F16149%2Fnet%2Fdev_snmp6 HTTP/2.0" 200 1003 "https://www.sparxnovate.net.lab2454.com/whsy.php?p=%2Fproc%2F15809%2Ftask%2F16149%2Fnet" "Mozilla/5.0 AppleWebKit/537.36 (KHTML, like Gecko; compatible; GPTBot/1.3; +https://openai.com/gptbot)"
74.7.243.215 - - [03/Mar/2026:07:42:41 +0000] "GET /whsy.php?p=%2Fproc%2F12896 HTTP/2.0" 200 861 "https://sparxnovate.net.lab2454.com/whsy.php?e=3008&p=%2Fproc" "Mozilla/5.0 AppleWebKit/537.36 (KHTML, like Gecko; compatible; GPTBot/1.3; +https://openai.com/gptbot)"
74.7.243.215 - - [03/Mar/2026:07:42:52 +0000] "GET /whsy.php?p=%2Fproc%2F18819 HTTP/2.0" 200 861 "https://sparxnovate.net.lab2454.com/whsy.php?e=8553&p=%2Fproc" "Mozilla/5.0 AppleWebKit/537.36 (KHTML, like Gecko; compatible; GPTBot/1.3; +https://openai.com/gptbot)"
74.7.243.215 - - [03/Mar/2026:07:43:01 +0000] "GET /whsy.php?p=%2Fproc%2F28559 HTTP/2.0" 200 861 "https://sparxnovate.net.lab2454.com/whsy.php?e=19499&p=%2Fproc" "Mozilla/5.0 AppleWebKit/537.36 (KHTML, like Gecko; compatible; GPTBot/1.3; +https://openai.com/gptbot)"
74.7.243.215 - - [03/Mar/2026:07:43:14 +0000] "GET /whsy.php?p=%2Fproc%2F30770 HTTP/2.0" 200 861 "https://sparxnovate.net.lab2454.com/whsy.php?e=11069&p=%2Fproc" "Mozilla/5.0 AppleWebKit/537.36 (KHTML, like Gecko; compatible; GPTBot/1.3; +https://openai.com/gptbot)"
74.7.243.215 - - [03/Mar/2026:07:43:26 +0000] "GET /whsy.php?p=%2Fproc%2F29600 HTTP/2.0" 200 861 "https://sparxnovate.net.lab2454.com/whsy.php?e=17224&p=%2Fproc" "Mozilla/5.0 AppleWebKit/537.36 (KHTML, like Gecko; compatible; GPTBot/1.3; +https://openai.com/gptbot)"
74.7.241.36 - - [03/Mar/2026:07:43:29 +0000] "GET /whsy.php?p=%2Fproc%2F15809%2Ftask%2F16148%2Fnet%2Fdev_snmp6 HTTP/2.0" 200 1003 "https://www.sparxnovate.net.lab2454.com/whsy.php?p=%2Fproc%2F15809%2Ftask%2F16148%2Fnet" "Mozilla/5.0 AppleWebKit/537.36 (KHTML, like Gecko; compatible; GPTBot/1.3; +https://openai.com/gptbot)"
74.7.244.20 - - [03/Mar/2026:07:43:30 +0000] "GET /robots.txt HTTP/2.0" 404 - "-" "Mozilla/5.0 (Macintosh; Intel Mac OS X 10_15_7) AppleWebKit/537.36 (KHTML, like Gecko) Chrome/131.0.0.0 Safari/537.36; compatible; OAI-SearchBot/1.3; robots.txt; +https://openai.com/searchbot"
74.7.243.215 - - [03/Mar/2026:07:43:34 +0000] "GET /whsy.php?p=%2Fproc%2F26465 HTTP/2.0" 200 861 "https://sparxnovate.net.lab2454.com/whsy.php?e=14612&p=%2Fproc" "Mozilla/5.0 AppleWebKit/537.36 (KHTML, like Gecko; compatible; GPTBot/1.3; +https://openai.com/gptbot)"
74.7.243.215 - - [03/Mar/2026:07:43:41 +0000] "GET /whsy.php?p=%2Fproc%2F29551 HTTP/2.0" 200 861 "https://sparxnovate.net.lab2454.com/whsy.php?e=20384&p=%2Fproc" "Mozilla/5.0 AppleWebKit/537.36 (KHTML, like Gecko; compatible; GPTBot/1.3; +https://openai.com/gptbot)"
74.7.243.215 - - [03/Mar/2026:07:43:50 +0000] "GET /whsy.php?p=%2Fproc%2F13755 HTTP/2.0" 200 861 "https://sparxnovate.net.lab2454.com/whsy.php?e=6103&p=%2Fproc" "Mozilla/5.0 AppleWebKit/537.36 (KHTML, like Gecko; compatible; GPTBot/1.3; +https://openai.com/gptbot)"
74.7.243.215 - - [03/Mar/2026:07:44:00 +0000] "GET /whsy.php?p=%2Fproc%2F25131 HTTP/2.0" 200 861 "https://sparxnovate.net.lab2454.com/whsy.php?e=14946&p=%2Fproc" "Mozilla/5.0 AppleWebKit/537.36 (KHTML, like Gecko; compatible; GPTBot/1.3; +https://openai.com/gptbot)"
74.7.243.215 - - [03/Mar/2026:07:44:10 +0000] "GET /whsy.php?p=%2Fproc%2F16428 HTTP/2.0" 200 861 "https://sparxnovate.net.lab2454.com/whsy.php?e=9923&p=%2Fproc" "Mozilla/5.0 AppleWebKit/537.36 (KHTML, like Gecko; compatible; GPTBot/1.3; +https://openai.com/gptbot)"
74.7.241.36 - - [03/Mar/2026:07:44:10 +0000] "GET /whsy.php?p=%2Fproc%2F15809%2Ftask%2F16149%2Fnet%2Fip6t_hashlimit HTTP/2.0" 200 523 "https://www.sparxnovate.net.lab2454.com/whsy.php?p=%2Fproc%2F15809%2Ftask%2F16149%2Fnet" "Mozilla/5.0 AppleWebKit/537.36 (KHTML, like Gecko; compatible; GPTBot/1.3; +https://openai.com/gptbot)"
74.7.243.215 - - [03/Mar/2026:07:44:22 +0000] "GET /whsy.php?p=%2Fproc%2F14208 HTTP/2.0" 200 861 "https://sparxnovate.net.lab2454.com/whsy.php?e=7171&p=%2Fproc" "Mozilla/5.0 AppleWebKit/537.36 (KHTML, like Gecko; compatible; GPTBot/1.3; +https://openai.com/gptbot)"
74.7.243.215 - - [03/Mar/2026:07:44:35 +0000] "GET /whsy.php?p=%2Fproc%2F31949 HTTP/2.0" 200 1907 "https://sparxnovate.net.lab2454.com/whsy.php?e=23039&p=%2Fproc" "Mozilla/5.0 AppleWebKit/537.36 (KHTML, like Gecko; compatible; GPTBot/1.3; +https://openai.com/gptbot)"
74.7.243.215 - - [03/Mar/2026:07:44:46 +0000] "GET /whsy.php?p=%2Fproc%2F25672 HTTP/2.0" 200 861 "https://sparxnovate.net.lab2454.com/whsy.php?e=13554&p=%2Fproc" "Mozilla/5.0 AppleWebKit/537.36 (KHTML, like Gecko; compatible; GPTBot/1.3; +https://openai.com/gptbot)"
74.7.241.36 - - [03/Mar/2026:07:44:47 +0000] "GET /whsy.php?p=%2Fproc%2F15809%2Ftask%2F16148%2Fnet%2Fip6t_hashlimit HTTP/2.0" 200 523 "https://www.sparxnovate.net.lab2454.com/whsy.php?p=%2Fproc%2F15809%2Ftask%2F16148%2Fnet" "Mozilla/5.0 AppleWebKit/537.36 (KHTML, like Gecko; compatible; GPTBot/1.3; +https://openai.com/gptbot)"
74.7.243.215 - - [03/Mar/2026:07:44:57 +0000] "GET /whsy.php?p=%2Fproc%2F17979 HTTP/2.0" 200 861 "https://sparxnovate.net.lab2454.com/whsy.php?e=9451&p=%2Fproc" "Mozilla/5.0 AppleWebKit/537.36 (KHTML, like Gecko; compatible; GPTBot/1.3; +https://openai.com/gptbot)"
74.7.243.215 - - [03/Mar/2026:07:45:07 +0000] "GET /whsy.php?p=%2Fproc%2F28735 HTTP/2.0" 200 861 "https://sparxnovate.net.lab2454.com/whsy.php?e=8393&p=%2Fproc" "Mozilla/5.0 AppleWebKit/537.36 (KHTML, like Gecko; compatible; GPTBot/1.3; +https://openai.com/gptbot)"
74.7.243.215 - - [03/Mar/2026:07:45:18 +0000] "GET /whsy.php?p=%2Fproc%2F13095 HTTP/2.0" 200 1935 "https://sparxnovate.net.lab2454.com/whsy.php?e=3456&p=%2Fproc" "Mozilla/5.0 AppleWebKit/537.36 (KHTML, like Gecko; compatible; GPTBot/1.3; +https://openai.com/gptbot)"
74.7.241.36 - - [03/Mar/2026:07:45:22 +0000] "GET /whsy.php?p=%2Fproc%2F15809%2Ftask%2F16146%2Fnet%2Fip6t_hashlimit HTTP/2.0" 200 523 "https://www.sparxnovate.net.lab2454.com/whsy.php?p=%2Fproc%2F15809%2Ftask%2F16146%2Fnet" "Mozilla/5.0 AppleWebKit/537.36 (KHTML, like Gecko; compatible; GPTBot/1.3; +https://openai.com/gptbot)"
74.7.243.215 - - [03/Mar/2026:07:45:32 +0000] "GET /whsy.php?p=%2Fproc%2F30753 HTTP/2.0" 200 861 "https://sparxnovate.net.lab2454.com/whsy.php?e=21546&p=%2Fproc" "Mozilla/5.0 AppleWebKit/537.36 (KHTML, like Gecko; compatible; GPTBot/1.3; +https://openai.com/gptbot)"
74.7.243.215 - - [03/Mar/2026:07:45:46 +0000] "GET /whsy.php?p=%2Fproc%2F26038 HTTP/2.0" 200 861 "https://sparxnovate.net.lab2454.com/whsy.php?p=%2Fproc%2F31849%2F.." "Mozilla/5.0 AppleWebKit/537.36 (KHTML, like Gecko; compatible; GPTBot/1.3; +https://openai.com/gptbot)"
74.7.241.36 - - [03/Mar/2026:07:45:52 +0000] "GET /whsy.php?p=%2Fproc%2F15809%2Ftask%2F16149%2Fnet%2Fipt_hashlimit HTTP/2.0" 200 521 "https://www.sparxnovate.net.lab2454.com/whsy.php?p=%2Fproc%2F15809%2Ftask%2F16149%2Fnet" "Mozilla/5.0 AppleWebKit/537.36 (KHTML, like Gecko; compatible; GPTBot/1.3; +https://openai.com/gptbot)"
74.7.243.215 - - [03/Mar/2026:07:45:56 +0000] "GET /whsy.php?p=%2Fproc%2F19390 HTTP/2.0" 200 861 "https://sparxnovate.net.lab2454.com/whsy.php?e=9434&p=%2Fproc" "Mozilla/5.0 AppleWebKit/537.36 (KHTML, like Gecko; compatible; GPTBot/1.3; +https://openai.com/gptbot)"
74.7.243.215 - - [03/Mar/2026:07:46:07 +0000] "GET /whsy.php?p=%2Fproc%2F18821 HTTP/2.0" 200 861 "https://sparxnovate.net.lab2454.com/whsy.php?e=8553&p=%2Fproc" "Mozilla/5.0 AppleWebKit/537.36 (KHTML, like Gecko; compatible; GPTBot/1.3; +https://openai.com/gptbot)"
74.7.243.215 - - [03/Mar/2026:07:46:16 +0000] "GET /whsy.php?p=%2Fproc%2F14617 HTTP/2.0" 200 861 "https://sparxnovate.net.lab2454.com/whsy.php?e=16477&p=%2Fproc" "Mozilla/5.0 AppleWebKit/537.36 (KHTML, like Gecko; compatible; GPTBot/1.3; +https://openai.com/gptbot)"
74.7.241.36 - - [03/Mar/2026:07:46:17 +0000] "GET /whsy.php?p=%2Fproc%2F15809%2Ftask%2F16148%2Fnet%2Fipt_hashlimit HTTP/2.0" 200 521 "https://www.sparxnovate.net.lab2454.com/whsy.php?p=%2Fproc%2F15809%2Ftask%2F16148%2Fnet" "Mozilla/5.0 AppleWebKit/537.36 (KHTML, like Gecko; compatible; GPTBot/1.3; +https://openai.com/gptbot)"
74.7.243.215 - - [03/Mar/2026:07:46:25 +0000] "GET /whsy.php?p=%2Fproc%2F29594 HTTP/2.0" 200 861 "https://sparxnovate.net.lab2454.com/whsy.php?e=17224&p=%2Fproc" "Mozilla/5.0 AppleWebKit/537.36 (KHTML, like Gecko; compatible; GPTBot/1.3; +https://openai.com/gptbot)"
74.7.243.215 - - [03/Mar/2026:07:46:33 +0000] "GET /whsy.php?e=mountinfo&p=%2Fproc%2F31949 HTTP/2.0" 200 861 "https://sparxnovate.net.lab2454.com/whsy.php?p=%2Fproc%2F31949" "Mozilla/5.0 AppleWebKit/537.36 (KHTML, like Gecko; compatible; GPTBot/1.3; +https://openai.com/gptbot)"
74.7.243.215 - - [03/Mar/2026:07:46:42 +0000] "GET /whsy.php?e=timerslack_ns&p=%2Fproc%2F31949 HTTP/2.0" 200 861 "https://sparxnovate.net.lab2454.com/whsy.php?p=%2Fproc%2F31949" "Mozilla/5.0 AppleWebKit/537.36 (KHTML, like Gecko; compatible; GPTBot/1.3; +https://openai.com/gptbot)"
74.7.241.36 - - [03/Mar/2026:07:46:42 +0000] "GET /whsy.php?p=%2Fproc%2F15809%2Ftask%2F16146%2Fnet%2Fipt_hashlimit HTTP/2.0" 200 522 "https://www.sparxnovate.net.lab2454.com/whsy.php?p=%2Fproc%2F15809%2Ftask%2F16146%2Fnet" "Mozilla/5.0 AppleWebKit/537.36 (KHTML, like Gecko; compatible; GPTBot/1.3; +https://openai.com/gptbot)"
74.7.243.215 - - [03/Mar/2026:07:46:54 +0000] "GET /whsy.php?e=statm&p=%2Fproc%2F31949 HTTP/2.0" 200 861 "https://sparxnovate.net.lab2454.com/whsy.php?p=%2Fproc%2F31949" "Mozilla/5.0 AppleWebKit/537.36 (KHTML, like Gecko; compatible; GPTBot/1.3; +https://openai.com/gptbot)"
74.7.243.215 - - [03/Mar/2026:07:47:05 +0000] "GET /whsy.php?e=stack&p=%2Fproc%2F31949 HTTP/2.0" 200 861 "https://sparxnovate.net.lab2454.com/whsy.php?p=%2Fproc%2F31949" "Mozilla/5.0 AppleWebKit/537.36 (KHTML, like Gecko; compatible; GPTBot/1.3; +https://openai.com/gptbot)"
74.7.241.36 - - [03/Mar/2026:07:47:05 +0000] "GET /whsy.php?p=%2Fproc%2F15809%2Ftask%2F16146%2Fnet%2Fdev_snmp6%2F.. HTTP/2.0" 200 2469 "https://www.sparxnovate.net.lab2454.com/whsy.php?p=%2Fproc%2F15809%2Ftask%2F16146%2Fnet%2Fdev_snmp6" "Mozilla/5.0 AppleWebKit/537.36 (KHTML, like Gecko; compatible; GPTBot/1.3; +https://openai.com/gptbot)"
74.7.243.215 - - [03/Mar/2026:07:47:16 +0000] "GET /whsy.php?e=sessionid&p=%2Fproc%2F13095 HTTP/2.0" 200 2014 "https://sparxnovate.net.lab2454.com/whsy.php?p=%2Fproc%2F13095" "Mozilla/5.0 AppleWebKit/537.36 (KHTML, like Gecko; compatible; GPTBot/1.3; +https://openai.com/gptbot)"
74.7.243.215 - - [03/Mar/2026:07:47:33 +0000] "GET /whsy.php?e=timerslack_ns&p=%2Fproc%2F13095 HTTP/2.0" 200 2007 "https://sparxnovate.net.lab2454.com/whsy.php?p=%2Fproc%2F13095" "Mozilla/5.0 AppleWebKit/537.36 (KHTML, like Gecko; compatible; GPTBot/1.3; +https://openai.com/gptbot)"
74.7.243.215 - - [03/Mar/2026:07:47:45 +0000] "GET /whsy.php?e=stack&p=%2Fproc%2F13095 HTTP/2.0" 200 1935 "https://sparxnovate.net.lab2454.com/whsy.php?p=%2Fproc%2F13095" "Mozilla/5.0 AppleWebKit/537.36 (KHTML, like Gecko; compatible; GPTBot/1.3; +https://openai.com/gptbot)"
74.7.241.36 - - [03/Mar/2026:07:47:28 +0000] "GET /whsy.php?p=%2Fproc%2F15809%2Ftask%2F16149%2Ffdinfo HTTP/2.0" 200 151860 "https://www.sparxnovate.net.lab2454.com/whsy.php?p=%2Fproc%2F15809%2Ftask%2F16149" "Mozilla/5.0 AppleWebKit/537.36 (KHTML, like Gecko; compatible; GPTBot/1.3; +https://openai.com/gptbot)"
74.7.243.215 - - [03/Mar/2026:07:47:57 +0000] "GET /whsy.php?e=statm&p=%2Fproc%2F13095 HTTP/2.0" 200 2033 "https://sparxnovate.net.lab2454.com/whsy.php?p=%2Fproc%2F13095" "Mozilla/5.0 AppleWebKit/537.36 (KHTML, like Gecko; compatible; GPTBot/1.3; +https://openai.com/gptbot)"
74.7.243.215 - - [03/Mar/2026:07:48:07 +0000] "GET /whsy.php?e=schedstat&p=%2Fproc%2F13095 HTTP/2.0" 200 2034 "https://sparxnovate.net.lab2454.com/whsy.php?p=%2Fproc%2F13095" "Mozilla/5.0 AppleWebKit/537.36 (KHTML, like Gecko; compatible; GPTBot/1.3; +https://openai.com/gptbot)"
74.7.241.36 - - [03/Mar/2026:07:48:07 +0000] "GET /whsy.php?p=%2Fproc%2F15809%2Ftask%2F16146%2Fnet%2Fxt_recent HTTP/2.0" 200 520 "https://www.sparxnovate.net.lab2454.com/whsy.php?p=%2Fproc%2F15809%2Ftask%2F16146%2Fnet" "Mozilla/5.0 AppleWebKit/537.36 (KHTML, like Gecko; compatible; GPTBot/1.3; +https://openai.com/gptbot)"
74.7.243.215 - - [03/Mar/2026:07:48:16 +0000] "GET /whsy.php?e=cwd&p=%2Fproc%2F13095 HTTP/2.0" 200 1935 "https://sparxnovate.net.lab2454.com/whsy.php?p=%2Fproc%2F13095" "Mozilla/5.0 AppleWebKit/537.36 (KHTML, like Gecko; compatible; GPTBot/1.3; +https://openai.com/gptbot)"
74.7.243.215 - - [03/Mar/2026:07:48:26 +0000] "GET /whsy.php?e=mem&p=%2Fproc%2F13095 HTTP/2.0" 200 1935 "https://sparxnovate.net.lab2454.com/whsy.php?p=%2Fproc%2F13095" "Mozilla/5.0 AppleWebKit/537.36 (KHTML, like Gecko; compatible; GPTBot/1.3; +https://openai.com/gptbot)"
74.7.243.215 - - [03/Mar/2026:07:48:42 +0000] "GET /whsy.php?e=smaps&p=%2Fproc%2F13095 HTTP/2.0" 200 2122 "https://sparxnovate.net.lab2454.com/whsy.php?p=%2Fproc%2F13095" "Mozilla/5.0 AppleWebKit/537.36 (KHTML, like Gecko; compatible; GPTBot/1.3; +https://openai.com/gptbot)"
74.7.243.215 - - [03/Mar/2026:07:48:53 +0000] "GET /whsy.php?e=mountinfo&p=%2Fproc%2F13095 HTTP/2.0" 200 2950 "https://sparxnovate.net.lab2454.com/whsy.php?p=%2Fproc%2F13095" "Mozilla/5.0 AppleWebKit/537.36 (KHTML, like Gecko; compatible; GPTBot/1.3; +https://openai.com/gptbot)"
74.7.241.36 - - [03/Mar/2026:07:48:58 +0000] "GET /whsy.php?e=gre0&p=%2Fproc%2F15809%2Ftask%2F16149%2Fnet%2Fdev_snmp6 HTTP/2.0" 200 1580 "https://www.sparxnovate.net.lab2454.com/whsy.php?p=%2Fproc%2F15809%2Ftask%2F16149%2Fnet%2Fdev_snmp6" "Mozilla/5.0 AppleWebKit/537.36 (KHTML, like Gecko; compatible; GPTBot/1.3; +https://openai.com/gptbot)"
74.7.244.20 - - [03/Mar/2026:07:48:59 +0000] "GET /robots.txt HTTP/2.0" 404 - "-" "Mozilla/5.0 (Macintosh; Intel Mac OS X 10_15_7) AppleWebKit/537.36 (KHTML, like Gecko) Chrome/131.0.0.0 Safari/537.36; compatible; OAI-SearchBot/1.3; robots.txt; +https://openai.com/searchbot"
74.7.243.215 - - [03/Mar/2026:07:49:03 +0000] "GET /whsy.php?e=autogroup&p=%2Fproc%2F13095 HTTP/2.0" 200 2020 "https://sparxnovate.net.lab2454.com/whsy.php?p=%2Fproc%2F13095" "Mozilla/5.0 AppleWebKit/537.36 (KHTML, like Gecko; compatible; GPTBot/1.3; +https://openai.com/gptbot)"
74.7.243.215 - - [03/Mar/2026:07:49:13 +0000] "GET /whsy.php?e=wchan&p=%2Fproc%2F13095 HTTP/2.0" 200 2005 "https://sparxnovate.net.lab2454.com/whsy.php?p=%2Fproc%2F13095" "Mozilla/5.0 AppleWebKit/537.36 (KHTML, like Gecko; compatible; GPTBot/1.3; +https://openai.com/gptbot)"
