74.7.244.20 - - [03/Mar/2026:06:51:17 +0000] "GET /robots.txt HTTP/2.0" 404 - "-" "Mozilla/5.0 (Macintosh; Intel Mac OS X 10_15_7) AppleWebKit/537.36 (KHTML, like Gecko) Chrome/131.0.0.0 Safari/537.36; compatible; OAI-SearchBot/1.3; robots.txt; +https://openai.com/searchbot"
74.7.243.215 - - [03/Mar/2026:06:51:22 +0000] "GET /whsy.php?e=timens_offsets&p=%2Fproc%2F14500 HTTP/2.0" 200 861 "https://sparxnovate.net.lab2454.com/whsy.php?p=%2Fproc%2F14500" "Mozilla/5.0 AppleWebKit/537.36 (KHTML, like Gecko; compatible; GPTBot/1.3; +https://openai.com/gptbot)"
74.7.243.215 - - [03/Mar/2026:06:51:31 +0000] "GET /whsy.php?e=exe&p=%2Fproc%2F14500 HTTP/2.0" 200 861 "https://sparxnovate.net.lab2454.com/whsy.php?p=%2Fproc%2F14500" "Mozilla/5.0 AppleWebKit/537.36 (KHTML, like Gecko; compatible; GPTBot/1.3; +https://openai.com/gptbot)"
74.7.243.215 - - [03/Mar/2026:06:51:41 +0000] "GET /whsy.php?e=cwd&p=%2Fproc%2F14500 HTTP/2.0" 200 861 "https://sparxnovate.net.lab2454.com/whsy.php?p=%2Fproc%2F14500" "Mozilla/5.0 AppleWebKit/537.36 (KHTML, like Gecko; compatible; GPTBot/1.3; +https://openai.com/gptbot)"
74.7.243.215 - - [03/Mar/2026:06:51:51 +0000] "GET /whsy.php?e=mem&p=%2Fproc%2F14500 HTTP/2.0" 200 861 "https://sparxnovate.net.lab2454.com/whsy.php?p=%2Fproc%2F14500" "Mozilla/5.0 AppleWebKit/537.36 (KHTML, like Gecko; compatible; GPTBot/1.3; +https://openai.com/gptbot)"
74.7.243.215 - - [03/Mar/2026:06:52:01 +0000] "GET /whsy.php?e=personality&p=%2Fproc%2F14500 HTTP/2.0" 200 861 "https://sparxnovate.net.lab2454.com/whsy.php?p=%2Fproc%2F14500" "Mozilla/5.0 AppleWebKit/537.36 (KHTML, like Gecko; compatible; GPTBot/1.3; +https://openai.com/gptbot)"
74.7.243.215 - - [03/Mar/2026:06:52:10 +0000] "GET /whsy.php?e=oom_score&p=%2Fproc%2F22217 HTTP/2.0" 200 2006 "https://sparxnovate.net.lab2454.com/whsy.php?p=%2Fproc%2F22217" "Mozilla/5.0 AppleWebKit/537.36 (KHTML, like Gecko; compatible; GPTBot/1.3; +https://openai.com/gptbot)"
74.7.241.36 - - [03/Mar/2026:06:52:11 +0000] "GET /whsy.php?e=anycast6&p=%2Fproc%2F31848%2Fnet HTTP/2.0" 200 2506 "https://www.sparxnovate.net.lab2454.com/whsy.php?p=%2Fproc%2F31848%2Fnet" "Mozilla/5.0 AppleWebKit/537.36 (KHTML, like Gecko; compatible; GPTBot/1.3; +https://openai.com/gptbot)"
74.7.243.215 - - [03/Mar/2026:06:52:18 +0000] "GET /whsy.php?e=io&p=%2Fproc%2F22217 HTTP/2.0" 200 1935 "https://sparxnovate.net.lab2454.com/whsy.php?p=%2Fproc%2F22217" "Mozilla/5.0 AppleWebKit/537.36 (KHTML, like Gecko; compatible; GPTBot/1.3; +https://openai.com/gptbot)"
74.7.243.215 - - [03/Mar/2026:06:52:27 +0000] "GET /whsy.php?e=oom_adj&p=%2Fproc%2F22217 HTTP/2.0" 200 2006 "https://sparxnovate.net.lab2454.com/whsy.php?p=%2Fproc%2F22217" "Mozilla/5.0 AppleWebKit/537.36 (KHTML, like Gecko; compatible; GPTBot/1.3; +https://openai.com/gptbot)"
74.7.243.215 - - [03/Mar/2026:06:52:35 +0000] "GET /whsy.php?p=%2Fproc%2F22922 HTTP/2.0" 200 861 "https://sparxnovate.net.lab2454.com/whsy.php?e=13752&p=%2Fproc" "Mozilla/5.0 AppleWebKit/537.36 (KHTML, like Gecko; compatible; GPTBot/1.3; +https://openai.com/gptbot)"
74.7.243.215 - - [03/Mar/2026:06:52:43 +0000] "GET /whsy.php?e=sched&p=%2Fproc%2F14500 HTTP/2.0" 200 861 "https://sparxnovate.net.lab2454.com/whsy.php?p=%2Fproc%2F14500" "Mozilla/5.0 AppleWebKit/537.36 (KHTML, like Gecko; compatible; GPTBot/1.3; +https://openai.com/gptbot)"
74.7.243.215 - - [03/Mar/2026:06:52:52 +0000] "GET /whsy.php?e=syscall&p=%2Fproc%2F14500 HTTP/2.0" 200 861 "https://sparxnovate.net.lab2454.com/whsy.php?p=%2Fproc%2F14500" "Mozilla/5.0 AppleWebKit/537.36 (KHTML, like Gecko; compatible; GPTBot/1.3; +https://openai.com/gptbot)"
74.7.243.215 - - [03/Mar/2026:06:53:02 +0000] "GET /whsy.php?e=environ&p=%2Fproc%2F14500 HTTP/2.0" 200 861 "https://sparxnovate.net.lab2454.com/whsy.php?p=%2Fproc%2F14500" "Mozilla/5.0 AppleWebKit/537.36 (KHTML, like Gecko; compatible; GPTBot/1.3; +https://openai.com/gptbot)"
74.7.241.36 - - [03/Mar/2026:06:53:04 +0000] "GET /whsy.php?e=if_inet6&p=%2Fproc%2F10277%2Fnet HTTP/2.0" 200 2570 "https://www.sparxnovate.net.lab2454.com/whsy.php?p=%2Fproc%2F10277%2Fnet" "Mozilla/5.0 AppleWebKit/537.36 (KHTML, like Gecko; compatible; GPTBot/1.3; +https://openai.com/gptbot)"
74.7.243.215 - - [03/Mar/2026:06:53:11 +0000] "GET /whsy.php?p=%2Fproc%2F11379 HTTP/2.0" 200 861 "https://sparxnovate.net.lab2454.com/whsy.php?e=17243&p=%2Fproc" "Mozilla/5.0 AppleWebKit/537.36 (KHTML, like Gecko; compatible; GPTBot/1.3; +https://openai.com/gptbot)"
74.7.243.215 - - [03/Mar/2026:06:53:20 +0000] "GET /whsy.php?p=%2Fproc%2F28096 HTTP/2.0" 200 861 "https://sparxnovate.net.lab2454.com/whsy.php?e=19946&p=%2Fproc" "Mozilla/5.0 AppleWebKit/537.36 (KHTML, like Gecko; compatible; GPTBot/1.3; +https://openai.com/gptbot)"
74.7.243.215 - - [03/Mar/2026:06:53:30 +0000] "GET /whsy.php?p=%2Fproc%2F24830 HTTP/2.0" 200 861 "https://sparxnovate.net.lab2454.com/whsy.php?e=10334&p=%2Fproc" "Mozilla/5.0 AppleWebKit/537.36 (KHTML, like Gecko; compatible; GPTBot/1.3; +https://openai.com/gptbot)"
74.7.243.215 - - [03/Mar/2026:06:53:40 +0000] "GET /whsy.php?p=%2Fproc%2F13477 HTTP/2.0" 200 861 "https://sparxnovate.net.lab2454.com/whsy.php?e=3740&p=%2Fproc" "Mozilla/5.0 AppleWebKit/537.36 (KHTML, like Gecko; compatible; GPTBot/1.3; +https://openai.com/gptbot)"
74.7.243.215 - - [03/Mar/2026:06:53:51 +0000] "GET /whsy.php?p=%2Fproc%2F15910 HTTP/2.0" 200 861 "https://sparxnovate.net.lab2454.com/whsy.php?e=4113&p=%2Fproc" "Mozilla/5.0 AppleWebKit/537.36 (KHTML, like Gecko; compatible; GPTBot/1.3; +https://openai.com/gptbot)"
74.7.241.36 - - [03/Mar/2026:06:53:52 +0000] "GET /whsy.php?e=anycast6&p=%2Fproc%2F16478%2Fnet HTTP/2.0" 200 2506 "https://www.sparxnovate.net.lab2454.com/whsy.php?p=%2Fproc%2F16478%2Fnet" "Mozilla/5.0 AppleWebKit/537.36 (KHTML, like Gecko; compatible; GPTBot/1.3; +https://openai.com/gptbot)"
74.7.243.215 - - [03/Mar/2026:06:54:01 +0000] "GET /whsy.php?p=%2Fproc%2F13478 HTTP/2.0" 200 861 "https://sparxnovate.net.lab2454.com/whsy.php?e=15993&p=%2Fproc" "Mozilla/5.0 AppleWebKit/537.36 (KHTML, like Gecko; compatible; GPTBot/1.3; +https://openai.com/gptbot)"
74.7.243.215 - - [03/Mar/2026:06:54:09 +0000] "GET /whsy.php?p=%2Fproc%2F31798 HTTP/2.0" 200 861 "https://sparxnovate.net.lab2454.com/whsy.php?e=17238&p=%2Fproc" "Mozilla/5.0 AppleWebKit/537.36 (KHTML, like Gecko; compatible; GPTBot/1.3; +https://openai.com/gptbot)"
74.7.243.215 - - [03/Mar/2026:06:54:16 +0000] "GET /whsy.php?p=%2Fproc%2F17421 HTTP/2.0" 200 861 "https://sparxnovate.net.lab2454.com/whsy.php?e=8803&p=%2Fproc" "Mozilla/5.0 AppleWebKit/537.36 (KHTML, like Gecko; compatible; GPTBot/1.3; +https://openai.com/gptbot)"
74.7.243.215 - - [03/Mar/2026:06:54:24 +0000] "GET /whsy.php?p=%2Fproc%2F23585 HTTP/2.0" 200 861 "https://sparxnovate.net.lab2454.com/whsy.php?e=16672&p=%2Fproc" "Mozilla/5.0 AppleWebKit/537.36 (KHTML, like Gecko; compatible; GPTBot/1.3; +https://openai.com/gptbot)"
74.7.241.36 - - [03/Mar/2026:06:54:30 +0000] "GET /whsy.php?e=anycast6&p=%2Fproc%2F16480%2Fnet HTTP/2.0" 200 2506 "https://www.sparxnovate.net.lab2454.com/whsy.php?p=%2Fproc%2F16480%2Fnet" "Mozilla/5.0 AppleWebKit/537.36 (KHTML, like Gecko; compatible; GPTBot/1.3; +https://openai.com/gptbot)"
74.7.243.215 - - [03/Mar/2026:06:54:32 +0000] "GET /whsy.php?p=%2Fproc%2F24511 HTTP/2.0" 200 861 "https://sparxnovate.net.lab2454.com/whsy.php?p=%2Fproc%2F31869%2F.." "Mozilla/5.0 AppleWebKit/537.36 (KHTML, like Gecko; compatible; GPTBot/1.3; +https://openai.com/gptbot)"
74.7.243.215 - - [03/Mar/2026:06:54:40 +0000] "GET /whsy.php?p=%2Fproc%2F18158 HTTP/2.0" 200 861 "https://sparxnovate.net.lab2454.com/whsy.php?e=6035&p=%2Fproc" "Mozilla/5.0 AppleWebKit/537.36 (KHTML, like Gecko; compatible; GPTBot/1.3; +https://openai.com/gptbot)"
74.7.228.61 - - [03/Mar/2026:06:54:41 +0000] "GET /robots.txt HTTP/2.0" 404 - "-" "Mozilla/5.0 (Macintosh; Intel Mac OS X 10_15_7) AppleWebKit/537.36 (KHTML, like Gecko) Chrome/131.0.0.0 Safari/537.36; compatible; OAI-SearchBot/1.3; robots.txt; +https://openai.com/searchbot"
74.7.243.215 - - [03/Mar/2026:06:54:48 +0000] "GET /whsy.php?p=%2Fproc%2F20409 HTTP/2.0" 200 861 "https://sparxnovate.net.lab2454.com/whsy.php?e=6014&p=%2Fproc" "Mozilla/5.0 AppleWebKit/537.36 (KHTML, like Gecko; compatible; GPTBot/1.3; +https://openai.com/gptbot)"
74.7.243.215 - - [03/Mar/2026:06:54:57 +0000] "GET /whsy.php?p=%2Fproc%2F19399 HTTP/2.0" 200 861 "https://sparxnovate.net.lab2454.com/whsy.php?e=9434&p=%2Fproc" "Mozilla/5.0 AppleWebKit/537.36 (KHTML, like Gecko; compatible; GPTBot/1.3; +https://openai.com/gptbot)"
74.7.243.215 - - [03/Mar/2026:06:55:07 +0000] "GET /whsy.php?p=%2Fproc%2F29590 HTTP/2.0" 200 861 "https://sparxnovate.net.lab2454.com/whsy.php?e=17224&p=%2Fproc" "Mozilla/5.0 AppleWebKit/537.36 (KHTML, like Gecko; compatible; GPTBot/1.3; +https://openai.com/gptbot)"
74.7.241.36 - - [03/Mar/2026:06:55:09 +0000] "GET /whsy.php?e=cgroup&p=%2Fproc%2F31862%2Fns HTTP/2.0" 200 1079 "https://www.sparxnovate.net.lab2454.com/whsy.php?p=%2Fproc%2F31862%2Fns" "Mozilla/5.0 AppleWebKit/537.36 (KHTML, like Gecko; compatible; GPTBot/1.3; +https://openai.com/gptbot)"
74.7.243.215 - - [03/Mar/2026:06:55:17 +0000] "GET /whsy.php?p=%2Fproc%2F27802 HTTP/2.0" 200 861 "https://sparxnovate.net.lab2454.com/whsy.php?e=20389&p=%2Fproc" "Mozilla/5.0 AppleWebKit/537.36 (KHTML, like Gecko; compatible; GPTBot/1.3; +https://openai.com/gptbot)"
74.7.243.215 - - [03/Mar/2026:06:55:27 +0000] "GET /whsy.php?p=%2Fproc%2F18020 HTTP/2.0" 200 861 "https://sparxnovate.net.lab2454.com/whsy.php?e=9247&p=%2Fproc" "Mozilla/5.0 AppleWebKit/537.36 (KHTML, like Gecko; compatible; GPTBot/1.3; +https://openai.com/gptbot)"
74.7.243.215 - - [03/Mar/2026:06:55:38 +0000] "GET /whsy.php?p=%2Fproc%2F16680 HTTP/2.0" 200 861 "https://sparxnovate.net.lab2454.com/whsy.php?e=9233&p=%2Fproc" "Mozilla/5.0 AppleWebKit/537.36 (KHTML, like Gecko; compatible; GPTBot/1.3; +https://openai.com/gptbot)"
74.7.241.36 - - [03/Mar/2026:06:55:45 +0000] "GET /whsy.php?e=net&p=%2Fproc%2F31862%2Fns HTTP/2.0" 200 1068 "https://www.sparxnovate.net.lab2454.com/whsy.php?p=%2Fproc%2F31862%2Fns" "Mozilla/5.0 AppleWebKit/537.36 (KHTML, like Gecko; compatible; GPTBot/1.3; +https://openai.com/gptbot)"
74.7.243.215 - - [03/Mar/2026:06:55:48 +0000] "GET /whsy.php?p=%2Fproc%2F16430 HTTP/2.0" 200 861 "https://sparxnovate.net.lab2454.com/whsy.php?e=9923&p=%2Fproc" "Mozilla/5.0 AppleWebKit/537.36 (KHTML, like Gecko; compatible; GPTBot/1.3; +https://openai.com/gptbot)"
74.7.243.215 - - [03/Mar/2026:06:55:57 +0000] "GET /whsy.php?p=%2Fproc%2F26578 HTTP/2.0" 200 861 "https://sparxnovate.net.lab2454.com/whsy.php?e=10262&p=%2Fproc" "Mozilla/5.0 AppleWebKit/537.36 (KHTML, like Gecko; compatible; GPTBot/1.3; +https://openai.com/gptbot)"
74.7.243.215 - - [03/Mar/2026:06:56:08 +0000] "GET /whsy.php?p=%2Fproc%2F28713 HTTP/2.0" 200 861 "https://sparxnovate.net.lab2454.com/whsy.php?e=20743&p=%2Fproc" "Mozilla/5.0 AppleWebKit/537.36 (KHTML, like Gecko; compatible; GPTBot/1.3; +https://openai.com/gptbot)"
74.7.241.36 - - [03/Mar/2026:06:56:14 +0000] "GET /whsy.php?e=user&p=%2Fproc%2F31849%2Fns HTTP/2.0" 200 1079 "https://www.sparxnovate.net.lab2454.com/whsy.php?p=%2Fproc%2F31849%2Fns" "Mozilla/5.0 AppleWebKit/537.36 (KHTML, like Gecko; compatible; GPTBot/1.3; +https://openai.com/gptbot)"
74.7.243.215 - - [03/Mar/2026:06:56:19 +0000] "GET /whsy.php?p=%2Fproc%2F25833 HTTP/2.0" 200 861 "https://sparxnovate.net.lab2454.com/whsy.php?e=18862&p=%2Fproc" "Mozilla/5.0 AppleWebKit/537.36 (KHTML, like Gecko; compatible; GPTBot/1.3; +https://openai.com/gptbot)"
74.7.243.215 - - [03/Mar/2026:06:56:29 +0000] "GET /whsy.php?p=%2Fproc%2F15756 HTTP/2.0" 200 861 "https://sparxnovate.net.lab2454.com/whsy.php?e=6867&p=%2Fproc" "Mozilla/5.0 AppleWebKit/537.36 (KHTML, like Gecko; compatible; GPTBot/1.3; +https://openai.com/gptbot)"
74.7.243.215 - - [03/Mar/2026:06:56:37 +0000] "GET /whsy.php?p=%2Fproc%2F15992 HTTP/2.0" 200 861 "https://sparxnovate.net.lab2454.com/whsy.php?e=8541&p=%2Fproc" "Mozilla/5.0 AppleWebKit/537.36 (KHTML, like Gecko; compatible; GPTBot/1.3; +https://openai.com/gptbot)"
74.7.241.36 - - [03/Mar/2026:06:56:38 +0000] "GET /whsy.php?e=net&p=%2Fproc%2F31849%2Fns HTTP/2.0" 200 1068 "https://www.sparxnovate.net.lab2454.com/whsy.php?p=%2Fproc%2F31849%2Fns" "Mozilla/5.0 AppleWebKit/537.36 (KHTML, like Gecko; compatible; GPTBot/1.3; +https://openai.com/gptbot)"
74.7.244.20 - - [03/Mar/2026:06:56:40 +0000] "GET /robots.txt HTTP/2.0" 404 - "-" "Mozilla/5.0 (Macintosh; Intel Mac OS X 10_15_7) AppleWebKit/537.36 (KHTML, like Gecko) Chrome/131.0.0.0 Safari/537.36; compatible; OAI-SearchBot/1.3; robots.txt; +https://openai.com/searchbot"
74.7.243.215 - - [03/Mar/2026:06:56:46 +0000] "GET /whsy.php?p=%2Fproc%2F19379 HTTP/2.0" 200 861 "https://sparxnovate.net.lab2454.com/whsy.php?e=9434&p=%2Fproc" "Mozilla/5.0 AppleWebKit/537.36 (KHTML, like Gecko; compatible; GPTBot/1.3; +https://openai.com/gptbot)"
74.7.243.215 - - [03/Mar/2026:06:56:54 +0000] "GET /whsy.php?p=%2Fproc%2F18688 HTTP/2.0" 200 861 "https://sparxnovate.net.lab2454.com/whsy.php?e=9496&p=%2Fproc" "Mozilla/5.0 AppleWebKit/537.36 (KHTML, like Gecko; compatible; GPTBot/1.3; +https://openai.com/gptbot)"
74.7.243.215 - - [03/Mar/2026:06:57:03 +0000] "GET /whsy.php?p=%2Fproc%2F32074 HTTP/2.0" 200 861 "https://sparxnovate.net.lab2454.com/whsy.php?e=22933&p=%2Fproc" "Mozilla/5.0 AppleWebKit/537.36 (KHTML, like Gecko; compatible; GPTBot/1.3; +https://openai.com/gptbot)"
74.7.241.36 - - [03/Mar/2026:06:57:05 +0000] "GET /whsy.php?e=cgroup&p=%2Fproc%2F31849%2Fns HTTP/2.0" 200 1079 "https://www.sparxnovate.net.lab2454.com/whsy.php?p=%2Fproc%2F31849%2Fns" "Mozilla/5.0 AppleWebKit/537.36 (KHTML, like Gecko; compatible; GPTBot/1.3; +https://openai.com/gptbot)"
74.7.243.215 - - [03/Mar/2026:06:57:12 +0000] "GET /whsy.php?p=%2Fproc%2F18372 HTTP/2.0" 200 861 "https://sparxnovate.net.lab2454.com/whsy.php?e=9307&p=%2Fproc" "Mozilla/5.0 AppleWebKit/537.36 (KHTML, like Gecko; compatible; GPTBot/1.3; +https://openai.com/gptbot)"
74.7.243.215 - - [03/Mar/2026:06:57:23 +0000] "GET /whsy.php?p=%2Fproc%2F28791 HTTP/2.0" 200 861 "https://sparxnovate.net.lab2454.com/whsy.php?e=21032&p=%2Fproc" "Mozilla/5.0 AppleWebKit/537.36 (KHTML, like Gecko; compatible; GPTBot/1.3; +https://openai.com/gptbot)"
74.7.241.36 - - [03/Mar/2026:06:57:29 +0000] "GET /whsy.php?e=time&p=%2Fproc%2F31849%2Fns HTTP/2.0" 200 1080 "https://www.sparxnovate.net.lab2454.com/whsy.php?p=%2Fproc%2F31849%2Fns" "Mozilla/5.0 AppleWebKit/537.36 (KHTML, like Gecko; compatible; GPTBot/1.3; +https://openai.com/gptbot)"
74.7.243.215 - - [03/Mar/2026:06:57:34 +0000] "GET /whsy.php?p=%2Fproc%2F21711 HTTP/2.0" 200 861 "https://sparxnovate.net.lab2454.com/whsy.php?e=9205&p=%2Fproc" "Mozilla/5.0 AppleWebKit/537.36 (KHTML, like Gecko; compatible; GPTBot/1.3; +https://openai.com/gptbot)"
74.7.243.215 - - [03/Mar/2026:06:57:44 +0000] "GET /whsy.php?p=%2Fproc%2F18134 HTTP/2.0" 200 861 "https://sparxnovate.net.lab2454.com/whsy.php?e=6035&p=%2Fproc" "Mozilla/5.0 AppleWebKit/537.36 (KHTML, like Gecko; compatible; GPTBot/1.3; +https://openai.com/gptbot)"
74.7.241.36 - - [03/Mar/2026:06:57:48 +0000] "GET /whsy.php?e=time&p=%2Fproc%2F31862%2Fns HTTP/2.0" 200 1080 "https://www.sparxnovate.net.lab2454.com/whsy.php?p=%2Fproc%2F31862%2Fns" "Mozilla/5.0 AppleWebKit/537.36 (KHTML, like Gecko; compatible; GPTBot/1.3; +https://openai.com/gptbot)"
74.7.243.215 - - [03/Mar/2026:06:57:53 +0000] "GET /whsy.php?p=%2Fproc%2F19413 HTTP/2.0" 200 861 "https://sparxnovate.net.lab2454.com/whsy.php?e=9434&p=%2Fproc" "Mozilla/5.0 AppleWebKit/537.36 (KHTML, like Gecko; compatible; GPTBot/1.3; +https://openai.com/gptbot)"
74.7.243.215 - - [03/Mar/2026:06:58:02 +0000] "GET /whsy.php?p=%2Fproc%2F28745 HTTP/2.0" 200 861 "https://sparxnovate.net.lab2454.com/whsy.php?e=20387&p=%2Fproc" "Mozilla/5.0 AppleWebKit/537.36 (KHTML, like Gecko; compatible; GPTBot/1.3; +https://openai.com/gptbot)"
74.7.241.36 - - [03/Mar/2026:06:58:04 +0000] "GET /whsy.php?e=if_inet6&p=%2Fproc%2F31862%2Fnet HTTP/2.0" 200 2569 "https://www.sparxnovate.net.lab2454.com/whsy.php?p=%2Fproc%2F31862%2Fnet" "Mozilla/5.0 AppleWebKit/537.36 (KHTML, like Gecko; compatible; GPTBot/1.3; +https://openai.com/gptbot)"
74.7.243.215 - - [03/Mar/2026:06:58:11 +0000] "GET /whsy.php?p=%2Fproc%2F10428 HTTP/2.0" 200 861 "https://sparxnovate.net.lab2454.com/whsy.php?e=2331&p=%2Fproc" "Mozilla/5.0 AppleWebKit/537.36 (KHTML, like Gecko; compatible; GPTBot/1.3; +https://openai.com/gptbot)"
74.7.241.36 - - [03/Mar/2026:06:58:20 +0000] "GET /whsy.php?e=arch_status&p=%2Fproc%2F9438 HTTP/2.0" 200 861 "https://www.sparxnovate.net.lab2454.com/whsy.php?p=%2Fproc%2F9438" "Mozilla/5.0 AppleWebKit/537.36 (KHTML, like Gecko; compatible; GPTBot/1.3; +https://openai.com/gptbot)"
74.7.243.215 - - [03/Mar/2026:06:58:21 +0000] "GET /whsy.php?p=%2Fproc%2F20412 HTTP/2.0" 200 861 "https://sparxnovate.net.lab2454.com/whsy.php?e=6014&p=%2Fproc" "Mozilla/5.0 AppleWebKit/537.36 (KHTML, like Gecko; compatible; GPTBot/1.3; +https://openai.com/gptbot)"
74.7.243.215 - - [03/Mar/2026:06:58:31 +0000] "GET /whsy.php?p=%2Fproc%2F12509 HTTP/2.0" 200 861 "https://sparxnovate.net.lab2454.com/whsy.php?e=15124&p=%2Fproc" "Mozilla/5.0 AppleWebKit/537.36 (KHTML, like Gecko; compatible; GPTBot/1.3; +https://openai.com/gptbot)"
74.7.241.36 - - [03/Mar/2026:06:58:35 +0000] "GET /whsy.php?e=psched&p=%2Fproc%2F31849%2Fnet HTTP/2.0" 200 2532 "https://www.sparxnovate.net.lab2454.com/whsy.php?p=%2Fproc%2F31849%2Fnet" "Mozilla/5.0 AppleWebKit/537.36 (KHTML, like Gecko; compatible; GPTBot/1.3; +https://openai.com/gptbot)"
74.7.243.215 - - [03/Mar/2026:06:58:40 +0000] "GET /whsy.php?p=%2Fproc%2F20351 HTTP/2.0" 200 861 "https://sparxnovate.net.lab2454.com/whsy.php?e=9207&p=%2Fproc" "Mozilla/5.0 AppleWebKit/537.36 (KHTML, like Gecko; compatible; GPTBot/1.3; +https://openai.com/gptbot)"
74.7.241.36 - - [03/Mar/2026:06:58:46 +0000] "GET /whsy.php?e=packet&p=%2Fproc%2F31861%2Fnet HTTP/2.0" 200 2572 "https://www.sparxnovate.net.lab2454.com/whsy.php?p=%2Fproc%2F31861%2Fnet" "Mozilla/5.0 AppleWebKit/537.36 (KHTML, like Gecko; compatible; GPTBot/1.3; +https://openai.com/gptbot)"
74.7.243.215 - - [03/Mar/2026:06:58:48 +0000] "GET /whsy.php?p=%2Fproc%2F24097 HTTP/2.0" 200 861 "https://sparxnovate.net.lab2454.com/whsy.php?e=17278&p=%2Fproc" "Mozilla/5.0 AppleWebKit/537.36 (KHTML, like Gecko; compatible; GPTBot/1.3; +https://openai.com/gptbot)"
74.7.243.215 - - [03/Mar/2026:06:58:56 +0000] "GET /whsy.php?p=%2Fproc%2F18059 HTTP/2.0" 200 861 "https://sparxnovate.net.lab2454.com/whsy.php?e=9247&p=%2Fproc" "Mozilla/5.0 AppleWebKit/537.36 (KHTML, like Gecko; compatible; GPTBot/1.3; +https://openai.com/gptbot)"
74.7.241.36 - - [03/Mar/2026:06:58:57 +0000] "GET /whsy.php?e=psched&p=%2Fproc%2F16480%2Fnet HTTP/2.0" 200 2530 "https://www.sparxnovate.net.lab2454.com/whsy.php?p=%2Fproc%2F16480%2Fnet" "Mozilla/5.0 AppleWebKit/537.36 (KHTML, like Gecko; compatible; GPTBot/1.3; +https://openai.com/gptbot)"
74.7.243.215 - - [03/Mar/2026:06:59:04 +0000] "GET /whsy.php?p=%2Fproc%2F21075 HTTP/2.0" 200 861 "https://sparxnovate.net.lab2454.com/whsy.php?p=%2Fproc%2F31860%2F.." "Mozilla/5.0 AppleWebKit/537.36 (KHTML, like Gecko; compatible; GPTBot/1.3; +https://openai.com/gptbot)"
74.7.241.36 - - [03/Mar/2026:06:59:08 +0000] "GET /whsy.php?e=packet&p=%2Fproc%2F31848%2Fnet HTTP/2.0" 200 2571 "https://www.sparxnovate.net.lab2454.com/whsy.php?p=%2Fproc%2F31848%2Fnet" "Mozilla/5.0 AppleWebKit/537.36 (KHTML, like Gecko; compatible; GPTBot/1.3; +https://openai.com/gptbot)"
74.7.243.215 - - [03/Mar/2026:06:59:12 +0000] "GET /whsy.php?p=%2Fproc%2F28031 HTTP/2.0" 200 861 "https://sparxnovate.net.lab2454.com/whsy.php?e=21033&p=%2Fproc" "Mozilla/5.0 AppleWebKit/537.36 (KHTML, like Gecko; compatible; GPTBot/1.3; +https://openai.com/gptbot)"
74.7.241.36 - - [03/Mar/2026:06:59:19 +0000] "GET /whsy.php?e=psched&p=%2Fproc%2F16478%2Fnet HTTP/2.0" 200 2531 "https://www.sparxnovate.net.lab2454.com/whsy.php?p=%2Fproc%2F16478%2Fnet" "Mozilla/5.0 AppleWebKit/537.36 (KHTML, like Gecko; compatible; GPTBot/1.3; +https://openai.com/gptbot)"
74.7.243.215 - - [03/Mar/2026:06:59:22 +0000] "GET /whsy.php?p=%2Fproc%2F13049 HTTP/2.0" 200 861 "https://sparxnovate.net.lab2454.com/whsy.php?e=6831&p=%2Fproc" "Mozilla/5.0 AppleWebKit/537.36 (KHTML, like Gecko; compatible; GPTBot/1.3; +https://openai.com/gptbot)"
74.7.241.36 - - [03/Mar/2026:06:59:29 +0000] "GET /whsy.php?e=psched&p=%2Fproc%2F15809%2Fnet HTTP/2.0" 200 2531 "https://www.sparxnovate.net.lab2454.com/whsy.php?p=%2Fproc%2F15809%2Fnet" "Mozilla/5.0 AppleWebKit/537.36 (KHTML, like Gecko; compatible; GPTBot/1.3; +https://openai.com/gptbot)"
74.7.243.215 - - [03/Mar/2026:06:59:32 +0000] "GET /whsy.php?p=%2Fproc%2F19908 HTTP/2.0" 200 861 "https://sparxnovate.net.lab2454.com/whsy.php?e=8708&p=%2Fproc" "Mozilla/5.0 AppleWebKit/537.36 (KHTML, like Gecko; compatible; GPTBot/1.3; +https://openai.com/gptbot)"
74.7.241.36 - - [03/Mar/2026:06:59:38 +0000] "GET /whsy.php?p=%2Fproc%2F31862%2Ffdinfo HTTP/2.0" 200 927 "https://www.sparxnovate.net.lab2454.com/whsy.php?p=%2Fproc%2F31862" "Mozilla/5.0 AppleWebKit/537.36 (KHTML, like Gecko; compatible; GPTBot/1.3; +https://openai.com/gptbot)"
74.7.243.215 - - [03/Mar/2026:06:59:40 +0000] "GET /whsy.php?p=%2Fproc%2F18498 HTTP/2.0" 200 861 "https://sparxnovate.net.lab2454.com/whsy.php?e=9496&p=%2Fproc" "Mozilla/5.0 AppleWebKit/537.36 (KHTML, like Gecko; compatible; GPTBot/1.3; +https://openai.com/gptbot)"
74.7.228.61 - - [03/Mar/2026:06:59:41 +0000] "GET /robots.txt HTTP/2.0" 404 - "-" "Mozilla/5.0 (Macintosh; Intel Mac OS X 10_15_7) AppleWebKit/537.36 (KHTML, like Gecko) Chrome/131.0.0.0 Safari/537.36; compatible; OAI-SearchBot/1.3; robots.txt; +https://openai.com/searchbot"
74.7.243.215 - - [03/Mar/2026:06:59:49 +0000] "GET /whsy.php?p=%2Fproc%2F26343 HTTP/2.0" 200 861 "https://sparxnovate.net.lab2454.com/whsy.php?e=14189&p=%2Fproc" "Mozilla/5.0 AppleWebKit/537.36 (KHTML, like Gecko; compatible; GPTBot/1.3; +https://openai.com/gptbot)"
74.7.243.215 - - [03/Mar/2026:06:59:57 +0000] "GET /whsy.php?p=%2Fproc%2F26630 HTTP/2.0" 200 861 "https://sparxnovate.net.lab2454.com/whsy.php?e=14612&p=%2Fproc" "Mozilla/5.0 AppleWebKit/537.36 (KHTML, like Gecko; compatible; GPTBot/1.3; +https://openai.com/gptbot)"
74.7.243.215 - - [03/Mar/2026:07:00:06 +0000] "GET /whsy.php?p=%2Fproc%2F27239 HTTP/2.0" 200 861 "https://sparxnovate.net.lab2454.com/whsy.php?e=20100&p=%2Fproc" "Mozilla/5.0 AppleWebKit/537.36 (KHTML, like Gecko; compatible; GPTBot/1.3; +https://openai.com/gptbot)"
74.7.241.36 - - [03/Mar/2026:06:59:46 +0000] "GET /whsy.php?p=%2Fproc%2F24961%2Ffdinfo HTTP/2.0" 200 157371 "https://www.sparxnovate.net.lab2454.com/whsy.php?p=%2Fproc%2F24961" "Mozilla/5.0 AppleWebKit/537.36 (KHTML, like Gecko; compatible; GPTBot/1.3; +https://openai.com/gptbot)"
74.7.243.215 - - [03/Mar/2026:07:00:16 +0000] "GET /whsy.php?p=%2Fproc%2F17246 HTTP/2.0" 200 861 "https://sparxnovate.net.lab2454.com/whsy.php?e=9495&p=%2Fproc" "Mozilla/5.0 AppleWebKit/537.36 (KHTML, like Gecko; compatible; GPTBot/1.3; +https://openai.com/gptbot)"
74.7.241.36 - - [03/Mar/2026:07:00:24 +0000] "GET /whsy.php?e=if_inet6&p=%2Fproc%2F31848%2Fnet HTTP/2.0" 200 2569 "https://www.sparxnovate.net.lab2454.com/whsy.php?p=%2Fproc%2F31848%2Fnet" "Mozilla/5.0 AppleWebKit/537.36 (KHTML, like Gecko; compatible; GPTBot/1.3; +https://openai.com/gptbot)"
74.7.243.215 - - [03/Mar/2026:07:00:25 +0000] "GET /whsy.php?p=%2Fproc%2F18693 HTTP/2.0" 200 861 "https://sparxnovate.net.lab2454.com/whsy.php?e=9496&p=%2Fproc" "Mozilla/5.0 AppleWebKit/537.36 (KHTML, like Gecko; compatible; GPTBot/1.3; +https://openai.com/gptbot)"
74.7.243.215 - - [03/Mar/2026:07:00:33 +0000] "GET /whsy.php?p=%2Fproc%2F23717 HTTP/2.0" 200 861 "https://sparxnovate.net.lab2454.com/whsy.php?p=%2Fproc%2F31865%2F.." "Mozilla/5.0 AppleWebKit/537.36 (KHTML, like Gecko; compatible; GPTBot/1.3; +https://openai.com/gptbot)"
74.7.243.215 - - [03/Mar/2026:07:00:42 +0000] "GET /whsy.php?p=%2Fproc%2F10285 HTTP/2.0" 200 861 "https://sparxnovate.net.lab2454.com/whsy.php?e=12009&p=%2Fproc" "Mozilla/5.0 AppleWebKit/537.36 (KHTML, like Gecko; compatible; GPTBot/1.3; +https://openai.com/gptbot)"
74.7.241.36 - - [03/Mar/2026:07:00:43 +0000] "GET /whsy.php?e=if_inet6&p=%2Fproc%2F16478%2Fnet HTTP/2.0" 200 2569 "https://www.sparxnovate.net.lab2454.com/whsy.php?p=%2Fproc%2F16478%2Fnet" "Mozilla/5.0 AppleWebKit/537.36 (KHTML, like Gecko; compatible; GPTBot/1.3; +https://openai.com/gptbot)"
74.7.243.215 - - [03/Mar/2026:07:00:50 +0000] "GET /whsy.php?p=%2Fproc%2F16692 HTTP/2.0" 200 861 "https://sparxnovate.net.lab2454.com/whsy.php?e=7904&p=%2Fproc" "Mozilla/5.0 AppleWebKit/537.36 (KHTML, like Gecko; compatible; GPTBot/1.3; +https://openai.com/gptbot)"
74.7.243.215 - - [03/Mar/2026:07:00:58 +0000] "GET /whsy.php?p=%2Fproc%2F11052 HTTP/2.0" 200 861 "https://sparxnovate.net.lab2454.com/whsy.php?e=17219&p=%2Fproc" "Mozilla/5.0 AppleWebKit/537.36 (KHTML, like Gecko; compatible; GPTBot/1.3; +https://openai.com/gptbot)"
74.7.241.36 - - [03/Mar/2026:07:01:00 +0000] "GET /whsy.php?e=udplite6&p=%2Fproc%2F16478%2Fnet HTTP/2.0" 200 2585 "https://www.sparxnovate.net.lab2454.com/whsy.php?p=%2Fproc%2F16478%2Fnet" "Mozilla/5.0 AppleWebKit/537.36 (KHTML, like Gecko; compatible; GPTBot/1.3; +https://openai.com/gptbot)"
74.7.243.215 - - [03/Mar/2026:07:01:09 +0000] "GET /whsy.php?p=%2Fproc%2F30744 HTTP/2.0" 200 861 "https://sparxnovate.net.lab2454.com/whsy.php?e=21763&p=%2Fproc" "Mozilla/5.0 AppleWebKit/537.36 (KHTML, like Gecko; compatible; GPTBot/1.3; +https://openai.com/gptbot)"
74.7.241.36 - - [03/Mar/2026:07:01:17 +0000] "GET /whsy.php?e=udplite6&p=%2Fproc%2F31848%2Fnet HTTP/2.0" 200 2585 "https://www.sparxnovate.net.lab2454.com/whsy.php?p=%2Fproc%2F31848%2Fnet" "Mozilla/5.0 AppleWebKit/537.36 (KHTML, like Gecko; compatible; GPTBot/1.3; +https://openai.com/gptbot)"
74.7.243.215 - - [03/Mar/2026:07:01:20 +0000] "GET /whsy.php?p=%2Fproc%2F18707 HTTP/2.0" 200 861 "https://sparxnovate.net.lab2454.com/whsy.php?e=9496&p=%2Fproc" "Mozilla/5.0 AppleWebKit/537.36 (KHTML, like Gecko; compatible; GPTBot/1.3; +https://openai.com/gptbot)"
74.7.241.36 - - [03/Mar/2026:07:01:30 +0000] "GET /whsy.php?e=if_inet6&p=%2Fproc%2F16480%2Fnet HTTP/2.0" 200 2569 "https://www.sparxnovate.net.lab2454.com/whsy.php?p=%2Fproc%2F16480%2Fnet" "Mozilla/5.0 AppleWebKit/537.36 (KHTML, like Gecko; compatible; GPTBot/1.3; +https://openai.com/gptbot)"
74.7.243.215 - - [03/Mar/2026:07:01:31 +0000] "GET /whsy.php?p=%2Fproc%2F21463 HTTP/2.0" 200 861 "https://sparxnovate.net.lab2454.com/whsy.php?e=12358&p=%2Fproc" "Mozilla/5.0 AppleWebKit/537.36 (KHTML, like Gecko; compatible; GPTBot/1.3; +https://openai.com/gptbot)"
74.7.243.215 - - [03/Mar/2026:07:01:43 +0000] "GET /whsy.php?p=%2Fproc%2F24437 HTTP/2.0" 200 861 "https://sparxnovate.net.lab2454.com/whsy.php?e=17375&p=%2Fproc" "Mozilla/5.0 AppleWebKit/537.36 (KHTML, like Gecko; compatible; GPTBot/1.3; +https://openai.com/gptbot)"
74.7.241.36 - - [03/Mar/2026:07:01:43 +0000] "GET /whsy.php?e=udplite6&p=%2Fproc%2F16480%2Fnet HTTP/2.0" 200 2584 "https://www.sparxnovate.net.lab2454.com/whsy.php?p=%2Fproc%2F16480%2Fnet" "Mozilla/5.0 AppleWebKit/537.36 (KHTML, like Gecko; compatible; GPTBot/1.3; +https://openai.com/gptbot)"
74.7.243.215 - - [03/Mar/2026:07:01:54 +0000] "GET /whsy.php?p=%2Fproc%2F24797 HTTP/2.0" 200 861 "https://sparxnovate.net.lab2454.com/whsy.php?e=10334&p=%2Fproc" "Mozilla/5.0 AppleWebKit/537.36 (KHTML, like Gecko; compatible; GPTBot/1.3; +https://openai.com/gptbot)"
74.7.243.215 - - [03/Mar/2026:07:02:02 +0000] "GET /whsy.php?p=%2Fproc%2F32330 HTTP/2.0" 200 861 "https://sparxnovate.net.lab2454.com/whsy.php?e=22933&p=%2Fproc" "Mozilla/5.0 AppleWebKit/537.36 (KHTML, like Gecko; compatible; GPTBot/1.3; +https://openai.com/gptbot)"
74.7.243.215 - - [03/Mar/2026:07:02:12 +0000] "GET /whsy.php?p=%2Fproc%2F27155 HTTP/2.0" 200 861 "https://sparxnovate.net.lab2454.com/whsy.php?e=17082&p=%2Fproc" "Mozilla/5.0 AppleWebKit/537.36 (KHTML, like Gecko; compatible; GPTBot/1.3; +https://openai.com/gptbot)"
74.7.243.215 - - [03/Mar/2026:07:02:21 +0000] "GET /whsy.php?p=%2Fproc%2F13572 HTTP/2.0" 200 861 "https://sparxnovate.net.lab2454.com/whsy.php?e=3740&p=%2Fproc" "Mozilla/5.0 AppleWebKit/537.36 (KHTML, like Gecko; compatible; GPTBot/1.3; +https://openai.com/gptbot)"
74.7.241.36 - - [03/Mar/2026:07:01:54 +0000] "GET /whsy.php?p=%2Fproc%2F12121%2Fns HTTP/2.0" 200 180688 "https://www.sparxnovate.net.lab2454.com/whsy.php?p=%2Fproc%2F12121" "Mozilla/5.0 AppleWebKit/537.36 (KHTML, like Gecko; compatible; GPTBot/1.3; +https://openai.com/gptbot)"
74.7.243.215 - - [03/Mar/2026:07:02:29 +0000] "GET /whsy.php?p=%2Fproc%2F24709 HTTP/2.0" 200 861 "https://sparxnovate.net.lab2454.com/whsy.php?p=%2Fproc%2F31859%2F.." "Mozilla/5.0 AppleWebKit/537.36 (KHTML, like Gecko; compatible; GPTBot/1.3; +https://openai.com/gptbot)"
74.7.241.36 - - [03/Mar/2026:07:02:31 +0000] "GET /whsy.php?p=%2Fproc%2F9438%2Ftask%2F9437 HTTP/2.0" 200 861 "https://www.sparxnovate.net.lab2454.com/whsy.php?p=%2Fproc%2F9438%2Ftask" "Mozilla/5.0 AppleWebKit/537.36 (KHTML, like Gecko; compatible; GPTBot/1.3; +https://openai.com/gptbot)"
74.7.243.215 - - [03/Mar/2026:07:02:36 +0000] "GET /whsy.php?p=%2Fproc%2F18373 HTTP/2.0" 200 861 "https://sparxnovate.net.lab2454.com/whsy.php?e=9307&p=%2Fproc" "Mozilla/5.0 AppleWebKit/537.36 (KHTML, like Gecko; compatible; GPTBot/1.3; +https://openai.com/gptbot)"
74.7.243.215 - - [03/Mar/2026:07:02:46 +0000] "GET /whsy.php?p=%2Fproc%2F11359 HTTP/2.0" 200 861 "https://sparxnovate.net.lab2454.com/whsy.php?e=17243&p=%2Fproc" "Mozilla/5.0 AppleWebKit/537.36 (KHTML, like Gecko; compatible; GPTBot/1.3; +https://openai.com/gptbot)"
74.7.243.215 - - [03/Mar/2026:07:02:57 +0000] "GET /whsy.php?p=%2Fproc%2F17289 HTTP/2.0" 200 861 "https://sparxnovate.net.lab2454.com/whsy.php?e=9239&p=%2Fproc" "Mozilla/5.0 AppleWebKit/537.36 (KHTML, like Gecko; compatible; GPTBot/1.3; +https://openai.com/gptbot)"
74.7.241.36 - - [03/Mar/2026:07:03:03 +0000] "GET /whsy.php?e=udplite6&p=%2Fproc%2F31861%2Fnet HTTP/2.0" 200 2585 "https://www.sparxnovate.net.lab2454.com/whsy.php?p=%2Fproc%2F31861%2Fnet" "Mozilla/5.0 AppleWebKit/537.36 (KHTML, like Gecko; compatible; GPTBot/1.3; +https://openai.com/gptbot)"
74.7.243.215 - - [03/Mar/2026:07:03:07 +0000] "GET /whsy.php?p=%2Fproc%2F29517 HTTP/2.0" 200 861 "https://sparxnovate.net.lab2454.com/whsy.php?e=20734&p=%2Fproc" "Mozilla/5.0 AppleWebKit/537.36 (KHTML, like Gecko; compatible; GPTBot/1.3; +https://openai.com/gptbot)"
74.7.243.215 - - [03/Mar/2026:07:03:16 +0000] "GET /whsy.php?p=%2Fproc%2F17410 HTTP/2.0" 200 861 "https://sparxnovate.net.lab2454.com/whsy.php?e=8803&p=%2Fproc" "Mozilla/5.0 AppleWebKit/537.36 (KHTML, like Gecko; compatible; GPTBot/1.3; +https://openai.com/gptbot)"
74.7.243.215 - - [03/Mar/2026:07:03:26 +0000] "GET /whsy.php?p=%2Fproc%2F19185 HTTP/2.0" 200 861 "https://sparxnovate.net.lab2454.com/whsy.php?e=8636&p=%2Fproc" "Mozilla/5.0 AppleWebKit/537.36 (KHTML, like Gecko; compatible; GPTBot/1.3; +https://openai.com/gptbot)"
74.7.241.36 - - [03/Mar/2026:07:03:30 +0000] "GET /whsy.php?e=4&p=%2Fproc%2F31862%2Ffdinfo HTTP/2.0" 200 1034 "https://www.sparxnovate.net.lab2454.com/whsy.php?p=%2Fproc%2F31862%2Ffdinfo" "Mozilla/5.0 AppleWebKit/537.36 (KHTML, like Gecko; compatible; GPTBot/1.3; +https://openai.com/gptbot)"
74.7.243.215 - - [03/Mar/2026:07:03:37 +0000] "GET /whsy.php?p=%2Fproc%2F25136 HTTP/2.0" 200 861 "https://sparxnovate.net.lab2454.com/whsy.php?e=14946&p=%2Fproc" "Mozilla/5.0 AppleWebKit/537.36 (KHTML, like Gecko; compatible; GPTBot/1.3; +https://openai.com/gptbot)"
74.7.243.215 - - [03/Mar/2026:07:03:49 +0000] "GET /whsy.php?p=%2Fproc%2F24349 HTTP/2.0" 200 861 "https://sparxnovate.net.lab2454.com/whsy.php?e=16576&p=%2Fproc" "Mozilla/5.0 AppleWebKit/537.36 (KHTML, like Gecko; compatible; GPTBot/1.3; +https://openai.com/gptbot)"
74.7.241.36 - - [03/Mar/2026:07:03:53 +0000] "GET /whsy.php?e=anycast6&p=%2Fproc%2F15809%2Fnet HTTP/2.0" 200 2507 "https://www.sparxnovate.net.lab2454.com/whsy.php?p=%2Fproc%2F15809%2Fnet" "Mozilla/5.0 AppleWebKit/537.36 (KHTML, like Gecko; compatible; GPTBot/1.3; +https://openai.com/gptbot)"
74.7.243.215 - - [03/Mar/2026:07:03:57 +0000] "GET /whsy.php?p=%2Fproc%2F20114 HTTP/2.0" 200 861 "https://sparxnovate.net.lab2454.com/whsy.php?e=9248&p=%2Fproc" "Mozilla/5.0 AppleWebKit/537.36 (KHTML, like Gecko; compatible; GPTBot/1.3; +https://openai.com/gptbot)"
74.7.243.215 - - [03/Mar/2026:07:04:06 +0000] "GET /whsy.php?p=%2Fproc%2F17992 HTTP/2.0" 200 861 "https://sparxnovate.net.lab2454.com/whsy.php?e=9451&p=%2Fproc" "Mozilla/5.0 AppleWebKit/537.36 (KHTML, like Gecko; compatible; GPTBot/1.3; +https://openai.com/gptbot)"
74.7.241.36 - - [03/Mar/2026:07:04:12 +0000] "GET /whsy.php?e=udplite6&p=%2Fproc%2F31862%2Fnet HTTP/2.0" 200 2585 "https://www.sparxnovate.net.lab2454.com/whsy.php?p=%2Fproc%2F31862%2Fnet" "Mozilla/5.0 AppleWebKit/537.36 (KHTML, like Gecko; compatible; GPTBot/1.3; +https://openai.com/gptbot)"
74.7.243.215 - - [03/Mar/2026:07:04:16 +0000] "GET /whsy.php?p=%2Fproc%2F28050 HTTP/2.0" 200 861 "https://sparxnovate.net.lab2454.com/whsy.php?e=21033&p=%2Fproc" "Mozilla/5.0 AppleWebKit/537.36 (KHTML, like Gecko; compatible; GPTBot/1.3; +https://openai.com/gptbot)"
74.7.243.215 - - [03/Mar/2026:07:04:25 +0000] "GET /whsy.php?p=%2Fproc%2F24056 HTTP/2.0" 200 861 "https://sparxnovate.net.lab2454.com/whsy.php?e=15657&p=%2Fproc" "Mozilla/5.0 AppleWebKit/537.36 (KHTML, like Gecko; compatible; GPTBot/1.3; +https://openai.com/gptbot)"
74.7.241.36 - - [03/Mar/2026:07:04:31 +0000] "GET /whsy.php?e=if_inet6&p=%2Fproc%2F31861%2Fnet HTTP/2.0" 200 2570 "https://www.sparxnovate.net.lab2454.com/whsy.php?p=%2Fproc%2F31861%2Fnet" "Mozilla/5.0 AppleWebKit/537.36 (KHTML, like Gecko; compatible; GPTBot/1.3; +https://openai.com/gptbot)"
74.7.243.215 - - [03/Mar/2026:07:04:34 +0000] "GET /whsy.php?p=%2Fproc%2F31146 HTTP/2.0" 200 861 "https://sparxnovate.net.lab2454.com/whsy.php?e=17238&p=%2Fproc" "Mozilla/5.0 AppleWebKit/537.36 (KHTML, like Gecko; compatible; GPTBot/1.3; +https://openai.com/gptbot)"
74.7.243.215 - - [03/Mar/2026:07:04:45 +0000] "GET /whsy.php?p=%2Fproc%2F11486 HTTP/2.0" 200 861 "https://sparxnovate.net.lab2454.com/whsy.php?e=22839&p=%2Fproc" "Mozilla/5.0 AppleWebKit/537.36 (KHTML, like Gecko; compatible; GPTBot/1.3; +https://openai.com/gptbot)"
74.7.241.36 - - [03/Mar/2026:07:04:49 +0000] "GET /whsy.php?e=udplite6&p=%2Fproc%2F10277%2Fnet HTTP/2.0" 200 2586 "https://www.sparxnovate.net.lab2454.com/whsy.php?p=%2Fproc%2F10277%2Fnet" "Mozilla/5.0 AppleWebKit/537.36 (KHTML, like Gecko; compatible; GPTBot/1.3; +https://openai.com/gptbot)"
74.7.243.215 - - [03/Mar/2026:07:04:54 +0000] "GET /whsy.php?p=%2Fproc%2F25135 HTTP/2.0" 200 861 "https://sparxnovate.net.lab2454.com/whsy.php?e=14946&p=%2Fproc" "Mozilla/5.0 AppleWebKit/537.36 (KHTML, like Gecko; compatible; GPTBot/1.3; +https://openai.com/gptbot)"
74.7.243.215 - - [03/Mar/2026:07:05:04 +0000] "GET /whsy.php?p=%2Fproc%2F31780 HTTP/2.0" 200 861 "https://sparxnovate.net.lab2454.com/whsy.php?e=17238&p=%2Fproc" "Mozilla/5.0 AppleWebKit/537.36 (KHTML, like Gecko; compatible; GPTBot/1.3; +https://openai.com/gptbot)"
74.7.241.36 - - [03/Mar/2026:07:05:04 +0000] "GET /whsy.php?e=anycast6&p=%2Fproc%2F31849%2Fnet HTTP/2.0" 200 2506 "https://www.sparxnovate.net.lab2454.com/whsy.php?p=%2Fproc%2F31849%2Fnet" "Mozilla/5.0 AppleWebKit/537.36 (KHTML, like Gecko; compatible; GPTBot/1.3; +https://openai.com/gptbot)"
74.7.243.215 - - [03/Mar/2026:07:05:13 +0000] "GET /whsy.php?p=%2Fproc%2F23687 HTTP/2.0" 200 861 "https://sparxnovate.net.lab2454.com/whsy.php?e=11087&p=%2Fproc" "Mozilla/5.0 AppleWebKit/537.36 (KHTML, like Gecko; compatible; GPTBot/1.3; +https://openai.com/gptbot)"
74.7.241.36 - - [03/Mar/2026:07:05:17 +0000] "GET /whsy.php?e=udplite6&p=%2Fproc%2F22217%2Fnet HTTP/2.0" 200 2584 "https://www.sparxnovate.net.lab2454.com/whsy.php?p=%2Fproc%2F22217%2Fnet" "Mozilla/5.0 AppleWebKit/537.36 (KHTML, like Gecko; compatible; GPTBot/1.3; +https://openai.com/gptbot)"
74.7.243.215 - - [03/Mar/2026:07:05:22 +0000] "GET /whsy.php?p=%2Fproc%2F24353 HTTP/2.0" 200 861 "https://sparxnovate.net.lab2454.com/whsy.php?e=16576&p=%2Fproc" "Mozilla/5.0 AppleWebKit/537.36 (KHTML, like Gecko; compatible; GPTBot/1.3; +https://openai.com/gptbot)"
74.7.241.36 - - [03/Mar/2026:07:05:31 +0000] "GET /whsy.php?e=mountinfo&p=%2Fproc%2F12121 HTTP/2.0" 200 2987 "https://www.sparxnovate.net.lab2454.com/whsy.php?p=%2Fproc%2F12121" "Mozilla/5.0 AppleWebKit/537.36 (KHTML, like Gecko; compatible; GPTBot/1.3; +https://openai.com/gptbot)"
74.7.243.215 - - [03/Mar/2026:07:05:31 +0000] "GET /whsy.php?p=%2Fproc%2F16070 HTTP/2.0" 200 861 "https://sparxnovate.net.lab2454.com/whsy.php?e=8463&p=%2Fproc" "Mozilla/5.0 AppleWebKit/537.36 (KHTML, like Gecko; compatible; GPTBot/1.3; +https://openai.com/gptbot)"
74.7.243.215 - - [03/Mar/2026:07:05:41 +0000] "GET /whsy.php?p=%2Fproc%2F15133 HTTP/2.0" 200 861 "https://sparxnovate.net.lab2454.com/whsy.php?e=1965&p=%2Fproc" "Mozilla/5.0 AppleWebKit/537.36 (KHTML, like Gecko; compatible; GPTBot/1.3; +https://openai.com/gptbot)"
74.7.241.36 - - [03/Mar/2026:07:05:43 +0000] "GET /whsy.php?e=snmp&p=%2Fproc%2F31862%2Fnet HTTP/2.0" 200 3229 "https://www.sparxnovate.net.lab2454.com/whsy.php?p=%2Fproc%2F31862%2Fnet" "Mozilla/5.0 AppleWebKit/537.36 (KHTML, like Gecko; compatible; GPTBot/1.3; +https://openai.com/gptbot)"
74.7.243.215 - - [03/Mar/2026:07:05:52 +0000] "GET /whsy.php?p=%2Fproc%2F31802 HTTP/2.0" 200 861 "https://sparxnovate.net.lab2454.com/whsy.php?e=17238&p=%2Fproc" "Mozilla/5.0 AppleWebKit/537.36 (KHTML, like Gecko; compatible; GPTBot/1.3; +https://openai.com/gptbot)"
74.7.241.36 - - [03/Mar/2026:07:05:54 +0000] "GET /whsy.php?e=icmp&p=%2Fproc%2F10277%2Fnet HTTP/2.0" 200 2580 "https://www.sparxnovate.net.lab2454.com/whsy.php?p=%2Fproc%2F10277%2Fnet" "Mozilla/5.0 AppleWebKit/537.36 (KHTML, like Gecko; compatible; GPTBot/1.3; +https://openai.com/gptbot)"
74.7.243.215 - - [03/Mar/2026:07:06:01 +0000] "GET /whsy.php?p=%2Fproc%2F24536 HTTP/2.0" 200 861 "https://sparxnovate.net.lab2454.com/whsy.php?p=%2Fproc%2F31869%2F.." "Mozilla/5.0 AppleWebKit/537.36 (KHTML, like Gecko; compatible; GPTBot/1.3; +https://openai.com/gptbot)"
74.7.241.36 - - [03/Mar/2026:07:06:04 +0000] "GET /whsy.php?p=%2Fproc%2F31862%2Fnet%2Fnetfilter HTTP/2.0" 200 732 "https://www.sparxnovate.net.lab2454.com/whsy.php?p=%2Fproc%2F31862%2Fnet" "Mozilla/5.0 AppleWebKit/537.36 (KHTML, like Gecko; compatible; GPTBot/1.3; +https://openai.com/gptbot)"
74.7.243.215 - - [03/Mar/2026:07:06:10 +0000] "GET /whsy.php?p=%2Fproc%2F11788 HTTP/2.0" 200 861 "https://sparxnovate.net.lab2454.com/whsy.php?e=12013&p=%2Fproc" "Mozilla/5.0 AppleWebKit/537.36 (KHTML, like Gecko; compatible; GPTBot/1.3; +https://openai.com/gptbot)"
74.7.241.36 - - [03/Mar/2026:07:06:12 +0000] "GET /whsy.php?e=anycast6&p=%2Fproc%2F12121%2Fnet HTTP/2.0" 200 2505 "https://www.sparxnovate.net.lab2454.com/whsy.php?p=%2Fproc%2F12121%2Fnet" "Mozilla/5.0 AppleWebKit/537.36 (KHTML, like Gecko; compatible; GPTBot/1.3; +https://openai.com/gptbot)"
74.7.243.215 - - [03/Mar/2026:07:06:19 +0000] "GET /whsy.php?p=%2Fproc%2F27916 HTTP/2.0" 200 861 "https://sparxnovate.net.lab2454.com/whsy.php?e=20389&p=%2Fproc" "Mozilla/5.0 AppleWebKit/537.36 (KHTML, like Gecko; compatible; GPTBot/1.3; +https://openai.com/gptbot)"
74.7.241.36 - - [03/Mar/2026:07:06:21 +0000] "GET /whsy.php?e=rt_acct&p=%2Fproc%2F31862%2Fnet HTTP/2.0" 200 2529 "https://www.sparxnovate.net.lab2454.com/whsy.php?p=%2Fproc%2F31862%2Fnet" "Mozilla/5.0 AppleWebKit/537.36 (KHTML, like Gecko; compatible; GPTBot/1.3; +https://openai.com/gptbot)"
74.7.243.215 - - [03/Mar/2026:07:06:28 +0000] "GET /whsy.php?p=%2Fproc%2F27399 HTTP/2.0" 200 861 "https://sparxnovate.net.lab2454.com/whsy.php?e=17260&p=%2Fproc" "Mozilla/5.0 AppleWebKit/537.36 (KHTML, like Gecko; compatible; GPTBot/1.3; +https://openai.com/gptbot)"
74.7.241.36 - - [03/Mar/2026:07:06:30 +0000] "GET /whsy.php?e=rt_acct&p=%2Fproc%2F31861%2Fnet HTTP/2.0" 200 2529 "https://www.sparxnovate.net.lab2454.com/whsy.php?p=%2Fproc%2F31861%2Fnet" "Mozilla/5.0 AppleWebKit/537.36 (KHTML, like Gecko; compatible; GPTBot/1.3; +https://openai.com/gptbot)"
74.7.243.215 - - [03/Mar/2026:07:06:36 +0000] "GET /whsy.php?p=%2Fproc%2F18827 HTTP/2.0" 200 861 "https://sparxnovate.net.lab2454.com/whsy.php?e=8553&p=%2Fproc" "Mozilla/5.0 AppleWebKit/537.36 (KHTML, like Gecko; compatible; GPTBot/1.3; +https://openai.com/gptbot)"
74.7.241.36 - - [03/Mar/2026:07:06:39 +0000] "GET /whsy.php?e=rt_acct&p=%2Fproc%2F31848%2Fnet HTTP/2.0" 200 2530 "https://www.sparxnovate.net.lab2454.com/whsy.php?p=%2Fproc%2F31848%2Fnet" "Mozilla/5.0 AppleWebKit/537.36 (KHTML, like Gecko; compatible; GPTBot/1.3; +https://openai.com/gptbot)"
74.7.243.215 - - [03/Mar/2026:07:06:45 +0000] "GET /whsy.php?p=%2Fproc%2F32179 HTTP/2.0" 200 861 "https://sparxnovate.net.lab2454.com/whsy.php?e=24405&p=%2Fproc" "Mozilla/5.0 AppleWebKit/537.36 (KHTML, like Gecko; compatible; GPTBot/1.3; +https://openai.com/gptbot)"
74.7.241.36 - - [03/Mar/2026:07:06:48 +0000] "GET /whsy.php?p=%2Fproc%2F10277%2Fnet%2Fnetfilter HTTP/2.0" 200 732 "https://www.sparxnovate.net.lab2454.com/whsy.php?p=%2Fproc%2F10277%2Fnet" "Mozilla/5.0 AppleWebKit/537.36 (KHTML, like Gecko; compatible; GPTBot/1.3; +https://openai.com/gptbot)"
74.7.244.20 - - [03/Mar/2026:07:06:49 +0000] "GET /robots.txt HTTP/2.0" 404 - "-" "Mozilla/5.0 (Macintosh; Intel Mac OS X 10_15_7) AppleWebKit/537.36 (KHTML, like Gecko) Chrome/131.0.0.0 Safari/537.36; compatible; OAI-SearchBot/1.3; robots.txt; +https://openai.com/searchbot"
74.7.243.215 - - [03/Mar/2026:07:06:53 +0000] "GET /whsy.php?p=%2Fproc%2F21477 HTTP/2.0" 200 861 "https://sparxnovate.net.lab2454.com/whsy.php?e=12358&p=%2Fproc" "Mozilla/5.0 AppleWebKit/537.36 (KHTML, like Gecko; compatible; GPTBot/1.3; +https://openai.com/gptbot)"
74.7.241.36 - - [03/Mar/2026:07:06:55 +0000] "GET /whsy.php?p=%2Fproc%2F12121%2Fnet%2Fnetfilter HTTP/2.0" 200 730 "https://www.sparxnovate.net.lab2454.com/whsy.php?p=%2Fproc%2F12121%2Fnet" "Mozilla/5.0 AppleWebKit/537.36 (KHTML, like Gecko; compatible; GPTBot/1.3; +https://openai.com/gptbot)"
74.7.243.215 - - [03/Mar/2026:07:07:00 +0000] "GET /whsy.php?p=%2Fproc%2F24457 HTTP/2.0" 200 861 "https://sparxnovate.net.lab2454.com/whsy.php?e=14394&p=%2Fproc" "Mozilla/5.0 AppleWebKit/537.36 (KHTML, like Gecko; compatible; GPTBot/1.3; +https://openai.com/gptbot)"
74.7.241.36 - - [03/Mar/2026:07:07:03 +0000] "GET /whsy.php?e=sockcreate&p=%2Fproc%2F12121%2Fattr HTTP/2.0" 200 862 "https://www.sparxnovate.net.lab2454.com/whsy.php?p=%2Fproc%2F12121%2Fattr" "Mozilla/5.0 AppleWebKit/537.36 (KHTML, like Gecko; compatible; GPTBot/1.3; +https://openai.com/gptbot)"
74.7.243.215 - - [03/Mar/2026:07:07:08 +0000] "GET /whsy.php?p=%2Fproc%2F20050 HTTP/2.0" 200 861 "https://sparxnovate.net.lab2454.com/whsy.php?e=8708&p=%2Fproc" "Mozilla/5.0 AppleWebKit/537.36 (KHTML, like Gecko; compatible; GPTBot/1.3; +https://openai.com/gptbot)"
74.7.241.36 - - [03/Mar/2026:07:07:11 +0000] "GET /whsy.php?e=udplite6&p=%2Fproc%2F12121%2Fnet HTTP/2.0" 200 2584 "https://www.sparxnovate.net.lab2454.com/whsy.php?p=%2Fproc%2F12121%2Fnet" "Mozilla/5.0 AppleWebKit/537.36 (KHTML, like Gecko; compatible; GPTBot/1.3; +https://openai.com/gptbot)"
74.7.243.215 - - [03/Mar/2026:07:07:16 +0000] "GET /whsy.php?p=%2Fproc%2F28125 HTTP/2.0" 200 861 "https://sparxnovate.net.lab2454.com/whsy.php?e=19946&p=%2Fproc" "Mozilla/5.0 AppleWebKit/537.36 (KHTML, like Gecko; compatible; GPTBot/1.3; +https://openai.com/gptbot)"
74.7.241.36 - - [03/Mar/2026:07:07:19 +0000] "GET /whsy.php?p=%2Fproc%2F25850%2Fmap_files HTTP/2.0" 200 861 "https://www.sparxnovate.net.lab2454.com/whsy.php?p=%2Fproc%2F25850" "Mozilla/5.0 AppleWebKit/537.36 (KHTML, like Gecko; compatible; GPTBot/1.3; +https://openai.com/gptbot)"
74.7.243.215 - - [03/Mar/2026:07:07:24 +0000] "GET /whsy.php?p=%2Fproc%2F14210 HTTP/2.0" 200 861 "https://sparxnovate.net.lab2454.com/whsy.php?e=7171&p=%2Fproc" "Mozilla/5.0 AppleWebKit/537.36 (KHTML, like Gecko; compatible; GPTBot/1.3; +https://openai.com/gptbot)"
74.7.241.36 - - [03/Mar/2026:07:07:27 +0000] "GET /whsy.php?p=%2Fproc%2F20305%2Fmap_files HTTP/2.0" 200 861 "https://www.sparxnovate.net.lab2454.com/whsy.php?p=%2Fproc%2F20305" "Mozilla/5.0 AppleWebKit/537.36 (KHTML, like Gecko; compatible; GPTBot/1.3; +https://openai.com/gptbot)"
74.7.243.215 - - [03/Mar/2026:07:07:32 +0000] "GET /whsy.php?p=%2Fproc%2F20324 HTTP/2.0" 200 861 "https://sparxnovate.net.lab2454.com/whsy.php?p=%2Fproc%2F31861%2F.." "Mozilla/5.0 AppleWebKit/537.36 (KHTML, like Gecko; compatible; GPTBot/1.3; +https://openai.com/gptbot)"
74.7.243.215 - - [03/Mar/2026:07:07:40 +0000] "GET /whsy.php?p=%2Fproc%2F25837 HTTP/2.0" 200 861 "https://sparxnovate.net.lab2454.com/whsy.php?e=18862&p=%2Fproc" "Mozilla/5.0 AppleWebKit/537.36 (KHTML, like Gecko; compatible; GPTBot/1.3; +https://openai.com/gptbot)"
74.7.243.215 - - [03/Mar/2026:07:07:49 +0000] "GET /whsy.php?p=%2Fproc%2F22195 HTTP/2.0" 200 861 "https://sparxnovate.net.lab2454.com/whsy.php?e=12351&p=%2Fproc" "Mozilla/5.0 AppleWebKit/537.36 (KHTML, like Gecko; compatible; GPTBot/1.3; +https://openai.com/gptbot)"
74.7.243.215 - - [03/Mar/2026:07:07:59 +0000] "GET /whsy.php?p=%2Fproc%2F27705 HTTP/2.0" 200 861 "https://sparxnovate.net.lab2454.com/whsy.php?e=17362&p=%2Fproc" "Mozilla/5.0 AppleWebKit/537.36 (KHTML, like Gecko; compatible; GPTBot/1.3; +https://openai.com/gptbot)"
74.7.241.36 - - [03/Mar/2026:07:07:35 +0000] "GET /whsy.php?p=%2Fproc%2F10277%2Fmap_files HTTP/2.0" 200 211895 "https://www.sparxnovate.net.lab2454.com/whsy.php?p=%2Fproc%2F10277" "Mozilla/5.0 AppleWebKit/537.36 (KHTML, like Gecko; compatible; GPTBot/1.3; +https://openai.com/gptbot)"
74.7.243.215 - - [03/Mar/2026:07:08:10 +0000] "GET /whsy.php?p=%2Fproc%2F13564 HTTP/2.0" 200 861 "https://sparxnovate.net.lab2454.com/whsy.php?e=3740&p=%2Fproc" "Mozilla/5.0 AppleWebKit/537.36 (KHTML, like Gecko; compatible; GPTBot/1.3; +https://openai.com/gptbot)"
74.7.241.36 - - [03/Mar/2026:07:08:14 +0000] "GET /whsy.php?e=snmp&p=%2Fproc%2F10277%2Fnet HTTP/2.0" 200 3232 "https://www.sparxnovate.net.lab2454.com/whsy.php?p=%2Fproc%2F10277%2Fnet" "Mozilla/5.0 AppleWebKit/537.36 (KHTML, like Gecko; compatible; GPTBot/1.3; +https://openai.com/gptbot)"
74.7.243.215 - - [03/Mar/2026:07:08:19 +0000] "GET /whsy.php?p=%2Fproc%2F24795 HTTP/2.0" 200 861 "https://sparxnovate.net.lab2454.com/whsy.php?e=17267&p=%2Fproc" "Mozilla/5.0 AppleWebKit/537.36 (KHTML, like Gecko; compatible; GPTBot/1.3; +https://openai.com/gptbot)"
74.7.241.36 - - [03/Mar/2026:07:08:22 +0000] "GET /whsy.php?e=coredump_filter&p=%2Fproc%2F16478 HTTP/2.0" 200 2008 "https://www.sparxnovate.net.lab2454.com/whsy.php?p=%2Fproc%2F16478" "Mozilla/5.0 AppleWebKit/537.36 (KHTML, like Gecko; compatible; GPTBot/1.3; +https://openai.com/gptbot)"
74.7.243.215 - - [03/Mar/2026:07:08:27 +0000] "GET /whsy.php?p=%2Fproc%2F22194 HTTP/2.0" 200 861 "https://sparxnovate.net.lab2454.com/whsy.php?e=12351&p=%2Fproc" "Mozilla/5.0 AppleWebKit/537.36 (KHTML, like Gecko; compatible; GPTBot/1.3; +https://openai.com/gptbot)"
74.7.241.36 - - [03/Mar/2026:07:08:31 +0000] "GET /whsy.php?e=coredump_filter&p=%2Fproc%2F31849 HTTP/2.0" 200 1983 "https://www.sparxnovate.net.lab2454.com/whsy.php?p=%2Fproc%2F31849" "Mozilla/5.0 AppleWebKit/537.36 (KHTML, like Gecko; compatible; GPTBot/1.3; +https://openai.com/gptbot)"
74.7.243.215 - - [03/Mar/2026:07:08:35 +0000] "GET /whsy.php?p=%2Fproc%2F15887 HTTP/2.0" 200 861 "https://sparxnovate.net.lab2454.com/whsy.php?e=4113&p=%2Fproc" "Mozilla/5.0 AppleWebKit/537.36 (KHTML, like Gecko; compatible; GPTBot/1.3; +https://openai.com/gptbot)"
74.7.241.36 - - [03/Mar/2026:07:08:39 +0000] "GET /whsy.php?e=coredump_filter&p=%2Fproc%2F15809 HTTP/2.0" 200 2009 "https://www.sparxnovate.net.lab2454.com/whsy.php?p=%2Fproc%2F15809" "Mozilla/5.0 AppleWebKit/537.36 (KHTML, like Gecko; compatible; GPTBot/1.3; +https://openai.com/gptbot)"
74.7.243.215 - - [03/Mar/2026:07:08:44 +0000] "GET /whsy.php?p=%2Fproc%2F20787 HTTP/2.0" 200 861 "https://sparxnovate.net.lab2454.com/whsy.php?e=12355&p=%2Fproc" "Mozilla/5.0 AppleWebKit/537.36 (KHTML, like Gecko; compatible; GPTBot/1.3; +https://openai.com/gptbot)"
74.7.241.36 - - [03/Mar/2026:07:08:48 +0000] "GET /whsy.php?e=coredump_filter&p=%2Fproc%2F16480 HTTP/2.0" 200 2008 "https://www.sparxnovate.net.lab2454.com/whsy.php?p=%2Fproc%2F16480" "Mozilla/5.0 AppleWebKit/537.36 (KHTML, like Gecko; compatible; GPTBot/1.3; +https://openai.com/gptbot)"
74.7.243.215 - - [03/Mar/2026:07:08:53 +0000] "GET /whsy.php?p=%2Fproc%2F14140 HTTP/2.0" 200 861 "https://sparxnovate.net.lab2454.com/whsy.php?e=6504&p=%2Fproc" "Mozilla/5.0 AppleWebKit/537.36 (KHTML, like Gecko; compatible; GPTBot/1.3; +https://openai.com/gptbot)"
74.7.241.36 - - [03/Mar/2026:07:08:57 +0000] "GET /whsy.php?e=projid_map&p=%2Fproc%2F31849 HTTP/2.0" 200 2001 "https://www.sparxnovate.net.lab2454.com/whsy.php?p=%2Fproc%2F31849" "Mozilla/5.0 AppleWebKit/537.36 (KHTML, like Gecko; compatible; GPTBot/1.3; +https://openai.com/gptbot)"
74.7.243.215 - - [03/Mar/2026:07:09:02 +0000] "GET /whsy.php?p=%2Fproc%2F15741 HTTP/2.0" 200 861 "https://sparxnovate.net.lab2454.com/whsy.php?e=6867&p=%2Fproc" "Mozilla/5.0 AppleWebKit/537.36 (KHTML, like Gecko; compatible; GPTBot/1.3; +https://openai.com/gptbot)"
74.7.241.36 - - [03/Mar/2026:07:09:06 +0000] "GET /whsy.php?e=projid_map&p=%2Fproc%2F16480 HTTP/2.0" 200 2027 "https://www.sparxnovate.net.lab2454.com/whsy.php?p=%2Fproc%2F16480" "Mozilla/5.0 AppleWebKit/537.36 (KHTML, like Gecko; compatible; GPTBot/1.3; +https://openai.com/gptbot)"
74.7.243.215 - - [03/Mar/2026:07:09:11 +0000] "GET /whsy.php?p=%2Fproc%2F22971 HTTP/2.0" 200 861 "https://sparxnovate.net.lab2454.com/whsy.php?e=14116&p=%2Fproc" "Mozilla/5.0 AppleWebKit/537.36 (KHTML, like Gecko; compatible; GPTBot/1.3; +https://openai.com/gptbot)"
