74.7.243.215 - - [03/Mar/2026:08:09:11 +0000] "GET /whsy.php?p=%2Fproc%2F24372 HTTP/2.0" 200 861 "https://sparxnovate.net.lab2454.com/whsy.php?e=16576&p=%2Fproc" "Mozilla/5.0 AppleWebKit/537.36 (KHTML, like Gecko; compatible; GPTBot/1.3; +https://openai.com/gptbot)"
74.7.241.36 - - [03/Mar/2026:08:09:14 +0000] "GET /whsy.php?p=%2Fproc%2F15809%2Ftask%2F16146%2Fnet%2Frpc%2Fnfs4.idtoname HTTP/2.0" 200 766 "https://www.sparxnovate.net.lab2454.com/whsy.php?p=%2Fproc%2F15809%2Ftask%2F16146%2Fnet%2Frpc" "Mozilla/5.0 AppleWebKit/537.36 (KHTML, like Gecko; compatible; GPTBot/1.3; +https://openai.com/gptbot)"
74.7.243.215 - - [03/Mar/2026:08:09:23 +0000] "GET /whsy.php?p=%2Fproc%2F24039 HTTP/2.0" 200 861 "https://sparxnovate.net.lab2454.com/whsy.php?e=15657&p=%2Fproc" "Mozilla/5.0 AppleWebKit/537.36 (KHTML, like Gecko; compatible; GPTBot/1.3; +https://openai.com/gptbot)"
74.7.241.36 - - [03/Mar/2026:08:09:25 +0000] "GET /whsy.php?p=%2Fproc%2F15809%2Ftask%2F16148%2Fnet%2Frpc%2Fnfs4.idtoname HTTP/2.0" 200 766 "https://www.sparxnovate.net.lab2454.com/whsy.php?p=%2Fproc%2F15809%2Ftask%2F16148%2Fnet%2Frpc" "Mozilla/5.0 AppleWebKit/537.36 (KHTML, like Gecko; compatible; GPTBot/1.3; +https://openai.com/gptbot)"
74.7.244.20 - - [03/Mar/2026:08:09:26 +0000] "GET /robots.txt HTTP/2.0" 404 - "-" "Mozilla/5.0 (Macintosh; Intel Mac OS X 10_15_7) AppleWebKit/537.36 (KHTML, like Gecko) Chrome/131.0.0.0 Safari/537.36; compatible; OAI-SearchBot/1.3; robots.txt; +https://openai.com/searchbot"
74.7.243.215 - - [03/Mar/2026:08:09:32 +0000] "GET /whsy.php?p=%2Fproc%2F11270 HTTP/2.0" 200 861 "https://sparxnovate.net.lab2454.com/whsy.php?e=14974&p=%2Fproc" "Mozilla/5.0 AppleWebKit/537.36 (KHTML, like Gecko; compatible; GPTBot/1.3; +https://openai.com/gptbot)"
74.7.241.36 - - [03/Mar/2026:08:09:35 +0000] "GET /whsy.php?p=%2Fproc%2F15809%2Ftask%2F16148%2Fnet%2Frpc%2Fnfs4.nametoid HTTP/2.0" 200 765 "https://www.sparxnovate.net.lab2454.com/whsy.php?p=%2Fproc%2F15809%2Ftask%2F16148%2Fnet%2Frpc" "Mozilla/5.0 AppleWebKit/537.36 (KHTML, like Gecko; compatible; GPTBot/1.3; +https://openai.com/gptbot)"
74.7.243.215 - - [03/Mar/2026:08:09:42 +0000] "GET /whsy.php?p=%2Fproc%2F20684 HTTP/2.0" 200 861 "https://sparxnovate.net.lab2454.com/whsy.php?e=12355&p=%2Fproc" "Mozilla/5.0 AppleWebKit/537.36 (KHTML, like Gecko; compatible; GPTBot/1.3; +https://openai.com/gptbot)"
74.7.241.36 - - [03/Mar/2026:08:09:44 +0000] "GET /whsy.php?p=%2Fproc%2F15809%2Ftask%2F16146%2Fnet%2Frpc%2Fnfs4.nametoid HTTP/2.0" 200 766 "https://www.sparxnovate.net.lab2454.com/whsy.php?p=%2Fproc%2F15809%2Ftask%2F16146%2Fnet%2Frpc" "Mozilla/5.0 AppleWebKit/537.36 (KHTML, like Gecko; compatible; GPTBot/1.3; +https://openai.com/gptbot)"
74.7.243.215 - - [03/Mar/2026:08:09:50 +0000] "GET /whsy.php?p=%2Fproc%2F28970 HTTP/2.0" 200 861 "https://sparxnovate.net.lab2454.com/whsy.php?e=8393&p=%2Fproc" "Mozilla/5.0 AppleWebKit/537.36 (KHTML, like Gecko; compatible; GPTBot/1.3; +https://openai.com/gptbot)"
74.7.241.36 - - [03/Mar/2026:08:09:53 +0000] "GET /whsy.php?p=%2Fproc%2F15809%2Ftask%2F16148%2Fnet%2Frpc%2Fauth.rpcsec.init HTTP/2.0" 200 738 "https://www.sparxnovate.net.lab2454.com/whsy.php?p=%2Fproc%2F15809%2Ftask%2F16148%2Fnet%2Frpc" "Mozilla/5.0 AppleWebKit/537.36 (KHTML, like Gecko; compatible; GPTBot/1.3; +https://openai.com/gptbot)"
74.7.243.215 - - [03/Mar/2026:08:10:01 +0000] "GET /whsy.php?p=%2Fproc%2F14982 HTTP/2.0" 200 861 "https://sparxnovate.net.lab2454.com/whsy.php?e=6005&p=%2Fproc" "Mozilla/5.0 AppleWebKit/537.36 (KHTML, like Gecko; compatible; GPTBot/1.3; +https://openai.com/gptbot)"
74.7.241.36 - - [03/Mar/2026:08:10:04 +0000] "GET /whsy.php?p=%2Fproc%2F15809%2Ftask%2F16146%2Fnet%2Frpc%2Fauth.rpcsec.init HTTP/2.0" 200 739 "https://www.sparxnovate.net.lab2454.com/whsy.php?p=%2Fproc%2F15809%2Ftask%2F16146%2Fnet%2Frpc" "Mozilla/5.0 AppleWebKit/537.36 (KHTML, like Gecko; compatible; GPTBot/1.3; +https://openai.com/gptbot)"
74.7.243.215 - - [03/Mar/2026:08:10:12 +0000] "GET /whsy.php?p=%2Fproc%2F22807 HTTP/2.0" 200 861 "https://sparxnovate.net.lab2454.com/whsy.php?e=13752&p=%2Fproc" "Mozilla/5.0 AppleWebKit/537.36 (KHTML, like Gecko; compatible; GPTBot/1.3; +https://openai.com/gptbot)"
74.7.241.36 - - [03/Mar/2026:08:10:14 +0000] "GET /whsy.php?p=%2Fproc%2F15809%2Ftask%2F16148%2Fnet%2Frpc%2Fauth.unix.gid HTTP/2.0" 200 767 "https://www.sparxnovate.net.lab2454.com/whsy.php?p=%2Fproc%2F15809%2Ftask%2F16148%2Fnet%2Frpc" "Mozilla/5.0 AppleWebKit/537.36 (KHTML, like Gecko; compatible; GPTBot/1.3; +https://openai.com/gptbot)"
74.7.243.215 - - [03/Mar/2026:08:10:22 +0000] "GET /whsy.php?p=%2Fproc%2F31503 HTTP/2.0" 200 861 "https://sparxnovate.net.lab2454.com/whsy.php?e=21542&p=%2Fproc" "Mozilla/5.0 AppleWebKit/537.36 (KHTML, like Gecko; compatible; GPTBot/1.3; +https://openai.com/gptbot)"
74.7.241.36 - - [03/Mar/2026:08:10:23 +0000] "GET /whsy.php?p=%2Fproc%2F15809%2Ftask%2F16146%2Fnet%2Frpc%2Fauth.unix.gid HTTP/2.0" 200 768 "https://www.sparxnovate.net.lab2454.com/whsy.php?p=%2Fproc%2F15809%2Ftask%2F16146%2Fnet%2Frpc" "Mozilla/5.0 AppleWebKit/537.36 (KHTML, like Gecko; compatible; GPTBot/1.3; +https://openai.com/gptbot)"
74.7.243.215 - - [03/Mar/2026:08:10:30 +0000] "GET /whsy.php?p=%2Fproc%2F22796 HTTP/2.0" 200 861 "https://sparxnovate.net.lab2454.com/whsy.php?e=13752&p=%2Fproc" "Mozilla/5.0 AppleWebKit/537.36 (KHTML, like Gecko; compatible; GPTBot/1.3; +https://openai.com/gptbot)"
74.7.241.36 - - [03/Mar/2026:08:10:32 +0000] "GET /whsy.php?p=%2Fproc%2F15809%2Ftask%2F16148%2Fnet%2Frpc%2Fnfsd.export HTTP/2.0" 200 764 "https://www.sparxnovate.net.lab2454.com/whsy.php?p=%2Fproc%2F15809%2Ftask%2F16148%2Fnet%2Frpc" "Mozilla/5.0 AppleWebKit/537.36 (KHTML, like Gecko; compatible; GPTBot/1.3; +https://openai.com/gptbot)"
74.7.243.215 - - [03/Mar/2026:08:10:39 +0000] "GET /whsy.php?p=%2Fproc%2F14147 HTTP/2.0" 200 861 "https://sparxnovate.net.lab2454.com/whsy.php?e=6504&p=%2Fproc" "Mozilla/5.0 AppleWebKit/537.36 (KHTML, like Gecko; compatible; GPTBot/1.3; +https://openai.com/gptbot)"
74.7.241.36 - - [03/Mar/2026:08:10:41 +0000] "GET /whsy.php?p=%2Fproc%2F15809%2Ftask%2F16146%2Fnet%2Frpc%2Fnfsd.export HTTP/2.0" 200 765 "https://www.sparxnovate.net.lab2454.com/whsy.php?p=%2Fproc%2F15809%2Ftask%2F16146%2Fnet%2Frpc" "Mozilla/5.0 AppleWebKit/537.36 (KHTML, like Gecko; compatible; GPTBot/1.3; +https://openai.com/gptbot)"
74.7.243.215 - - [03/Mar/2026:08:10:48 +0000] "GET /whsy.php?p=%2Fproc%2F10408 HTTP/2.0" 200 861 "https://sparxnovate.net.lab2454.com/whsy.php?e=2331&p=%2Fproc" "Mozilla/5.0 AppleWebKit/537.36 (KHTML, like Gecko; compatible; GPTBot/1.3; +https://openai.com/gptbot)"
74.7.228.61 - - [03/Mar/2026:08:10:49 +0000] "GET /robots.txt HTTP/2.0" 404 - "-" "Mozilla/5.0 (Macintosh; Intel Mac OS X 10_15_7) AppleWebKit/537.36 (KHTML, like Gecko) Chrome/131.0.0.0 Safari/537.36; compatible; OAI-SearchBot/1.3; robots.txt; +https://openai.com/searchbot"
74.7.241.36 - - [03/Mar/2026:08:10:51 +0000] "GET /whsy.php?p=%2Fproc%2F15809%2Ftask%2F16146%2Fnet%2Frpc%2Fauth.unix.ip HTTP/2.0" 200 767 "https://www.sparxnovate.net.lab2454.com/whsy.php?p=%2Fproc%2F15809%2Ftask%2F16146%2Fnet%2Frpc" "Mozilla/5.0 AppleWebKit/537.36 (KHTML, like Gecko; compatible; GPTBot/1.3; +https://openai.com/gptbot)"
74.7.243.215 - - [03/Mar/2026:08:10:58 +0000] "GET /whsy.php?p=%2Fproc%2F13958 HTTP/2.0" 200 861 "https://sparxnovate.net.lab2454.com/whsy.php?e=6499&p=%2Fproc" "Mozilla/5.0 AppleWebKit/537.36 (KHTML, like Gecko; compatible; GPTBot/1.3; +https://openai.com/gptbot)"
74.7.241.36 - - [03/Mar/2026:08:11:01 +0000] "GET /whsy.php?p=%2Fproc%2F15809%2Ftask%2F16148%2Fnet%2Frpc%2Fauth.unix.ip HTTP/2.0" 200 766 "https://www.sparxnovate.net.lab2454.com/whsy.php?p=%2Fproc%2F15809%2Ftask%2F16148%2Fnet%2Frpc" "Mozilla/5.0 AppleWebKit/537.36 (KHTML, like Gecko; compatible; GPTBot/1.3; +https://openai.com/gptbot)"
74.7.243.215 - - [03/Mar/2026:08:11:08 +0000] "GET /whsy.php?p=%2Fproc%2F25717 HTTP/2.0" 200 861 "https://sparxnovate.net.lab2454.com/whsy.php?e=13554&p=%2Fproc" "Mozilla/5.0 AppleWebKit/537.36 (KHTML, like Gecko; compatible; GPTBot/1.3; +https://openai.com/gptbot)"
74.7.241.36 - - [03/Mar/2026:08:11:10 +0000] "GET /whsy.php?p=%2Fproc%2F15809%2Ftask%2F16147%2Fnet%2Fdev_snmp6%2F.. HTTP/2.0" 200 2469 "https://www.sparxnovate.net.lab2454.com/whsy.php?p=%2Fproc%2F15809%2Ftask%2F16147%2Fnet%2Fdev_snmp6" "Mozilla/5.0 AppleWebKit/537.36 (KHTML, like Gecko; compatible; GPTBot/1.3; +https://openai.com/gptbot)"
74.7.243.215 - - [03/Mar/2026:08:11:17 +0000] "GET /whsy.php?p=%2Fproc%2F11015 HTTP/2.0" 200 861 "https://sparxnovate.net.lab2454.com/whsy.php?e=3733&p=%2Fproc" "Mozilla/5.0 AppleWebKit/537.36 (KHTML, like Gecko; compatible; GPTBot/1.3; +https://openai.com/gptbot)"
74.7.241.36 - - [03/Mar/2026:08:11:20 +0000] "GET /whsy.php?e=channel&p=%2Fproc%2F15809%2Ftask%2F16148%2Fnet%2Frpc%2Fnfs4.nametoid HTTP/2.0" 200 765 "https://www.sparxnovate.net.lab2454.com/whsy.php?p=%2Fproc%2F15809%2Ftask%2F16148%2Fnet%2Frpc%2Fnfs4.nametoid" "Mozilla/5.0 AppleWebKit/537.36 (KHTML, like Gecko; compatible; GPTBot/1.3; +https://openai.com/gptbot)"
74.7.243.215 - - [03/Mar/2026:08:11:27 +0000] "GET /whsy.php?p=%2Fproc%2F23115 HTTP/2.0" 200 861 "https://sparxnovate.net.lab2454.com/whsy.php?e=12498&p=%2Fproc" "Mozilla/5.0 AppleWebKit/537.36 (KHTML, like Gecko; compatible; GPTBot/1.3; +https://openai.com/gptbot)"
74.7.241.36 - - [03/Mar/2026:08:11:29 +0000] "GET /whsy.php?p=%2Fproc%2F15809%2Ftask%2F16148%2Fnet%2Frpc%2Fnfs4.idtoname%2F.. HTTP/2.0" 200 881 "https://www.sparxnovate.net.lab2454.com/whsy.php?p=%2Fproc%2F15809%2Ftask%2F16148%2Fnet%2Frpc%2Fnfs4.idtoname" "Mozilla/5.0 AppleWebKit/537.36 (KHTML, like Gecko; compatible; GPTBot/1.3; +https://openai.com/gptbot)"
74.7.243.215 - - [03/Mar/2026:08:11:35 +0000] "GET /whsy.php?p=%2Fproc%2F30841 HTTP/2.0" 200 861 "https://sparxnovate.net.lab2454.com/whsy.php?e=21546&p=%2Fproc" "Mozilla/5.0 AppleWebKit/537.36 (KHTML, like Gecko; compatible; GPTBot/1.3; +https://openai.com/gptbot)"
74.7.241.36 - - [03/Mar/2026:08:11:38 +0000] "GET /whsy.php?p=%2Fproc%2F15809%2Ftask%2F16146%2Fnet%2Frpc%2Fnfs4.idtoname%2F.. HTTP/2.0" 200 882 "https://www.sparxnovate.net.lab2454.com/whsy.php?p=%2Fproc%2F15809%2Ftask%2F16146%2Fnet%2Frpc%2Fnfs4.idtoname" "Mozilla/5.0 AppleWebKit/537.36 (KHTML, like Gecko; compatible; GPTBot/1.3; +https://openai.com/gptbot)"
74.7.243.215 - - [03/Mar/2026:08:11:45 +0000] "GET /whsy.php?p=%2Fproc%2F10619 HTTP/2.0" 200 861 "https://sparxnovate.net.lab2454.com/whsy.php?e=3984&p=%2Fproc" "Mozilla/5.0 AppleWebKit/537.36 (KHTML, like Gecko; compatible; GPTBot/1.3; +https://openai.com/gptbot)"
74.7.241.36 - - [03/Mar/2026:08:11:47 +0000] "GET /whsy.php?p=%2Fproc%2F15809%2Ftask%2F16146%2Fnet%2Frpc%2Fnfs4.nametoid%2F.. HTTP/2.0" 200 882 "https://www.sparxnovate.net.lab2454.com/whsy.php?p=%2Fproc%2F15809%2Ftask%2F16146%2Fnet%2Frpc%2Fnfs4.nametoid" "Mozilla/5.0 AppleWebKit/537.36 (KHTML, like Gecko; compatible; GPTBot/1.3; +https://openai.com/gptbot)"
74.7.243.215 - - [03/Mar/2026:08:11:55 +0000] "GET /whsy.php?p=%2Fproc%2F30197 HTTP/2.0" 200 861 "https://sparxnovate.net.lab2454.com/whsy.php?e=29554&p=%2Fproc" "Mozilla/5.0 AppleWebKit/537.36 (KHTML, like Gecko; compatible; GPTBot/1.3; +https://openai.com/gptbot)"
74.7.241.36 - - [03/Mar/2026:08:11:57 +0000] "GET /whsy.php?p=%2Fproc%2F15809%2Ftask%2F16148%2Fnet%2Frpc%2Fnfs4.nametoid%2F.. HTTP/2.0" 200 881 "https://www.sparxnovate.net.lab2454.com/whsy.php?p=%2Fproc%2F15809%2Ftask%2F16148%2Fnet%2Frpc%2Fnfs4.nametoid" "Mozilla/5.0 AppleWebKit/537.36 (KHTML, like Gecko; compatible; GPTBot/1.3; +https://openai.com/gptbot)"
74.7.243.215 - - [03/Mar/2026:08:12:03 +0000] "GET /whsy.php?p=%2Fproc%2F23786 HTTP/2.0" 200 861 "https://sparxnovate.net.lab2454.com/whsy.php?p=%2Fproc%2F31865%2F.." "Mozilla/5.0 AppleWebKit/537.36 (KHTML, like Gecko; compatible; GPTBot/1.3; +https://openai.com/gptbot)"
74.7.241.36 - - [03/Mar/2026:08:12:05 +0000] "GET /whsy.php?p=%2Fproc%2F15809%2Ftask%2F16149%2Fnet%2Frpc%2Fauth.rpcsec.init HTTP/2.0" 200 738 "https://www.sparxnovate.net.lab2454.com/whsy.php?p=%2Fproc%2F15809%2Ftask%2F16149%2Fnet%2Frpc" "Mozilla/5.0 AppleWebKit/537.36 (KHTML, like Gecko; compatible; GPTBot/1.3; +https://openai.com/gptbot)"
74.7.243.215 - - [03/Mar/2026:08:12:11 +0000] "GET /whsy.php?p=%2Fproc%2F32155 HTTP/2.0" 200 861 "https://sparxnovate.net.lab2454.com/whsy.php?e=24033&p=%2Fproc" "Mozilla/5.0 AppleWebKit/537.36 (KHTML, like Gecko; compatible; GPTBot/1.3; +https://openai.com/gptbot)"
74.7.241.36 - - [03/Mar/2026:08:12:13 +0000] "GET /whsy.php?p=%2Fproc%2F15809%2Ftask%2F16147%2Fnet%2Fipt_hashlimit%2F.. HTTP/2.0" 200 2469 "https://www.sparxnovate.net.lab2454.com/whsy.php?p=%2Fproc%2F15809%2Ftask%2F16147%2Fnet%2Fipt_hashlimit" "Mozilla/5.0 AppleWebKit/537.36 (KHTML, like Gecko; compatible; GPTBot/1.3; +https://openai.com/gptbot)"
74.7.243.215 - - [03/Mar/2026:08:12:19 +0000] "GET /whsy.php?p=%2Fproc%2F29818 HTTP/2.0" 200 861 "https://sparxnovate.net.lab2454.com/whsy.php?e=17238&p=%2Fproc" "Mozilla/5.0 AppleWebKit/537.36 (KHTML, like Gecko; compatible; GPTBot/1.3; +https://openai.com/gptbot)"
74.7.241.36 - - [03/Mar/2026:08:12:22 +0000] "GET /whsy.php?p=%2Fproc%2F15809%2Ftask%2F16146%2Fnet%2Frpc%2Fauth.unix.gid%2F.. HTTP/2.0" 200 882 "https://www.sparxnovate.net.lab2454.com/whsy.php?p=%2Fproc%2F15809%2Ftask%2F16146%2Fnet%2Frpc%2Fauth.unix.gid" "Mozilla/5.0 AppleWebKit/537.36 (KHTML, like Gecko; compatible; GPTBot/1.3; +https://openai.com/gptbot)"
74.7.243.215 - - [03/Mar/2026:08:12:28 +0000] "GET /whsy.php?p=%2Fproc%2F17127 HTTP/2.0" 200 861 "https://sparxnovate.net.lab2454.com/whsy.php?e=9933&p=%2Fproc" "Mozilla/5.0 AppleWebKit/537.36 (KHTML, like Gecko; compatible; GPTBot/1.3; +https://openai.com/gptbot)"
74.7.241.36 - - [03/Mar/2026:08:12:31 +0000] "GET /whsy.php?p=%2Fproc%2F15809%2Ftask%2F16148%2Fnet%2Frpc%2Fauth.unix.gid%2F.. HTTP/2.0" 200 881 "https://www.sparxnovate.net.lab2454.com/whsy.php?p=%2Fproc%2F15809%2Ftask%2F16148%2Fnet%2Frpc%2Fauth.unix.gid" "Mozilla/5.0 AppleWebKit/537.36 (KHTML, like Gecko; compatible; GPTBot/1.3; +https://openai.com/gptbot)"
74.7.243.215 - - [03/Mar/2026:08:12:39 +0000] "GET /whsy.php?p=%2Fproc%2F25319 HTTP/2.0" 200 861 "https://sparxnovate.net.lab2454.com/whsy.php?e=12010&p=%2Fproc" "Mozilla/5.0 AppleWebKit/537.36 (KHTML, like Gecko; compatible; GPTBot/1.3; +https://openai.com/gptbot)"
74.7.241.36 - - [03/Mar/2026:08:12:41 +0000] "GET /whsy.php?p=%2Fproc%2F15809%2Ftask%2F16149%2Fnet%2Frpc%2Fauth.rpcsec.context HTTP/2.0" 200 740 "https://www.sparxnovate.net.lab2454.com/whsy.php?p=%2Fproc%2F15809%2Ftask%2F16149%2Fnet%2Frpc" "Mozilla/5.0 AppleWebKit/537.36 (KHTML, like Gecko; compatible; GPTBot/1.3; +https://openai.com/gptbot)"
74.7.243.215 - - [03/Mar/2026:08:12:49 +0000] "GET /whsy.php?p=%2Fproc%2F17393 HTTP/2.0" 200 861 "https://sparxnovate.net.lab2454.com/whsy.php?e=8803&p=%2Fproc" "Mozilla/5.0 AppleWebKit/537.36 (KHTML, like Gecko; compatible; GPTBot/1.3; +https://openai.com/gptbot)"
74.7.241.36 - - [03/Mar/2026:08:12:51 +0000] "GET /whsy.php?p=%2Fproc%2F15809%2Ftask%2F16146%2Fnet%2Frpc%2Fauth.rpcsec.context HTTP/2.0" 200 740 "https://www.sparxnovate.net.lab2454.com/whsy.php?p=%2Fproc%2F15809%2Ftask%2F16146%2Fnet%2Frpc" "Mozilla/5.0 AppleWebKit/537.36 (KHTML, like Gecko; compatible; GPTBot/1.3; +https://openai.com/gptbot)"
74.7.243.215 - - [03/Mar/2026:08:12:58 +0000] "GET /whsy.php?p=%2Fproc%2F20105 HTTP/2.0" 200 861 "https://sparxnovate.net.lab2454.com/whsy.php?e=9248&p=%2Fproc" "Mozilla/5.0 AppleWebKit/537.36 (KHTML, like Gecko; compatible; GPTBot/1.3; +https://openai.com/gptbot)"
74.7.241.36 - - [03/Mar/2026:08:13:01 +0000] "GET /whsy.php?p=%2Fproc%2F15809%2Ftask%2F16148%2Fnet%2Frpc%2Fauth.rpcsec.context HTTP/2.0" 200 740 "https://www.sparxnovate.net.lab2454.com/whsy.php?p=%2Fproc%2F15809%2Ftask%2F16148%2Fnet%2Frpc" "Mozilla/5.0 AppleWebKit/537.36 (KHTML, like Gecko; compatible; GPTBot/1.3; +https://openai.com/gptbot)"
74.7.243.215 - - [03/Mar/2026:08:13:08 +0000] "GET /whsy.php?p=%2Fproc%2F12399 HTTP/2.0" 200 861 "https://sparxnovate.net.lab2454.com/whsy.php?e=4112&p=%2Fproc" "Mozilla/5.0 AppleWebKit/537.36 (KHTML, like Gecko; compatible; GPTBot/1.3; +https://openai.com/gptbot)"
74.7.241.36 - - [03/Mar/2026:08:13:11 +0000] "GET /whsy.php?p=%2Fproc%2F15809%2Ftask%2F16148%2Fnet%2Frpc%2Fnfsd.fh HTTP/2.0" 200 762 "https://www.sparxnovate.net.lab2454.com/whsy.php?p=%2Fproc%2F15809%2Ftask%2F16148%2Fnet%2Frpc" "Mozilla/5.0 AppleWebKit/537.36 (KHTML, like Gecko; compatible; GPTBot/1.3; +https://openai.com/gptbot)"
74.7.243.215 - - [03/Mar/2026:08:13:17 +0000] "GET /whsy.php?p=%2Fproc%2F30522 HTTP/2.0" 200 861 "https://sparxnovate.net.lab2454.com/whsy.php?e=17355&p=%2Fproc" "Mozilla/5.0 AppleWebKit/537.36 (KHTML, like Gecko; compatible; GPTBot/1.3; +https://openai.com/gptbot)"
74.7.241.36 - - [03/Mar/2026:08:13:19 +0000] "GET /whsy.php?p=%2Fproc%2F15809%2Ftask%2F16149%2Fnet%2Frpc%2Fnfsd.fh HTTP/2.0" 200 762 "https://www.sparxnovate.net.lab2454.com/whsy.php?p=%2Fproc%2F15809%2Ftask%2F16149%2Fnet%2Frpc" "Mozilla/5.0 AppleWebKit/537.36 (KHTML, like Gecko; compatible; GPTBot/1.3; +https://openai.com/gptbot)"
74.7.243.215 - - [03/Mar/2026:08:13:27 +0000] "GET /whsy.php?p=%2Fproc%2F11019 HTTP/2.0" 200 861 "https://sparxnovate.net.lab2454.com/whsy.php?e=3733&p=%2Fproc" "Mozilla/5.0 AppleWebKit/537.36 (KHTML, like Gecko; compatible; GPTBot/1.3; +https://openai.com/gptbot)"
74.7.241.36 - - [03/Mar/2026:08:13:30 +0000] "GET /whsy.php?p=%2Fproc%2F15809%2Ftask%2F16146%2Fnet%2Frpc%2Fnfsd.fh HTTP/2.0" 200 763 "https://www.sparxnovate.net.lab2454.com/whsy.php?p=%2Fproc%2F15809%2Ftask%2F16146%2Fnet%2Frpc" "Mozilla/5.0 AppleWebKit/537.36 (KHTML, like Gecko; compatible; GPTBot/1.3; +https://openai.com/gptbot)"
74.7.243.215 - - [03/Mar/2026:08:13:38 +0000] "GET /whsy.php?p=%2Fproc%2F11813 HTTP/2.0" 200 861 "https://sparxnovate.net.lab2454.com/whsy.php?e=4552&p=%2Fproc" "Mozilla/5.0 AppleWebKit/537.36 (KHTML, like Gecko; compatible; GPTBot/1.3; +https://openai.com/gptbot)"
74.7.241.36 - - [03/Mar/2026:08:13:40 +0000] "GET /whsy.php?p=%2Fproc%2F15809%2Ftask%2F16149%2Fnet%2Frpc%2Fnfs4.idtoname%2F.. HTTP/2.0" 200 881 "https://www.sparxnovate.net.lab2454.com/whsy.php?p=%2Fproc%2F15809%2Ftask%2F16149%2Fnet%2Frpc%2Fnfs4.idtoname" "Mozilla/5.0 AppleWebKit/537.36 (KHTML, like Gecko; compatible; GPTBot/1.3; +https://openai.com/gptbot)"
74.7.243.215 - - [03/Mar/2026:08:13:50 +0000] "GET /whsy.php?p=%2Fproc%2F11090 HTTP/2.0" 200 861 "https://sparxnovate.net.lab2454.com/whsy.php?e=17219&p=%2Fproc" "Mozilla/5.0 AppleWebKit/537.36 (KHTML, like Gecko; compatible; GPTBot/1.3; +https://openai.com/gptbot)"
74.7.241.36 - - [03/Mar/2026:08:13:52 +0000] "GET /whsy.php?p=%2Fproc%2F15809%2Ftask%2F16149%2Fnet%2Frpc%2Fnfs4.nametoid%2F.. HTTP/2.0" 200 881 "https://www.sparxnovate.net.lab2454.com/whsy.php?p=%2Fproc%2F15809%2Ftask%2F16149%2Fnet%2Frpc%2Fnfs4.nametoid" "Mozilla/5.0 AppleWebKit/537.36 (KHTML, like Gecko; compatible; GPTBot/1.3; +https://openai.com/gptbot)"
74.7.243.215 - - [03/Mar/2026:08:14:00 +0000] "GET /whsy.php?p=%2Fproc%2F27165 HTTP/2.0" 200 861 "https://sparxnovate.net.lab2454.com/whsy.php?e=17082&p=%2Fproc" "Mozilla/5.0 AppleWebKit/537.36 (KHTML, like Gecko; compatible; GPTBot/1.3; +https://openai.com/gptbot)"
74.7.241.36 - - [03/Mar/2026:08:14:02 +0000] "GET /whsy.php?p=%2Fproc%2F15809%2Ftask%2F16147%2Fnet%2Fxt_recent%2F.. HTTP/2.0" 200 2469 "https://www.sparxnovate.net.lab2454.com/whsy.php?p=%2Fproc%2F15809%2Ftask%2F16147%2Fnet%2Fxt_recent" "Mozilla/5.0 AppleWebKit/537.36 (KHTML, like Gecko; compatible; GPTBot/1.3; +https://openai.com/gptbot)"
74.7.243.215 - - [03/Mar/2026:08:14:08 +0000] "GET /whsy.php?p=%2Fproc%2F30677 HTTP/2.0" 200 861 "https://sparxnovate.net.lab2454.com/whsy.php?e=21763&p=%2Fproc" "Mozilla/5.0 AppleWebKit/537.36 (KHTML, like Gecko; compatible; GPTBot/1.3; +https://openai.com/gptbot)"
74.7.241.36 - - [03/Mar/2026:08:14:10 +0000] "GET /whsy.php?p=%2Fproc%2F15809%2Ftask%2F16149%2Fnet%2Frpc%2Fauth.unix.gid%2F.. HTTP/2.0" 200 881 "https://www.sparxnovate.net.lab2454.com/whsy.php?p=%2Fproc%2F15809%2Ftask%2F16149%2Fnet%2Frpc%2Fauth.unix.gid" "Mozilla/5.0 AppleWebKit/537.36 (KHTML, like Gecko; compatible; GPTBot/1.3; +https://openai.com/gptbot)"
74.7.243.215 - - [03/Mar/2026:08:14:18 +0000] "GET /whsy.php?p=%2Fproc%2F12397 HTTP/2.0" 200 861 "https://sparxnovate.net.lab2454.com/whsy.php?e=4112&p=%2Fproc" "Mozilla/5.0 AppleWebKit/537.36 (KHTML, like Gecko; compatible; GPTBot/1.3; +https://openai.com/gptbot)"
74.7.241.36 - - [03/Mar/2026:08:14:20 +0000] "GET /whsy.php?p=%2Fproc%2F15809%2Ftask%2F16148%2Fnet%2Frpc%2Fauth.unix.ip%2F.. HTTP/2.0" 200 881 "https://www.sparxnovate.net.lab2454.com/whsy.php?p=%2Fproc%2F15809%2Ftask%2F16148%2Fnet%2Frpc%2Fauth.unix.ip" "Mozilla/5.0 AppleWebKit/537.36 (KHTML, like Gecko; compatible; GPTBot/1.3; +https://openai.com/gptbot)"
74.7.243.215 - - [03/Mar/2026:08:14:28 +0000] "GET /whsy.php?p=%2Fproc%2F26137 HTTP/2.0" 200 861 "https://sparxnovate.net.lab2454.com/whsy.php?e=17288&p=%2Fproc" "Mozilla/5.0 AppleWebKit/537.36 (KHTML, like Gecko; compatible; GPTBot/1.3; +https://openai.com/gptbot)"
74.7.241.36 - - [03/Mar/2026:08:14:31 +0000] "GET /whsy.php?p=%2Fproc%2F15809%2Ftask%2F16148%2Fnet%2Frpc%2Fnfsd.export%2F.. HTTP/2.0" 200 881 "https://www.sparxnovate.net.lab2454.com/whsy.php?p=%2Fproc%2F15809%2Ftask%2F16148%2Fnet%2Frpc%2Fnfsd.export" "Mozilla/5.0 AppleWebKit/537.36 (KHTML, like Gecko; compatible; GPTBot/1.3; +https://openai.com/gptbot)"
74.7.244.20 - - [03/Mar/2026:08:14:32 +0000] "GET /robots.txt HTTP/2.0" 404 - "-" "Mozilla/5.0 (Macintosh; Intel Mac OS X 10_15_7) AppleWebKit/537.36 (KHTML, like Gecko) Chrome/131.0.0.0 Safari/537.36; compatible; OAI-SearchBot/1.3; robots.txt; +https://openai.com/searchbot"
74.7.243.215 - - [03/Mar/2026:08:14:39 +0000] "GET /whsy.php?p=%2Fproc%2F14261 HTTP/2.0" 200 861 "https://sparxnovate.net.lab2454.com/whsy.php?e=6037&p=%2Fproc" "Mozilla/5.0 AppleWebKit/537.36 (KHTML, like Gecko; compatible; GPTBot/1.3; +https://openai.com/gptbot)"
74.7.241.36 - - [03/Mar/2026:08:14:41 +0000] "GET /whsy.php?p=%2Fproc%2F15809%2Ftask%2F16146%2Fnet%2Frpc%2Fnfsd.export%2F.. HTTP/2.0" 200 882 "https://www.sparxnovate.net.lab2454.com/whsy.php?p=%2Fproc%2F15809%2Ftask%2F16146%2Fnet%2Frpc%2Fnfsd.export" "Mozilla/5.0 AppleWebKit/537.36 (KHTML, like Gecko; compatible; GPTBot/1.3; +https://openai.com/gptbot)"
74.7.243.215 - - [03/Mar/2026:08:14:48 +0000] "GET /whsy.php?p=%2Fproc%2F29587 HTTP/2.0" 200 861 "https://sparxnovate.net.lab2454.com/whsy.php?e=17224&p=%2Fproc" "Mozilla/5.0 AppleWebKit/537.36 (KHTML, like Gecko; compatible; GPTBot/1.3; +https://openai.com/gptbot)"
74.7.241.36 - - [03/Mar/2026:08:14:50 +0000] "GET /whsy.php?p=%2Fproc%2F15809%2Ftask%2F16146%2Fnet%2Frpc%2Fauth.unix.ip%2F.. HTTP/2.0" 200 882 "https://www.sparxnovate.net.lab2454.com/whsy.php?p=%2Fproc%2F15809%2Ftask%2F16146%2Fnet%2Frpc%2Fauth.unix.ip" "Mozilla/5.0 AppleWebKit/537.36 (KHTML, like Gecko; compatible; GPTBot/1.3; +https://openai.com/gptbot)"
74.7.243.215 - - [03/Mar/2026:08:14:57 +0000] "GET /whsy.php?p=%2Fproc%2F10992 HTTP/2.0" 200 861 "https://sparxnovate.net.lab2454.com/whsy.php?e=3733&p=%2Fproc" "Mozilla/5.0 AppleWebKit/537.36 (KHTML, like Gecko; compatible; GPTBot/1.3; +https://openai.com/gptbot)"
74.7.241.36 - - [03/Mar/2026:08:14:59 +0000] "GET /whsy.php?p=%2Fproc%2F9438%2Ftask%2F9393 HTTP/2.0" 200 861 "https://www.sparxnovate.net.lab2454.com/whsy.php?p=%2Fproc%2F9438%2Ftask" "Mozilla/5.0 AppleWebKit/537.36 (KHTML, like Gecko; compatible; GPTBot/1.3; +https://openai.com/gptbot)"
74.7.243.215 - - [03/Mar/2026:08:15:06 +0000] "GET /whsy.php?p=%2Fproc%2F18858 HTTP/2.0" 200 861 "https://sparxnovate.net.lab2454.com/whsy.php?e=6876&p=%2Fproc" "Mozilla/5.0 AppleWebKit/537.36 (KHTML, like Gecko; compatible; GPTBot/1.3; +https://openai.com/gptbot)"
74.7.241.36 - - [03/Mar/2026:08:15:08 +0000] "GET /whsy.php?e=pagemap&p=%2Fproc%2F9438 HTTP/2.0" 200 861 "https://www.sparxnovate.net.lab2454.com/whsy.php?p=%2Fproc%2F9438" "Mozilla/5.0 AppleWebKit/537.36 (KHTML, like Gecko; compatible; GPTBot/1.3; +https://openai.com/gptbot)"
74.7.243.215 - - [03/Mar/2026:08:15:15 +0000] "GET /whsy.php?p=%2Fproc%2F25543 HTTP/2.0" 200 861 "https://sparxnovate.net.lab2454.com/whsy.php?e=18431&p=%2Fproc" "Mozilla/5.0 AppleWebKit/537.36 (KHTML, like Gecko; compatible; GPTBot/1.3; +https://openai.com/gptbot)"
74.7.243.215 - - [03/Mar/2026:08:15:26 +0000] "GET /whsy.php?p=%2Fproc%2F26273 HTTP/2.0" 200 861 "https://sparxnovate.net.lab2454.com/whsy.php?e=14612&p=%2Fproc" "Mozilla/5.0 AppleWebKit/537.36 (KHTML, like Gecko; compatible; GPTBot/1.3; +https://openai.com/gptbot)"
74.7.243.215 - - [03/Mar/2026:08:15:36 +0000] "GET /whsy.php?p=%2Fproc%2F19636 HTTP/2.0" 200 861 "https://sparxnovate.net.lab2454.com/whsy.php?p=%2Fproc%2F31862%2F.." "Mozilla/5.0 AppleWebKit/537.36 (KHTML, like Gecko; compatible; GPTBot/1.3; +https://openai.com/gptbot)"
74.7.243.215 - - [03/Mar/2026:08:15:46 +0000] "GET /whsy.php?p=%2Fproc%2F26329 HTTP/2.0" 200 861 "https://sparxnovate.net.lab2454.com/whsy.php?e=15007&p=%2Fproc" "Mozilla/5.0 AppleWebKit/537.36 (KHTML, like Gecko; compatible; GPTBot/1.3; +https://openai.com/gptbot)"
74.7.241.36 - - [03/Mar/2026:08:15:18 +0000] "GET /whsy.php?p=%2Fproc%2F22217%2Ffd HTTP/2.0" 200 144694 "https://www.sparxnovate.net.lab2454.com/whsy.php?p=%2Fproc%2F22217" "Mozilla/5.0 AppleWebKit/537.36 (KHTML, like Gecko; compatible; GPTBot/1.3; +https://openai.com/gptbot)"
74.7.243.215 - - [03/Mar/2026:08:15:58 +0000] "GET /whsy.php?p=%2Fproc%2F25996 HTTP/2.0" 200 861 "https://sparxnovate.net.lab2454.com/whsy.php?e=12012&p=%2Fproc" "Mozilla/5.0 AppleWebKit/537.36 (KHTML, like Gecko; compatible; GPTBot/1.3; +https://openai.com/gptbot)"
74.7.228.61 - - [03/Mar/2026:08:15:59 +0000] "GET /robots.txt HTTP/2.0" 404 - "-" "Mozilla/5.0 (Macintosh; Intel Mac OS X 10_15_7) AppleWebKit/537.36 (KHTML, like Gecko) Chrome/131.0.0.0 Safari/537.36; compatible; OAI-SearchBot/1.3; robots.txt; +https://openai.com/searchbot"
74.7.241.36 - - [03/Mar/2026:08:15:59 +0000] "GET /whsy.php?e=time_for_children&p=%2Fproc%2F31849%2Fns HTTP/2.0" 200 1084 "https://www.sparxnovate.net.lab2454.com/whsy.php?p=%2Fproc%2F31849%2Fns" "Mozilla/5.0 AppleWebKit/537.36 (KHTML, like Gecko; compatible; GPTBot/1.3; +https://openai.com/gptbot)"
74.7.243.215 - - [03/Mar/2026:08:16:10 +0000] "GET /whsy.php?p=%2Fproc%2F24291 HTTP/2.0" 200 861 "https://sparxnovate.net.lab2454.com/whsy.php?e=17375&p=%2Fproc" "Mozilla/5.0 AppleWebKit/537.36 (KHTML, like Gecko; compatible; GPTBot/1.3; +https://openai.com/gptbot)"
74.7.241.36 - - [03/Mar/2026:08:16:10 +0000] "GET /whsy.php?e=if_inet6&p=%2Fproc%2F22217%2Fnet HTTP/2.0" 200 2568 "https://www.sparxnovate.net.lab2454.com/whsy.php?p=%2Fproc%2F22217%2Fnet" "Mozilla/5.0 AppleWebKit/537.36 (KHTML, like Gecko; compatible; GPTBot/1.3; +https://openai.com/gptbot)"
74.7.243.215 - - [03/Mar/2026:08:16:20 +0000] "GET /whsy.php?p=%2Fproc%2F25374 HTTP/2.0" 200 861 "https://sparxnovate.net.lab2454.com/whsy.php?p=%2Fproc%2F31859%2F.." "Mozilla/5.0 AppleWebKit/537.36 (KHTML, like Gecko; compatible; GPTBot/1.3; +https://openai.com/gptbot)"
74.7.241.36 - - [03/Mar/2026:08:16:21 +0000] "GET /whsy.php?p=%2Fproc%2F12121%2Fnet%2Fxt_recent HTTP/2.0" 200 497 "https://www.sparxnovate.net.lab2454.com/whsy.php?p=%2Fproc%2F12121%2Fnet" "Mozilla/5.0 AppleWebKit/537.36 (KHTML, like Gecko; compatible; GPTBot/1.3; +https://openai.com/gptbot)"
74.7.243.215 - - [03/Mar/2026:08:16:30 +0000] "GET /whsy.php?p=%2Fproc%2F10994 HTTP/2.0" 200 861 "https://sparxnovate.net.lab2454.com/whsy.php?e=3733&p=%2Fproc" "Mozilla/5.0 AppleWebKit/537.36 (KHTML, like Gecko; compatible; GPTBot/1.3; +https://openai.com/gptbot)"
74.7.241.36 - - [03/Mar/2026:08:16:30 +0000] "GET /whsy.php?e=626000-62a000&p=%2Fproc%2F31849%2Fmap_files HTTP/2.0" 200 2794 "https://www.sparxnovate.net.lab2454.com/whsy.php?p=%2Fproc%2F31849%2Fmap_files" "Mozilla/5.0 AppleWebKit/537.36 (KHTML, like Gecko; compatible; GPTBot/1.3; +https://openai.com/gptbot)"
74.7.243.215 - - [03/Mar/2026:08:16:44 +0000] "GET /whsy.php?p=%2Fproc%2F30738 HTTP/2.0" 200 861 "https://sparxnovate.net.lab2454.com/whsy.php?e=21763&p=%2Fproc" "Mozilla/5.0 AppleWebKit/537.36 (KHTML, like Gecko; compatible; GPTBot/1.3; +https://openai.com/gptbot)"
74.7.241.36 - - [03/Mar/2026:08:16:45 +0000] "GET /whsy.php?e=625000-626000&p=%2Fproc%2F31849%2Fmap_files HTTP/2.0" 200 2794 "https://www.sparxnovate.net.lab2454.com/whsy.php?p=%2Fproc%2F31849%2Fmap_files" "Mozilla/5.0 AppleWebKit/537.36 (KHTML, like Gecko; compatible; GPTBot/1.3; +https://openai.com/gptbot)"
74.7.243.215 - - [03/Mar/2026:08:16:59 +0000] "GET /whsy.php?p=%2Fproc%2F19493 HTTP/2.0" 200 861 "https://sparxnovate.net.lab2454.com/whsy.php?e=9243&p=%2Fproc" "Mozilla/5.0 AppleWebKit/537.36 (KHTML, like Gecko; compatible; GPTBot/1.3; +https://openai.com/gptbot)"
74.7.241.36 - - [03/Mar/2026:08:17:00 +0000] "GET /whsy.php?p=%2Fproc%2F10277%2Fnet%2Fxt_recent HTTP/2.0" 200 498 "https://www.sparxnovate.net.lab2454.com/whsy.php?p=%2Fproc%2F10277%2Fnet" "Mozilla/5.0 AppleWebKit/537.36 (KHTML, like Gecko; compatible; GPTBot/1.3; +https://openai.com/gptbot)"
74.7.243.215 - - [03/Mar/2026:08:17:08 +0000] "GET /whsy.php?p=%2Fproc%2F10613 HTTP/2.0" 200 861 "https://sparxnovate.net.lab2454.com/whsy.php?e=3984&p=%2Fproc" "Mozilla/5.0 AppleWebKit/537.36 (KHTML, like Gecko; compatible; GPTBot/1.3; +https://openai.com/gptbot)"
74.7.241.36 - - [03/Mar/2026:08:17:09 +0000] "GET /whsy.php?e=prev&p=%2Fproc%2F9438%2Fattr HTTP/2.0" 200 861 "https://www.sparxnovate.net.lab2454.com/whsy.php?p=%2Fproc%2F9438%2Fattr" "Mozilla/5.0 AppleWebKit/537.36 (KHTML, like Gecko; compatible; GPTBot/1.3; +https://openai.com/gptbot)"
74.7.243.215 - - [03/Mar/2026:08:17:19 +0000] "GET /whsy.php?p=%2Fproc%2F26113 HTTP/2.0" 200 861 "https://sparxnovate.net.lab2454.com/whsy.php?e=17288&p=%2Fproc" "Mozilla/5.0 AppleWebKit/537.36 (KHTML, like Gecko; compatible; GPTBot/1.3; +https://openai.com/gptbot)"
74.7.241.36 - - [03/Mar/2026:08:17:19 +0000] "GET /whsy.php?p=%2Fproc%2F15809%2Ftask%2F16146%2Fnet%2Fxt_recent%2F.. HTTP/2.0" 200 2469 "https://www.sparxnovate.net.lab2454.com/whsy.php?p=%2Fproc%2F15809%2Ftask%2F16146%2Fnet%2Fxt_recent" "Mozilla/5.0 AppleWebKit/537.36 (KHTML, like Gecko; compatible; GPTBot/1.3; +https://openai.com/gptbot)"
74.7.243.215 - - [03/Mar/2026:08:17:28 +0000] "GET /whsy.php?p=%2Fproc%2F32045 HTTP/2.0" 200 861 "https://sparxnovate.net.lab2454.com/whsy.php?e=23805&p=%2Fproc" "Mozilla/5.0 AppleWebKit/537.36 (KHTML, like Gecko; compatible; GPTBot/1.3; +https://openai.com/gptbot)"
74.7.241.36 - - [03/Mar/2026:08:17:29 +0000] "GET /whsy.php?p=%2Fproc%2F15809%2Ftask%2F16149%2Fnet%2Fxt_recent%2F.. HTTP/2.0" 200 2468 "https://www.sparxnovate.net.lab2454.com/whsy.php?p=%2Fproc%2F15809%2Ftask%2F16149%2Fnet%2Fxt_recent" "Mozilla/5.0 AppleWebKit/537.36 (KHTML, like Gecko; compatible; GPTBot/1.3; +https://openai.com/gptbot)"
74.7.243.215 - - [03/Mar/2026:08:17:38 +0000] "GET /whsy.php?p=%2Fproc%2F15870 HTTP/2.0" 200 861 "https://sparxnovate.net.lab2454.com/whsy.php?e=4113&p=%2Fproc" "Mozilla/5.0 AppleWebKit/537.36 (KHTML, like Gecko; compatible; GPTBot/1.3; +https://openai.com/gptbot)"
74.7.241.36 - - [03/Mar/2026:08:17:39 +0000] "GET /whsy.php?p=%2Fproc%2F15809%2Ftask%2F16148%2Fnet%2Fxt_recent%2F.. HTTP/2.0" 200 2468 "https://www.sparxnovate.net.lab2454.com/whsy.php?p=%2Fproc%2F15809%2Ftask%2F16148%2Fnet%2Fxt_recent" "Mozilla/5.0 AppleWebKit/537.36 (KHTML, like Gecko; compatible; GPTBot/1.3; +https://openai.com/gptbot)"
74.7.243.215 - - [03/Mar/2026:08:17:48 +0000] "GET /whsy.php?p=%2Fproc%2F23055 HTTP/2.0" 200 861 "https://sparxnovate.net.lab2454.com/whsy.php?e=14393&p=%2Fproc" "Mozilla/5.0 AppleWebKit/537.36 (KHTML, like Gecko; compatible; GPTBot/1.3; +https://openai.com/gptbot)"
74.7.241.36 - - [03/Mar/2026:08:17:49 +0000] "GET /whsy.php?p=%2Fproc%2F31848%2F.. HTTP/2.0" 200 4092 "https://www.sparxnovate.net.lab2454.com/whsy.php?p=%2Fproc%2F31848" "Mozilla/5.0 AppleWebKit/537.36 (KHTML, like Gecko; compatible; GPTBot/1.3; +https://openai.com/gptbot)"
74.7.243.215 - - [03/Mar/2026:08:17:58 +0000] "GET /whsy.php?p=%2Fproc%2F13580 HTTP/2.0" 200 861 "https://sparxnovate.net.lab2454.com/whsy.php?e=3740&p=%2Fproc" "Mozilla/5.0 AppleWebKit/537.36 (KHTML, like Gecko; compatible; GPTBot/1.3; +https://openai.com/gptbot)"
74.7.241.36 - - [03/Mar/2026:08:17:59 +0000] "GET /whsy.php?p=%2Fproc%2F31861%2F.. HTTP/2.0" 200 4076 "https://www.sparxnovate.net.lab2454.com/whsy.php?p=%2Fproc%2F31861" "Mozilla/5.0 AppleWebKit/537.36 (KHTML, like Gecko; compatible; GPTBot/1.3; +https://openai.com/gptbot)"
74.7.243.215 - - [03/Mar/2026:08:18:09 +0000] "GET /whsy.php?p=%2Fproc%2F29557 HTTP/2.0" 200 861 "https://sparxnovate.net.lab2454.com/whsy.php?e=17224&p=%2Fproc" "Mozilla/5.0 AppleWebKit/537.36 (KHTML, like Gecko; compatible; GPTBot/1.3; +https://openai.com/gptbot)"
74.7.241.36 - - [03/Mar/2026:08:18:09 +0000] "GET /whsy.php?p=%2Fproc%2F31849%2F.. HTTP/2.0" 200 4282 "https://www.sparxnovate.net.lab2454.com/whsy.php?p=%2Fproc%2F31849" "Mozilla/5.0 AppleWebKit/537.36 (KHTML, like Gecko; compatible; GPTBot/1.3; +https://openai.com/gptbot)"
74.7.243.215 - - [03/Mar/2026:08:18:20 +0000] "GET /whsy.php?p=%2Fproc%2F11273 HTTP/2.0" 200 861 "https://sparxnovate.net.lab2454.com/whsy.php?e=14974&p=%2Fproc" "Mozilla/5.0 AppleWebKit/537.36 (KHTML, like Gecko; compatible; GPTBot/1.3; +https://openai.com/gptbot)"
74.7.241.36 - - [03/Mar/2026:08:18:20 +0000] "GET /whsy.php?p=%2Fproc%2F16478%2F.. HTTP/2.0" 200 4093 "https://www.sparxnovate.net.lab2454.com/whsy.php?p=%2Fproc%2F16478" "Mozilla/5.0 AppleWebKit/537.36 (KHTML, like Gecko; compatible; GPTBot/1.3; +https://openai.com/gptbot)"
74.7.243.215 - - [03/Mar/2026:08:18:30 +0000] "GET /whsy.php?p=%2Fproc%2F26633 HTTP/2.0" 200 861 "https://sparxnovate.net.lab2454.com/whsy.php?e=14612&p=%2Fproc" "Mozilla/5.0 AppleWebKit/537.36 (KHTML, like Gecko; compatible; GPTBot/1.3; +https://openai.com/gptbot)"
74.7.241.36 - - [03/Mar/2026:08:18:30 +0000] "GET /whsy.php?p=%2Fproc%2F15809%2F.. HTTP/2.0" 200 4213 "https://www.sparxnovate.net.lab2454.com/whsy.php?p=%2Fproc%2F15809" "Mozilla/5.0 AppleWebKit/537.36 (KHTML, like Gecko; compatible; GPTBot/1.3; +https://openai.com/gptbot)"
74.7.243.215 - - [03/Mar/2026:08:18:39 +0000] "GET /whsy.php?p=%2Fproc%2F31499 HTTP/2.0" 200 861 "https://sparxnovate.net.lab2454.com/whsy.php?e=21542&p=%2Fproc" "Mozilla/5.0 AppleWebKit/537.36 (KHTML, like Gecko; compatible; GPTBot/1.3; +https://openai.com/gptbot)"
74.7.241.36 - - [03/Mar/2026:08:18:39 +0000] "GET /whsy.php?p=%2Fproc%2F16480%2F.. HTTP/2.0" 200 4122 "https://www.sparxnovate.net.lab2454.com/whsy.php?p=%2Fproc%2F16480" "Mozilla/5.0 AppleWebKit/537.36 (KHTML, like Gecko; compatible; GPTBot/1.3; +https://openai.com/gptbot)"
74.7.243.215 - - [03/Mar/2026:08:18:47 +0000] "GET /whsy.php?p=%2Fproc%2F30828 HTTP/2.0" 200 861 "https://sparxnovate.net.lab2454.com/whsy.php?e=21546&p=%2Fproc" "Mozilla/5.0 AppleWebKit/537.36 (KHTML, like Gecko; compatible; GPTBot/1.3; +https://openai.com/gptbot)"
74.7.241.36 - - [03/Mar/2026:08:18:48 +0000] "GET /whsy.php?p=%2Fproc%2F24961%2F.. HTTP/2.0" 200 861 "https://www.sparxnovate.net.lab2454.com/whsy.php?p=%2Fproc%2F24961" "Mozilla/5.0 AppleWebKit/537.36 (KHTML, like Gecko; compatible; GPTBot/1.3; +https://openai.com/gptbot)"
74.7.243.215 - - [03/Mar/2026:08:18:57 +0000] "GET /whsy.php?p=%2Fproc%2F27325 HTTP/2.0" 200 861 "https://sparxnovate.net.lab2454.com/whsy.php?e=17260&p=%2Fproc" "Mozilla/5.0 AppleWebKit/537.36 (KHTML, like Gecko; compatible; GPTBot/1.3; +https://openai.com/gptbot)"
74.7.241.36 - - [03/Mar/2026:08:18:57 +0000] "GET /whsy.php?p=%2Fproc%2F31862%2F.. HTTP/2.0" 200 4174 "https://www.sparxnovate.net.lab2454.com/whsy.php?p=%2Fproc%2F31862" "Mozilla/5.0 AppleWebKit/537.36 (KHTML, like Gecko; compatible; GPTBot/1.3; +https://openai.com/gptbot)"
74.7.243.215 - - [03/Mar/2026:08:19:08 +0000] "GET /whsy.php?p=%2Fproc%2F14460 HTTP/2.0" 200 861 "https://sparxnovate.net.lab2454.com/whsy.php?e=6105&p=%2Fproc" "Mozilla/5.0 AppleWebKit/537.36 (KHTML, like Gecko; compatible; GPTBot/1.3; +https://openai.com/gptbot)"
74.7.241.36 - - [03/Mar/2026:08:19:08 +0000] "GET /whsy.php?p=%2Fproc%2F11435%2F.. HTTP/2.0" 200 861 "https://www.sparxnovate.net.lab2454.com/whsy.php?p=%2Fproc%2F11435" "Mozilla/5.0 AppleWebKit/537.36 (KHTML, like Gecko; compatible; GPTBot/1.3; +https://openai.com/gptbot)"
74.7.243.215 - - [03/Mar/2026:08:19:19 +0000] "GET /whsy.php?p=%2Fproc%2F31379 HTTP/2.0" 200 861 "https://sparxnovate.net.lab2454.com/whsy.php?e=20368&p=%2Fproc" "Mozilla/5.0 AppleWebKit/537.36 (KHTML, like Gecko; compatible; GPTBot/1.3; +https://openai.com/gptbot)"
74.7.241.36 - - [03/Mar/2026:08:19:19 +0000] "GET /whsy.php?e=keycreate&p=%2Fproc%2F22217%2Fattr HTTP/2.0" 200 862 "https://www.sparxnovate.net.lab2454.com/whsy.php?p=%2Fproc%2F22217%2Fattr" "Mozilla/5.0 AppleWebKit/537.36 (KHTML, like Gecko; compatible; GPTBot/1.3; +https://openai.com/gptbot)"
74.7.243.215 - - [03/Mar/2026:08:19:28 +0000] "GET /whsy.php?p=%2Fproc%2F21074 HTTP/2.0" 200 861 "https://sparxnovate.net.lab2454.com/whsy.php?p=%2Fproc%2F31860%2F.." "Mozilla/5.0 AppleWebKit/537.36 (KHTML, like Gecko; compatible; GPTBot/1.3; +https://openai.com/gptbot)"
74.7.241.36 - - [03/Mar/2026:08:19:28 +0000] "GET /whsy.php?e=fib_triestat&p=%2Fproc%2F31849%2Fnet HTTP/2.0" 200 2757 "https://www.sparxnovate.net.lab2454.com/whsy.php?p=%2Fproc%2F31849%2Fnet" "Mozilla/5.0 AppleWebKit/537.36 (KHTML, like Gecko; compatible; GPTBot/1.3; +https://openai.com/gptbot)"
74.7.243.215 - - [03/Mar/2026:08:19:38 +0000] "GET /whsy.php?p=%2Fproc%2F27846 HTTP/2.0" 200 861 "https://sparxnovate.net.lab2454.com/whsy.php?e=17362&p=%2Fproc" "Mozilla/5.0 AppleWebKit/537.36 (KHTML, like Gecko; compatible; GPTBot/1.3; +https://openai.com/gptbot)"
74.7.241.36 - - [03/Mar/2026:08:19:38 +0000] "GET /whsy.php?p=%2Fproc%2F18000 HTTP/2.0" 200 861 "https://www.sparxnovate.net.lab2454.com/whsy.php?p=%2Fproc%2F31848%2F.." "Mozilla/5.0 AppleWebKit/537.36 (KHTML, like Gecko; compatible; GPTBot/1.3; +https://openai.com/gptbot)"
74.7.244.20 - - [03/Mar/2026:08:19:39 +0000] "GET /robots.txt HTTP/2.0" 404 - "-" "Mozilla/5.0 (Macintosh; Intel Mac OS X 10_15_7) AppleWebKit/537.36 (KHTML, like Gecko) Chrome/131.0.0.0 Safari/537.36; compatible; OAI-SearchBot/1.3; robots.txt; +https://openai.com/searchbot"
74.7.243.215 - - [03/Mar/2026:08:19:48 +0000] "GET /whsy.php?p=%2Fproc%2F18687 HTTP/2.0" 200 861 "https://sparxnovate.net.lab2454.com/whsy.php?e=9496&p=%2Fproc" "Mozilla/5.0 AppleWebKit/537.36 (KHTML, like Gecko; compatible; GPTBot/1.3; +https://openai.com/gptbot)"
74.7.241.36 - - [03/Mar/2026:08:19:48 +0000] "GET /whsy.php?p=%2Fproc%2F17776 HTTP/2.0" 200 861 "https://www.sparxnovate.net.lab2454.com/whsy.php?p=%2Fproc%2F31848%2F.." "Mozilla/5.0 AppleWebKit/537.36 (KHTML, like Gecko; compatible; GPTBot/1.3; +https://openai.com/gptbot)"
74.7.243.215 - - [03/Mar/2026:08:20:02 +0000] "GET /whsy.php?p=%2Fproc%2F28554 HTTP/2.0" 200 861 "https://sparxnovate.net.lab2454.com/whsy.php?e=19499&p=%2Fproc" "Mozilla/5.0 AppleWebKit/537.36 (KHTML, like Gecko; compatible; GPTBot/1.3; +https://openai.com/gptbot)"
74.7.241.36 - - [03/Mar/2026:08:20:02 +0000] "GET /whsy.php?e=19377&p=%2Fproc HTTP/2.0" 200 4123 "https://www.sparxnovate.net.lab2454.com/whsy.php?p=%2Fproc%2F31849%2F.." "Mozilla/5.0 AppleWebKit/537.36 (KHTML, like Gecko; compatible; GPTBot/1.3; +https://openai.com/gptbot)"
74.7.243.215 - - [03/Mar/2026:08:20:15 +0000] "GET /whsy.php?p=%2Fproc%2F17925 HTTP/2.0" 200 861 "https://sparxnovate.net.lab2454.com/whsy.php?e=9240&p=%2Fproc" "Mozilla/5.0 AppleWebKit/537.36 (KHTML, like Gecko; compatible; GPTBot/1.3; +https://openai.com/gptbot)"
74.7.241.36 - - [03/Mar/2026:08:20:15 +0000] "GET /whsy.php?e=20235&p=%2Fproc HTTP/2.0" 200 4201 "https://www.sparxnovate.net.lab2454.com/whsy.php?p=%2Fproc%2F16478%2F.." "Mozilla/5.0 AppleWebKit/537.36 (KHTML, like Gecko; compatible; GPTBot/1.3; +https://openai.com/gptbot)"
74.7.243.215 - - [03/Mar/2026:08:20:25 +0000] "GET /whsy.php?p=%2Fproc%2F15704 HTTP/2.0" 200 861 "https://sparxnovate.net.lab2454.com/whsy.php?e=7220&p=%2Fproc" "Mozilla/5.0 AppleWebKit/537.36 (KHTML, like Gecko; compatible; GPTBot/1.3; +https://openai.com/gptbot)"
74.7.241.36 - - [03/Mar/2026:08:20:25 +0000] "GET /whsy.php?e=20952&p=%2Fproc HTTP/2.0" 200 4217 "https://www.sparxnovate.net.lab2454.com/whsy.php?p=%2Fproc%2F15809%2F.." "Mozilla/5.0 AppleWebKit/537.36 (KHTML, like Gecko; compatible; GPTBot/1.3; +https://openai.com/gptbot)"
74.7.243.215 - - [03/Mar/2026:08:20:34 +0000] "GET /whsy.php?p=%2Fproc%2F31782 HTTP/2.0" 200 861 "https://sparxnovate.net.lab2454.com/whsy.php?e=17238&p=%2Fproc" "Mozilla/5.0 AppleWebKit/537.36 (KHTML, like Gecko; compatible; GPTBot/1.3; +https://openai.com/gptbot)"
74.7.241.36 - - [03/Mar/2026:08:20:35 +0000] "GET /whsy.php?p=%2Fproc%2F21584 HTTP/2.0" 200 861 "https://www.sparxnovate.net.lab2454.com/whsy.php?p=%2Fproc%2F16480%2F.." "Mozilla/5.0 AppleWebKit/537.36 (KHTML, like Gecko; compatible; GPTBot/1.3; +https://openai.com/gptbot)"
74.7.243.215 - - [03/Mar/2026:08:20:50 +0000] "GET /whsy.php?p=%2Fproc%2F27246 HTTP/2.0" 200 861 "https://sparxnovate.net.lab2454.com/whsy.php?e=20100&p=%2Fproc" "Mozilla/5.0 AppleWebKit/537.36 (KHTML, like Gecko; compatible; GPTBot/1.3; +https://openai.com/gptbot)"
74.7.241.36 - - [03/Mar/2026:08:20:51 +0000] "GET /whsy.php?e=20949&p=%2Fproc HTTP/2.0" 200 4195 "https://www.sparxnovate.net.lab2454.com/whsy.php?p=%2Fproc%2F15809%2F.." "Mozilla/5.0 AppleWebKit/537.36 (KHTML, like Gecko; compatible; GPTBot/1.3; +https://openai.com/gptbot)"
74.7.243.215 - - [03/Mar/2026:08:21:05 +0000] "GET /whsy.php?p=%2Fproc%2F31052 HTTP/2.0" 200 861 "https://sparxnovate.net.lab2454.com/whsy.php?e=15972&p=%2Fproc" "Mozilla/5.0 AppleWebKit/537.36 (KHTML, like Gecko; compatible; GPTBot/1.3; +https://openai.com/gptbot)"
74.7.228.61 - - [03/Mar/2026:08:21:06 +0000] "GET /robots.txt HTTP/2.0" 404 - "-" "Mozilla/5.0 (Macintosh; Intel Mac OS X 10_15_7) AppleWebKit/537.36 (KHTML, like Gecko) Chrome/131.0.0.0 Safari/537.36; compatible; OAI-SearchBot/1.3; robots.txt; +https://openai.com/searchbot"
74.7.241.36 - - [03/Mar/2026:08:21:06 +0000] "GET /whsy.php?e=19495&p=%2Fproc HTTP/2.0" 200 4066 "https://www.sparxnovate.net.lab2454.com/whsy.php?p=%2Fproc%2F31849%2F.." "Mozilla/5.0 AppleWebKit/537.36 (KHTML, like Gecko; compatible; GPTBot/1.3; +https://openai.com/gptbot)"
74.7.243.215 - - [03/Mar/2026:08:21:19 +0000] "GET /whsy.php?p=%2Fproc%2F15994 HTTP/2.0" 200 861 "https://sparxnovate.net.lab2454.com/whsy.php?e=8541&p=%2Fproc" "Mozilla/5.0 AppleWebKit/537.36 (KHTML, like Gecko; compatible; GPTBot/1.3; +https://openai.com/gptbot)"
74.7.241.36 - - [03/Mar/2026:08:21:21 +0000] "GET /whsy.php?e=19496&p=%2Fproc HTTP/2.0" 200 4076 "https://www.sparxnovate.net.lab2454.com/whsy.php?p=%2Fproc%2F31849%2F.." "Mozilla/5.0 AppleWebKit/537.36 (KHTML, like Gecko; compatible; GPTBot/1.3; +https://openai.com/gptbot)"
74.7.243.215 - - [03/Mar/2026:08:21:40 +0000] "GET /whsy.php?p=%2Fproc%2F14192 HTTP/2.0" 200 861 "https://sparxnovate.net.lab2454.com/whsy.php?e=6037&p=%2Fproc" "Mozilla/5.0 AppleWebKit/537.36 (KHTML, like Gecko; compatible; GPTBot/1.3; +https://openai.com/gptbot)"
74.7.241.36 - - [03/Mar/2026:08:21:42 +0000] "GET /whsy.php?p=%2Fproc%2F22915 HTTP/2.0" 200 861 "https://www.sparxnovate.net.lab2454.com/whsy.php?p=%2Fproc%2F31862%2F.." "Mozilla/5.0 AppleWebKit/537.36 (KHTML, like Gecko; compatible; GPTBot/1.3; +https://openai.com/gptbot)"
74.7.243.215 - - [03/Mar/2026:08:21:52 +0000] "GET /whsy.php?p=%2Fproc%2F30729 HTTP/2.0" 200 861 "https://sparxnovate.net.lab2454.com/whsy.php?e=21763&p=%2Fproc" "Mozilla/5.0 AppleWebKit/537.36 (KHTML, like Gecko; compatible; GPTBot/1.3; +https://openai.com/gptbot)"
74.7.241.36 - - [03/Mar/2026:08:21:53 +0000] "GET /whsy.php?p=%2Fproc%2F18683 HTTP/2.0" 200 861 "https://www.sparxnovate.net.lab2454.com/whsy.php?p=%2Fproc%2F31861%2F.." "Mozilla/5.0 AppleWebKit/537.36 (KHTML, like Gecko; compatible; GPTBot/1.3; +https://openai.com/gptbot)"
74.7.243.215 - - [03/Mar/2026:08:22:03 +0000] "GET /whsy.php?p=%2Fproc%2F22360 HTTP/2.0" 200 861 "https://sparxnovate.net.lab2454.com/whsy.php?e=14192&p=%2Fproc" "Mozilla/5.0 AppleWebKit/537.36 (KHTML, like Gecko; compatible; GPTBot/1.3; +https://openai.com/gptbot)"
74.7.241.36 - - [03/Mar/2026:08:22:04 +0000] "GET /whsy.php?p=%2Fproc%2F18076 HTTP/2.0" 200 861 "https://www.sparxnovate.net.lab2454.com/whsy.php?p=%2Fproc%2F31861%2F.." "Mozilla/5.0 AppleWebKit/537.36 (KHTML, like Gecko; compatible; GPTBot/1.3; +https://openai.com/gptbot)"
74.7.243.215 - - [03/Mar/2026:08:22:16 +0000] "GET /whsy.php?p=%2Fproc%2F23808 HTTP/2.0" 200 861 "https://sparxnovate.net.lab2454.com/whsy.php?e=15791&p=%2Fproc" "Mozilla/5.0 AppleWebKit/537.36 (KHTML, like Gecko; compatible; GPTBot/1.3; +https://openai.com/gptbot)"
74.7.241.36 - - [03/Mar/2026:08:22:17 +0000] "GET /whsy.php?p=%2Fproc%2F20310 HTTP/2.0" 200 861 "https://www.sparxnovate.net.lab2454.com/whsy.php?p=%2Fproc%2F15809%2F.." "Mozilla/5.0 AppleWebKit/537.36 (KHTML, like Gecko; compatible; GPTBot/1.3; +https://openai.com/gptbot)"
74.7.243.215 - - [03/Mar/2026:08:22:26 +0000] "GET /whsy.php?p=%2Fproc%2F11278 HTTP/2.0" 200 861 "https://sparxnovate.net.lab2454.com/whsy.php?e=14974&p=%2Fproc" "Mozilla/5.0 AppleWebKit/537.36 (KHTML, like Gecko; compatible; GPTBot/1.3; +https://openai.com/gptbot)"
74.7.241.36 - - [03/Mar/2026:08:22:27 +0000] "GET /whsy.php?p=%2Fproc%2F27682 HTTP/2.0" 200 861 "https://www.sparxnovate.net.lab2454.com/whsy.php?e=19377&p=%2Fproc" "Mozilla/5.0 AppleWebKit/537.36 (KHTML, like Gecko; compatible; GPTBot/1.3; +https://openai.com/gptbot)"
74.7.243.215 - - [03/Mar/2026:08:22:35 +0000] "GET /whsy.php?p=%2Fproc%2F25451 HTTP/2.0" 200 861 "https://sparxnovate.net.lab2454.com/whsy.php?e=13554&p=%2Fproc" "Mozilla/5.0 AppleWebKit/537.36 (KHTML, like Gecko; compatible; GPTBot/1.3; +https://openai.com/gptbot)"
74.7.241.36 - - [03/Mar/2026:08:22:37 +0000] "GET /whsy.php?e=28602&p=%2Fproc HTTP/2.0" 200 4154 "https://www.sparxnovate.net.lab2454.com/whsy.php?e=20235&p=%2Fproc" "Mozilla/5.0 AppleWebKit/537.36 (KHTML, like Gecko; compatible; GPTBot/1.3; +https://openai.com/gptbot)"
74.7.243.215 - - [03/Mar/2026:08:22:46 +0000] "GET /whsy.php?p=%2Fproc%2F19372 HTTP/2.0" 200 861 "https://sparxnovate.net.lab2454.com/whsy.php?e=9434&p=%2Fproc" "Mozilla/5.0 AppleWebKit/537.36 (KHTML, like Gecko; compatible; GPTBot/1.3; +https://openai.com/gptbot)"
74.7.241.36 - - [03/Mar/2026:08:22:47 +0000] "GET /whsy.php?p=%2Fproc%2F29313 HTTP/2.0" 200 861 "https://www.sparxnovate.net.lab2454.com/whsy.php?e=20952&p=%2Fproc" "Mozilla/5.0 AppleWebKit/537.36 (KHTML, like Gecko; compatible; GPTBot/1.3; +https://openai.com/gptbot)"
74.7.243.215 - - [03/Mar/2026:08:22:55 +0000] "GET /whsy.php?p=%2Fproc%2F18480 HTTP/2.0" 200 861 "https://sparxnovate.net.lab2454.com/whsy.php?e=9827&p=%2Fproc" "Mozilla/5.0 AppleWebKit/537.36 (KHTML, like Gecko; compatible; GPTBot/1.3; +https://openai.com/gptbot)"
74.7.241.36 - - [03/Mar/2026:08:22:56 +0000] "GET /whsy.php?e=29302&p=%2Fproc HTTP/2.0" 200 4148 "https://www.sparxnovate.net.lab2454.com/whsy.php?e=20952&p=%2Fproc" "Mozilla/5.0 AppleWebKit/537.36 (KHTML, like Gecko; compatible; GPTBot/1.3; +https://openai.com/gptbot)"
74.7.243.215 - - [03/Mar/2026:08:23:03 +0000] "GET /whsy.php?p=%2Fproc%2F10732 HTTP/2.0" 200 861 "https://sparxnovate.net.lab2454.com/whsy.php?e=2991&p=%2Fproc" "Mozilla/5.0 AppleWebKit/537.36 (KHTML, like Gecko; compatible; GPTBot/1.3; +https://openai.com/gptbot)"
74.7.241.36 - - [03/Mar/2026:08:23:04 +0000] "GET /whsy.php?p=%2Fproc%2F31111 HTTP/2.0" 200 861 "https://www.sparxnovate.net.lab2454.com/whsy.php?e=20949&p=%2Fproc" "Mozilla/5.0 AppleWebKit/537.36 (KHTML, like Gecko; compatible; GPTBot/1.3; +https://openai.com/gptbot)"
74.7.243.215 - - [03/Mar/2026:08:23:15 +0000] "GET /whsy.php?p=%2Fproc%2F13069 HTTP/2.0" 200 861 "https://sparxnovate.net.lab2454.com/whsy.php?e=3456&p=%2Fproc" "Mozilla/5.0 AppleWebKit/537.36 (KHTML, like Gecko; compatible; GPTBot/1.3; +https://openai.com/gptbot)"
74.7.241.36 - - [03/Mar/2026:08:23:16 +0000] "GET /whsy.php?e=31114&p=%2Fproc HTTP/2.0" 200 4286 "https://www.sparxnovate.net.lab2454.com/whsy.php?e=20949&p=%2Fproc" "Mozilla/5.0 AppleWebKit/537.36 (KHTML, like Gecko; compatible; GPTBot/1.3; +https://openai.com/gptbot)"
74.7.243.215 - - [03/Mar/2026:08:23:27 +0000] "GET /whsy.php?p=%2Fproc%2F27359 HTTP/2.0" 200 861 "https://sparxnovate.net.lab2454.com/whsy.php?e=17260&p=%2Fproc" "Mozilla/5.0 AppleWebKit/537.36 (KHTML, like Gecko; compatible; GPTBot/1.3; +https://openai.com/gptbot)"
74.7.241.36 - - [03/Mar/2026:08:23:29 +0000] "GET /whsy.php?p=%2Fproc%2F31119 HTTP/2.0" 200 861 "https://www.sparxnovate.net.lab2454.com/whsy.php?e=20949&p=%2Fproc" "Mozilla/5.0 AppleWebKit/537.36 (KHTML, like Gecko; compatible; GPTBot/1.3; +https://openai.com/gptbot)"
74.7.243.215 - - [03/Mar/2026:08:23:39 +0000] "GET /whsy.php?p=%2Fproc%2F22197 HTTP/2.0" 200 861 "https://sparxnovate.net.lab2454.com/whsy.php?e=12351&p=%2Fproc" "Mozilla/5.0 AppleWebKit/537.36 (KHTML, like Gecko; compatible; GPTBot/1.3; +https://openai.com/gptbot)"
74.7.241.36 - - [03/Mar/2026:08:23:41 +0000] "GET /whsy.php?p=%2Fproc%2F31116 HTTP/2.0" 200 861 "https://www.sparxnovate.net.lab2454.com/whsy.php?e=20949&p=%2Fproc" "Mozilla/5.0 AppleWebKit/537.36 (KHTML, like Gecko; compatible; GPTBot/1.3; +https://openai.com/gptbot)"
74.7.243.215 - - [03/Mar/2026:08:23:53 +0000] "GET /whsy.php?p=%2Fproc%2F16361 HTTP/2.0" 200 861 "https://sparxnovate.net.lab2454.com/whsy.php?e=13551&p=%2Fproc" "Mozilla/5.0 AppleWebKit/537.36 (KHTML, like Gecko; compatible; GPTBot/1.3; +https://openai.com/gptbot)"
74.7.241.36 - - [03/Mar/2026:08:23:54 +0000] "GET /whsy.php?p=%2Fproc%2F31112 HTTP/2.0" 200 861 "https://www.sparxnovate.net.lab2454.com/whsy.php?e=20949&p=%2Fproc" "Mozilla/5.0 AppleWebKit/537.36 (KHTML, like Gecko; compatible; GPTBot/1.3; +https://openai.com/gptbot)"
