74.7.241.36 - - [03/Mar/2026:05:36:54 +0000] "GET /whsy.php?e=igmp&p=%2Fproc%2F31848%2Fnet HTTP/2.0" 200 2592 "https://www.sparxnovate.net.lab2454.com/whsy.php?p=%2Fproc%2F31848%2Fnet" "Mozilla/5.0 AppleWebKit/537.36 (KHTML, like Gecko; compatible; GPTBot/1.3; +https://openai.com/gptbot)"
74.7.243.215 - - [03/Mar/2026:05:37:00 +0000] "GET /whsy.php?p=%2Fproc%2F31868%2Fmap_files HTTP/2.0" 200 3968 "https://sparxnovate.net.lab2454.com/whsy.php?p=%2Fproc%2F31868" "Mozilla/5.0 AppleWebKit/537.36 (KHTML, like Gecko; compatible; GPTBot/1.3; +https://openai.com/gptbot)"
74.7.241.36 - - [03/Mar/2026:05:37:02 +0000] "GET /whsy.php?e=igmp&p=%2Fproc%2F31861%2Fnet HTTP/2.0" 200 2592 "https://www.sparxnovate.net.lab2454.com/whsy.php?p=%2Fproc%2F31861%2Fnet" "Mozilla/5.0 AppleWebKit/537.36 (KHTML, like Gecko; compatible; GPTBot/1.3; +https://openai.com/gptbot)"
74.7.243.215 - - [03/Mar/2026:05:37:09 +0000] "GET /whsy.php?p=%2Fproc%2F31861%2Fnet%2Frpc%2Fauth.rpcsec.context HTTP/2.0" 200 718 "https://sparxnovate.net.lab2454.com/whsy.php?p=%2Fproc%2F31861%2Fnet%2Frpc" "Mozilla/5.0 AppleWebKit/537.36 (KHTML, like Gecko; compatible; GPTBot/1.3; +https://openai.com/gptbot)"
74.7.241.36 - - [03/Mar/2026:05:37:11 +0000] "GET /whsy.php?e=cpuset&p=%2Fproc%2F31848 HTTP/2.0" 200 1980 "https://www.sparxnovate.net.lab2454.com/whsy.php?p=%2Fproc%2F31848" "Mozilla/5.0 AppleWebKit/537.36 (KHTML, like Gecko; compatible; GPTBot/1.3; +https://openai.com/gptbot)"
74.7.243.215 - - [03/Mar/2026:05:37:18 +0000] "GET /whsy.php?p=%2Fproc%2F31869%2Fnet%2Fnetfilter HTTP/2.0" 200 732 "https://sparxnovate.net.lab2454.com/whsy.php?p=%2Fproc%2F31869%2Fnet" "Mozilla/5.0 AppleWebKit/537.36 (KHTML, like Gecko; compatible; GPTBot/1.3; +https://openai.com/gptbot)"
74.7.241.36 - - [03/Mar/2026:05:37:20 +0000] "GET /whsy.php?e=status&p=%2Fproc%2F10277 HTTP/2.0" 200 2551 "https://www.sparxnovate.net.lab2454.com/whsy.php?p=%2Fproc%2F10277" "Mozilla/5.0 AppleWebKit/537.36 (KHTML, like Gecko; compatible; GPTBot/1.3; +https://openai.com/gptbot)"
74.7.243.215 - - [03/Mar/2026:05:37:25 +0000] "GET /whsy.php?p=%2Fproc%2F31865%2Fnet%2Fnetfilter HTTP/2.0" 200 732 "https://sparxnovate.net.lab2454.com/whsy.php?p=%2Fproc%2F31865%2Fnet" "Mozilla/5.0 AppleWebKit/537.36 (KHTML, like Gecko; compatible; GPTBot/1.3; +https://openai.com/gptbot)"
74.7.241.36 - - [03/Mar/2026:05:37:26 +0000] "GET /whsy.php?e=cgroup&p=%2Fproc%2F31862 HTTP/2.0" 200 2117 "https://www.sparxnovate.net.lab2454.com/whsy.php?p=%2Fproc%2F31862" "Mozilla/5.0 AppleWebKit/537.36 (KHTML, like Gecko; compatible; GPTBot/1.3; +https://openai.com/gptbot)"
74.7.243.215 - - [03/Mar/2026:05:37:31 +0000] "GET /whsy.php?p=%2Fproc%2F31849%2Fnet%2Fnetfilter HTTP/2.0" 200 732 "https://sparxnovate.net.lab2454.com/whsy.php?p=%2Fproc%2F31849%2Fnet" "Mozilla/5.0 AppleWebKit/537.36 (KHTML, like Gecko; compatible; GPTBot/1.3; +https://openai.com/gptbot)"
74.7.241.36 - - [03/Mar/2026:05:37:34 +0000] "GET /whsy.php?e=status&p=%2Fproc%2F25850 HTTP/2.0" 200 861 "https://www.sparxnovate.net.lab2454.com/whsy.php?p=%2Fproc%2F25850" "Mozilla/5.0 AppleWebKit/537.36 (KHTML, like Gecko; compatible; GPTBot/1.3; +https://openai.com/gptbot)"
74.7.243.215 - - [03/Mar/2026:05:37:40 +0000] "GET /whsy.php?p=%2Fproc%2F31860%2Fnet%2Fnetfilter HTTP/2.0" 200 732 "https://sparxnovate.net.lab2454.com/whsy.php?p=%2Fproc%2F31860%2Fnet" "Mozilla/5.0 AppleWebKit/537.36 (KHTML, like Gecko; compatible; GPTBot/1.3; +https://openai.com/gptbot)"
74.7.241.36 - - [03/Mar/2026:05:37:42 +0000] "GET /whsy.php?e=cgroup&p=%2Fproc%2F31848 HTTP/2.0" 200 2117 "https://www.sparxnovate.net.lab2454.com/whsy.php?p=%2Fproc%2F31848" "Mozilla/5.0 AppleWebKit/537.36 (KHTML, like Gecko; compatible; GPTBot/1.3; +https://openai.com/gptbot)"
74.7.243.215 - - [03/Mar/2026:05:37:49 +0000] "GET /whsy.php?p=%2Fproc%2F31859%2Fnet%2Fnetfilter HTTP/2.0" 200 732 "https://sparxnovate.net.lab2454.com/whsy.php?p=%2Fproc%2F31859%2Fnet" "Mozilla/5.0 AppleWebKit/537.36 (KHTML, like Gecko; compatible; GPTBot/1.3; +https://openai.com/gptbot)"
74.7.241.36 - - [03/Mar/2026:05:37:51 +0000] "GET /whsy.php?e=status&p=%2Fproc%2F20305 HTTP/2.0" 200 861 "https://www.sparxnovate.net.lab2454.com/whsy.php?p=%2Fproc%2F20305" "Mozilla/5.0 AppleWebKit/537.36 (KHTML, like Gecko; compatible; GPTBot/1.3; +https://openai.com/gptbot)"
74.7.243.215 - - [03/Mar/2026:05:37:58 +0000] "GET /whsy.php?e=tcp&p=%2Fproc%2F31861%2Fnet HTTP/2.0" 200 8884 "https://sparxnovate.net.lab2454.com/whsy.php?p=%2Fproc%2F31861%2Fnet" "Mozilla/5.0 AppleWebKit/537.36 (KHTML, like Gecko; compatible; GPTBot/1.3; +https://openai.com/gptbot)"
74.7.241.36 - - [03/Mar/2026:05:38:00 +0000] "GET /whsy.php?e=cpuset&p=%2Fproc%2F31862 HTTP/2.0" 200 1980 "https://www.sparxnovate.net.lab2454.com/whsy.php?p=%2Fproc%2F31862" "Mozilla/5.0 AppleWebKit/537.36 (KHTML, like Gecko; compatible; GPTBot/1.3; +https://openai.com/gptbot)"
74.7.243.215 - - [03/Mar/2026:05:38:06 +0000] "GET /whsy.php?e=tcp&p=%2Fproc%2F31868%2Fnet HTTP/2.0" 200 9257 "https://sparxnovate.net.lab2454.com/whsy.php?p=%2Fproc%2F31868%2Fnet" "Mozilla/5.0 AppleWebKit/537.36 (KHTML, like Gecko; compatible; GPTBot/1.3; +https://openai.com/gptbot)"
74.7.228.61 - - [03/Mar/2026:05:38:07 +0000] "GET /robots.txt HTTP/2.0" 404 - "-" "Mozilla/5.0 (Macintosh; Intel Mac OS X 10_15_7) AppleWebKit/537.36 (KHTML, like Gecko) Chrome/131.0.0.0 Safari/537.36; compatible; OAI-SearchBot/1.3; robots.txt; +https://openai.com/searchbot"
74.7.241.36 - - [03/Mar/2026:05:38:08 +0000] "GET /whsy.php?e=cgroup&p=%2Fproc%2F24961 HTTP/2.0" 200 861 "https://www.sparxnovate.net.lab2454.com/whsy.php?p=%2Fproc%2F24961" "Mozilla/5.0 AppleWebKit/537.36 (KHTML, like Gecko; compatible; GPTBot/1.3; +https://openai.com/gptbot)"
74.7.243.215 - - [03/Mar/2026:05:38:15 +0000] "GET /whsy.php?p=%2Fproc%2F31861%2Fnet%2Frpc%2Fauth.unix.ip HTTP/2.0" 200 744 "https://sparxnovate.net.lab2454.com/whsy.php?p=%2Fproc%2F31861%2Fnet%2Frpc" "Mozilla/5.0 AppleWebKit/537.36 (KHTML, like Gecko; compatible; GPTBot/1.3; +https://openai.com/gptbot)"
74.7.241.36 - - [03/Mar/2026:05:38:17 +0000] "GET /whsy.php?e=cgroup&p=%2Fproc%2F31861 HTTP/2.0" 200 2117 "https://www.sparxnovate.net.lab2454.com/whsy.php?p=%2Fproc%2F31861" "Mozilla/5.0 AppleWebKit/537.36 (KHTML, like Gecko; compatible; GPTBot/1.3; +https://openai.com/gptbot)"
74.7.244.20 - - [03/Mar/2026:05:38:18 +0000] "GET /robots.txt HTTP/2.0" 404 - "-" "Mozilla/5.0 (Macintosh; Intel Mac OS X 10_15_7) AppleWebKit/537.36 (KHTML, like Gecko) Chrome/131.0.0.0 Safari/537.36; compatible; OAI-SearchBot/1.3; robots.txt; +https://openai.com/searchbot"
74.7.243.215 - - [03/Mar/2026:05:38:24 +0000] "GET /whsy.php?p=%2Fproc%2F31860%2Ffdinfo HTTP/2.0" 200 847 "https://sparxnovate.net.lab2454.com/whsy.php?p=%2Fproc%2F31860" "Mozilla/5.0 AppleWebKit/537.36 (KHTML, like Gecko; compatible; GPTBot/1.3; +https://openai.com/gptbot)"
74.7.241.36 - - [03/Mar/2026:05:38:27 +0000] "GET /whsy.php?e=cpuset&p=%2Fproc%2F24961 HTTP/2.0" 200 861 "https://www.sparxnovate.net.lab2454.com/whsy.php?p=%2Fproc%2F24961" "Mozilla/5.0 AppleWebKit/537.36 (KHTML, like Gecko; compatible; GPTBot/1.3; +https://openai.com/gptbot)"
74.7.243.215 - - [03/Mar/2026:05:38:34 +0000] "GET /whsy.php?p=%2Fproc%2F31859%2Ffdinfo HTTP/2.0" 200 802 "https://sparxnovate.net.lab2454.com/whsy.php?p=%2Fproc%2F31859" "Mozilla/5.0 AppleWebKit/537.36 (KHTML, like Gecko; compatible; GPTBot/1.3; +https://openai.com/gptbot)"
74.7.241.36 - - [03/Mar/2026:05:38:37 +0000] "GET /whsy.php?e=cpuset&p=%2Fproc%2F31861 HTTP/2.0" 200 1980 "https://www.sparxnovate.net.lab2454.com/whsy.php?p=%2Fproc%2F31861" "Mozilla/5.0 AppleWebKit/537.36 (KHTML, like Gecko; compatible; GPTBot/1.3; +https://openai.com/gptbot)"
74.7.243.215 - - [03/Mar/2026:05:38:44 +0000] "GET /whsy.php?p=%2Fproc%2F31849%2Ffdinfo HTTP/2.0" 200 1169 "https://sparxnovate.net.lab2454.com/whsy.php?p=%2Fproc%2F31849" "Mozilla/5.0 AppleWebKit/537.36 (KHTML, like Gecko; compatible; GPTBot/1.3; +https://openai.com/gptbot)"
74.7.241.36 - - [03/Mar/2026:05:38:46 +0000] "GET /whsy.php?e=cpuset&p=%2Fproc%2F11435 HTTP/2.0" 200 861 "https://www.sparxnovate.net.lab2454.com/whsy.php?p=%2Fproc%2F11435" "Mozilla/5.0 AppleWebKit/537.36 (KHTML, like Gecko; compatible; GPTBot/1.3; +https://openai.com/gptbot)"
74.7.243.215 - - [03/Mar/2026:05:38:53 +0000] "GET /whsy.php?p=%2Fproc%2F31869%2Ffdinfo HTTP/2.0" 200 1167 "https://sparxnovate.net.lab2454.com/whsy.php?p=%2Fproc%2F31869" "Mozilla/5.0 AppleWebKit/537.36 (KHTML, like Gecko; compatible; GPTBot/1.3; +https://openai.com/gptbot)"
74.7.241.36 - - [03/Mar/2026:05:38:55 +0000] "GET /whsy.php?e=cgroup&p=%2Fproc%2F11435 HTTP/2.0" 200 861 "https://www.sparxnovate.net.lab2454.com/whsy.php?p=%2Fproc%2F11435" "Mozilla/5.0 AppleWebKit/537.36 (KHTML, like Gecko; compatible; GPTBot/1.3; +https://openai.com/gptbot)"
74.7.243.215 - - [03/Mar/2026:05:39:01 +0000] "GET /whsy.php?p=%2Fproc%2F31865%2Fnet%2Fnetfilter%2F.. HTTP/2.0" 200 2442 "https://sparxnovate.net.lab2454.com/whsy.php?p=%2Fproc%2F31865%2Fnet%2Fnetfilter" "Mozilla/5.0 AppleWebKit/537.36 (KHTML, like Gecko; compatible; GPTBot/1.3; +https://openai.com/gptbot)"
74.7.241.36 - - [03/Mar/2026:05:39:03 +0000] "GET /whsy.php?e=udp&p=%2Fproc%2F31862%2Fnet HTTP/2.0" 200 2775 "https://www.sparxnovate.net.lab2454.com/whsy.php?p=%2Fproc%2F31862%2Fnet" "Mozilla/5.0 AppleWebKit/537.36 (KHTML, like Gecko; compatible; GPTBot/1.3; +https://openai.com/gptbot)"
74.7.243.215 - - [03/Mar/2026:05:39:10 +0000] "GET /whsy.php?p=%2Fproc%2F31865%2Ffdinfo HTTP/2.0" 200 1052 "https://sparxnovate.net.lab2454.com/whsy.php?p=%2Fproc%2F31865" "Mozilla/5.0 AppleWebKit/537.36 (KHTML, like Gecko; compatible; GPTBot/1.3; +https://openai.com/gptbot)"
74.7.241.36 - - [03/Mar/2026:05:39:12 +0000] "GET /whsy.php?e=arch_status&p=%2Fproc%2F31849 HTTP/2.0" 200 1982 "https://www.sparxnovate.net.lab2454.com/whsy.php?p=%2Fproc%2F31849" "Mozilla/5.0 AppleWebKit/537.36 (KHTML, like Gecko; compatible; GPTBot/1.3; +https://openai.com/gptbot)"
74.7.243.215 - - [03/Mar/2026:05:39:19 +0000] "GET /whsy.php?p=%2Fproc%2F31868%2Fnet%2Fip6t_hashlimit HTTP/2.0" 200 502 "https://sparxnovate.net.lab2454.com/whsy.php?p=%2Fproc%2F31868%2Fnet" "Mozilla/5.0 AppleWebKit/537.36 (KHTML, like Gecko; compatible; GPTBot/1.3; +https://openai.com/gptbot)"
74.7.241.36 - - [03/Mar/2026:05:39:22 +0000] "GET /whsy.php?e=arch_status&p=%2Fproc%2F15809 HTTP/2.0" 200 2005 "https://www.sparxnovate.net.lab2454.com/whsy.php?p=%2Fproc%2F15809" "Mozilla/5.0 AppleWebKit/537.36 (KHTML, like Gecko; compatible; GPTBot/1.3; +https://openai.com/gptbot)"
74.7.243.215 - - [03/Mar/2026:05:39:29 +0000] "GET /whsy.php?p=%2Fproc%2F31862%2Fnet%2Fip6t_hashlimit HTTP/2.0" 200 502 "https://sparxnovate.net.lab2454.com/whsy.php?p=%2Fproc%2F31862%2Fnet" "Mozilla/5.0 AppleWebKit/537.36 (KHTML, like Gecko; compatible; GPTBot/1.3; +https://openai.com/gptbot)"
74.7.241.36 - - [03/Mar/2026:05:39:31 +0000] "GET /whsy.php?e=arch_status&p=%2Fproc%2F16478 HTTP/2.0" 200 2005 "https://www.sparxnovate.net.lab2454.com/whsy.php?p=%2Fproc%2F16478" "Mozilla/5.0 AppleWebKit/537.36 (KHTML, like Gecko; compatible; GPTBot/1.3; +https://openai.com/gptbot)"
74.7.243.215 - - [03/Mar/2026:05:39:38 +0000] "GET /whsy.php?p=%2Fproc%2F19332%2Fnet%2Fip6t_hashlimit HTTP/2.0" 200 501 "https://sparxnovate.net.lab2454.com/whsy.php?p=%2Fproc%2F19332%2Fnet" "Mozilla/5.0 AppleWebKit/537.36 (KHTML, like Gecko; compatible; GPTBot/1.3; +https://openai.com/gptbot)"
74.7.241.36 - - [03/Mar/2026:05:39:40 +0000] "GET /whsy.php?e=arch_status&p=%2Fproc%2F16480 HTTP/2.0" 200 2007 "https://www.sparxnovate.net.lab2454.com/whsy.php?p=%2Fproc%2F16480" "Mozilla/5.0 AppleWebKit/537.36 (KHTML, like Gecko; compatible; GPTBot/1.3; +https://openai.com/gptbot)"
74.7.243.215 - - [03/Mar/2026:05:39:46 +0000] "GET /whsy.php?p=%2Fproc%2F31861%2Fnet%2Fip6t_hashlimit HTTP/2.0" 200 502 "https://sparxnovate.net.lab2454.com/whsy.php?p=%2Fproc%2F31861%2Fnet" "Mozilla/5.0 AppleWebKit/537.36 (KHTML, like Gecko; compatible; GPTBot/1.3; +https://openai.com/gptbot)"
74.7.241.36 - - [03/Mar/2026:05:39:48 +0000] "GET /whsy.php?e=numa_maps&p=%2Fproc%2F20305 HTTP/2.0" 200 861 "https://www.sparxnovate.net.lab2454.com/whsy.php?p=%2Fproc%2F20305" "Mozilla/5.0 AppleWebKit/537.36 (KHTML, like Gecko; compatible; GPTBot/1.3; +https://openai.com/gptbot)"
74.7.243.215 - - [03/Mar/2026:05:39:55 +0000] "GET /whsy.php?e=anycast6&p=%2Fproc%2F19332%2Fnet HTTP/2.0" 200 2506 "https://sparxnovate.net.lab2454.com/whsy.php?p=%2Fproc%2F19332%2Fnet" "Mozilla/5.0 AppleWebKit/537.36 (KHTML, like Gecko; compatible; GPTBot/1.3; +https://openai.com/gptbot)"
74.7.241.36 - - [03/Mar/2026:05:39:57 +0000] "GET /whsy.php?e=numa_maps&p=%2Fproc%2F10277 HTTP/2.0" 200 2124 "https://www.sparxnovate.net.lab2454.com/whsy.php?p=%2Fproc%2F10277" "Mozilla/5.0 AppleWebKit/537.36 (KHTML, like Gecko; compatible; GPTBot/1.3; +https://openai.com/gptbot)"
74.7.243.215 - - [03/Mar/2026:05:40:03 +0000] "GET /whsy.php?e=anycast6&p=%2Fproc%2F31868%2Fnet HTTP/2.0" 200 2506 "https://sparxnovate.net.lab2454.com/whsy.php?p=%2Fproc%2F31868%2Fnet" "Mozilla/5.0 AppleWebKit/537.36 (KHTML, like Gecko; compatible; GPTBot/1.3; +https://openai.com/gptbot)"
74.7.241.36 - - [03/Mar/2026:05:40:05 +0000] "GET /whsy.php?e=oom_score&p=%2Fproc%2F16480 HTTP/2.0" 200 2007 "https://www.sparxnovate.net.lab2454.com/whsy.php?p=%2Fproc%2F16480" "Mozilla/5.0 AppleWebKit/537.36 (KHTML, like Gecko; compatible; GPTBot/1.3; +https://openai.com/gptbot)"
74.7.243.215 - - [03/Mar/2026:05:40:13 +0000] "GET /whsy.php?e=udplite6&p=%2Fproc%2F29566%2Fnet HTTP/2.0" 200 2585 "https://sparxnovate.net.lab2454.com/whsy.php?p=%2Fproc%2F29566%2Fnet" "Mozilla/5.0 AppleWebKit/537.36 (KHTML, like Gecko; compatible; GPTBot/1.3; +https://openai.com/gptbot)"
74.7.241.36 - - [03/Mar/2026:05:40:15 +0000] "GET /whsy.php?e=oom_score&p=%2Fproc%2F31849 HTTP/2.0" 200 1982 "https://www.sparxnovate.net.lab2454.com/whsy.php?p=%2Fproc%2F31849" "Mozilla/5.0 AppleWebKit/537.36 (KHTML, like Gecko; compatible; GPTBot/1.3; +https://openai.com/gptbot)"
74.7.243.215 - - [03/Mar/2026:05:40:22 +0000] "GET /whsy.php?e=anycast6&p=%2Fproc%2F31861%2Fnet HTTP/2.0" 200 2506 "https://sparxnovate.net.lab2454.com/whsy.php?p=%2Fproc%2F31861%2Fnet" "Mozilla/5.0 AppleWebKit/537.36 (KHTML, like Gecko; compatible; GPTBot/1.3; +https://openai.com/gptbot)"
74.7.241.36 - - [03/Mar/2026:05:40:24 +0000] "GET /whsy.php?e=numa_maps&p=%2Fproc%2F25850 HTTP/2.0" 200 861 "https://www.sparxnovate.net.lab2454.com/whsy.php?p=%2Fproc%2F25850" "Mozilla/5.0 AppleWebKit/537.36 (KHTML, like Gecko; compatible; GPTBot/1.3; +https://openai.com/gptbot)"
74.7.243.215 - - [03/Mar/2026:05:40:30 +0000] "GET /whsy.php?e=anycast6&p=%2Fproc%2F31862%2Fnet HTTP/2.0" 200 2506 "https://sparxnovate.net.lab2454.com/whsy.php?p=%2Fproc%2F31862%2Fnet" "Mozilla/5.0 AppleWebKit/537.36 (KHTML, like Gecko; compatible; GPTBot/1.3; +https://openai.com/gptbot)"
74.7.241.36 - - [03/Mar/2026:05:40:32 +0000] "GET /whsy.php?e=oom_score&p=%2Fproc%2F15809 HTTP/2.0" 200 2007 "https://www.sparxnovate.net.lab2454.com/whsy.php?p=%2Fproc%2F15809" "Mozilla/5.0 AppleWebKit/537.36 (KHTML, like Gecko; compatible; GPTBot/1.3; +https://openai.com/gptbot)"
74.7.243.215 - - [03/Mar/2026:05:40:39 +0000] "GET /whsy.php?e=if_inet6&p=%2Fproc%2F29566%2Fnet HTTP/2.0" 200 2569 "https://sparxnovate.net.lab2454.com/whsy.php?p=%2Fproc%2F29566%2Fnet" "Mozilla/5.0 AppleWebKit/537.36 (KHTML, like Gecko; compatible; GPTBot/1.3; +https://openai.com/gptbot)"
74.7.241.36 - - [03/Mar/2026:05:40:41 +0000] "GET /whsy.php?e=snmp&p=%2Fproc%2F31861%2Fnet HTTP/2.0" 200 3230 "https://www.sparxnovate.net.lab2454.com/whsy.php?p=%2Fproc%2F31861%2Fnet" "Mozilla/5.0 AppleWebKit/537.36 (KHTML, like Gecko; compatible; GPTBot/1.3; +https://openai.com/gptbot)"
74.7.243.215 - - [03/Mar/2026:05:40:48 +0000] "GET /whsy.php?e=sockcreate&p=%2Fproc%2F31862%2Fattr HTTP/2.0" 200 863 "https://sparxnovate.net.lab2454.com/whsy.php?p=%2Fproc%2F31862%2Fattr" "Mozilla/5.0 AppleWebKit/537.36 (KHTML, like Gecko; compatible; GPTBot/1.3; +https://openai.com/gptbot)"
74.7.241.36 - - [03/Mar/2026:05:40:49 +0000] "GET /whsy.php?e=snmp&p=%2Fproc%2F31848%2Fnet HTTP/2.0" 200 3229 "https://www.sparxnovate.net.lab2454.com/whsy.php?p=%2Fproc%2F31848%2Fnet" "Mozilla/5.0 AppleWebKit/537.36 (KHTML, like Gecko; compatible; GPTBot/1.3; +https://openai.com/gptbot)"
74.7.243.215 - - [03/Mar/2026:05:40:57 +0000] "GET /whsy.php?p=%2Fproc%2F31859%2Fmap_files HTTP/2.0" 200 3969 "https://sparxnovate.net.lab2454.com/whsy.php?p=%2Fproc%2F31859" "Mozilla/5.0 AppleWebKit/537.36 (KHTML, like Gecko; compatible; GPTBot/1.3; +https://openai.com/gptbot)"
74.7.241.36 - - [03/Mar/2026:05:40:59 +0000] "GET /whsy.php?e=udp&p=%2Fproc%2F16478%2Fnet HTTP/2.0" 200 2775 "https://www.sparxnovate.net.lab2454.com/whsy.php?p=%2Fproc%2F16478%2Fnet" "Mozilla/5.0 AppleWebKit/537.36 (KHTML, like Gecko; compatible; GPTBot/1.3; +https://openai.com/gptbot)"
74.7.243.215 - - [03/Mar/2026:05:41:07 +0000] "GET /whsy.php?p=%2Fproc%2F31849%2Fmap_files HTTP/2.0" 200 2794 "https://sparxnovate.net.lab2454.com/whsy.php?p=%2Fproc%2F31849" "Mozilla/5.0 AppleWebKit/537.36 (KHTML, like Gecko; compatible; GPTBot/1.3; +https://openai.com/gptbot)"
74.7.241.36 - - [03/Mar/2026:05:41:08 +0000] "GET /whsy.php?e=unix&p=%2Fproc%2F16478%2Fnet HTTP/2.0" 200 4987 "https://www.sparxnovate.net.lab2454.com/whsy.php?p=%2Fproc%2F16478%2Fnet" "Mozilla/5.0 AppleWebKit/537.36 (KHTML, like Gecko; compatible; GPTBot/1.3; +https://openai.com/gptbot)"
74.7.243.215 - - [03/Mar/2026:05:41:17 +0000] "GET /whsy.php?p=%2Fproc%2F31860%2Fmap_files HTTP/2.0" 200 2818 "https://sparxnovate.net.lab2454.com/whsy.php?p=%2Fproc%2F31860" "Mozilla/5.0 AppleWebKit/537.36 (KHTML, like Gecko; compatible; GPTBot/1.3; +https://openai.com/gptbot)"
74.7.241.36 - - [03/Mar/2026:05:41:18 +0000] "GET /whsy.php?e=root&p=%2Fproc%2F9438 HTTP/2.0" 200 861 "https://www.sparxnovate.net.lab2454.com/whsy.php?p=%2Fproc%2F9438" "Mozilla/5.0 AppleWebKit/537.36 (KHTML, like Gecko; compatible; GPTBot/1.3; +https://openai.com/gptbot)"
74.7.243.215 - - [03/Mar/2026:05:41:25 +0000] "GET /whsy.php?p=%2Fproc%2F31869%2Fmap_files HTTP/2.0" 200 2818 "https://sparxnovate.net.lab2454.com/whsy.php?p=%2Fproc%2F31869" "Mozilla/5.0 AppleWebKit/537.36 (KHTML, like Gecko; compatible; GPTBot/1.3; +https://openai.com/gptbot)"
74.7.241.36 - - [03/Mar/2026:05:41:27 +0000] "GET /whsy.php?e=comm&p=%2Fproc%2F9438 HTTP/2.0" 200 861 "https://www.sparxnovate.net.lab2454.com/whsy.php?p=%2Fproc%2F9438" "Mozilla/5.0 AppleWebKit/537.36 (KHTML, like Gecko; compatible; GPTBot/1.3; +https://openai.com/gptbot)"
74.7.243.215 - - [03/Mar/2026:05:41:35 +0000] "GET /whsy.php?p=%2Fproc%2F31861%2Ffdinfo HTTP/2.0" 200 887 "https://sparxnovate.net.lab2454.com/whsy.php?p=%2Fproc%2F31861" "Mozilla/5.0 AppleWebKit/537.36 (KHTML, like Gecko; compatible; GPTBot/1.3; +https://openai.com/gptbot)"
74.7.241.36 - - [03/Mar/2026:05:41:37 +0000] "GET /whsy.php?p=%2Fproc%2F15809%2Ftask HTTP/2.0" 200 555 "https://www.sparxnovate.net.lab2454.com/whsy.php?p=%2Fproc%2F15809" "Mozilla/5.0 AppleWebKit/537.36 (KHTML, like Gecko; compatible; GPTBot/1.3; +https://openai.com/gptbot)"
74.7.243.215 - - [03/Mar/2026:05:41:46 +0000] "GET /whsy.php?p=%2Fproc%2F14645%2Ffdinfo HTTP/2.0" 200 861 "https://sparxnovate.net.lab2454.com/whsy.php?p=%2Fproc%2F14645" "Mozilla/5.0 AppleWebKit/537.36 (KHTML, like Gecko; compatible; GPTBot/1.3; +https://openai.com/gptbot)"
74.7.241.36 - - [03/Mar/2026:05:41:47 +0000] "GET /whsy.php?p=%2Fproc%2F16480%2Ftask HTTP/2.0" 200 491 "https://www.sparxnovate.net.lab2454.com/whsy.php?p=%2Fproc%2F16480" "Mozilla/5.0 AppleWebKit/537.36 (KHTML, like Gecko; compatible; GPTBot/1.3; +https://openai.com/gptbot)"
74.7.243.215 - - [03/Mar/2026:05:41:55 +0000] "GET /whsy.php?p=%2Fproc%2F31868%2Ffdinfo HTTP/2.0" 200 1125 "https://sparxnovate.net.lab2454.com/whsy.php?p=%2Fproc%2F31868" "Mozilla/5.0 AppleWebKit/537.36 (KHTML, like Gecko; compatible; GPTBot/1.3; +https://openai.com/gptbot)"
74.7.241.36 - - [03/Mar/2026:05:41:58 +0000] "GET /whsy.php?p=%2Fproc%2F15809%2Fnet HTTP/2.0" 200 2442 "https://www.sparxnovate.net.lab2454.com/whsy.php?p=%2Fproc%2F15809" "Mozilla/5.0 AppleWebKit/537.36 (KHTML, like Gecko; compatible; GPTBot/1.3; +https://openai.com/gptbot)"
74.7.243.215 - - [03/Mar/2026:05:42:07 +0000] "GET /whsy.php?e=projid_map&p=%2Fproc%2F19332 HTTP/2.0" 200 2027 "https://sparxnovate.net.lab2454.com/whsy.php?p=%2Fproc%2F19332" "Mozilla/5.0 AppleWebKit/537.36 (KHTML, like Gecko; compatible; GPTBot/1.3; +https://openai.com/gptbot)"
74.7.241.36 - - [03/Mar/2026:05:42:09 +0000] "GET /whsy.php?p=%2Fproc%2F31849%2Ftask HTTP/2.0" 200 491 "https://www.sparxnovate.net.lab2454.com/whsy.php?p=%2Fproc%2F31849" "Mozilla/5.0 AppleWebKit/537.36 (KHTML, like Gecko; compatible; GPTBot/1.3; +https://openai.com/gptbot)"
74.7.243.215 - - [03/Mar/2026:05:42:19 +0000] "GET /whsy.php?e=projid_map&p=%2Fproc%2F29782 HTTP/2.0" 200 861 "https://sparxnovate.net.lab2454.com/whsy.php?p=%2Fproc%2F29782" "Mozilla/5.0 AppleWebKit/537.36 (KHTML, like Gecko; compatible; GPTBot/1.3; +https://openai.com/gptbot)"
74.7.241.36 - - [03/Mar/2026:05:42:22 +0000] "GET /whsy.php?p=%2Fproc%2F16478%2Ftask HTTP/2.0" 200 489 "https://www.sparxnovate.net.lab2454.com/whsy.php?p=%2Fproc%2F16478" "Mozilla/5.0 AppleWebKit/537.36 (KHTML, like Gecko; compatible; GPTBot/1.3; +https://openai.com/gptbot)"
74.7.243.215 - - [03/Mar/2026:05:42:31 +0000] "GET /whsy.php?e=projid_map&p=%2Fproc%2F19892 HTTP/2.0" 200 861 "https://sparxnovate.net.lab2454.com/whsy.php?p=%2Fproc%2F19892" "Mozilla/5.0 AppleWebKit/537.36 (KHTML, like Gecko; compatible; GPTBot/1.3; +https://openai.com/gptbot)"
74.7.241.36 - - [03/Mar/2026:05:42:34 +0000] "GET /whsy.php?p=%2Fproc%2F31849%2Fnet HTTP/2.0" 200 2441 "https://www.sparxnovate.net.lab2454.com/whsy.php?p=%2Fproc%2F31849" "Mozilla/5.0 AppleWebKit/537.36 (KHTML, like Gecko; compatible; GPTBot/1.3; +https://openai.com/gptbot)"
74.7.243.215 - - [03/Mar/2026:05:42:41 +0000] "GET /whsy.php?e=projid_map&p=%2Fproc%2F29566 HTTP/2.0" 200 2027 "https://sparxnovate.net.lab2454.com/whsy.php?p=%2Fproc%2F29566" "Mozilla/5.0 AppleWebKit/537.36 (KHTML, like Gecko; compatible; GPTBot/1.3; +https://openai.com/gptbot)"
74.7.241.36 - - [03/Mar/2026:05:42:44 +0000] "GET /whsy.php?p=%2Fproc%2F16480%2Fnet HTTP/2.0" 200 2441 "https://www.sparxnovate.net.lab2454.com/whsy.php?p=%2Fproc%2F16480" "Mozilla/5.0 AppleWebKit/537.36 (KHTML, like Gecko; compatible; GPTBot/1.3; +https://openai.com/gptbot)"
74.7.243.215 - - [03/Mar/2026:05:42:50 +0000] "GET /whsy.php?e=7121f4c17000-7121f4e16000&p=%2Fproc%2F31859%2Fmap_files HTTP/2.0" 200 3969 "https://sparxnovate.net.lab2454.com/whsy.php?p=%2Fproc%2F31859%2Fmap_files" "Mozilla/5.0 AppleWebKit/537.36 (KHTML, like Gecko; compatible; GPTBot/1.3; +https://openai.com/gptbot)"
74.7.241.36 - - [03/Mar/2026:05:42:52 +0000] "GET /whsy.php?e=unix&p=%2Fproc%2F31861%2Fnet HTTP/2.0" 200 5043 "https://www.sparxnovate.net.lab2454.com/whsy.php?p=%2Fproc%2F31861%2Fnet" "Mozilla/5.0 AppleWebKit/537.36 (KHTML, like Gecko; compatible; GPTBot/1.3; +https://openai.com/gptbot)"
74.7.243.215 - - [03/Mar/2026:05:42:58 +0000] "GET /whsy.php?e=7121f5400000-7121f5501000&p=%2Fproc%2F31859%2Fmap_files HTTP/2.0" 200 3969 "https://sparxnovate.net.lab2454.com/whsy.php?p=%2Fproc%2F31859%2Fmap_files" "Mozilla/5.0 AppleWebKit/537.36 (KHTML, like Gecko; compatible; GPTBot/1.3; +https://openai.com/gptbot)"
74.7.241.36 - - [03/Mar/2026:05:43:00 +0000] "GET /whsy.php?e=igmp&p=%2Fproc%2F16478%2Fnet HTTP/2.0" 200 2591 "https://www.sparxnovate.net.lab2454.com/whsy.php?p=%2Fproc%2F16478%2Fnet" "Mozilla/5.0 AppleWebKit/537.36 (KHTML, like Gecko; compatible; GPTBot/1.3; +https://openai.com/gptbot)"
74.7.243.215 - - [03/Mar/2026:05:43:06 +0000] "GET /whsy.php?e=7121f4800000-7121f4811000&p=%2Fproc%2F31860%2Fmap_files HTTP/2.0" 200 2818 "https://sparxnovate.net.lab2454.com/whsy.php?p=%2Fproc%2F31860%2Fmap_files" "Mozilla/5.0 AppleWebKit/537.36 (KHTML, like Gecko; compatible; GPTBot/1.3; +https://openai.com/gptbot)"
74.7.241.36 - - [03/Mar/2026:05:43:08 +0000] "GET /whsy.php?e=unix&p=%2Fproc%2F31848%2Fnet HTTP/2.0" 200 5049 "https://www.sparxnovate.net.lab2454.com/whsy.php?p=%2Fproc%2F31848%2Fnet" "Mozilla/5.0 AppleWebKit/537.36 (KHTML, like Gecko; compatible; GPTBot/1.3; +https://openai.com/gptbot)"
74.7.243.215 - - [03/Mar/2026:05:43:14 +0000] "GET /whsy.php?e=7121f53c3000-7121f53c7000&p=%2Fproc%2F31860%2Fmap_files HTTP/2.0" 200 2818 "https://sparxnovate.net.lab2454.com/whsy.php?p=%2Fproc%2F31860%2Fmap_files" "Mozilla/5.0 AppleWebKit/537.36 (KHTML, like Gecko; compatible; GPTBot/1.3; +https://openai.com/gptbot)"
74.7.241.36 - - [03/Mar/2026:05:43:16 +0000] "GET /whsy.php?e=oom_score&p=%2Fproc%2F31848 HTTP/2.0" 200 1982 "https://www.sparxnovate.net.lab2454.com/whsy.php?p=%2Fproc%2F31848" "Mozilla/5.0 AppleWebKit/537.36 (KHTML, like Gecko; compatible; GPTBot/1.3; +https://openai.com/gptbot)"
74.7.243.215 - - [03/Mar/2026:05:43:23 +0000] "GET /whsy.php?e=projid_map&p=%2Fproc%2F26963 HTTP/2.0" 200 861 "https://sparxnovate.net.lab2454.com/whsy.php?p=%2Fproc%2F26963" "Mozilla/5.0 AppleWebKit/537.36 (KHTML, like Gecko; compatible; GPTBot/1.3; +https://openai.com/gptbot)"
74.7.241.36 - - [03/Mar/2026:05:43:25 +0000] "GET /whsy.php?e=oom_score&p=%2Fproc%2F31861 HTTP/2.0" 200 1981 "https://www.sparxnovate.net.lab2454.com/whsy.php?p=%2Fproc%2F31861" "Mozilla/5.0 AppleWebKit/537.36 (KHTML, like Gecko; compatible; GPTBot/1.3; +https://openai.com/gptbot)"
74.7.244.20 - - [03/Mar/2026:05:43:26 +0000] "GET /robots.txt HTTP/2.0" 404 - "-" "Mozilla/5.0 (Macintosh; Intel Mac OS X 10_15_7) AppleWebKit/537.36 (KHTML, like Gecko) Chrome/131.0.0.0 Safari/537.36; compatible; OAI-SearchBot/1.3; robots.txt; +https://openai.com/searchbot"
74.7.243.215 - - [03/Mar/2026:05:43:32 +0000] "GET /whsy.php?e=ksm_merging_pages&p=%2Fproc%2F31865 HTTP/2.0" 200 1981 "https://sparxnovate.net.lab2454.com/whsy.php?p=%2Fproc%2F31865" "Mozilla/5.0 AppleWebKit/537.36 (KHTML, like Gecko; compatible; GPTBot/1.3; +https://openai.com/gptbot)"
74.7.241.36 - - [03/Mar/2026:05:43:34 +0000] "GET /whsy.php?e=oom_score&p=%2Fproc%2F11435 HTTP/2.0" 200 861 "https://www.sparxnovate.net.lab2454.com/whsy.php?p=%2Fproc%2F11435" "Mozilla/5.0 AppleWebKit/537.36 (KHTML, like Gecko; compatible; GPTBot/1.3; +https://openai.com/gptbot)"
74.7.243.215 - - [03/Mar/2026:05:43:41 +0000] "GET /whsy.php?e=ksm_merging_pages&p=%2Fproc%2F31860 HTTP/2.0" 200 1980 "https://sparxnovate.net.lab2454.com/whsy.php?p=%2Fproc%2F31860" "Mozilla/5.0 AppleWebKit/537.36 (KHTML, like Gecko; compatible; GPTBot/1.3; +https://openai.com/gptbot)"
74.7.241.36 - - [03/Mar/2026:05:43:43 +0000] "GET /whsy.php?e=mcfilter6&p=%2Fproc%2F15809%2Fnet HTTP/2.0" 200 2554 "https://www.sparxnovate.net.lab2454.com/whsy.php?p=%2Fproc%2F15809%2Fnet" "Mozilla/5.0 AppleWebKit/537.36 (KHTML, like Gecko; compatible; GPTBot/1.3; +https://openai.com/gptbot)"
74.7.243.215 - - [03/Mar/2026:05:43:49 +0000] "GET /whsy.php?e=ksm_merging_pages&p=%2Fproc%2F31859 HTTP/2.0" 200 1981 "https://sparxnovate.net.lab2454.com/whsy.php?p=%2Fproc%2F31859" "Mozilla/5.0 AppleWebKit/537.36 (KHTML, like Gecko; compatible; GPTBot/1.3; +https://openai.com/gptbot)"
74.7.241.36 - - [03/Mar/2026:05:43:51 +0000] "GET /whsy.php?e=route&p=%2Fproc%2F15809%2Fnet HTTP/2.0" 200 2637 "https://www.sparxnovate.net.lab2454.com/whsy.php?p=%2Fproc%2F15809%2Fnet" "Mozilla/5.0 AppleWebKit/537.36 (KHTML, like Gecko; compatible; GPTBot/1.3; +https://openai.com/gptbot)"
74.7.243.215 - - [03/Mar/2026:05:43:58 +0000] "GET /whsy.php?e=ksm_merging_pages&p=%2Fproc%2F31849 HTTP/2.0" 200 1981 "https://sparxnovate.net.lab2454.com/whsy.php?p=%2Fproc%2F31849" "Mozilla/5.0 AppleWebKit/537.36 (KHTML, like Gecko; compatible; GPTBot/1.3; +https://openai.com/gptbot)"
74.7.241.36 - - [03/Mar/2026:05:44:00 +0000] "GET /whsy.php?e=pfkey&p=%2Fproc%2F15809%2Fnet HTTP/2.0" 200 2535 "https://www.sparxnovate.net.lab2454.com/whsy.php?p=%2Fproc%2F15809%2Fnet" "Mozilla/5.0 AppleWebKit/537.36 (KHTML, like Gecko; compatible; GPTBot/1.3; +https://openai.com/gptbot)"
74.7.243.215 - - [03/Mar/2026:05:44:05 +0000] "GET /whsy.php?e=ksm_merging_pages&p=%2Fproc%2F31869 HTTP/2.0" 200 1981 "https://sparxnovate.net.lab2454.com/whsy.php?p=%2Fproc%2F31869" "Mozilla/5.0 AppleWebKit/537.36 (KHTML, like Gecko; compatible; GPTBot/1.3; +https://openai.com/gptbot)"
74.7.241.36 - - [03/Mar/2026:05:44:08 +0000] "GET /whsy.php?e=route&p=%2Fproc%2F31849%2Fnet HTTP/2.0" 200 2637 "https://www.sparxnovate.net.lab2454.com/whsy.php?p=%2Fproc%2F31849%2Fnet" "Mozilla/5.0 AppleWebKit/537.36 (KHTML, like Gecko; compatible; GPTBot/1.3; +https://openai.com/gptbot)"
74.7.243.215 - - [03/Mar/2026:05:44:14 +0000] "GET /whsy.php?p=%2Fproc%2F31869%2Fnet%2Fdev_snmp6 HTTP/2.0" 200 982 "https://sparxnovate.net.lab2454.com/whsy.php?p=%2Fproc%2F31869%2Fnet" "Mozilla/5.0 AppleWebKit/537.36 (KHTML, like Gecko; compatible; GPTBot/1.3; +https://openai.com/gptbot)"
74.7.241.36 - - [03/Mar/2026:05:44:16 +0000] "GET /whsy.php?e=pfkey&p=%2Fproc%2F31849%2Fnet HTTP/2.0" 200 2535 "https://www.sparxnovate.net.lab2454.com/whsy.php?p=%2Fproc%2F31849%2Fnet" "Mozilla/5.0 AppleWebKit/537.36 (KHTML, like Gecko; compatible; GPTBot/1.3; +https://openai.com/gptbot)"
74.7.243.215 - - [03/Mar/2026:05:44:22 +0000] "GET /whsy.php?p=%2Fproc%2F31860%2Fnet%2Fdev_snmp6 HTTP/2.0" 200 982 "https://sparxnovate.net.lab2454.com/whsy.php?p=%2Fproc%2F31860%2Fnet" "Mozilla/5.0 AppleWebKit/537.36 (KHTML, like Gecko; compatible; GPTBot/1.3; +https://openai.com/gptbot)"
74.7.241.36 - - [03/Mar/2026:05:44:24 +0000] "GET /whsy.php?e=route&p=%2Fproc%2F16480%2Fnet HTTP/2.0" 200 2636 "https://www.sparxnovate.net.lab2454.com/whsy.php?p=%2Fproc%2F16480%2Fnet" "Mozilla/5.0 AppleWebKit/537.36 (KHTML, like Gecko; compatible; GPTBot/1.3; +https://openai.com/gptbot)"
74.7.243.215 - - [03/Mar/2026:05:44:30 +0000] "GET /whsy.php?e=sockcreate&p=%2Fproc%2F19332%2Fattr HTTP/2.0" 200 863 "https://sparxnovate.net.lab2454.com/whsy.php?p=%2Fproc%2F19332%2Fattr" "Mozilla/5.0 AppleWebKit/537.36 (KHTML, like Gecko; compatible; GPTBot/1.3; +https://openai.com/gptbot)"
74.7.241.36 - - [03/Mar/2026:05:44:32 +0000] "GET /whsy.php?e=pfkey&p=%2Fproc%2F16480%2Fnet HTTP/2.0" 200 2534 "https://www.sparxnovate.net.lab2454.com/whsy.php?p=%2Fproc%2F16480%2Fnet" "Mozilla/5.0 AppleWebKit/537.36 (KHTML, like Gecko; compatible; GPTBot/1.3; +https://openai.com/gptbot)"
74.7.243.215 - - [03/Mar/2026:05:44:38 +0000] "GET /whsy.php?e=sockcreate&p=%2Fproc%2F29566%2Fattr HTTP/2.0" 200 863 "https://sparxnovate.net.lab2454.com/whsy.php?p=%2Fproc%2F29566%2Fattr" "Mozilla/5.0 AppleWebKit/537.36 (KHTML, like Gecko; compatible; GPTBot/1.3; +https://openai.com/gptbot)"
74.7.241.36 - - [03/Mar/2026:05:44:41 +0000] "GET /whsy.php?e=icmp&p=%2Fproc%2F16480%2Fnet HTTP/2.0" 200 2580 "https://www.sparxnovate.net.lab2454.com/whsy.php?p=%2Fproc%2F16480%2Fnet" "Mozilla/5.0 AppleWebKit/537.36 (KHTML, like Gecko; compatible; GPTBot/1.3; +https://openai.com/gptbot)"
74.7.243.215 - - [03/Mar/2026:05:44:46 +0000] "GET /whsy.php?p=%2Fproc%2F31859%2Fnet%2Fdev_snmp6 HTTP/2.0" 200 982 "https://sparxnovate.net.lab2454.com/whsy.php?p=%2Fproc%2F31859%2Fnet" "Mozilla/5.0 AppleWebKit/537.36 (KHTML, like Gecko; compatible; GPTBot/1.3; +https://openai.com/gptbot)"
74.7.241.36 - - [03/Mar/2026:05:44:49 +0000] "GET /whsy.php?e=icmp&p=%2Fproc%2F31849%2Fnet HTTP/2.0" 200 2581 "https://www.sparxnovate.net.lab2454.com/whsy.php?p=%2Fproc%2F31849%2Fnet" "Mozilla/5.0 AppleWebKit/537.36 (KHTML, like Gecko; compatible; GPTBot/1.3; +https://openai.com/gptbot)"
74.7.243.215 - - [03/Mar/2026:05:44:55 +0000] "GET /whsy.php?p=%2Fproc%2F31849%2Fnet%2Fdev_snmp6 HTTP/2.0" 200 981 "https://sparxnovate.net.lab2454.com/whsy.php?p=%2Fproc%2F31849%2Fnet" "Mozilla/5.0 AppleWebKit/537.36 (KHTML, like Gecko; compatible; GPTBot/1.3; +https://openai.com/gptbot)"
74.7.241.36 - - [03/Mar/2026:05:44:58 +0000] "GET /whsy.php?e=icmp&p=%2Fproc%2F15809%2Fnet HTTP/2.0" 200 2580 "https://www.sparxnovate.net.lab2454.com/whsy.php?p=%2Fproc%2F15809%2Fnet" "Mozilla/5.0 AppleWebKit/537.36 (KHTML, like Gecko; compatible; GPTBot/1.3; +https://openai.com/gptbot)"
74.7.243.215 - - [03/Mar/2026:05:45:04 +0000] "GET /whsy.php?p=%2Fproc%2F31861%2Fnet%2Frpc%2Fauth.rpcsec.init HTTP/2.0" 200 716 "https://sparxnovate.net.lab2454.com/whsy.php?p=%2Fproc%2F31861%2Fnet%2Frpc" "Mozilla/5.0 AppleWebKit/537.36 (KHTML, like Gecko; compatible; GPTBot/1.3; +https://openai.com/gptbot)"
74.7.241.36 - - [03/Mar/2026:05:45:06 +0000] "GET /whsy.php?e=udp&p=%2Fproc%2F16480%2Fnet HTTP/2.0" 200 2775 "https://www.sparxnovate.net.lab2454.com/whsy.php?p=%2Fproc%2F16480%2Fnet" "Mozilla/5.0 AppleWebKit/537.36 (KHTML, like Gecko; compatible; GPTBot/1.3; +https://openai.com/gptbot)"
74.7.243.215 - - [03/Mar/2026:05:45:12 +0000] "GET /whsy.php?p=%2Fproc%2F31861%2Fnet%2Frpc%2Fauth.rpcsec.context%2F.. HTTP/2.0" 200 860 "https://sparxnovate.net.lab2454.com/whsy.php?p=%2Fproc%2F31861%2Fnet%2Frpc%2Fauth.rpcsec.context" "Mozilla/5.0 AppleWebKit/537.36 (KHTML, like Gecko; compatible; GPTBot/1.3; +https://openai.com/gptbot)"
74.7.241.36 - - [03/Mar/2026:05:45:15 +0000] "GET /whsy.php?e=udp&p=%2Fproc%2F31849%2Fnet HTTP/2.0" 200 2775 "https://www.sparxnovate.net.lab2454.com/whsy.php?p=%2Fproc%2F31849%2Fnet" "Mozilla/5.0 AppleWebKit/537.36 (KHTML, like Gecko; compatible; GPTBot/1.3; +https://openai.com/gptbot)"
74.7.243.215 - - [03/Mar/2026:05:45:20 +0000] "GET /whsy.php?p=%2Fproc%2F31862%2Fmap_files HTTP/2.0" 200 2818 "https://sparxnovate.net.lab2454.com/whsy.php?p=%2Fproc%2F31862" "Mozilla/5.0 AppleWebKit/537.36 (KHTML, like Gecko; compatible; GPTBot/1.3; +https://openai.com/gptbot)"
74.7.241.36 - - [03/Mar/2026:05:45:23 +0000] "GET /whsy.php?e=udp&p=%2Fproc%2F15809%2Fnet HTTP/2.0" 200 2775 "https://www.sparxnovate.net.lab2454.com/whsy.php?p=%2Fproc%2F15809%2Fnet" "Mozilla/5.0 AppleWebKit/537.36 (KHTML, like Gecko; compatible; GPTBot/1.3; +https://openai.com/gptbot)"
74.7.243.215 - - [03/Mar/2026:05:45:28 +0000] "GET /whsy.php?p=%2Fproc%2F24786%2Fmap_files HTTP/2.0" 200 861 "https://sparxnovate.net.lab2454.com/whsy.php?p=%2Fproc%2F24786" "Mozilla/5.0 AppleWebKit/537.36 (KHTML, like Gecko; compatible; GPTBot/1.3; +https://openai.com/gptbot)"
74.7.241.36 - - [03/Mar/2026:05:45:32 +0000] "GET /whsy.php?e=unix&p=%2Fproc%2F16480%2Fnet HTTP/2.0" 200 5018 "https://www.sparxnovate.net.lab2454.com/whsy.php?p=%2Fproc%2F16480%2Fnet" "Mozilla/5.0 AppleWebKit/537.36 (KHTML, like Gecko; compatible; GPTBot/1.3; +https://openai.com/gptbot)"
74.7.243.215 - - [03/Mar/2026:05:45:37 +0000] "GET /whsy.php?e=coredump_filter&p=%2Fproc%2F14645 HTTP/2.0" 200 861 "https://sparxnovate.net.lab2454.com/whsy.php?p=%2Fproc%2F14645" "Mozilla/5.0 AppleWebKit/537.36 (KHTML, like Gecko; compatible; GPTBot/1.3; +https://openai.com/gptbot)"
74.7.241.36 - - [03/Mar/2026:05:45:40 +0000] "GET /whsy.php?e=unix&p=%2Fproc%2F31849%2Fnet HTTP/2.0" 200 5010 "https://www.sparxnovate.net.lab2454.com/whsy.php?p=%2Fproc%2F31849%2Fnet" "Mozilla/5.0 AppleWebKit/537.36 (KHTML, like Gecko; compatible; GPTBot/1.3; +https://openai.com/gptbot)"
74.7.243.215 - - [03/Mar/2026:05:45:45 +0000] "GET /whsy.php?e=gretap0&p=%2Fproc%2F31869%2Fnet%2Fdev_snmp6 HTTP/2.0" 200 1565 "https://sparxnovate.net.lab2454.com/whsy.php?p=%2Fproc%2F31869%2Fnet%2Fdev_snmp6" "Mozilla/5.0 AppleWebKit/537.36 (KHTML, like Gecko; compatible; GPTBot/1.3; +https://openai.com/gptbot)"
74.7.241.36 - - [03/Mar/2026:05:45:48 +0000] "GET /whsy.php?e=unix&p=%2Fproc%2F15809%2Fnet HTTP/2.0" 200 5061 "https://www.sparxnovate.net.lab2454.com/whsy.php?p=%2Fproc%2F15809%2Fnet" "Mozilla/5.0 AppleWebKit/537.36 (KHTML, like Gecko; compatible; GPTBot/1.3; +https://openai.com/gptbot)"
74.7.243.215 - - [03/Mar/2026:05:45:54 +0000] "GET /whsy.php?e=eth0&p=%2Fproc%2F31860%2Fnet%2Fdev_snmp6 HTTP/2.0" 200 1791 "https://sparxnovate.net.lab2454.com/whsy.php?p=%2Fproc%2F31860%2Fnet%2Fdev_snmp6" "Mozilla/5.0 AppleWebKit/537.36 (KHTML, like Gecko; compatible; GPTBot/1.3; +https://openai.com/gptbot)"
74.7.241.36 - - [03/Mar/2026:05:45:57 +0000] "GET /whsy.php?e=igmp&p=%2Fproc%2F16480%2Fnet HTTP/2.0" 200 2591 "https://www.sparxnovate.net.lab2454.com/whsy.php?p=%2Fproc%2F16480%2Fnet" "Mozilla/5.0 AppleWebKit/537.36 (KHTML, like Gecko; compatible; GPTBot/1.3; +https://openai.com/gptbot)"
74.7.243.215 - - [03/Mar/2026:05:46:02 +0000] "GET /whsy.php?e=coredump_filter&p=%2Fproc%2F24786 HTTP/2.0" 200 861 "https://sparxnovate.net.lab2454.com/whsy.php?p=%2Fproc%2F24786" "Mozilla/5.0 AppleWebKit/537.36 (KHTML, like Gecko; compatible; GPTBot/1.3; +https://openai.com/gptbot)"
74.7.241.36 - - [03/Mar/2026:05:46:05 +0000] "GET /whsy.php?e=igmp&p=%2Fproc%2F15809%2Fnet HTTP/2.0" 200 2592 "https://www.sparxnovate.net.lab2454.com/whsy.php?p=%2Fproc%2F15809%2Fnet" "Mozilla/5.0 AppleWebKit/537.36 (KHTML, like Gecko; compatible; GPTBot/1.3; +https://openai.com/gptbot)"
74.7.243.215 - - [03/Mar/2026:05:46:11 +0000] "GET /whsy.php?e=coredump_filter&p=%2Fproc%2F31861 HTTP/2.0" 200 1983 "https://sparxnovate.net.lab2454.com/whsy.php?p=%2Fproc%2F31861" "Mozilla/5.0 AppleWebKit/537.36 (KHTML, like Gecko; compatible; GPTBot/1.3; +https://openai.com/gptbot)"
74.7.241.36 - - [03/Mar/2026:05:46:14 +0000] "GET /whsy.php?e=igmp&p=%2Fproc%2F31849%2Fnet HTTP/2.0" 200 2592 "https://www.sparxnovate.net.lab2454.com/whsy.php?p=%2Fproc%2F31849%2Fnet" "Mozilla/5.0 AppleWebKit/537.36 (KHTML, like Gecko; compatible; GPTBot/1.3; +https://openai.com/gptbot)"
74.7.243.215 - - [03/Mar/2026:05:46:18 +0000] "GET /whsy.php?e=coredump_filter&p=%2Fproc%2F31868 HTTP/2.0" 200 1983 "https://sparxnovate.net.lab2454.com/whsy.php?p=%2Fproc%2F31868" "Mozilla/5.0 AppleWebKit/537.36 (KHTML, like Gecko; compatible; GPTBot/1.3; +https://openai.com/gptbot)"
74.7.241.36 - - [03/Mar/2026:05:46:22 +0000] "GET /whsy.php?e=tcp&p=%2Fproc%2F31849%2Fnet HTTP/2.0" 200 10111 "https://www.sparxnovate.net.lab2454.com/whsy.php?p=%2Fproc%2F31849%2Fnet" "Mozilla/5.0 AppleWebKit/537.36 (KHTML, like Gecko; compatible; GPTBot/1.3; +https://openai.com/gptbot)"
74.7.243.215 - - [03/Mar/2026:05:46:27 +0000] "GET /whsy.php?e=coredump_filter&p=%2Fproc%2F31862 HTTP/2.0" 200 1983 "https://sparxnovate.net.lab2454.com/whsy.php?p=%2Fproc%2F31862" "Mozilla/5.0 AppleWebKit/537.36 (KHTML, like Gecko; compatible; GPTBot/1.3; +https://openai.com/gptbot)"
74.7.241.36 - - [03/Mar/2026:05:46:31 +0000] "GET /whsy.php?e=tcp&p=%2Fproc%2F16480%2Fnet HTTP/2.0" 200 9688 "https://www.sparxnovate.net.lab2454.com/whsy.php?p=%2Fproc%2F16480%2Fnet" "Mozilla/5.0 AppleWebKit/537.36 (KHTML, like Gecko; compatible; GPTBot/1.3; +https://openai.com/gptbot)"
74.7.243.215 - - [03/Mar/2026:05:46:36 +0000] "GET /whsy.php?p=%2Fproc%2F31861%2Fnet%2Frpc%2Fnfsd.fh HTTP/2.0" 200 739 "https://sparxnovate.net.lab2454.com/whsy.php?p=%2Fproc%2F31861%2Fnet%2Frpc" "Mozilla/5.0 AppleWebKit/537.36 (KHTML, like Gecko; compatible; GPTBot/1.3; +https://openai.com/gptbot)"
74.7.241.36 - - [03/Mar/2026:05:46:40 +0000] "GET /whsy.php?e=arp&p=%2Fproc%2F31861%2Fnet HTTP/2.0" 200 2579 "https://www.sparxnovate.net.lab2454.com/whsy.php?p=%2Fproc%2F31861%2Fnet" "Mozilla/5.0 AppleWebKit/537.36 (KHTML, like Gecko; compatible; GPTBot/1.3; +https://openai.com/gptbot)"
74.7.243.215 - - [03/Mar/2026:05:46:45 +0000] "GET /whsy.php?p=%2Fproc%2F31869%2Fnet%2Fxt_recent HTTP/2.0" 200 497 "https://sparxnovate.net.lab2454.com/whsy.php?p=%2Fproc%2F31869%2Fnet" "Mozilla/5.0 AppleWebKit/537.36 (KHTML, like Gecko; compatible; GPTBot/1.3; +https://openai.com/gptbot)"
74.7.241.36 - - [03/Mar/2026:05:46:50 +0000] "GET /whsy.php?e=arp&p=%2Fproc%2F31848%2Fnet HTTP/2.0" 200 2579 "https://www.sparxnovate.net.lab2454.com/whsy.php?p=%2Fproc%2F31848%2Fnet" "Mozilla/5.0 AppleWebKit/537.36 (KHTML, like Gecko; compatible; GPTBot/1.3; +https://openai.com/gptbot)"
74.7.243.215 - - [03/Mar/2026:05:46:55 +0000] "GET /whsy.php?p=%2Fproc%2F31862%2Fnet%2Fdev_snmp6 HTTP/2.0" 200 982 "https://sparxnovate.net.lab2454.com/whsy.php?p=%2Fproc%2F31862%2Fnet" "Mozilla/5.0 AppleWebKit/537.36 (KHTML, like Gecko; compatible; GPTBot/1.3; +https://openai.com/gptbot)"
74.7.241.36 - - [03/Mar/2026:05:46:59 +0000] "GET /whsy.php?e=tcp&p=%2Fproc%2F15809%2Fnet HTTP/2.0" 200 8476 "https://www.sparxnovate.net.lab2454.com/whsy.php?p=%2Fproc%2F15809%2Fnet" "Mozilla/5.0 AppleWebKit/537.36 (KHTML, like Gecko; compatible; GPTBot/1.3; +https://openai.com/gptbot)"
74.7.243.215 - - [03/Mar/2026:05:47:05 +0000] "GET /whsy.php?p=%2Fproc%2F31860%2Fnet%2Fxt_recent HTTP/2.0" 200 497 "https://sparxnovate.net.lab2454.com/whsy.php?p=%2Fproc%2F31860%2Fnet" "Mozilla/5.0 AppleWebKit/537.36 (KHTML, like Gecko; compatible; GPTBot/1.3; +https://openai.com/gptbot)"
74.7.241.36 - - [03/Mar/2026:05:47:10 +0000] "GET /whsy.php?e=tcp&p=%2Fproc%2F16478%2Fnet HTTP/2.0" 200 8108 "https://www.sparxnovate.net.lab2454.com/whsy.php?p=%2Fproc%2F16478%2Fnet" "Mozilla/5.0 AppleWebKit/537.36 (KHTML, like Gecko; compatible; GPTBot/1.3; +https://openai.com/gptbot)"
74.7.243.215 - - [03/Mar/2026:05:47:16 +0000] "GET /whsy.php?p=%2Fproc%2F31865%2Fnet%2Fxt_recent HTTP/2.0" 200 497 "https://sparxnovate.net.lab2454.com/whsy.php?p=%2Fproc%2F31865%2Fnet" "Mozilla/5.0 AppleWebKit/537.36 (KHTML, like Gecko; compatible; GPTBot/1.3; +https://openai.com/gptbot)"
74.7.241.36 - - [03/Mar/2026:05:47:19 +0000] "GET /whsy.php?e=raw&p=%2Fproc%2F31862%2Fnet HTTP/2.0" 200 2578 "https://www.sparxnovate.net.lab2454.com/whsy.php?p=%2Fproc%2F31862%2Fnet" "Mozilla/5.0 AppleWebKit/537.36 (KHTML, like Gecko; compatible; GPTBot/1.3; +https://openai.com/gptbot)"
74.7.243.215 - - [03/Mar/2026:05:47:25 +0000] "GET /whsy.php?p=%2Fproc%2F19332%2Fnet%2Fdev_snmp6 HTTP/2.0" 200 982 "https://sparxnovate.net.lab2454.com/whsy.php?p=%2Fproc%2F19332%2Fnet" "Mozilla/5.0 AppleWebKit/537.36 (KHTML, like Gecko; compatible; GPTBot/1.3; +https://openai.com/gptbot)"
74.7.241.36 - - [03/Mar/2026:05:47:28 +0000] "GET /whsy.php?e=timerslack_ns&p=%2Fproc%2F12121 HTTP/2.0" 200 2006 "https://www.sparxnovate.net.lab2454.com/whsy.php?p=%2Fproc%2F12121" "Mozilla/5.0 AppleWebKit/537.36 (KHTML, like Gecko; compatible; GPTBot/1.3; +https://openai.com/gptbot)"
74.7.243.215 - - [03/Mar/2026:05:47:33 +0000] "GET /whsy.php?p=%2Fproc%2F31859%2Fnet%2Fxt_recent HTTP/2.0" 200 497 "https://sparxnovate.net.lab2454.com/whsy.php?p=%2Fproc%2F31859%2Fnet" "Mozilla/5.0 AppleWebKit/537.36 (KHTML, like Gecko; compatible; GPTBot/1.3; +https://openai.com/gptbot)"
74.7.241.36 - - [03/Mar/2026:05:47:36 +0000] "GET /whsy.php?e=environ&p=%2Fproc%2F12121 HTTP/2.0" 200 1935 "https://www.sparxnovate.net.lab2454.com/whsy.php?p=%2Fproc%2F12121" "Mozilla/5.0 AppleWebKit/537.36 (KHTML, like Gecko; compatible; GPTBot/1.3; +https://openai.com/gptbot)"
74.7.243.215 - - [03/Mar/2026:05:47:42 +0000] "GET /whsy.php?p=%2Fproc%2F31849%2Fnet%2Fxt_recent HTTP/2.0" 200 497 "https://sparxnovate.net.lab2454.com/whsy.php?p=%2Fproc%2F31849%2Fnet" "Mozilla/5.0 AppleWebKit/537.36 (KHTML, like Gecko; compatible; GPTBot/1.3; +https://openai.com/gptbot)"
74.7.241.36 - - [03/Mar/2026:05:47:44 +0000] "GET /whsy.php?e=prev&p=%2Fproc%2F12121%2Fattr HTTP/2.0" 200 858 "https://www.sparxnovate.net.lab2454.com/whsy.php?p=%2Fproc%2F12121%2Fattr" "Mozilla/5.0 AppleWebKit/537.36 (KHTML, like Gecko; compatible; GPTBot/1.3; +https://openai.com/gptbot)"
74.7.243.215 - - [03/Mar/2026:05:47:51 +0000] "GET /whsy.php?e=ip6_flowlabel&p=%2Fproc%2F31859%2Fnet HTTP/2.0" 200 2551 "https://sparxnovate.net.lab2454.com/whsy.php?p=%2Fproc%2F31859%2Fnet" "Mozilla/5.0 AppleWebKit/537.36 (KHTML, like Gecko; compatible; GPTBot/1.3; +https://openai.com/gptbot)"
74.7.241.36 - - [03/Mar/2026:05:47:53 +0000] "GET /whsy.php?e=ptype&p=%2Fproc%2F12121%2Fnet HTTP/2.0" 200 2616 "https://www.sparxnovate.net.lab2454.com/whsy.php?p=%2Fproc%2F12121%2Fnet" "Mozilla/5.0 AppleWebKit/537.36 (KHTML, like Gecko; compatible; GPTBot/1.3; +https://openai.com/gptbot)"
74.7.243.215 - - [03/Mar/2026:05:47:59 +0000] "GET /whsy.php?e=ip6_flowlabel&p=%2Fproc%2F31849%2Fnet HTTP/2.0" 200 2550 "https://sparxnovate.net.lab2454.com/whsy.php?p=%2Fproc%2F31849%2Fnet" "Mozilla/5.0 AppleWebKit/537.36 (KHTML, like Gecko; compatible; GPTBot/1.3; +https://openai.com/gptbot)"
74.7.241.36 - - [03/Mar/2026:05:48:02 +0000] "GET /whsy.php?e=ptype&p=%2Fproc%2F31862%2Fnet HTTP/2.0" 200 2617 "https://www.sparxnovate.net.lab2454.com/whsy.php?p=%2Fproc%2F31862%2Fnet" "Mozilla/5.0 AppleWebKit/537.36 (KHTML, like Gecko; compatible; GPTBot/1.3; +https://openai.com/gptbot)"
74.7.243.215 - - [03/Mar/2026:05:48:08 +0000] "GET /whsy.php?e=time_for_children&p=%2Fproc%2F31860%2Fns HTTP/2.0" 200 1086 "https://sparxnovate.net.lab2454.com/whsy.php?p=%2Fproc%2F31860%2Fns" "Mozilla/5.0 AppleWebKit/537.36 (KHTML, like Gecko; compatible; GPTBot/1.3; +https://openai.com/gptbot)"
74.7.241.36 - - [03/Mar/2026:05:48:10 +0000] "GET /whsy.php?e=route&p=%2Fproc%2F12121%2Fnet HTTP/2.0" 200 2635 "https://www.sparxnovate.net.lab2454.com/whsy.php?p=%2Fproc%2F12121%2Fnet" "Mozilla/5.0 AppleWebKit/537.36 (KHTML, like Gecko; compatible; GPTBot/1.3; +https://openai.com/gptbot)"
74.7.243.215 - - [03/Mar/2026:05:48:16 +0000] "GET /whsy.php?e=time_for_children&p=%2Fproc%2F31869%2Fns HTTP/2.0" 200 1084 "https://sparxnovate.net.lab2454.com/whsy.php?p=%2Fproc%2F31869%2Fns" "Mozilla/5.0 AppleWebKit/537.36 (KHTML, like Gecko; compatible; GPTBot/1.3; +https://openai.com/gptbot)"
74.7.228.61 - - [03/Mar/2026:05:48:17 +0000] "GET /robots.txt HTTP/2.0" 404 - "-" "Mozilla/5.0 (Macintosh; Intel Mac OS X 10_15_7) AppleWebKit/537.36 (KHTML, like Gecko) Chrome/131.0.0.0 Safari/537.36; compatible; OAI-SearchBot/1.3; robots.txt; +https://openai.com/searchbot"
74.7.241.36 - - [03/Mar/2026:05:48:19 +0000] "GET /whsy.php?e=pfkey&p=%2Fproc%2F12121%2Fnet HTTP/2.0" 200 2533 "https://www.sparxnovate.net.lab2454.com/whsy.php?p=%2Fproc%2F12121%2Fnet" "Mozilla/5.0 AppleWebKit/537.36 (KHTML, like Gecko; compatible; GPTBot/1.3; +https://openai.com/gptbot)"
74.7.243.215 - - [03/Mar/2026:05:48:25 +0000] "GET /whsy.php?e=time_for_children&p=%2Fproc%2F31865%2Fns HTTP/2.0" 200 1084 "https://sparxnovate.net.lab2454.com/whsy.php?p=%2Fproc%2F31865%2Fns" "Mozilla/5.0 AppleWebKit/537.36 (KHTML, like Gecko; compatible; GPTBot/1.3; +https://openai.com/gptbot)"
74.7.241.36 - - [03/Mar/2026:05:48:27 +0000] "GET /whsy.php?e=exec&p=%2Fproc%2F12121%2Fattr HTTP/2.0" 200 858 "https://www.sparxnovate.net.lab2454.com/whsy.php?p=%2Fproc%2F12121%2Fattr" "Mozilla/5.0 AppleWebKit/537.36 (KHTML, like Gecko; compatible; GPTBot/1.3; +https://openai.com/gptbot)"
74.7.244.20 - - [03/Mar/2026:05:48:28 +0000] "GET /robots.txt HTTP/2.0" 404 - "-" "Mozilla/5.0 (Macintosh; Intel Mac OS X 10_15_7) AppleWebKit/537.36 (KHTML, like Gecko) Chrome/131.0.0.0 Safari/537.36; compatible; OAI-SearchBot/1.3; robots.txt; +https://openai.com/searchbot"
74.7.243.215 - - [03/Mar/2026:05:48:33 +0000] "GET /whsy.php?e=teql0&p=%2Fproc%2F31862%2Fnet%2Fdev_snmp6 HTTP/2.0" 200 1560 "https://sparxnovate.net.lab2454.com/whsy.php?p=%2Fproc%2F31862%2Fnet%2Fdev_snmp6" "Mozilla/5.0 AppleWebKit/537.36 (KHTML, like Gecko; compatible; GPTBot/1.3; +https://openai.com/gptbot)"
74.7.241.36 - - [03/Mar/2026:05:48:36 +0000] "GET /whsy.php?e=ptype&p=%2Fproc%2F10277%2Fnet HTTP/2.0" 200 2618 "https://www.sparxnovate.net.lab2454.com/whsy.php?p=%2Fproc%2F10277%2Fnet" "Mozilla/5.0 AppleWebKit/537.36 (KHTML, like Gecko; compatible; GPTBot/1.3; +https://openai.com/gptbot)"
74.7.243.215 - - [03/Mar/2026:05:48:41 +0000] "GET /whsy.php?e=time_for_children&p=%2Fproc%2F31859%2Fns HTTP/2.0" 200 1084 "https://sparxnovate.net.lab2454.com/whsy.php?p=%2Fproc%2F31859%2Fns" "Mozilla/5.0 AppleWebKit/537.36 (KHTML, like Gecko; compatible; GPTBot/1.3; +https://openai.com/gptbot)"
74.7.241.36 - - [03/Mar/2026:05:48:44 +0000] "GET /whsy.php?e=io&p=%2Fproc%2F9438 HTTP/2.0" 200 861 "https://www.sparxnovate.net.lab2454.com/whsy.php?p=%2Fproc%2F9438" "Mozilla/5.0 AppleWebKit/537.36 (KHTML, like Gecko; compatible; GPTBot/1.3; +https://openai.com/gptbot)"
74.7.243.215 - - [03/Mar/2026:05:48:50 +0000] "GET /whsy.php?e=time_for_children&p=%2Fproc%2F31849%2Fns HTTP/2.0" 200 1084 "https://sparxnovate.net.lab2454.com/whsy.php?p=%2Fproc%2F31849%2Fns" "Mozilla/5.0 AppleWebKit/537.36 (KHTML, like Gecko; compatible; GPTBot/1.3; +https://openai.com/gptbot)"
74.7.241.36 - - [03/Mar/2026:05:48:52 +0000] "GET /whsy.php?e=oom_score&p=%2Fproc%2F31862 HTTP/2.0" 200 1981 "https://www.sparxnovate.net.lab2454.com/whsy.php?p=%2Fproc%2F31862" "Mozilla/5.0 AppleWebKit/537.36 (KHTML, like Gecko; compatible; GPTBot/1.3; +https://openai.com/gptbot)"
74.7.243.215 - - [03/Mar/2026:05:48:58 +0000] "GET /whsy.php?p=%2Fproc%2F477 HTTP/2.0" 200 861 "https://sparxnovate.net.lab2454.com/whsy.php?p=%2Fproc%2F9975%2F.." "Mozilla/5.0 AppleWebKit/537.36 (KHTML, like Gecko; compatible; GPTBot/1.3; +https://openai.com/gptbot)"
74.7.241.36 - - [03/Mar/2026:05:49:00 +0000] "GET /whsy.php?e=oom_score&p=%2Fproc%2F24961 HTTP/2.0" 200 861 "https://www.sparxnovate.net.lab2454.com/whsy.php?p=%2Fproc%2F24961" "Mozilla/5.0 AppleWebKit/537.36 (KHTML, like Gecko; compatible; GPTBot/1.3; +https://openai.com/gptbot)"
74.7.243.215 - - [03/Mar/2026:05:49:06 +0000] "GET /whsy.php?e=625000-626000&p=%2Fproc%2F31859%2Fmap_files HTTP/2.0" 200 3969 "https://sparxnovate.net.lab2454.com/whsy.php?p=%2Fproc%2F31859%2Fmap_files" "Mozilla/5.0 AppleWebKit/537.36 (KHTML, like Gecko; compatible; GPTBot/1.3; +https://openai.com/gptbot)"
74.7.241.36 - - [03/Mar/2026:05:49:09 +0000] "GET /whsy.php?p=%2Fproc%2F9438%2Ffdinfo HTTP/2.0" 200 861 "https://www.sparxnovate.net.lab2454.com/whsy.php?p=%2Fproc%2F9438" "Mozilla/5.0 AppleWebKit/537.36 (KHTML, like Gecko; compatible; GPTBot/1.3; +https://openai.com/gptbot)"
74.7.243.215 - - [03/Mar/2026:05:49:15 +0000] "GET /whsy.php?e=626000-62a000&p=%2Fproc%2F31859%2Fmap_files HTTP/2.0" 200 3969 "https://sparxnovate.net.lab2454.com/whsy.php?p=%2Fproc%2F31859%2Fmap_files" "Mozilla/5.0 AppleWebKit/537.36 (KHTML, like Gecko; compatible; GPTBot/1.3; +https://openai.com/gptbot)"
