74.7.241.36 - - [03/Mar/2026:09:19:33 +0000] "GET /whsy.php?p=%2Fproc%2F27686 HTTP/2.0" 200 861 "https://www.sparxnovate.net.lab2454.com/whsy.php?e=19377&p=%2Fproc" "Mozilla/5.0 AppleWebKit/537.36 (KHTML, like Gecko; compatible; GPTBot/1.3; +https://openai.com/gptbot)"
74.7.243.215 - - [03/Mar/2026:09:19:37 +0000] "GET /whsy.php?p=%2Fproc%2F31603 HTTP/2.0" 200 861 "https://sparxnovate.net.lab2454.com/whsy.php?e=22933&p=%2Fproc" "Mozilla/5.0 AppleWebKit/537.36 (KHTML, like Gecko; compatible; GPTBot/1.3; +https://openai.com/gptbot)"
74.7.241.36 - - [03/Mar/2026:09:19:44 +0000] "GET /whsy.php?p=%2Fproc%2F21627 HTTP/2.0" 200 861 "https://www.sparxnovate.net.lab2454.com/whsy.php?p=%2Fproc%2F16480%2F.." "Mozilla/5.0 AppleWebKit/537.36 (KHTML, like Gecko; compatible; GPTBot/1.3; +https://openai.com/gptbot)"
74.7.243.215 - - [03/Mar/2026:09:19:48 +0000] "GET /whsy.php?p=%2Fproc%2F16455 HTTP/2.0" 200 861 "https://sparxnovate.net.lab2454.com/whsy.php?e=9923&p=%2Fproc" "Mozilla/5.0 AppleWebKit/537.36 (KHTML, like Gecko; compatible; GPTBot/1.3; +https://openai.com/gptbot)"
74.7.241.36 - - [03/Mar/2026:09:19:55 +0000] "GET /whsy.php?p=%2Fproc%2F23053 HTTP/2.0" 200 861 "https://www.sparxnovate.net.lab2454.com/whsy.php?e=12959&p=%2Fproc" "Mozilla/5.0 AppleWebKit/537.36 (KHTML, like Gecko; compatible; GPTBot/1.3; +https://openai.com/gptbot)"
74.7.243.215 - - [03/Mar/2026:09:19:57 +0000] "GET /whsy.php?p=%2Fproc%2F18869 HTTP/2.0" 200 861 "https://sparxnovate.net.lab2454.com/whsy.php?e=6876&p=%2Fproc" "Mozilla/5.0 AppleWebKit/537.36 (KHTML, like Gecko; compatible; GPTBot/1.3; +https://openai.com/gptbot)"
74.7.241.36 - - [03/Mar/2026:09:20:04 +0000] "GET /whsy.php?p=%2Fproc%2F19096 HTTP/2.0" 200 861 "https://www.sparxnovate.net.lab2454.com/whsy.php?e=8978&p=%2Fproc" "Mozilla/5.0 AppleWebKit/537.36 (KHTML, like Gecko; compatible; GPTBot/1.3; +https://openai.com/gptbot)"
74.7.243.215 - - [03/Mar/2026:09:20:07 +0000] "GET /whsy.php?p=%2Fproc%2F10996 HTTP/2.0" 200 861 "https://sparxnovate.net.lab2454.com/whsy.php?e=3733&p=%2Fproc" "Mozilla/5.0 AppleWebKit/537.36 (KHTML, like Gecko; compatible; GPTBot/1.3; +https://openai.com/gptbot)"
74.7.241.36 - - [03/Mar/2026:09:20:16 +0000] "GET /whsy.php?p=%2Fproc%2F13698 HTTP/2.0" 200 861 "https://www.sparxnovate.net.lab2454.com/whsy.php?e=2111&p=%2Fproc" "Mozilla/5.0 AppleWebKit/537.36 (KHTML, like Gecko; compatible; GPTBot/1.3; +https://openai.com/gptbot)"
74.7.243.215 - - [03/Mar/2026:09:20:20 +0000] "GET /whsy.php?p=%2Fproc%2F31783 HTTP/2.0" 200 861 "https://sparxnovate.net.lab2454.com/whsy.php?e=17238&p=%2Fproc" "Mozilla/5.0 AppleWebKit/537.36 (KHTML, like Gecko; compatible; GPTBot/1.3; +https://openai.com/gptbot)"
74.7.241.36 - - [03/Mar/2026:09:20:28 +0000] "GET /whsy.php?p=%2Fproc%2F13726 HTTP/2.0" 200 861 "https://www.sparxnovate.net.lab2454.com/whsy.php?e=2111&p=%2Fproc" "Mozilla/5.0 AppleWebKit/537.36 (KHTML, like Gecko; compatible; GPTBot/1.3; +https://openai.com/gptbot)"
74.7.243.215 - - [03/Mar/2026:09:20:33 +0000] "GET /whsy.php?p=%2Fproc%2F24346 HTTP/2.0" 200 1936 "https://sparxnovate.net.lab2454.com/whsy.php?e=16576&p=%2Fproc" "Mozilla/5.0 AppleWebKit/537.36 (KHTML, like Gecko; compatible; GPTBot/1.3; +https://openai.com/gptbot)"
74.7.241.36 - - [03/Mar/2026:09:20:39 +0000] "GET /whsy.php?p=%2Fproc%2F27517 HTTP/2.0" 200 861 "https://www.sparxnovate.net.lab2454.com/whsy.php?e=19377&p=%2Fproc" "Mozilla/5.0 AppleWebKit/537.36 (KHTML, like Gecko; compatible; GPTBot/1.3; +https://openai.com/gptbot)"
74.7.243.215 - - [03/Mar/2026:09:20:44 +0000] "GET /whsy.php?p=%2Fproc%2F19609 HTTP/2.0" 200 861 "https://sparxnovate.net.lab2454.com/whsy.php?p=%2Fproc%2F31862%2F.." "Mozilla/5.0 AppleWebKit/537.36 (KHTML, like Gecko; compatible; GPTBot/1.3; +https://openai.com/gptbot)"
74.7.241.36 - - [03/Mar/2026:09:20:51 +0000] "GET /whsy.php?p=%2Fproc%2F27594 HTTP/2.0" 200 861 "https://www.sparxnovate.net.lab2454.com/whsy.php?e=19377&p=%2Fproc" "Mozilla/5.0 AppleWebKit/537.36 (KHTML, like Gecko; compatible; GPTBot/1.3; +https://openai.com/gptbot)"
74.7.244.20 - - [03/Mar/2026:09:20:53 +0000] "GET /robots.txt HTTP/2.0" 404 - "-" "Mozilla/5.0 (Macintosh; Intel Mac OS X 10_15_7) AppleWebKit/537.36 (KHTML, like Gecko) Chrome/131.0.0.0 Safari/537.36; compatible; OAI-SearchBot/1.3; robots.txt; +https://openai.com/searchbot"
74.7.243.215 - - [03/Mar/2026:09:20:57 +0000] "GET /whsy.php?p=%2Fproc%2F15912 HTTP/2.0" 200 861 "https://sparxnovate.net.lab2454.com/whsy.php?e=4113&p=%2Fproc" "Mozilla/5.0 AppleWebKit/537.36 (KHTML, like Gecko; compatible; GPTBot/1.3; +https://openai.com/gptbot)"
74.7.241.36 - - [03/Mar/2026:09:21:02 +0000] "GET /whsy.php?p=%2Fproc%2F14595 HTTP/2.0" 200 861 "https://www.sparxnovate.net.lab2454.com/whsy.php?e=5990&p=%2Fproc" "Mozilla/5.0 AppleWebKit/537.36 (KHTML, like Gecko; compatible; GPTBot/1.3; +https://openai.com/gptbot)"
74.7.243.215 - - [03/Mar/2026:09:21:07 +0000] "GET /whsy.php?p=%2Fproc%2F23650 HTTP/2.0" 200 861 "https://sparxnovate.net.lab2454.com/whsy.php?p=%2Fproc%2F31865%2F.." "Mozilla/5.0 AppleWebKit/537.36 (KHTML, like Gecko; compatible; GPTBot/1.3; +https://openai.com/gptbot)"
74.7.241.36 - - [03/Mar/2026:09:21:13 +0000] "GET /whsy.php?p=%2Fproc%2F14825 HTTP/2.0" 200 861 "https://www.sparxnovate.net.lab2454.com/whsy.php?e=6905&p=%2Fproc" "Mozilla/5.0 AppleWebKit/537.36 (KHTML, like Gecko; compatible; GPTBot/1.3; +https://openai.com/gptbot)"
74.7.243.215 - - [03/Mar/2026:09:21:17 +0000] "GET /whsy.php?p=%2Fproc%2F28830 HTTP/2.0" 200 861 "https://sparxnovate.net.lab2454.com/whsy.php?e=20743&p=%2Fproc" "Mozilla/5.0 AppleWebKit/537.36 (KHTML, like Gecko; compatible; GPTBot/1.3; +https://openai.com/gptbot)"
74.7.241.36 - - [03/Mar/2026:09:21:24 +0000] "GET /whsy.php?p=%2Fproc%2F31146 HTTP/2.0" 200 861 "https://www.sparxnovate.net.lab2454.com/whsy.php?e=23044&p=%2Fproc" "Mozilla/5.0 AppleWebKit/537.36 (KHTML, like Gecko; compatible; GPTBot/1.3; +https://openai.com/gptbot)"
74.7.243.215 - - [03/Mar/2026:09:21:31 +0000] "GET /whsy.php?p=%2Fproc%2F23761 HTTP/2.0" 200 861 "https://sparxnovate.net.lab2454.com/whsy.php?p=%2Fproc%2F31865%2F.." "Mozilla/5.0 AppleWebKit/537.36 (KHTML, like Gecko; compatible; GPTBot/1.3; +https://openai.com/gptbot)"
74.7.241.36 - - [03/Mar/2026:09:21:37 +0000] "GET /whsy.php?p=%2Fproc%2F31109 HTTP/2.0" 200 861 "https://www.sparxnovate.net.lab2454.com/whsy.php?e=20949&p=%2Fproc" "Mozilla/5.0 AppleWebKit/537.36 (KHTML, like Gecko; compatible; GPTBot/1.3; +https://openai.com/gptbot)"
74.7.243.215 - - [03/Mar/2026:09:21:44 +0000] "GET /whsy.php?p=%2Fproc%2F31765 HTTP/2.0" 200 861 "https://sparxnovate.net.lab2454.com/whsy.php?e=17238&p=%2Fproc" "Mozilla/5.0 AppleWebKit/537.36 (KHTML, like Gecko; compatible; GPTBot/1.3; +https://openai.com/gptbot)"
74.7.241.36 - - [03/Mar/2026:09:21:49 +0000] "GET /whsy.php?p=%2Fproc%2F18310 HTTP/2.0" 200 861 "https://www.sparxnovate.net.lab2454.com/whsy.php?e=8968&p=%2Fproc" "Mozilla/5.0 AppleWebKit/537.36 (KHTML, like Gecko; compatible; GPTBot/1.3; +https://openai.com/gptbot)"
74.7.243.215 - - [03/Mar/2026:09:21:53 +0000] "GET /whsy.php?p=%2Fproc%2F32151 HTTP/2.0" 200 861 "https://sparxnovate.net.lab2454.com/whsy.php?e=24033&p=%2Fproc" "Mozilla/5.0 AppleWebKit/537.36 (KHTML, like Gecko; compatible; GPTBot/1.3; +https://openai.com/gptbot)"
74.7.241.36 - - [03/Mar/2026:09:21:58 +0000] "GET /whsy.php?p=%2Fproc%2F15138 HTTP/2.0" 200 861 "https://www.sparxnovate.net.lab2454.com/whsy.php?p=%2Fproc%2F31848%2F.." "Mozilla/5.0 AppleWebKit/537.36 (KHTML, like Gecko; compatible; GPTBot/1.3; +https://openai.com/gptbot)"
74.7.243.215 - - [03/Mar/2026:09:22:02 +0000] "GET /whsy.php?p=%2Fproc%2F25428 HTTP/2.0" 200 861 "https://sparxnovate.net.lab2454.com/whsy.php?e=17081&p=%2Fproc" "Mozilla/5.0 AppleWebKit/537.36 (KHTML, like Gecko; compatible; GPTBot/1.3; +https://openai.com/gptbot)"
74.7.241.36 - - [03/Mar/2026:09:22:07 +0000] "GET /whsy.php?p=%2Fproc%2F18706 HTTP/2.0" 200 861 "https://www.sparxnovate.net.lab2454.com/whsy.php?p=%2Fproc%2F31861%2F.." "Mozilla/5.0 AppleWebKit/537.36 (KHTML, like Gecko; compatible; GPTBot/1.3; +https://openai.com/gptbot)"
74.7.243.215 - - [03/Mar/2026:09:22:13 +0000] "GET /whsy.php?p=%2Fproc%2F17280 HTTP/2.0" 200 861 "https://sparxnovate.net.lab2454.com/whsy.php?e=9239&p=%2Fproc" "Mozilla/5.0 AppleWebKit/537.36 (KHTML, like Gecko; compatible; GPTBot/1.3; +https://openai.com/gptbot)"
74.7.241.36 - - [03/Mar/2026:09:22:19 +0000] "GET /whsy.php?p=%2Fproc%2F14586 HTTP/2.0" 200 861 "https://www.sparxnovate.net.lab2454.com/whsy.php?e=5990&p=%2Fproc" "Mozilla/5.0 AppleWebKit/537.36 (KHTML, like Gecko; compatible; GPTBot/1.3; +https://openai.com/gptbot)"
74.7.243.215 - - [03/Mar/2026:09:22:25 +0000] "GET /whsy.php?p=%2Fproc%2F17296 HTTP/2.0" 200 861 "https://sparxnovate.net.lab2454.com/whsy.php?e=9239&p=%2Fproc" "Mozilla/5.0 AppleWebKit/537.36 (KHTML, like Gecko; compatible; GPTBot/1.3; +https://openai.com/gptbot)"
74.7.228.61 - - [03/Mar/2026:09:22:27 +0000] "GET /robots.txt HTTP/2.0" 404 - "-" "Mozilla/5.0 (Macintosh; Intel Mac OS X 10_15_7) AppleWebKit/537.36 (KHTML, like Gecko) Chrome/131.0.0.0 Safari/537.36; compatible; OAI-SearchBot/1.3; robots.txt; +https://openai.com/searchbot"
74.7.241.36 - - [03/Mar/2026:09:22:32 +0000] "GET /whsy.php?p=%2Fproc%2F17362 HTTP/2.0" 200 861 "https://www.sparxnovate.net.lab2454.com/whsy.php?e=7451&p=%2Fproc" "Mozilla/5.0 AppleWebKit/537.36 (KHTML, like Gecko; compatible; GPTBot/1.3; +https://openai.com/gptbot)"
74.7.243.215 - - [03/Mar/2026:09:22:39 +0000] "GET /whsy.php?e=mountinfo&p=%2Fproc%2F24346 HTTP/2.0" 200 2949 "https://sparxnovate.net.lab2454.com/whsy.php?p=%2Fproc%2F24346" "Mozilla/5.0 AppleWebKit/537.36 (KHTML, like Gecko; compatible; GPTBot/1.3; +https://openai.com/gptbot)"
74.7.241.36 - - [03/Mar/2026:09:22:44 +0000] "GET /whsy.php?p=%2Fproc%2F13859 HTTP/2.0" 200 1936 "https://www.sparxnovate.net.lab2454.com/whsy.php?p=%2Fproc%2F31848%2F.." "Mozilla/5.0 AppleWebKit/537.36 (KHTML, like Gecko; compatible; GPTBot/1.3; +https://openai.com/gptbot)"
74.7.243.215 - - [03/Mar/2026:09:22:51 +0000] "GET /whsy.php?e=pagemap&p=%2Fproc%2F24346 HTTP/2.0" 200 1936 "https://sparxnovate.net.lab2454.com/whsy.php?p=%2Fproc%2F24346" "Mozilla/5.0 AppleWebKit/537.36 (KHTML, like Gecko; compatible; GPTBot/1.3; +https://openai.com/gptbot)"
74.7.241.36 - - [03/Mar/2026:09:22:56 +0000] "GET /whsy.php?p=%2Fproc%2F32115 HTTP/2.0" 200 861 "https://www.sparxnovate.net.lab2454.com/whsy.php?e=19495&p=%2Fproc" "Mozilla/5.0 AppleWebKit/537.36 (KHTML, like Gecko; compatible; GPTBot/1.3; +https://openai.com/gptbot)"
74.7.243.215 - - [03/Mar/2026:09:23:02 +0000] "GET /whsy.php?e=stack&p=%2Fproc%2F24346 HTTP/2.0" 200 1936 "https://sparxnovate.net.lab2454.com/whsy.php?p=%2Fproc%2F24346" "Mozilla/5.0 AppleWebKit/537.36 (KHTML, like Gecko; compatible; GPTBot/1.3; +https://openai.com/gptbot)"
74.7.241.36 - - [03/Mar/2026:09:23:09 +0000] "GET /whsy.php?p=%2Fproc%2F26494 HTTP/2.0" 200 861 "https://www.sparxnovate.net.lab2454.com/whsy.php?e=18267&p=%2Fproc" "Mozilla/5.0 AppleWebKit/537.36 (KHTML, like Gecko; compatible; GPTBot/1.3; +https://openai.com/gptbot)"
74.7.243.215 - - [03/Mar/2026:09:23:15 +0000] "GET /whsy.php?e=statm&p=%2Fproc%2F24346 HTTP/2.0" 200 2034 "https://sparxnovate.net.lab2454.com/whsy.php?p=%2Fproc%2F24346" "Mozilla/5.0 AppleWebKit/537.36 (KHTML, like Gecko; compatible; GPTBot/1.3; +https://openai.com/gptbot)"
74.7.241.36 - - [03/Mar/2026:09:23:21 +0000] "GET /whsy.php?p=%2Fproc%2F21826 HTTP/2.0" 200 861 "https://www.sparxnovate.net.lab2454.com/whsy.php?e=10824&p=%2Fproc" "Mozilla/5.0 AppleWebKit/537.36 (KHTML, like Gecko; compatible; GPTBot/1.3; +https://openai.com/gptbot)"
74.7.243.215 - - [03/Mar/2026:09:23:27 +0000] "GET /whsy.php?e=autogroup&p=%2Fproc%2F24346 HTTP/2.0" 200 2020 "https://sparxnovate.net.lab2454.com/whsy.php?p=%2Fproc%2F24346" "Mozilla/5.0 AppleWebKit/537.36 (KHTML, like Gecko; compatible; GPTBot/1.3; +https://openai.com/gptbot)"
74.7.241.36 - - [03/Mar/2026:09:23:32 +0000] "GET /whsy.php?p=%2Fproc%2F31135 HTTP/2.0" 200 861 "https://www.sparxnovate.net.lab2454.com/whsy.php?e=20949&p=%2Fproc" "Mozilla/5.0 AppleWebKit/537.36 (KHTML, like Gecko; compatible; GPTBot/1.3; +https://openai.com/gptbot)"
74.7.243.215 - - [03/Mar/2026:09:23:38 +0000] "GET /whsy.php?e=timerslack_ns&p=%2Fproc%2F24346 HTTP/2.0" 200 2007 "https://sparxnovate.net.lab2454.com/whsy.php?p=%2Fproc%2F24346" "Mozilla/5.0 AppleWebKit/537.36 (KHTML, like Gecko; compatible; GPTBot/1.3; +https://openai.com/gptbot)"
74.7.241.36 - - [03/Mar/2026:09:23:43 +0000] "GET /whsy.php?p=%2Fproc%2F10869 HTTP/2.0" 200 861 "https://www.sparxnovate.net.lab2454.com/whsy.php?e=2113&p=%2Fproc" "Mozilla/5.0 AppleWebKit/537.36 (KHTML, like Gecko; compatible; GPTBot/1.3; +https://openai.com/gptbot)"
74.7.243.215 - - [03/Mar/2026:09:23:49 +0000] "GET /whsy.php?e=uid_map&p=%2Fproc%2F24346 HTTP/2.0" 200 2022 "https://sparxnovate.net.lab2454.com/whsy.php?p=%2Fproc%2F24346" "Mozilla/5.0 AppleWebKit/537.36 (KHTML, like Gecko; compatible; GPTBot/1.3; +https://openai.com/gptbot)"
74.7.241.36 - - [03/Mar/2026:09:23:55 +0000] "GET /whsy.php?p=%2Fproc%2F31129 HTTP/2.0" 200 861 "https://www.sparxnovate.net.lab2454.com/whsy.php?e=20949&p=%2Fproc" "Mozilla/5.0 AppleWebKit/537.36 (KHTML, like Gecko; compatible; GPTBot/1.3; +https://openai.com/gptbot)"
74.7.243.215 - - [03/Mar/2026:09:24:01 +0000] "GET /whsy.php?e=gid_map&p=%2Fproc%2F24346 HTTP/2.0" 200 2025 "https://sparxnovate.net.lab2454.com/whsy.php?p=%2Fproc%2F24346" "Mozilla/5.0 AppleWebKit/537.36 (KHTML, like Gecko; compatible; GPTBot/1.3; +https://openai.com/gptbot)"
74.7.241.36 - - [03/Mar/2026:09:24:07 +0000] "GET /whsy.php?p=%2Fproc%2F19095 HTTP/2.0" 200 861 "https://www.sparxnovate.net.lab2454.com/whsy.php?e=8978&p=%2Fproc" "Mozilla/5.0 AppleWebKit/537.36 (KHTML, like Gecko; compatible; GPTBot/1.3; +https://openai.com/gptbot)"
74.7.243.215 - - [03/Mar/2026:09:24:13 +0000] "GET /whsy.php?e=schedstat&p=%2Fproc%2F24346 HTTP/2.0" 200 2034 "https://sparxnovate.net.lab2454.com/whsy.php?p=%2Fproc%2F24346" "Mozilla/5.0 AppleWebKit/537.36 (KHTML, like Gecko; compatible; GPTBot/1.3; +https://openai.com/gptbot)"
74.7.241.36 - - [03/Mar/2026:09:24:18 +0000] "GET /whsy.php?p=%2Fproc%2F15854 HTTP/2.0" 200 861 "https://www.sparxnovate.net.lab2454.com/whsy.php?e=7451&p=%2Fproc" "Mozilla/5.0 AppleWebKit/537.36 (KHTML, like Gecko; compatible; GPTBot/1.3; +https://openai.com/gptbot)"
74.7.243.215 - - [03/Mar/2026:09:24:25 +0000] "GET /whsy.php?e=sched&p=%2Fproc%2F24346 HTTP/2.0" 200 2486 "https://sparxnovate.net.lab2454.com/whsy.php?p=%2Fproc%2F24346" "Mozilla/5.0 AppleWebKit/537.36 (KHTML, like Gecko; compatible; GPTBot/1.3; +https://openai.com/gptbot)"
74.7.241.36 - - [03/Mar/2026:09:24:31 +0000] "GET /whsy.php?p=%2Fproc%2F20968 HTTP/2.0" 200 861 "https://www.sparxnovate.net.lab2454.com/whsy.php?p=%2Fproc%2F15809%2F.." "Mozilla/5.0 AppleWebKit/537.36 (KHTML, like Gecko; compatible; GPTBot/1.3; +https://openai.com/gptbot)"
74.7.243.215 - - [03/Mar/2026:09:24:37 +0000] "GET /whsy.php?e=smaps&p=%2Fproc%2F24346 HTTP/2.0" 200 2121 "https://sparxnovate.net.lab2454.com/whsy.php?p=%2Fproc%2F24346" "Mozilla/5.0 AppleWebKit/537.36 (KHTML, like Gecko; compatible; GPTBot/1.3; +https://openai.com/gptbot)"
74.7.241.36 - - [03/Mar/2026:09:24:41 +0000] "GET /whsy.php?p=%2Fproc%2F18482 HTTP/2.0" 200 861 "https://www.sparxnovate.net.lab2454.com/whsy.php?e=8978&p=%2Fproc" "Mozilla/5.0 AppleWebKit/537.36 (KHTML, like Gecko; compatible; GPTBot/1.3; +https://openai.com/gptbot)"
74.7.243.215 - - [03/Mar/2026:09:24:47 +0000] "GET /whsy.php?e=auxv&p=%2Fproc%2F24346 HTTP/2.0" 200 1936 "https://sparxnovate.net.lab2454.com/whsy.php?p=%2Fproc%2F24346" "Mozilla/5.0 AppleWebKit/537.36 (KHTML, like Gecko; compatible; GPTBot/1.3; +https://openai.com/gptbot)"
74.7.241.36 - - [03/Mar/2026:09:24:51 +0000] "GET /whsy.php?e=timerslack_ns&p=%2Fproc%2F13859 HTTP/2.0" 200 2008 "https://www.sparxnovate.net.lab2454.com/whsy.php?p=%2Fproc%2F13859" "Mozilla/5.0 AppleWebKit/537.36 (KHTML, like Gecko; compatible; GPTBot/1.3; +https://openai.com/gptbot)"
74.7.243.215 - - [03/Mar/2026:09:24:57 +0000] "GET /whsy.php?e=sessionid&p=%2Fproc%2F24346 HTTP/2.0" 200 2016 "https://sparxnovate.net.lab2454.com/whsy.php?p=%2Fproc%2F24346" "Mozilla/5.0 AppleWebKit/537.36 (KHTML, like Gecko; compatible; GPTBot/1.3; +https://openai.com/gptbot)"
74.7.241.36 - - [03/Mar/2026:09:25:02 +0000] "GET /whsy.php?e=statm&p=%2Fproc%2F13859 HTTP/2.0" 200 2029 "https://www.sparxnovate.net.lab2454.com/whsy.php?p=%2Fproc%2F13859" "Mozilla/5.0 AppleWebKit/537.36 (KHTML, like Gecko; compatible; GPTBot/1.3; +https://openai.com/gptbot)"
74.7.243.215 - - [03/Mar/2026:09:25:08 +0000] "GET /whsy.php?e=setgroups&p=%2Fproc%2F24346 HTTP/2.0" 200 2007 "https://sparxnovate.net.lab2454.com/whsy.php?p=%2Fproc%2F24346" "Mozilla/5.0 AppleWebKit/537.36 (KHTML, like Gecko; compatible; GPTBot/1.3; +https://openai.com/gptbot)"
74.7.241.36 - - [03/Mar/2026:09:25:12 +0000] "GET /whsy.php?e=stack&p=%2Fproc%2F13859 HTTP/2.0" 200 1936 "https://www.sparxnovate.net.lab2454.com/whsy.php?p=%2Fproc%2F13859" "Mozilla/5.0 AppleWebKit/537.36 (KHTML, like Gecko; compatible; GPTBot/1.3; +https://openai.com/gptbot)"
74.7.243.215 - - [03/Mar/2026:09:25:18 +0000] "GET /whsy.php?e=cwd&p=%2Fproc%2F24346 HTTP/2.0" 200 1936 "https://sparxnovate.net.lab2454.com/whsy.php?p=%2Fproc%2F24346" "Mozilla/5.0 AppleWebKit/537.36 (KHTML, like Gecko; compatible; GPTBot/1.3; +https://openai.com/gptbot)"
74.7.241.36 - - [03/Mar/2026:09:25:22 +0000] "GET /whsy.php?e=schedstat&p=%2Fproc%2F13859 HTTP/2.0" 200 2034 "https://www.sparxnovate.net.lab2454.com/whsy.php?p=%2Fproc%2F13859" "Mozilla/5.0 AppleWebKit/537.36 (KHTML, like Gecko; compatible; GPTBot/1.3; +https://openai.com/gptbot)"
74.7.243.215 - - [03/Mar/2026:09:25:29 +0000] "GET /whsy.php?e=exe&p=%2Fproc%2F24346 HTTP/2.0" 200 1936 "https://sparxnovate.net.lab2454.com/whsy.php?p=%2Fproc%2F24346" "Mozilla/5.0 AppleWebKit/537.36 (KHTML, like Gecko; compatible; GPTBot/1.3; +https://openai.com/gptbot)"
74.7.241.36 - - [03/Mar/2026:09:25:35 +0000] "GET /whsy.php?e=mem&p=%2Fproc%2F13859 HTTP/2.0" 200 1936 "https://www.sparxnovate.net.lab2454.com/whsy.php?p=%2Fproc%2F13859" "Mozilla/5.0 AppleWebKit/537.36 (KHTML, like Gecko; compatible; GPTBot/1.3; +https://openai.com/gptbot)"
74.7.243.215 - - [03/Mar/2026:09:25:42 +0000] "GET /whsy.php?e=mem&p=%2Fproc%2F24346 HTTP/2.0" 200 1936 "https://sparxnovate.net.lab2454.com/whsy.php?p=%2Fproc%2F24346" "Mozilla/5.0 AppleWebKit/537.36 (KHTML, like Gecko; compatible; GPTBot/1.3; +https://openai.com/gptbot)"
74.7.241.36 - - [03/Mar/2026:09:25:48 +0000] "GET /whsy.php?e=cwd&p=%2Fproc%2F13859 HTTP/2.0" 200 1936 "https://www.sparxnovate.net.lab2454.com/whsy.php?p=%2Fproc%2F13859" "Mozilla/5.0 AppleWebKit/537.36 (KHTML, like Gecko; compatible; GPTBot/1.3; +https://openai.com/gptbot)"
74.7.243.215 - - [03/Mar/2026:09:25:54 +0000] "GET /whsy.php?e=ksm_stat&p=%2Fproc%2F24346 HTTP/2.0" 200 1936 "https://sparxnovate.net.lab2454.com/whsy.php?p=%2Fproc%2F24346" "Mozilla/5.0 AppleWebKit/537.36 (KHTML, like Gecko; compatible; GPTBot/1.3; +https://openai.com/gptbot)"
74.7.241.36 - - [03/Mar/2026:09:25:59 +0000] "GET /whsy.php?e=smaps&p=%2Fproc%2F13859 HTTP/2.0" 200 2122 "https://www.sparxnovate.net.lab2454.com/whsy.php?p=%2Fproc%2F13859" "Mozilla/5.0 AppleWebKit/537.36 (KHTML, like Gecko; compatible; GPTBot/1.3; +https://openai.com/gptbot)"
74.7.244.20 - - [03/Mar/2026:09:26:00 +0000] "GET /robots.txt HTTP/2.0" 404 - "-" "Mozilla/5.0 (Macintosh; Intel Mac OS X 10_15_7) AppleWebKit/537.36 (KHTML, like Gecko) Chrome/131.0.0.0 Safari/537.36; compatible; OAI-SearchBot/1.3; robots.txt; +https://openai.com/searchbot"
74.7.243.215 - - [03/Mar/2026:09:26:05 +0000] "GET /whsy.php?e=oom_adj&p=%2Fproc%2F24346 HTTP/2.0" 200 2006 "https://sparxnovate.net.lab2454.com/whsy.php?p=%2Fproc%2F24346" "Mozilla/5.0 AppleWebKit/537.36 (KHTML, like Gecko; compatible; GPTBot/1.3; +https://openai.com/gptbot)"
74.7.241.36 - - [03/Mar/2026:09:26:09 +0000] "GET /whsy.php?e=mountinfo&p=%2Fproc%2F13859 HTTP/2.0" 200 2950 "https://www.sparxnovate.net.lab2454.com/whsy.php?p=%2Fproc%2F13859" "Mozilla/5.0 AppleWebKit/537.36 (KHTML, like Gecko; compatible; GPTBot/1.3; +https://openai.com/gptbot)"
74.7.243.215 - - [03/Mar/2026:09:26:15 +0000] "GET /whsy.php?e=cmdline&p=%2Fproc%2F24346 HTTP/2.0" 200 2023 "https://sparxnovate.net.lab2454.com/whsy.php?p=%2Fproc%2F24346" "Mozilla/5.0 AppleWebKit/537.36 (KHTML, like Gecko; compatible; GPTBot/1.3; +https://openai.com/gptbot)"
74.7.241.36 - - [03/Mar/2026:09:26:21 +0000] "GET /whsy.php?e=autogroup&p=%2Fproc%2F13859 HTTP/2.0" 200 2021 "https://www.sparxnovate.net.lab2454.com/whsy.php?p=%2Fproc%2F13859" "Mozilla/5.0 AppleWebKit/537.36 (KHTML, like Gecko; compatible; GPTBot/1.3; +https://openai.com/gptbot)"
74.7.243.215 - - [03/Mar/2026:09:26:29 +0000] "GET /whsy.php?e=oom_score_adj&p=%2Fproc%2F24346 HTTP/2.0" 200 2007 "https://sparxnovate.net.lab2454.com/whsy.php?p=%2Fproc%2F24346" "Mozilla/5.0 AppleWebKit/537.36 (KHTML, like Gecko; compatible; GPTBot/1.3; +https://openai.com/gptbot)"
74.7.241.36 - - [03/Mar/2026:09:26:33 +0000] "GET /whsy.php?e=wchan&p=%2Fproc%2F13859 HTTP/2.0" 200 2006 "https://www.sparxnovate.net.lab2454.com/whsy.php?p=%2Fproc%2F13859" "Mozilla/5.0 AppleWebKit/537.36 (KHTML, like Gecko; compatible; GPTBot/1.3; +https://openai.com/gptbot)"
74.7.243.215 - - [03/Mar/2026:09:26:40 +0000] "GET /whsy.php?e=personality&p=%2Fproc%2F24346 HTTP/2.0" 200 1936 "https://sparxnovate.net.lab2454.com/whsy.php?p=%2Fproc%2F24346" "Mozilla/5.0 AppleWebKit/537.36 (KHTML, like Gecko; compatible; GPTBot/1.3; +https://openai.com/gptbot)"
74.7.241.36 - - [03/Mar/2026:09:26:44 +0000] "GET /whsy.php?e=auxv&p=%2Fproc%2F13859 HTTP/2.0" 200 1936 "https://www.sparxnovate.net.lab2454.com/whsy.php?p=%2Fproc%2F13859" "Mozilla/5.0 AppleWebKit/537.36 (KHTML, like Gecko; compatible; GPTBot/1.3; +https://openai.com/gptbot)"
74.7.243.215 - - [03/Mar/2026:09:26:49 +0000] "GET /whsy.php?e=comm&p=%2Fproc%2F24346 HTTP/2.0" 200 2007 "https://sparxnovate.net.lab2454.com/whsy.php?p=%2Fproc%2F24346" "Mozilla/5.0 AppleWebKit/537.36 (KHTML, like Gecko; compatible; GPTBot/1.3; +https://openai.com/gptbot)"
74.7.241.36 - - [03/Mar/2026:09:26:54 +0000] "GET /whsy.php?e=exe&p=%2Fproc%2F13859 HTTP/2.0" 200 1936 "https://www.sparxnovate.net.lab2454.com/whsy.php?p=%2Fproc%2F13859" "Mozilla/5.0 AppleWebKit/537.36 (KHTML, like Gecko; compatible; GPTBot/1.3; +https://openai.com/gptbot)"
74.7.243.215 - - [03/Mar/2026:09:27:01 +0000] "GET /whsy.php?e=root&p=%2Fproc%2F24346 HTTP/2.0" 200 1936 "https://sparxnovate.net.lab2454.com/whsy.php?p=%2Fproc%2F24346" "Mozilla/5.0 AppleWebKit/537.36 (KHTML, like Gecko; compatible; GPTBot/1.3; +https://openai.com/gptbot)"
74.7.241.36 - - [03/Mar/2026:09:27:05 +0000] "GET /whsy.php?e=sched&p=%2Fproc%2F13859 HTTP/2.0" 200 2494 "https://www.sparxnovate.net.lab2454.com/whsy.php?p=%2Fproc%2F13859" "Mozilla/5.0 AppleWebKit/537.36 (KHTML, like Gecko; compatible; GPTBot/1.3; +https://openai.com/gptbot)"
74.7.243.215 - - [03/Mar/2026:09:27:12 +0000] "GET /whsy.php?e=maps&p=%2Fproc%2F24346 HTTP/2.0" 200 2119 "https://sparxnovate.net.lab2454.com/whsy.php?p=%2Fproc%2F24346" "Mozilla/5.0 AppleWebKit/537.36 (KHTML, like Gecko; compatible; GPTBot/1.3; +https://openai.com/gptbot)"
74.7.241.36 - - [03/Mar/2026:09:27:16 +0000] "GET /whsy.php?e=timens_offsets&p=%2Fproc%2F13859 HTTP/2.0" 200 2023 "https://www.sparxnovate.net.lab2454.com/whsy.php?p=%2Fproc%2F13859" "Mozilla/5.0 AppleWebKit/537.36 (KHTML, like Gecko; compatible; GPTBot/1.3; +https://openai.com/gptbot)"
74.7.243.215 - - [03/Mar/2026:09:27:22 +0000] "GET /whsy.php?e=cgroup&p=%2Fproc%2F24346 HTTP/2.0" 200 2139 "https://sparxnovate.net.lab2454.com/whsy.php?p=%2Fproc%2F24346" "Mozilla/5.0 AppleWebKit/537.36 (KHTML, like Gecko; compatible; GPTBot/1.3; +https://openai.com/gptbot)"
74.7.241.36 - - [03/Mar/2026:09:27:25 +0000] "GET /whsy.php?e=sessionid&p=%2Fproc%2F13859 HTTP/2.0" 200 2017 "https://www.sparxnovate.net.lab2454.com/whsy.php?p=%2Fproc%2F13859" "Mozilla/5.0 AppleWebKit/537.36 (KHTML, like Gecko; compatible; GPTBot/1.3; +https://openai.com/gptbot)"
74.7.243.215 - - [03/Mar/2026:09:27:31 +0000] "GET /whsy.php?e=cpuset&p=%2Fproc%2F24346 HTTP/2.0" 200 2005 "https://sparxnovate.net.lab2454.com/whsy.php?p=%2Fproc%2F24346" "Mozilla/5.0 AppleWebKit/537.36 (KHTML, like Gecko; compatible; GPTBot/1.3; +https://openai.com/gptbot)"
74.7.228.61 - - [03/Mar/2026:09:27:32 +0000] "GET /robots.txt HTTP/2.0" 404 - "-" "Mozilla/5.0 (Macintosh; Intel Mac OS X 10_15_7) AppleWebKit/537.36 (KHTML, like Gecko) Chrome/131.0.0.0 Safari/537.36; compatible; OAI-SearchBot/1.3; robots.txt; +https://openai.com/searchbot"
74.7.241.36 - - [03/Mar/2026:09:27:35 +0000] "GET /whsy.php?e=setgroups&p=%2Fproc%2F13859 HTTP/2.0" 200 2008 "https://www.sparxnovate.net.lab2454.com/whsy.php?p=%2Fproc%2F13859" "Mozilla/5.0 AppleWebKit/537.36 (KHTML, like Gecko; compatible; GPTBot/1.3; +https://openai.com/gptbot)"
74.7.243.215 - - [03/Mar/2026:09:27:40 +0000] "GET /whsy.php?e=timens_offsets&p=%2Fproc%2F24346 HTTP/2.0" 200 2023 "https://sparxnovate.net.lab2454.com/whsy.php?p=%2Fproc%2F24346" "Mozilla/5.0 AppleWebKit/537.36 (KHTML, like Gecko; compatible; GPTBot/1.3; +https://openai.com/gptbot)"
74.7.241.36 - - [03/Mar/2026:09:27:43 +0000] "GET /whsy.php?e=comm&p=%2Fproc%2F13859 HTTP/2.0" 200 2017 "https://www.sparxnovate.net.lab2454.com/whsy.php?p=%2Fproc%2F13859" "Mozilla/5.0 AppleWebKit/537.36 (KHTML, like Gecko; compatible; GPTBot/1.3; +https://openai.com/gptbot)"
74.7.243.215 - - [03/Mar/2026:09:27:48 +0000] "GET /whsy.php?e=io&p=%2Fproc%2F24346 HTTP/2.0" 200 1936 "https://sparxnovate.net.lab2454.com/whsy.php?p=%2Fproc%2F24346" "Mozilla/5.0 AppleWebKit/537.36 (KHTML, like Gecko; compatible; GPTBot/1.3; +https://openai.com/gptbot)"
74.7.241.36 - - [03/Mar/2026:09:27:51 +0000] "GET /whsy.php?e=maps&p=%2Fproc%2F13859 HTTP/2.0" 200 2119 "https://www.sparxnovate.net.lab2454.com/whsy.php?p=%2Fproc%2F13859" "Mozilla/5.0 AppleWebKit/537.36 (KHTML, like Gecko; compatible; GPTBot/1.3; +https://openai.com/gptbot)"
74.7.243.215 - - [03/Mar/2026:09:27:57 +0000] "GET /whsy.php?e=wchan&p=%2Fproc%2F24346 HTTP/2.0" 200 2005 "https://sparxnovate.net.lab2454.com/whsy.php?p=%2Fproc%2F24346" "Mozilla/5.0 AppleWebKit/537.36 (KHTML, like Gecko; compatible; GPTBot/1.3; +https://openai.com/gptbot)"
74.7.241.36 - - [03/Mar/2026:09:28:00 +0000] "GET /whsy.php?e=oom_adj&p=%2Fproc%2F13859 HTTP/2.0" 200 2007 "https://www.sparxnovate.net.lab2454.com/whsy.php?p=%2Fproc%2F13859" "Mozilla/5.0 AppleWebKit/537.36 (KHTML, like Gecko; compatible; GPTBot/1.3; +https://openai.com/gptbot)"
74.7.243.215 - - [03/Mar/2026:09:28:05 +0000] "GET /whsy.php?e=environ&p=%2Fproc%2F24346 HTTP/2.0" 200 1936 "https://sparxnovate.net.lab2454.com/whsy.php?p=%2Fproc%2F24346" "Mozilla/5.0 AppleWebKit/537.36 (KHTML, like Gecko; compatible; GPTBot/1.3; +https://openai.com/gptbot)"
74.7.241.36 - - [03/Mar/2026:09:28:09 +0000] "GET /whsy.php?e=gid_map&p=%2Fproc%2F13859 HTTP/2.0" 200 2026 "https://www.sparxnovate.net.lab2454.com/whsy.php?p=%2Fproc%2F13859" "Mozilla/5.0 AppleWebKit/537.36 (KHTML, like Gecko; compatible; GPTBot/1.3; +https://openai.com/gptbot)"
74.7.243.215 - - [03/Mar/2026:09:28:15 +0000] "GET /whsy.php?p=%2Fproc%2F28191 HTTP/2.0" 200 861 "https://sparxnovate.net.lab2454.com/whsy.php?e=20371&p=%2Fproc" "Mozilla/5.0 AppleWebKit/537.36 (KHTML, like Gecko; compatible; GPTBot/1.3; +https://openai.com/gptbot)"
74.7.241.36 - - [03/Mar/2026:09:28:20 +0000] "GET /whsy.php?e=uid_map&p=%2Fproc%2F13859 HTTP/2.0" 200 2023 "https://www.sparxnovate.net.lab2454.com/whsy.php?p=%2Fproc%2F13859" "Mozilla/5.0 AppleWebKit/537.36 (KHTML, like Gecko; compatible; GPTBot/1.3; +https://openai.com/gptbot)"
74.7.243.215 - - [03/Mar/2026:09:28:26 +0000] "GET /whsy.php?p=%2Fproc%2F23798 HTTP/2.0" 200 861 "https://sparxnovate.net.lab2454.com/whsy.php?e=8550&p=%2Fproc" "Mozilla/5.0 AppleWebKit/537.36 (KHTML, like Gecko; compatible; GPTBot/1.3; +https://openai.com/gptbot)"
74.7.241.36 - - [03/Mar/2026:09:28:32 +0000] "GET /whsy.php?e=stat&p=%2Fproc%2F13859 HTTP/2.0" 200 2121 "https://www.sparxnovate.net.lab2454.com/whsy.php?p=%2Fproc%2F13859" "Mozilla/5.0 AppleWebKit/537.36 (KHTML, like Gecko; compatible; GPTBot/1.3; +https://openai.com/gptbot)"
74.7.243.215 - - [03/Mar/2026:09:28:37 +0000] "GET /whsy.php?p=%2Fproc%2F15701 HTTP/2.0" 200 861 "https://sparxnovate.net.lab2454.com/whsy.php?e=7220&p=%2Fproc" "Mozilla/5.0 AppleWebKit/537.36 (KHTML, like Gecko; compatible; GPTBot/1.3; +https://openai.com/gptbot)"
74.7.241.36 - - [03/Mar/2026:09:28:41 +0000] "GET /whsy.php?e=io&p=%2Fproc%2F13859 HTTP/2.0" 200 1936 "https://www.sparxnovate.net.lab2454.com/whsy.php?p=%2Fproc%2F13859" "Mozilla/5.0 AppleWebKit/537.36 (KHTML, like Gecko; compatible; GPTBot/1.3; +https://openai.com/gptbot)"
74.7.243.215 - - [03/Mar/2026:09:28:46 +0000] "GET /whsy.php?p=%2Fproc%2F25623 HTTP/2.0" 200 861 "https://sparxnovate.net.lab2454.com/whsy.php?e=18862&p=%2Fproc" "Mozilla/5.0 AppleWebKit/537.36 (KHTML, like Gecko; compatible; GPTBot/1.3; +https://openai.com/gptbot)"
74.7.241.36 - - [03/Mar/2026:09:28:50 +0000] "GET /whsy.php?e=root&p=%2Fproc%2F13859 HTTP/2.0" 200 1936 "https://www.sparxnovate.net.lab2454.com/whsy.php?p=%2Fproc%2F13859" "Mozilla/5.0 AppleWebKit/537.36 (KHTML, like Gecko; compatible; GPTBot/1.3; +https://openai.com/gptbot)"
74.7.243.215 - - [03/Mar/2026:09:28:54 +0000] "GET /whsy.php?p=%2Fproc%2F21780 HTTP/2.0" 200 861 "https://sparxnovate.net.lab2454.com/whsy.php?p=%2Fproc%2F31868%2F.." "Mozilla/5.0 AppleWebKit/537.36 (KHTML, like Gecko; compatible; GPTBot/1.3; +https://openai.com/gptbot)"
74.7.241.36 - - [03/Mar/2026:09:28:58 +0000] "GET /whsy.php?e=oom_score_adj&p=%2Fproc%2F13859 HTTP/2.0" 200 2008 "https://www.sparxnovate.net.lab2454.com/whsy.php?p=%2Fproc%2F13859" "Mozilla/5.0 AppleWebKit/537.36 (KHTML, like Gecko; compatible; GPTBot/1.3; +https://openai.com/gptbot)"
74.7.243.215 - - [03/Mar/2026:09:29:02 +0000] "GET /whsy.php?p=%2Fproc%2F31406 HTTP/2.0" 200 861 "https://sparxnovate.net.lab2454.com/whsy.php?e=15972&p=%2Fproc" "Mozilla/5.0 AppleWebKit/537.36 (KHTML, like Gecko; compatible; GPTBot/1.3; +https://openai.com/gptbot)"
74.7.241.36 - - [03/Mar/2026:09:29:05 +0000] "GET /whsy.php?e=ksm_stat&p=%2Fproc%2F13859 HTTP/2.0" 200 1936 "https://www.sparxnovate.net.lab2454.com/whsy.php?p=%2Fproc%2F13859" "Mozilla/5.0 AppleWebKit/537.36 (KHTML, like Gecko; compatible; GPTBot/1.3; +https://openai.com/gptbot)"
74.7.243.215 - - [03/Mar/2026:09:29:10 +0000] "GET /whsy.php?p=%2Fproc%2F23800 HTTP/2.0" 200 861 "https://sparxnovate.net.lab2454.com/whsy.php?e=8550&p=%2Fproc" "Mozilla/5.0 AppleWebKit/537.36 (KHTML, like Gecko; compatible; GPTBot/1.3; +https://openai.com/gptbot)"
74.7.241.36 - - [03/Mar/2026:09:29:14 +0000] "GET /whsy.php?e=cmdline&p=%2Fproc%2F13859 HTTP/2.0" 200 2021 "https://www.sparxnovate.net.lab2454.com/whsy.php?p=%2Fproc%2F13859" "Mozilla/5.0 AppleWebKit/537.36 (KHTML, like Gecko; compatible; GPTBot/1.3; +https://openai.com/gptbot)"
74.7.243.215 - - [03/Mar/2026:09:29:20 +0000] "GET /whsy.php?p=%2Fproc%2F19645 HTTP/2.0" 200 861 "https://sparxnovate.net.lab2454.com/whsy.php?p=%2Fproc%2F31862%2F.." "Mozilla/5.0 AppleWebKit/537.36 (KHTML, like Gecko; compatible; GPTBot/1.3; +https://openai.com/gptbot)"
74.7.241.36 - - [03/Mar/2026:09:29:24 +0000] "GET /whsy.php?e=environ&p=%2Fproc%2F13859 HTTP/2.0" 200 1936 "https://www.sparxnovate.net.lab2454.com/whsy.php?p=%2Fproc%2F13859" "Mozilla/5.0 AppleWebKit/537.36 (KHTML, like Gecko; compatible; GPTBot/1.3; +https://openai.com/gptbot)"
74.7.243.215 - - [03/Mar/2026:09:29:30 +0000] "GET /whsy.php?p=%2Fproc%2F10399 HTTP/2.0" 200 861 "https://sparxnovate.net.lab2454.com/whsy.php?e=2331&p=%2Fproc" "Mozilla/5.0 AppleWebKit/537.36 (KHTML, like Gecko; compatible; GPTBot/1.3; +https://openai.com/gptbot)"
74.7.241.36 - - [03/Mar/2026:09:29:35 +0000] "GET /whsy.php?e=smaps_rollup&p=%2Fproc%2F13859 HTTP/2.0" 200 2121 "https://www.sparxnovate.net.lab2454.com/whsy.php?p=%2Fproc%2F13859" "Mozilla/5.0 AppleWebKit/537.36 (KHTML, like Gecko; compatible; GPTBot/1.3; +https://openai.com/gptbot)"
74.7.243.215 - - [03/Mar/2026:09:29:40 +0000] "GET /whsy.php?p=%2Fproc%2F18440 HTTP/2.0" 200 861 "https://sparxnovate.net.lab2454.com/whsy.php?e=9827&p=%2Fproc" "Mozilla/5.0 AppleWebKit/537.36 (KHTML, like Gecko; compatible; GPTBot/1.3; +https://openai.com/gptbot)"
74.7.241.36 - - [03/Mar/2026:09:29:44 +0000] "GET /whsy.php?e=personality&p=%2Fproc%2F13859 HTTP/2.0" 200 1936 "https://www.sparxnovate.net.lab2454.com/whsy.php?p=%2Fproc%2F13859" "Mozilla/5.0 AppleWebKit/537.36 (KHTML, like Gecko; compatible; GPTBot/1.3; +https://openai.com/gptbot)"
74.7.243.215 - - [03/Mar/2026:09:29:48 +0000] "GET /whsy.php?p=%2Fproc%2F12877 HTTP/2.0" 200 861 "https://sparxnovate.net.lab2454.com/whsy.php?e=3008&p=%2Fproc" "Mozilla/5.0 AppleWebKit/537.36 (KHTML, like Gecko; compatible; GPTBot/1.3; +https://openai.com/gptbot)"
74.7.241.36 - - [03/Mar/2026:09:29:51 +0000] "GET /whsy.php?e=clear_refs&p=%2Fproc%2F13859 HTTP/2.0" 200 1936 "https://www.sparxnovate.net.lab2454.com/whsy.php?p=%2Fproc%2F13859" "Mozilla/5.0 AppleWebKit/537.36 (KHTML, like Gecko; compatible; GPTBot/1.3; +https://openai.com/gptbot)"
74.7.243.215 - - [03/Mar/2026:09:29:55 +0000] "GET /whsy.php?p=%2Fproc%2F31258 HTTP/2.0" 200 861 "https://sparxnovate.net.lab2454.com/whsy.php?e=17238&p=%2Fproc" "Mozilla/5.0 AppleWebKit/537.36 (KHTML, like Gecko; compatible; GPTBot/1.3; +https://openai.com/gptbot)"
74.7.241.36 - - [03/Mar/2026:09:29:59 +0000] "GET /whsy.php?e=pagemap&p=%2Fproc%2F13859 HTTP/2.0" 200 1936 "https://www.sparxnovate.net.lab2454.com/whsy.php?p=%2Fproc%2F13859" "Mozilla/5.0 AppleWebKit/537.36 (KHTML, like Gecko; compatible; GPTBot/1.3; +https://openai.com/gptbot)"
74.7.243.215 - - [03/Mar/2026:09:30:03 +0000] "GET /whsy.php?p=%2Fproc%2F25193 HTTP/2.0" 200 861 "https://sparxnovate.net.lab2454.com/whsy.php?e=17223&p=%2Fproc" "Mozilla/5.0 AppleWebKit/537.36 (KHTML, like Gecko; compatible; GPTBot/1.3; +https://openai.com/gptbot)"
74.7.241.36 - - [03/Mar/2026:09:30:07 +0000] "GET /whsy.php?e=syscall&p=%2Fproc%2F13859 HTTP/2.0" 200 1936 "https://www.sparxnovate.net.lab2454.com/whsy.php?p=%2Fproc%2F13859" "Mozilla/5.0 AppleWebKit/537.36 (KHTML, like Gecko; compatible; GPTBot/1.3; +https://openai.com/gptbot)"
74.7.243.215 - - [03/Mar/2026:09:30:12 +0000] "GET /whsy.php?p=%2Fproc%2F31201 HTTP/2.0" 200 861 "https://sparxnovate.net.lab2454.com/whsy.php?e=17353&p=%2Fproc" "Mozilla/5.0 AppleWebKit/537.36 (KHTML, like Gecko; compatible; GPTBot/1.3; +https://openai.com/gptbot)"
74.7.241.36 - - [03/Mar/2026:09:30:17 +0000] "GET /whsy.php?p=%2Fproc%2F17359 HTTP/2.0" 200 861 "https://www.sparxnovate.net.lab2454.com/whsy.php?e=7451&p=%2Fproc" "Mozilla/5.0 AppleWebKit/537.36 (KHTML, like Gecko; compatible; GPTBot/1.3; +https://openai.com/gptbot)"
74.7.243.215 - - [03/Mar/2026:09:30:23 +0000] "GET /whsy.php?p=%2Fproc%2F20411 HTTP/2.0" 200 861 "https://sparxnovate.net.lab2454.com/whsy.php?e=6014&p=%2Fproc" "Mozilla/5.0 AppleWebKit/537.36 (KHTML, like Gecko; compatible; GPTBot/1.3; +https://openai.com/gptbot)"
74.7.241.36 - - [03/Mar/2026:09:30:29 +0000] "GET /whsy.php?p=%2Fproc%2F11468 HTTP/2.0" 200 861 "https://www.sparxnovate.net.lab2454.com/whsy.php?e=2112&p=%2Fproc" "Mozilla/5.0 AppleWebKit/537.36 (KHTML, like Gecko; compatible; GPTBot/1.3; +https://openai.com/gptbot)"
74.7.243.215 - - [03/Mar/2026:09:30:35 +0000] "GET /whsy.php?p=%2Fproc%2F31773 HTTP/2.0" 200 861 "https://sparxnovate.net.lab2454.com/whsy.php?e=17238&p=%2Fproc" "Mozilla/5.0 AppleWebKit/537.36 (KHTML, like Gecko; compatible; GPTBot/1.3; +https://openai.com/gptbot)"
74.7.241.36 - - [03/Mar/2026:09:30:40 +0000] "GET /whsy.php?p=%2Fproc%2F10871 HTTP/2.0" 200 861 "https://www.sparxnovate.net.lab2454.com/whsy.php?e=2113&p=%2Fproc" "Mozilla/5.0 AppleWebKit/537.36 (KHTML, like Gecko; compatible; GPTBot/1.3; +https://openai.com/gptbot)"
74.7.243.215 - - [03/Mar/2026:09:30:45 +0000] "GET /whsy.php?p=%2Fproc%2F11080 HTTP/2.0" 200 861 "https://sparxnovate.net.lab2454.com/whsy.php?e=17219&p=%2Fproc" "Mozilla/5.0 AppleWebKit/537.36 (KHTML, like Gecko; compatible; GPTBot/1.3; +https://openai.com/gptbot)"
74.7.241.36 - - [03/Mar/2026:09:30:50 +0000] "GET /whsy.php?p=%2Fproc%2F23064 HTTP/2.0" 200 861 "https://www.sparxnovate.net.lab2454.com/whsy.php?e=12959&p=%2Fproc" "Mozilla/5.0 AppleWebKit/537.36 (KHTML, like Gecko; compatible; GPTBot/1.3; +https://openai.com/gptbot)"
74.7.243.215 - - [03/Mar/2026:09:30:54 +0000] "GET /whsy.php?p=%2Fproc%2F24036 HTTP/2.0" 200 861 "https://sparxnovate.net.lab2454.com/whsy.php?e=15657&p=%2Fproc" "Mozilla/5.0 AppleWebKit/537.36 (KHTML, like Gecko; compatible; GPTBot/1.3; +https://openai.com/gptbot)"
74.7.241.36 - - [03/Mar/2026:09:30:58 +0000] "GET /whsy.php?p=%2Fproc%2F12170 HTTP/2.0" 200 861 "https://www.sparxnovate.net.lab2454.com/whsy.php?e=2114&p=%2Fproc" "Mozilla/5.0 AppleWebKit/537.36 (KHTML, like Gecko; compatible; GPTBot/1.3; +https://openai.com/gptbot)"
74.7.243.215 - - [03/Mar/2026:09:31:02 +0000] "GET /whsy.php?p=%2Fproc%2F18470 HTTP/2.0" 200 861 "https://sparxnovate.net.lab2454.com/whsy.php?e=9827&p=%2Fproc" "Mozilla/5.0 AppleWebKit/537.36 (KHTML, like Gecko; compatible; GPTBot/1.3; +https://openai.com/gptbot)"
74.7.241.36 - - [03/Mar/2026:09:31:07 +0000] "GET /whsy.php?p=%2Fproc%2F16357 HTTP/2.0" 200 861 "https://www.sparxnovate.net.lab2454.com/whsy.php?p=%2Fproc%2F31848%2F.." "Mozilla/5.0 AppleWebKit/537.36 (KHTML, like Gecko; compatible; GPTBot/1.3; +https://openai.com/gptbot)"
74.7.244.20 - - [03/Mar/2026:09:31:08 +0000] "GET /robots.txt HTTP/2.0" 404 - "-" "Mozilla/5.0 (Macintosh; Intel Mac OS X 10_15_7) AppleWebKit/537.36 (KHTML, like Gecko) Chrome/131.0.0.0 Safari/537.36; compatible; OAI-SearchBot/1.3; robots.txt; +https://openai.com/searchbot"
74.7.243.215 - - [03/Mar/2026:09:31:12 +0000] "GET /whsy.php?p=%2Fproc%2F20336 HTTP/2.0" 200 1936 "https://sparxnovate.net.lab2454.com/whsy.php?e=9207&p=%2Fproc" "Mozilla/5.0 AppleWebKit/537.36 (KHTML, like Gecko; compatible; GPTBot/1.3; +https://openai.com/gptbot)"
74.7.241.36 - - [03/Mar/2026:09:31:16 +0000] "GET /whsy.php?p=%2Fproc%2F19499 HTTP/2.0" 200 861 "https://www.sparxnovate.net.lab2454.com/whsy.php?p=%2Fproc%2F31849%2F.." "Mozilla/5.0 AppleWebKit/537.36 (KHTML, like Gecko; compatible; GPTBot/1.3; +https://openai.com/gptbot)"
74.7.243.215 - - [03/Mar/2026:09:31:21 +0000] "GET /whsy.php?p=%2Fproc%2F17369 HTTP/2.0" 200 861 "https://sparxnovate.net.lab2454.com/whsy.php?e=9964&p=%2Fproc" "Mozilla/5.0 AppleWebKit/537.36 (KHTML, like Gecko; compatible; GPTBot/1.3; +https://openai.com/gptbot)"
74.7.241.36 - - [03/Mar/2026:09:31:25 +0000] "GET /whsy.php?p=%2Fproc%2F12179 HTTP/2.0" 200 861 "https://www.sparxnovate.net.lab2454.com/whsy.php?e=2114&p=%2Fproc" "Mozilla/5.0 AppleWebKit/537.36 (KHTML, like Gecko; compatible; GPTBot/1.3; +https://openai.com/gptbot)"
74.7.243.215 - - [03/Mar/2026:09:31:30 +0000] "GET /whsy.php?p=%2Fproc%2F11580 HTTP/2.0" 200 861 "https://sparxnovate.net.lab2454.com/whsy.php?e=3006&p=%2Fproc" "Mozilla/5.0 AppleWebKit/537.36 (KHTML, like Gecko; compatible; GPTBot/1.3; +https://openai.com/gptbot)"
74.7.241.36 - - [03/Mar/2026:09:31:35 +0000] "GET /whsy.php?p=%2Fproc%2F31839 HTTP/2.0" 200 861 "https://www.sparxnovate.net.lab2454.com/whsy.php?e=24205&p=%2Fproc" "Mozilla/5.0 AppleWebKit/537.36 (KHTML, like Gecko; compatible; GPTBot/1.3; +https://openai.com/gptbot)"
74.7.243.215 - - [03/Mar/2026:09:31:41 +0000] "GET /whsy.php?p=%2Fproc%2F21746 HTTP/2.0" 200 861 "https://sparxnovate.net.lab2454.com/whsy.php?p=%2Fproc%2F31868%2F.." "Mozilla/5.0 AppleWebKit/537.36 (KHTML, like Gecko; compatible; GPTBot/1.3; +https://openai.com/gptbot)"
74.7.241.36 - - [03/Mar/2026:09:31:45 +0000] "GET /whsy.php?p=%2Fproc%2F27677 HTTP/2.0" 200 861 "https://www.sparxnovate.net.lab2454.com/whsy.php?e=19377&p=%2Fproc" "Mozilla/5.0 AppleWebKit/537.36 (KHTML, like Gecko; compatible; GPTBot/1.3; +https://openai.com/gptbot)"
74.7.243.215 - - [03/Mar/2026:09:31:52 +0000] "GET /whsy.php?p=%2Fproc%2F24623 HTTP/2.0" 200 861 "https://sparxnovate.net.lab2454.com/whsy.php?e=7903&p=%2Fproc" "Mozilla/5.0 AppleWebKit/537.36 (KHTML, like Gecko; compatible; GPTBot/1.3; +https://openai.com/gptbot)"
74.7.241.36 - - [03/Mar/2026:09:31:57 +0000] "GET /whsy.php?p=%2Fproc%2F15032 HTTP/2.0" 200 861 "https://www.sparxnovate.net.lab2454.com/whsy.php?e=5990&p=%2Fproc" "Mozilla/5.0 AppleWebKit/537.36 (KHTML, like Gecko; compatible; GPTBot/1.3; +https://openai.com/gptbot)"
74.7.243.215 - - [03/Mar/2026:09:32:02 +0000] "GET /whsy.php?p=%2Fproc%2F16105 HTTP/2.0" 200 861 "https://sparxnovate.net.lab2454.com/whsy.php?e=8463&p=%2Fproc" "Mozilla/5.0 AppleWebKit/537.36 (KHTML, like Gecko; compatible; GPTBot/1.3; +https://openai.com/gptbot)"
74.7.241.36 - - [03/Mar/2026:09:32:06 +0000] "GET /whsy.php?p=%2Fproc%2F19527 HTTP/2.0" 200 861 "https://www.sparxnovate.net.lab2454.com/whsy.php?p=%2Fproc%2F31849%2F.." "Mozilla/5.0 AppleWebKit/537.36 (KHTML, like Gecko; compatible; GPTBot/1.3; +https://openai.com/gptbot)"
74.7.243.215 - - [03/Mar/2026:09:32:11 +0000] "GET /whsy.php?p=%2Fproc%2F13742 HTTP/2.0" 200 861 "https://sparxnovate.net.lab2454.com/whsy.php?e=6103&p=%2Fproc" "Mozilla/5.0 AppleWebKit/537.36 (KHTML, like Gecko; compatible; GPTBot/1.3; +https://openai.com/gptbot)"
74.7.241.36 - - [03/Mar/2026:09:32:16 +0000] "GET /whsy.php?p=%2Fproc%2F20243 HTTP/2.0" 200 861 "https://www.sparxnovate.net.lab2454.com/whsy.php?p=%2Fproc%2F16478%2F.." "Mozilla/5.0 AppleWebKit/537.36 (KHTML, like Gecko; compatible; GPTBot/1.3; +https://openai.com/gptbot)"
74.7.243.215 - - [03/Mar/2026:09:32:22 +0000] "GET /whsy.php?p=%2Fproc%2F20369 HTTP/2.0" 200 861 "https://sparxnovate.net.lab2454.com/whsy.php?e=9207&p=%2Fproc" "Mozilla/5.0 AppleWebKit/537.36 (KHTML, like Gecko; compatible; GPTBot/1.3; +https://openai.com/gptbot)"
74.7.241.36 - - [03/Mar/2026:09:32:26 +0000] "GET /whsy.php?p=%2Fproc%2F21536 HTTP/2.0" 200 861 "https://www.sparxnovate.net.lab2454.com/whsy.php?e=10824&p=%2Fproc" "Mozilla/5.0 AppleWebKit/537.36 (KHTML, like Gecko; compatible; GPTBot/1.3; +https://openai.com/gptbot)"
74.7.243.215 - - [03/Mar/2026:09:32:33 +0000] "GET /whsy.php?p=%2Fproc%2F27179 HTTP/2.0" 200 861 "https://sparxnovate.net.lab2454.com/whsy.php?e=17082&p=%2Fproc" "Mozilla/5.0 AppleWebKit/537.36 (KHTML, like Gecko; compatible; GPTBot/1.3; +https://openai.com/gptbot)"
74.7.241.36 - - [03/Mar/2026:09:32:38 +0000] "GET /whsy.php?p=%2Fproc%2F20974 HTTP/2.0" 200 861 "https://www.sparxnovate.net.lab2454.com/whsy.php?p=%2Fproc%2F15809%2F.." "Mozilla/5.0 AppleWebKit/537.36 (KHTML, like Gecko; compatible; GPTBot/1.3; +https://openai.com/gptbot)"
74.7.243.215 - - [03/Mar/2026:09:32:43 +0000] "GET /whsy.php?p=%2Fproc%2F23690 HTTP/2.0" 200 861 "https://sparxnovate.net.lab2454.com/whsy.php?p=%2Fproc%2F31865%2F.." "Mozilla/5.0 AppleWebKit/537.36 (KHTML, like Gecko; compatible; GPTBot/1.3; +https://openai.com/gptbot)"
74.7.228.61 - - [03/Mar/2026:09:32:44 +0000] "GET /robots.txt HTTP/2.0" 404 - "-" "Mozilla/5.0 (Macintosh; Intel Mac OS X 10_15_7) AppleWebKit/537.36 (KHTML, like Gecko) Chrome/131.0.0.0 Safari/537.36; compatible; OAI-SearchBot/1.3; robots.txt; +https://openai.com/searchbot"
74.7.241.36 - - [03/Mar/2026:09:32:46 +0000] "GET /whsy.php?p=%2Fproc%2F26511 HTTP/2.0" 200 861 "https://www.sparxnovate.net.lab2454.com/whsy.php?e=18267&p=%2Fproc" "Mozilla/5.0 AppleWebKit/537.36 (KHTML, like Gecko; compatible; GPTBot/1.3; +https://openai.com/gptbot)"
74.7.243.215 - - [03/Mar/2026:09:32:51 +0000] "GET /whsy.php?p=%2Fproc%2F24594 HTTP/2.0" 200 861 "https://sparxnovate.net.lab2454.com/whsy.php?e=7903&p=%2Fproc" "Mozilla/5.0 AppleWebKit/537.36 (KHTML, like Gecko; compatible; GPTBot/1.3; +https://openai.com/gptbot)"
74.7.241.36 - - [03/Mar/2026:09:32:54 +0000] "GET /whsy.php?p=%2Fproc%2F29303 HTTP/2.0" 200 861 "https://www.sparxnovate.net.lab2454.com/whsy.php?e=20952&p=%2Fproc" "Mozilla/5.0 AppleWebKit/537.36 (KHTML, like Gecko; compatible; GPTBot/1.3; +https://openai.com/gptbot)"
74.7.241.36 - - [03/Mar/2026:09:33:02 +0000] "GET /whsy.php?p=%2Fproc%2F26942 HTTP/2.0" 200 861 "https://www.sparxnovate.net.lab2454.com/whsy.php?e=19377&p=%2Fproc" "Mozilla/5.0 AppleWebKit/537.36 (KHTML, like Gecko; compatible; GPTBot/1.3; +https://openai.com/gptbot)"
74.7.241.36 - - [03/Mar/2026:09:33:11 +0000] "GET /whsy.php?p=%2Fproc%2F10146 HTTP/2.0" 200 861 "https://www.sparxnovate.net.lab2454.com/whsy.php?e=2110&p=%2Fproc" "Mozilla/5.0 AppleWebKit/537.36 (KHTML, like Gecko; compatible; GPTBot/1.3; +https://openai.com/gptbot)"
74.7.241.36 - - [03/Mar/2026:09:33:20 +0000] "GET /whsy.php?p=%2Fproc%2F13729 HTTP/2.0" 200 861 "https://www.sparxnovate.net.lab2454.com/whsy.php?e=2111&p=%2Fproc" "Mozilla/5.0 AppleWebKit/537.36 (KHTML, like Gecko; compatible; GPTBot/1.3; +https://openai.com/gptbot)"
74.7.241.36 - - [03/Mar/2026:09:33:28 +0000] "GET /whsy.php?p=%2Fproc%2F31824 HTTP/2.0" 200 861 "https://www.sparxnovate.net.lab2454.com/whsy.php?e=24205&p=%2Fproc" "Mozilla/5.0 AppleWebKit/537.36 (KHTML, like Gecko; compatible; GPTBot/1.3; +https://openai.com/gptbot)"
74.7.243.215 - - [03/Mar/2026:09:32:59 +0000] "GET /whsy.php?p=%2Fproc%2F20336%2Fns HTTP/2.0" 200 139222 "https://sparxnovate.net.lab2454.com/whsy.php?p=%2Fproc%2F20336" "Mozilla/5.0 AppleWebKit/537.36 (KHTML, like Gecko; compatible; GPTBot/1.3; +https://openai.com/gptbot)"
74.7.243.215 - - [03/Mar/2026:09:33:37 +0000] "GET /whsy.php?e=mountinfo&p=%2Fproc%2F20336 HTTP/2.0" 200 2950 "https://sparxnovate.net.lab2454.com/whsy.php?p=%2Fproc%2F20336" "Mozilla/5.0 AppleWebKit/537.36 (KHTML, like Gecko; compatible; GPTBot/1.3; +https://openai.com/gptbot)"
74.7.241.36 - - [03/Mar/2026:09:33:38 +0000] "GET /whsy.php?p=%2Fproc%2F22914 HTTP/2.0" 200 861 "https://www.sparxnovate.net.lab2454.com/whsy.php?p=%2Fproc%2F31862%2F.." "Mozilla/5.0 AppleWebKit/537.36 (KHTML, like Gecko; compatible; GPTBot/1.3; +https://openai.com/gptbot)"
74.7.243.215 - - [03/Mar/2026:09:33:47 +0000] "GET /whsy.php?e=pagemap&p=%2Fproc%2F20336 HTTP/2.0" 200 1936 "https://sparxnovate.net.lab2454.com/whsy.php?p=%2Fproc%2F20336" "Mozilla/5.0 AppleWebKit/537.36 (KHTML, like Gecko; compatible; GPTBot/1.3; +https://openai.com/gptbot)"
74.7.241.36 - - [03/Mar/2026:09:33:47 +0000] "GET /whsy.php?p=%2Fproc%2F29320 HTTP/2.0" 200 861 "https://www.sparxnovate.net.lab2454.com/whsy.php?e=20952&p=%2Fproc" "Mozilla/5.0 AppleWebKit/537.36 (KHTML, like Gecko; compatible; GPTBot/1.3; +https://openai.com/gptbot)"
74.7.243.215 - - [03/Mar/2026:09:33:56 +0000] "GET /whsy.php?e=stack&p=%2Fproc%2F20336 HTTP/2.0" 200 1936 "https://sparxnovate.net.lab2454.com/whsy.php?p=%2Fproc%2F20336" "Mozilla/5.0 AppleWebKit/537.36 (KHTML, like Gecko; compatible; GPTBot/1.3; +https://openai.com/gptbot)"
74.7.241.36 - - [03/Mar/2026:09:33:56 +0000] "GET /whsy.php?p=%2Fproc%2F31843 HTTP/2.0" 200 861 "https://www.sparxnovate.net.lab2454.com/whsy.php?e=24205&p=%2Fproc" "Mozilla/5.0 AppleWebKit/537.36 (KHTML, like Gecko; compatible; GPTBot/1.3; +https://openai.com/gptbot)"
74.7.243.215 - - [03/Mar/2026:09:34:04 +0000] "GET /whsy.php?e=statm&p=%2Fproc%2F20336 HTTP/2.0" 200 2034 "https://sparxnovate.net.lab2454.com/whsy.php?p=%2Fproc%2F20336" "Mozilla/5.0 AppleWebKit/537.36 (KHTML, like Gecko; compatible; GPTBot/1.3; +https://openai.com/gptbot)"
74.7.241.36 - - [03/Mar/2026:09:34:04 +0000] "GET /whsy.php?p=%2Fproc%2F19094 HTTP/2.0" 200 861 "https://www.sparxnovate.net.lab2454.com/whsy.php?e=8978&p=%2Fproc" "Mozilla/5.0 AppleWebKit/537.36 (KHTML, like Gecko; compatible; GPTBot/1.3; +https://openai.com/gptbot)"
74.7.243.215 - - [03/Mar/2026:09:34:12 +0000] "GET /whsy.php?e=autogroup&p=%2Fproc%2F20336 HTTP/2.0" 200 2020 "https://sparxnovate.net.lab2454.com/whsy.php?p=%2Fproc%2F20336" "Mozilla/5.0 AppleWebKit/537.36 (KHTML, like Gecko; compatible; GPTBot/1.3; +https://openai.com/gptbot)"
74.7.241.36 - - [03/Mar/2026:09:34:12 +0000] "GET /whsy.php?p=%2Fproc%2F32160 HTTP/2.0" 200 861 "https://www.sparxnovate.net.lab2454.com/whsy.php?e=19495&p=%2Fproc" "Mozilla/5.0 AppleWebKit/537.36 (KHTML, like Gecko; compatible; GPTBot/1.3; +https://openai.com/gptbot)"
74.7.243.215 - - [03/Mar/2026:09:34:20 +0000] "GET /whsy.php?e=timerslack_ns&p=%2Fproc%2F20336 HTTP/2.0" 200 2007 "https://sparxnovate.net.lab2454.com/whsy.php?p=%2Fproc%2F20336" "Mozilla/5.0 AppleWebKit/537.36 (KHTML, like Gecko; compatible; GPTBot/1.3; +https://openai.com/gptbot)"
74.7.241.36 - - [03/Mar/2026:09:34:21 +0000] "GET /whsy.php?p=%2Fproc%2F10830 HTTP/2.0" 200 861 "https://www.sparxnovate.net.lab2454.com/whsy.php?e=2113&p=%2Fproc" "Mozilla/5.0 AppleWebKit/537.36 (KHTML, like Gecko; compatible; GPTBot/1.3; +https://openai.com/gptbot)"
74.7.241.36 - - [03/Mar/2026:09:34:29 +0000] "GET /whsy.php?p=%2Fproc%2F24207 HTTP/2.0" 200 861 "https://www.sparxnovate.net.lab2454.com/whsy.php?e=14994&p=%2Fproc" "Mozilla/5.0 AppleWebKit/537.36 (KHTML, like Gecko; compatible; GPTBot/1.3; +https://openai.com/gptbot)"
74.7.243.215 - - [03/Mar/2026:09:34:29 +0000] "GET /whsy.php?e=uid_map&p=%2Fproc%2F20336 HTTP/2.0" 200 2022 "https://sparxnovate.net.lab2454.com/whsy.php?p=%2Fproc%2F20336" "Mozilla/5.0 AppleWebKit/537.36 (KHTML, like Gecko; compatible; GPTBot/1.3; +https://openai.com/gptbot)"
74.7.241.36 - - [03/Mar/2026:09:34:40 +0000] "GET /whsy.php?p=%2Fproc%2F30078 HTTP/2.0" 200 861 "https://www.sparxnovate.net.lab2454.com/whsy.php?p=%2Fproc%2F31848%2F.." "Mozilla/5.0 AppleWebKit/537.36 (KHTML, like Gecko; compatible; GPTBot/1.3; +https://openai.com/gptbot)"
74.7.243.215 - - [03/Mar/2026:09:34:40 +0000] "GET /whsy.php?e=gid_map&p=%2Fproc%2F20336 HTTP/2.0" 200 2025 "https://sparxnovate.net.lab2454.com/whsy.php?p=%2Fproc%2F20336" "Mozilla/5.0 AppleWebKit/537.36 (KHTML, like Gecko; compatible; GPTBot/1.3; +https://openai.com/gptbot)"
