216.73.216.214 - - [02/Mar/2026:12:15:05 +0000] "GET /whsy.php?e=_wildcard__com_lab2454_com_c08ad_9182d_1775476632_fe2092e7486cef2791d0b217fc7e1818.crt.cache&p=%2Fhome%2Flab2454c%2Fssl%2Fcerts HTTP/2.0" 200 10334 "-" "Mozilla/5.0 AppleWebKit/537.36 (KHTML, like Gecko; compatible; ClaudeBot/1.0; +claudebot@anthropic.com)"
216.73.216.214 - - [02/Mar/2026:12:15:04 +0000] "GET /whsy.php?e=bf091_30299_7a5a189ba362613e081857d6e20112b0.key&p=%2Fhome%2Flab2454c%2Fssl%2Fkeys HTTP/2.0" 200 18081 "-" "Mozilla/5.0 AppleWebKit/537.36 (KHTML, like Gecko; compatible; ClaudeBot/1.0; +claudebot@anthropic.com)"
216.73.216.214 - - [02/Mar/2026:12:15:04 +0000] "GET /whsy.php?e=1654007849.M786296P25702.node3636.myfcloud.com%2CS%3D630658%2CW%3D638946%3A2%2C&p=%2Fhome%2Flab2454c%2Fmail%2Fcur HTTP/2.0" 200 457343 "-" "Mozilla/5.0 AppleWebKit/537.36 (KHTML, like Gecko; compatible; ClaudeBot/1.0; +claudebot@anthropic.com)"
216.73.216.214 - - [02/Mar/2026:12:15:06 +0000] "GET /whsy.php?e=www_kyc_datmont_com_daeaf_e7d6b_1774720733_c72b15692d7ad5f3168e3f73bfe1f646.crt.cache&p=%2Fhome%2Flab2454c%2Fssl%2Fcerts HTTP/2.0" 200 10274 "-" "Mozilla/5.0 AppleWebKit/537.36 (KHTML, like Gecko; compatible; ClaudeBot/1.0; +claudebot@anthropic.com)"
216.73.216.214 - - [02/Mar/2026:12:15:09 +0000] "GET /whsy.php?e=ed609_01061_a37a2225659252fc28588add6388bf28.key&p=%2Fhome%2Flab2454c%2Fssl%2Fkeys HTTP/2.0" 200 18075 "-" "Mozilla/5.0 AppleWebKit/537.36 (KHTML, like Gecko; compatible; ClaudeBot/1.0; +claudebot@anthropic.com)"
216.73.216.214 - - [02/Mar/2026:12:15:10 +0000] "GET /whsy.php?e=_wildcard__argowell_com_bc2cd_586ab_1775174232_8ac3f3186709d0f4acf7404f245b492a.crt&p=%2Fhome%2Flab2454c%2Fssl%2Fcerts HTTP/2.0" 200 8926 "-" "Mozilla/5.0 AppleWebKit/537.36 (KHTML, like Gecko; compatible; ClaudeBot/1.0; +claudebot@anthropic.com)"
216.73.216.214 - - [02/Mar/2026:12:15:05 +0000] "GET /whsy.php?e=1704346279.M713653P26687.node3636.myfcloud.com%2CS%3D1228%2CW%3D1260&p=%2Fhome%2Flab2454c%2Fmail%2Fnew HTTP/2.0" 200 414424 "-" "Mozilla/5.0 AppleWebKit/537.36 (KHTML, like Gecko; compatible; ClaudeBot/1.0; +claudebot@anthropic.com)"
216.73.216.214 - - [02/Mar/2026:12:15:09 +0000] "GET /whsy.php?e=1710391261.M300827P4708.node3636.myfcloud.com%2CS%3D42586155%2CW%3D43139345&p=%2Fhome%2Flab2454c%2Fmail%2Fnew HTTP/2.0" 200 - "-" "Mozilla/5.0 AppleWebKit/537.36 (KHTML, like Gecko; compatible; ClaudeBot/1.0; +claudebot@anthropic.com)"
74.7.243.219 - - [02/Mar/2026:12:15:36 +0000] "GET /whsy.php?e=autogroup&p=%2Fproc%2F12327 HTTP/2.0" 200 830 "https://www.23rdbank.com.lab2454.com/whsy.php?p=%2Fproc%2F12327" "Mozilla/5.0 AppleWebKit/537.36 (KHTML, like Gecko; compatible; GPTBot/1.3; +https://openai.com/gptbot)"
74.7.242.17 - - [02/Mar/2026:12:15:51 +0000] "GET /whsy.php?e=loginuid&p=%2Fproc%2F13884 HTTP/2.0" 200 830 "https://23rdbank.com/whsy.php?p=%2Fproc%2F13884" "Mozilla/5.0 AppleWebKit/537.36 (KHTML, like Gecko; compatible; GPTBot/1.3; +https://openai.com/gptbot)"
74.7.243.236 - - [02/Mar/2026:12:15:54 +0000] "GET /whsy.php?p=%2Fproc%2F16190%2Fnet HTTP/2.0" 200 830 "https://23rdbank.com.lab2454.com/whsy.php?p=%2Fproc%2F16190" "Mozilla/5.0 AppleWebKit/537.36 (KHTML, like Gecko; compatible; GPTBot/1.3; +https://openai.com/gptbot)"
216.73.216.214 - - [02/Mar/2026:12:15:58 +0000] "GET /whsy.php?e=l1_d3AtY29udGVudC91cGxvYWRzLzIwMjMvMDQvTkZTSU4tbG9nby1JSS13ZWIucG5n1682608154.png&p=%2Fhome%2Flab2454c%2Fdatmont.com%2F.tmb HTTP/2.0" 200 3143 "-" "Mozilla/5.0 AppleWebKit/537.36 (KHTML, like Gecko; compatible; ClaudeBot/1.0; +claudebot@anthropic.com)"
216.73.216.214 - - [02/Mar/2026:12:15:58 +0000] "GET /whsy.php?e=l1_d3AtY29udGVudC90aGVtZXMvaW5jZm9yY2Uvc2NyZWVuc2hvdC5wbmc1679050238.png&p=%2Fhome%2Flab2454c%2Fincforce.com%2F.tmb HTTP/2.0" 200 801 "-" "Mozilla/5.0 AppleWebKit/537.36 (KHTML, like Gecko; compatible; ClaudeBot/1.0; +claudebot@anthropic.com)"
216.73.216.214 - - [02/Mar/2026:12:15:58 +0000] "GET /whsy.php?e=l1_d3AtY29udGVudC91cGxvYWRzLzIwMjMvMDQvbmZzaW5faW1nMy5qcGc1682701731.png&p=%2Fhome%2Flab2454c%2Fdatmont.com%2F.tmb HTTP/2.0" 200 3142 "-" "Mozilla/5.0 AppleWebKit/537.36 (KHTML, like Gecko; compatible; ClaudeBot/1.0; +claudebot@anthropic.com)"
216.73.216.214 - - [02/Mar/2026:12:15:58 +0000] "GET /whsy.php?e=l1_d3AtY29udGVudC91cGxvYWRzLzIwMjMvMDQvTkZTSU4tbG9nby1JSS13ZWItMS5wbmc1682608226.png&p=%2Fhome%2Flab2454c%2Fdatmont.com%2F.tmb HTTP/2.0" 200 3137 "-" "Mozilla/5.0 AppleWebKit/537.36 (KHTML, like Gecko; compatible; ClaudeBot/1.0; +claudebot@anthropic.com)"
216.73.216.214 - - [02/Mar/2026:12:15:58 +0000] "GET /whsy.php?e=l1_d3AtY29udGVudC91cGxvYWRzLzIwMjMvMDQvbmZzaW5faW1nMi5qcGc1682701733.png&p=%2Fhome%2Flab2454c%2Fdatmont.com%2F.tmb HTTP/2.0" 200 3143 "-" "Mozilla/5.0 AppleWebKit/537.36 (KHTML, like Gecko; compatible; ClaudeBot/1.0; +claudebot@anthropic.com)"
216.73.216.214 - - [02/Mar/2026:12:15:58 +0000] "GET /whsy.php?e=l1_d3AtY29udGVudC91cGxvYWRzLzIwMjMvMDQvZmxvYXRpbmctaW1nLnBuZw1682341940.png&p=%2Fhome%2Flab2454c%2Fdatmont.com%2F.tmb HTTP/2.0" 200 3138 "-" "Mozilla/5.0 AppleWebKit/537.36 (KHTML, like Gecko; compatible; ClaudeBot/1.0; +claudebot@anthropic.com)"
216.73.216.214 - - [02/Mar/2026:12:15:58 +0000] "GET /whsy.php?e=l1_d3AtY29udGVudC91cGxvYWRzLzIwMjMvMDQvZ3JvdXAtNi5zdmc1682406839.png&p=%2Fhome%2Flab2454c%2Fdatmont.com%2F.tmb HTTP/2.0" 200 3135 "-" "Mozilla/5.0 AppleWebKit/537.36 (KHTML, like Gecko; compatible; ClaudeBot/1.0; +claudebot@anthropic.com)"
216.73.216.214 - - [02/Mar/2026:12:15:58 +0000] "GET /whsy.php?e=l1_d3AtY29udGVudC91cGxvYWRzLzIwMjMvMDQvZ3JvdXAtNC5zdmc1682406778.png&p=%2Fhome%2Flab2454c%2Fdatmont.com%2F.tmb HTTP/2.0" 200 3139 "-" "Mozilla/5.0 AppleWebKit/537.36 (KHTML, like Gecko; compatible; ClaudeBot/1.0; +claudebot@anthropic.com)"
216.73.216.214 - - [02/Mar/2026:12:15:58 +0000] "GET /whsy.php?e=l1_d3AtY29udGVudC91cGxvYWRzLzIwMjMvMDQvZ3JvdXAtNS5zdmc1682406823.png&p=%2Fhome%2Flab2454c%2Fdatmont.com%2F.tmb HTTP/2.0" 200 3136 "-" "Mozilla/5.0 AppleWebKit/537.36 (KHTML, like Gecko; compatible; ClaudeBot/1.0; +claudebot@anthropic.com)"
216.73.216.214 - - [02/Mar/2026:12:15:58 +0000] "GET /whsy.php?e=l1_d3AtY29udGVudC91cGxvYWRzLzIwMjMvMDQvbmZzaW5faW1nMS5qcGc1682700242.png&p=%2Fhome%2Flab2454c%2Fdatmont.com%2F.tmb HTTP/2.0" 200 3141 "-" "Mozilla/5.0 AppleWebKit/537.36 (KHTML, like Gecko; compatible; ClaudeBot/1.0; +claudebot@anthropic.com)"
216.73.216.214 - - [02/Mar/2026:12:15:58 +0000] "GET /whsy.php?e=l1_d3AtY29udGVudC91cGxvYWRzLzIwMjMvMDQvTkZTSU4tbG9nby1JSS13ZWItNzY4eDI5OS5wbmc1682608155.png&p=%2Fhome%2Flab2454c%2Fdatmont.com%2F.tmb HTTP/2.0" 200 3149 "-" "Mozilla/5.0 AppleWebKit/537.36 (KHTML, like Gecko; compatible; ClaudeBot/1.0; +claudebot@anthropic.com)"
216.73.216.214 - - [02/Mar/2026:12:15:59 +0000] "GET /whsy.php?e=l1_d3AtY29udGVudC91cGxvYWRzLzIwMjMvMDQvaW1hZ2UtOC0xLmpwZw1682418752.png&p=%2Fhome%2Flab2454c%2Fdatmont.com%2F.tmb HTTP/2.0" 200 3154 "-" "Mozilla/5.0 AppleWebKit/537.36 (KHTML, like Gecko; compatible; ClaudeBot/1.0; +claudebot@anthropic.com)"
216.73.216.214 - - [02/Mar/2026:12:15:59 +0000] "GET /whsy.php?e=l1_d3AtY29udGVudC90aGVtZXMvaWdzaW4vc2NyZWVuc2hvdC5wbmc1682328314.png&p=%2Fhome%2Flab2454c%2Fdatmont.com%2F.tmb HTTP/2.0" 200 3163 "-" "Mozilla/5.0 AppleWebKit/537.36 (KHTML, like Gecko; compatible; ClaudeBot/1.0; +claudebot@anthropic.com)"
216.73.216.214 - - [02/Mar/2026:12:15:58 +0000] "GET /whsy.php?e=l1_d3AtY29udGVudC91cGxvYWRzLzIwMjMvMDQvbmZzaW5faW1nMS0zMDB4MTc1LmpwZw1682700242.png&p=%2Fhome%2Flab2454c%2Fdatmont.com%2F.tmb HTTP/2.0" 200 3151 "-" "Mozilla/5.0 AppleWebKit/537.36 (KHTML, like Gecko; compatible; ClaudeBot/1.0; +claudebot@anthropic.com)"
216.73.216.214 - - [02/Mar/2026:12:15:59 +0000] "GET /whsy.php?e=l1_d3AtY29udGVudC91cGxvYWRzLzIwMjMvMDQvZ3JvdXAtMi5zdmc1682406721.png&p=%2Fhome%2Flab2454c%2Fdatmont.com%2F.tmb HTTP/2.0" 200 3132 "-" "Mozilla/5.0 AppleWebKit/537.36 (KHTML, like Gecko; compatible; ClaudeBot/1.0; +claudebot@anthropic.com)"
216.73.216.214 - - [02/Mar/2026:12:15:59 +0000] "GET /whsy.php?e=l1_d3AtY29udGVudC91cGxvYWRzLzIwMjMvMDQvZ3JvdXAtMy5zdmc1682406733.png&p=%2Fhome%2Flab2454c%2Fdatmont.com%2F.tmb HTTP/2.0" 200 3122 "-" "Mozilla/5.0 AppleWebKit/537.36 (KHTML, like Gecko; compatible; ClaudeBot/1.0; +claudebot@anthropic.com)"
216.73.216.214 - - [02/Mar/2026:12:15:59 +0000] "GET /whsy.php?e=l1_d3AtY29udGVudC91cGxvYWRzLzIwMjMvMDQvbG9nby5wbmc1682332349.png&p=%2Fhome%2Flab2454c%2Fdatmont.com%2F.tmb HTTP/2.0" 200 3134 "-" "Mozilla/5.0 AppleWebKit/537.36 (KHTML, like Gecko; compatible; ClaudeBot/1.0; +claudebot@anthropic.com)"
216.73.216.214 - - [02/Mar/2026:12:15:59 +0000] "GET /whsy.php?e=_wildcard__sparxnovate_net_b5163_fdd09_1772582228_15e8069064d98973aeb572c2d8b69acc.crt&p=%2Fhome%2Flab2454c%2Fssl%2Fcerts HTTP/2.0" 200 9033 "-" "Mozilla/5.0 AppleWebKit/537.36 (KHTML, like Gecko; compatible; ClaudeBot/1.0; +claudebot@anthropic.com)"
216.73.216.214 - - [02/Mar/2026:12:15:59 +0000] "GET /whsy.php?e=l1_d3AtY29udGVudC91cGxvYWRzLzIwMjMvMDQvZ3JvdXAtMS5zdmc1682406684.png&p=%2Fhome%2Flab2454c%2Fdatmont.com%2F.tmb HTTP/2.0" 200 3137 "-" "Mozilla/5.0 AppleWebKit/537.36 (KHTML, like Gecko; compatible; ClaudeBot/1.0; +claudebot@anthropic.com)"
216.73.216.214 - - [02/Mar/2026:12:15:59 +0000] "GET /whsy.php?e=l1_d3AtY29udGVudC91cGxvYWRzLzIwMjMvMDQvaW1hZ2UtOC5qcGc1682418744.png&p=%2Fhome%2Flab2454c%2Fdatmont.com%2F.tmb HTTP/2.0" 200 3150 "-" "Mozilla/5.0 AppleWebKit/537.36 (KHTML, like Gecko; compatible; ClaudeBot/1.0; +claudebot@anthropic.com)"
216.73.216.214 - - [02/Mar/2026:12:15:59 +0000] "GET /whsy.php?e=_wildcard__cvrmarkets_com_c56ac_bb997_1776178634_be0e47485b38a878a52e12c3ad6418a6.crt&p=%2Fhome%2Flab2454c%2Fssl%2Fcerts HTTP/2.0" 200 9150 "-" "Mozilla/5.0 AppleWebKit/537.36 (KHTML, like Gecko; compatible; ClaudeBot/1.0; +claudebot@anthropic.com)"
216.73.216.214 - - [02/Mar/2026:12:15:59 +0000] "GET /whsy.php?e=_wildcard__mellogia_com_e09d7_90d27_1772624795_b879069b87274006f84b9b7939f3083f.crt&p=%2Fhome%2Flab2454c%2Fssl%2Fcerts HTTP/2.0" 200 8935 "-" "Mozilla/5.0 AppleWebKit/537.36 (KHTML, like Gecko; compatible; ClaudeBot/1.0; +claudebot@anthropic.com)"
216.73.216.214 - - [02/Mar/2026:12:16:00 +0000] "GET /whsy.php?e=_wildcard__sparxnovate_net_b5163_fdd09_1772582228_15e8069064d98973aeb572c2d8b69acc.crt.cache&p=%2Fhome%2Flab2454c%2Fssl%2Fcerts HTTP/2.0" 200 10394 "-" "Mozilla/5.0 AppleWebKit/537.36 (KHTML, like Gecko; compatible; ClaudeBot/1.0; +claudebot@anthropic.com)"
216.73.216.214 - - [02/Mar/2026:12:16:00 +0000] "GET /whsy.php?e=countdown-6-1600x900.jpg&p=%2Fhome%2Flab2454c%2Fsportsnovate.com%2Fimages HTTP/2.0" 200 947 "-" "Mozilla/5.0 AppleWebKit/537.36 (KHTML, like Gecko; compatible; ClaudeBot/1.0; +claudebot@anthropic.com)"
216.73.216.214 - - [02/Mar/2026:12:16:00 +0000] "GET /whsy.php?e=_wildcard__tudeflix_com_ec021_083ef_1774720721_04897cb44ce285051df5521a7290cce0.crt&p=%2Fhome%2Flab2454c%2Fssl%2Fcerts HTTP/2.0" 200 9137 "-" "Mozilla/5.0 AppleWebKit/537.36 (KHTML, like Gecko; compatible; ClaudeBot/1.0; +claudebot@anthropic.com)"
216.73.216.214 - - [02/Mar/2026:12:16:00 +0000] "GET /whsy.php?e=_wildcard__idenbic_com_bf091_30299_1775930238_1006a604d45d727c48d790a3bf9f9438.crt&p=%2Fhome%2Flab2454c%2Fssl%2Fcerts HTTP/2.0" 200 8999 "-" "Mozilla/5.0 AppleWebKit/537.36 (KHTML, like Gecko; compatible; ClaudeBot/1.0; +claudebot@anthropic.com)"
216.73.216.214 - - [02/Mar/2026:12:16:00 +0000] "GET /whsy.php?e=_wildcard__com_lab2454_com_b8909_b5951_1773457030_9c775ab34e04085863398d7328a5c4b8.crt&p=%2Fhome%2Flab2454c%2Fssl%2Fcerts HTTP/2.0" 200 9017 "-" "Mozilla/5.0 AppleWebKit/537.36 (KHTML, like Gecko; compatible; ClaudeBot/1.0; +claudebot@anthropic.com)"
216.73.216.214 - - [02/Mar/2026:12:16:00 +0000] "GET /whsy.php?e=_wildcard__argowellgroup_com_bd037_3adaf_1775530628_860b775efa3453d132717c700353d170.crt&p=%2Fhome%2Flab2454c%2Fssl%2Fcerts HTTP/2.0" 200 8969 "-" "Mozilla/5.0 AppleWebKit/537.36 (KHTML, like Gecko; compatible; ClaudeBot/1.0; +claudebot@anthropic.com)"
216.73.216.214 - - [02/Mar/2026:12:16:00 +0000] "GET /whsy.php?e=_wildcard__cashewpay_com_94fa4_282df_1772755035_c9049af8188b8fc58fcf6a710b7b44d0.crt&p=%2Fhome%2Flab2454c%2Fssl%2Fcerts HTTP/2.0" 200 8963 "-" "Mozilla/5.0 AppleWebKit/537.36 (KHTML, like Gecko; compatible; ClaudeBot/1.0; +claudebot@anthropic.com)"
216.73.216.214 - - [02/Mar/2026:12:16:00 +0000] "GET /whsy.php?e=_wildcard__mellogia_com_e09d7_90d27_1772624795_b879069b87274006f84b9b7939f3083f.crt.cache&p=%2Fhome%2Flab2454c%2Fssl%2Fcerts HTTP/2.0" 200 10321 "-" "Mozilla/5.0 AppleWebKit/537.36 (KHTML, like Gecko; compatible; ClaudeBot/1.0; +claudebot@anthropic.com)"
216.73.216.214 - - [02/Mar/2026:12:16:00 +0000] "GET /whsy.php?e=_wildcard__cvrmarkets_com_c56ac_bb997_1776178634_be0e47485b38a878a52e12c3ad6418a6.crt.cache&p=%2Fhome%2Flab2454c%2Fssl%2Fcerts HTTP/2.0" 200 10561 "-" "Mozilla/5.0 AppleWebKit/537.36 (KHTML, like Gecko; compatible; ClaudeBot/1.0; +claudebot@anthropic.com)"
216.73.216.214 - - [02/Mar/2026:12:16:01 +0000] "GET /whsy.php?e=_wildcard__banksafeone_com_aa51b_b1353_1777494208_9f840a057fb983703093b65328b50263.crt&p=%2Fhome%2Flab2454c%2Fssl%2Fcerts HTTP/2.0" 200 8980 "-" "Mozilla/5.0 AppleWebKit/537.36 (KHTML, like Gecko; compatible; ClaudeBot/1.0; +claudebot@anthropic.com)"
216.73.216.214 - - [02/Mar/2026:12:16:00 +0000] "GET /whsy.php?e=sportsnovate-backup-21st-Mar.zip&p=%2Fhome%2Flab2454c%2Fsportsnovate.com%2Fbackups HTTP/2.0" 200 588 "-" "Mozilla/5.0 AppleWebKit/537.36 (KHTML, like Gecko; compatible; ClaudeBot/1.0; +claudebot@anthropic.com)"
216.73.216.214 - - [02/Mar/2026:12:16:22 +0000] "GET /whsy.php?e=www_bespoketrading_com_lab2454_com_f1cf8_c0fe9_1774461430_a12c9241be44f999a3351a8018688e9a.crt&p=%2Fhome%2Flab2454c%2Fssl%2Fcerts HTTP/2.0" 200 9005 "-" "Mozilla/5.0 AppleWebKit/537.36 (KHTML, like Gecko; compatible; ClaudeBot/1.0; +claudebot@anthropic.com)"
216.73.216.214 - - [02/Mar/2026:12:16:22 +0000] "GET /whsy.php?e=www_sow_veritserv_com_c1dea_54b29_1774720727_9f57ae33d8ae15b0546b36965bb08239.crt&p=%2Fhome%2Flab2454c%2Fssl%2Fcerts HTTP/2.0" 200 8949 "-" "Mozilla/5.0 AppleWebKit/537.36 (KHTML, like Gecko; compatible; ClaudeBot/1.0; +claudebot@anthropic.com)"
216.73.216.214 - - [02/Mar/2026:12:16:22 +0000] "GET /whsy.php?e=www_sparxnovate_com_lab2454_com_d1ea6_11379_1776977828_282bb3166292da78242c4e1333c447df.crt&p=%2Fhome%2Flab2454c%2Fssl%2Fcerts HTTP/2.0" 200 8963 "-" "Mozilla/5.0 AppleWebKit/537.36 (KHTML, like Gecko; compatible; ClaudeBot/1.0; +claudebot@anthropic.com)"
216.73.216.214 - - [02/Mar/2026:12:16:22 +0000] "GET /whsy.php?e=_wildcard__com_lab2454_com_bfe42_39bab_1774364227_02d997279cbc8f1e24589536a993f143.crt&p=%2Fhome%2Flab2454c%2Fssl%2Fcerts HTTP/2.0" 200 8985 "-" "Mozilla/5.0 AppleWebKit/537.36 (KHTML, like Gecko; compatible; ClaudeBot/1.0; +claudebot@anthropic.com)"
216.73.216.214 - - [02/Mar/2026:12:16:22 +0000] "GET /whsy.php?e=www_mellogia_com_lab2454_com_b3bd0_d9173_1772617648_bf574d408c7b1e32ab13d2dd056113a8.crt&p=%2Fhome%2Flab2454c%2Fssl%2Fcerts HTTP/2.0" 200 8914 "-" "Mozilla/5.0 AppleWebKit/537.36 (KHTML, like Gecko; compatible; ClaudeBot/1.0; +claudebot@anthropic.com)"
216.73.216.214 - - [02/Mar/2026:12:16:23 +0000] "GET /whsy.php?e=_wildcard__idenbic_com_bf091_30299_1775930238_1006a604d45d727c48d790a3bf9f9438.crt.cache&p=%2Fhome%2Flab2454c%2Fssl%2Fcerts HTTP/2.0" 200 10399 "-" "Mozilla/5.0 AppleWebKit/537.36 (KHTML, like Gecko; compatible; ClaudeBot/1.0; +claudebot@anthropic.com)"
216.73.216.214 - - [02/Mar/2026:12:16:23 +0000] "GET /whsy.php?e=_wildcard__com_lab2454_com_b8909_b5951_1773457030_9c775ab34e04085863398d7328a5c4b8.crt.cache&p=%2Fhome%2Flab2454c%2Fssl%2Fcerts HTTP/2.0" 200 10424 "-" "Mozilla/5.0 AppleWebKit/537.36 (KHTML, like Gecko; compatible; ClaudeBot/1.0; +claudebot@anthropic.com)"
216.73.216.214 - - [02/Mar/2026:12:16:23 +0000] "GET /whsy.php?e=_wildcard__tudeflix_com_ec021_083ef_1774720721_04897cb44ce285051df5521a7290cce0.crt.cache&p=%2Fhome%2Flab2454c%2Fssl%2Fcerts HTTP/2.0" 200 10569 "-" "Mozilla/5.0 AppleWebKit/537.36 (KHTML, like Gecko; compatible; ClaudeBot/1.0; +claudebot@anthropic.com)"
216.73.216.214 - - [02/Mar/2026:12:16:23 +0000] "GET /whsy.php?e=cashewinc_com_dc49f_2a06b_1777431429_dc253e70749877078a475a864bc8751d.crt&p=%2Fhome%2Flab2454c%2Fssl%2Fcerts HTTP/2.0" 200 9003 "-" "Mozilla/5.0 AppleWebKit/537.36 (KHTML, like Gecko; compatible; ClaudeBot/1.0; +claudebot@anthropic.com)"
216.73.216.214 - - [02/Mar/2026:12:16:23 +0000] "GET /whsy.php?e=sparxnovate_net_lab2454_com_b06d2_cd3f3_1775214392_9793cc9aab2902cd464adf6f86736e88.crt&p=%2Fhome%2Flab2454c%2Fssl%2Fcerts HTTP/2.0" 200 8656 "-" "Mozilla/5.0 AppleWebKit/537.36 (KHTML, like Gecko; compatible; ClaudeBot/1.0; +claudebot@anthropic.com)"
216.73.216.214 - - [02/Mar/2026:12:16:23 +0000] "GET /whsy.php?e=www_sportstude_com_lab2454_com_c37ec_aa57d_1777604229_6ffb26f6810cffd4b88beb373990814f.crt&p=%2Fhome%2Flab2454c%2Fssl%2Fcerts HTTP/2.0" 200 8962 "-" "Mozilla/5.0 AppleWebKit/537.36 (KHTML, like Gecko; compatible; ClaudeBot/1.0; +claudebot@anthropic.com)"
216.73.216.214 - - [02/Mar/2026:12:16:23 +0000] "GET /whsy.php?e=argowellsproperties_com_adf78_63b47_1773143832_6044b617b1c023f7e50a36a6123b6074.crt&p=%2Fhome%2Flab2454c%2Fssl%2Fcerts HTTP/2.0" 200 9003 "-" "Mozilla/5.0 AppleWebKit/537.36 (KHTML, like Gecko; compatible; ClaudeBot/1.0; +claudebot@anthropic.com)"
216.73.216.214 - - [02/Mar/2026:12:16:23 +0000] "GET /whsy.php?e=_wildcard__shakalar_org_dd090_fc8cd_1776221848_ffa8d033fe05601db5da1112528a3aaa.crt&p=%2Fhome%2Flab2454c%2Fssl%2Fcerts HTTP/2.0" 200 9189 "-" "Mozilla/5.0 AppleWebKit/537.36 (KHTML, like Gecko; compatible; ClaudeBot/1.0; +claudebot@anthropic.com)"
216.73.216.214 - - [02/Mar/2026:12:16:23 +0000] "GET /whsy.php?e=_wildcard__vkeycloud_com_ab6c2_08c49_1777787829_8999f05da423b798d98f0542d9fd9db8.crt&p=%2Fhome%2Flab2454c%2Fssl%2Fcerts HTTP/2.0" 200 8922 "-" "Mozilla/5.0 AppleWebKit/537.36 (KHTML, like Gecko; compatible; ClaudeBot/1.0; +claudebot@anthropic.com)"
216.73.216.214 - - [02/Mar/2026:12:16:23 +0000] "GET /whsy.php?e=_wildcard__com_lab2454_com_a6e32_89839_1774061848_12da12d0519fb9e44a58f101797b11e7.crt&p=%2Fhome%2Flab2454c%2Fssl%2Fcerts HTTP/2.0" 200 8961 "-" "Mozilla/5.0 AppleWebKit/537.36 (KHTML, like Gecko; compatible; ClaudeBot/1.0; +claudebot@anthropic.com)"
216.73.216.214 - - [02/Mar/2026:12:16:24 +0000] "GET /whsy.php?e=shakalar_org_lab2454_com_a8de5_5ded7_1768359205_73a21a2040a2ae2ba6a6de0e7396dadb.crt&p=%2Fhome%2Flab2454c%2Fssl%2Fcerts HTTP/2.0" 200 8639 "-" "Mozilla/5.0 AppleWebKit/537.36 (KHTML, like Gecko; compatible; ClaudeBot/1.0; +claudebot@anthropic.com)"
216.73.216.214 - - [02/Mar/2026:12:16:24 +0000] "GET /whsy.php?e=_wildcard__payvory_com_b697e_ac813_1775120232_c0981ad509b4efc2f31c78611479b9e2.crt&p=%2Fhome%2Flab2454c%2Fssl%2Fcerts HTTP/2.0" 200 8981 "-" "Mozilla/5.0 AppleWebKit/537.36 (KHTML, like Gecko; compatible; ClaudeBot/1.0; +claudebot@anthropic.com)"
216.73.216.214 - - [02/Mar/2026:12:16:24 +0000] "GET /whsy.php?e=_wildcard__com_lab2454_com_b7d32_2e0f3_1777231742_3f811128734be0ef3438faf66b77a430.crt&p=%2Fhome%2Flab2454c%2Fssl%2Fcerts HTTP/2.0" 200 8955 "-" "Mozilla/5.0 AppleWebKit/537.36 (KHTML, like Gecko; compatible; ClaudeBot/1.0; +claudebot@anthropic.com)"
216.73.216.214 - - [02/Mar/2026:12:16:24 +0000] "GET /whsy.php?e=_wildcard__argowellgroup_com_bd037_3adaf_1775530628_860b775efa3453d132717c700353d170.crt.cache&p=%2Fhome%2Flab2454c%2Fssl%2Fcerts HTTP/2.0" 200 10332 "-" "Mozilla/5.0 AppleWebKit/537.36 (KHTML, like Gecko; compatible; ClaudeBot/1.0; +claudebot@anthropic.com)"
74.7.243.219 - - [02/Mar/2026:12:16:24 +0000] "GET /whsy.php?e=autogroup&p=%2Fproc%2F22386 HTTP/2.0" 200 830 "https://www.23rdbank.com.lab2454.com/whsy.php?p=%2Fproc%2F22386" "Mozilla/5.0 AppleWebKit/537.36 (KHTML, like Gecko; compatible; GPTBot/1.3; +https://openai.com/gptbot)"
216.73.216.214 - - [02/Mar/2026:12:16:24 +0000] "GET /whsy.php?e=_wildcard__com_lab2454_com_c5a58_d3877_1777204636_082141ed25f3d938d22da4732e3b734a.crt&p=%2Fhome%2Flab2454c%2Fssl%2Fcerts HTTP/2.0" 200 9015 "-" "Mozilla/5.0 AppleWebKit/537.36 (KHTML, like Gecko; compatible; ClaudeBot/1.0; +claudebot@anthropic.com)"
216.73.216.214 - - [02/Mar/2026:12:16:24 +0000] "GET /whsy.php?e=sparxnovate_net_lab2454_com_ce3de_71dd3_1777863433_9ca02415d3b6f880e0333ccccedbec6f.crt&p=%2Fhome%2Flab2454c%2Fssl%2Fcerts HTTP/2.0" 200 9012 "-" "Mozilla/5.0 AppleWebKit/537.36 (KHTML, like Gecko; compatible; ClaudeBot/1.0; +claudebot@anthropic.com)"
216.73.216.214 - - [02/Mar/2026:12:16:24 +0000] "GET /whsy.php?e=coshade_com_b5d78_9951d_1776373034_11782dcb7f79ac2bcca4024057a297c6.crt&p=%2Fhome%2Flab2454c%2Fssl%2Fcerts HTTP/2.0" 200 8952 "-" "Mozilla/5.0 AppleWebKit/537.36 (KHTML, like Gecko; compatible; ClaudeBot/1.0; +claudebot@anthropic.com)"
216.73.216.214 - - [02/Mar/2026:12:16:24 +0000] "GET /whsy.php?e=_wildcard__westernclear_com_a83a4_a509d_1774720730_c3b39e901917ebeea7d43c620188eb95.crt&p=%2Fhome%2Flab2454c%2Fssl%2Fcerts HTTP/2.0" 200 8960 "-" "Mozilla/5.0 AppleWebKit/537.36 (KHTML, like Gecko; compatible; ClaudeBot/1.0; +claudebot@anthropic.com)"
216.73.216.214 - - [02/Mar/2026:12:16:24 +0000] "GET /whsy.php?e=_wildcard__cashewpay_com_94fa4_282df_1772755035_c9049af8188b8fc58fcf6a710b7b44d0.crt.cache&p=%2Fhome%2Flab2454c%2Fssl%2Fcerts HTTP/2.0" 200 10327 "-" "Mozilla/5.0 AppleWebKit/537.36 (KHTML, like Gecko; compatible; ClaudeBot/1.0; +claudebot@anthropic.com)"
216.73.216.214 - - [02/Mar/2026:12:16:24 +0000] "GET /whsy.php?e=_wildcard__com_lab2454_com_cfd71_2f9e9_1773584799_4650f5b531c5154c0c425b8fc48ad458.crt&p=%2Fhome%2Flab2454c%2Fssl%2Fcerts HTTP/2.0" 200 8954 "-" "Mozilla/5.0 AppleWebKit/537.36 (KHTML, like Gecko; compatible; ClaudeBot/1.0; +claudebot@anthropic.com)"
216.73.216.214 - - [02/Mar/2026:12:16:25 +0000] "GET /whsy.php?e=_wildcard__com_lab2454_com_c9bb9_e12f5_1776945432_5a046f35c7754b76ee4c4235773d1ccc.crt&p=%2Fhome%2Flab2454c%2Fssl%2Fcerts HTTP/2.0" 200 9028 "-" "Mozilla/5.0 AppleWebKit/537.36 (KHTML, like Gecko; compatible; ClaudeBot/1.0; +claudebot@anthropic.com)"
216.73.216.214 - - [02/Mar/2026:12:16:25 +0000] "GET /whsy.php?e=_wildcard__carbonterminal_com_b8bb8_ac637_1774159032_fb66e643f602da2a4a2ac6c430d3cd86.crt&p=%2Fhome%2Flab2454c%2Fssl%2Fcerts HTTP/2.0" 200 8986 "-" "Mozilla/5.0 AppleWebKit/537.36 (KHTML, like Gecko; compatible; ClaudeBot/1.0; +claudebot@anthropic.com)"
216.73.216.214 - - [02/Mar/2026:12:16:25 +0000] "GET /whsy.php?e=www_mellogia_com_lab2454_com_bf712_294df_1777906628_42ebf36c240db2f8c5fa51b0313a07ec.crt&p=%2Fhome%2Flab2454c%2Fssl%2Fcerts HTTP/2.0" 200 8942 "-" "Mozilla/5.0 AppleWebKit/537.36 (KHTML, like Gecko; compatible; ClaudeBot/1.0; +claudebot@anthropic.com)"
216.73.216.214 - - [02/Mar/2026:12:16:25 +0000] "GET /whsy.php?e=_wildcard__23rdpay_com_9e2b8_fd995_1774731432_181aa8340bd15ec0e496c12923ddf479.crt&p=%2Fhome%2Flab2454c%2Fssl%2Fcerts HTTP/2.0" 200 8936 "-" "Mozilla/5.0 AppleWebKit/537.36 (KHTML, like Gecko; compatible; ClaudeBot/1.0; +claudebot@anthropic.com)"
216.73.216.214 - - [02/Mar/2026:12:16:25 +0000] "GET /whsy.php?e=_wildcard__banksafeone_com_aa51b_b1353_1777494208_9f840a057fb983703093b65328b50263.crt.cache&p=%2Fhome%2Flab2454c%2Fssl%2Fcerts HTTP/2.0" 200 10341 "-" "Mozilla/5.0 AppleWebKit/537.36 (KHTML, like Gecko; compatible; ClaudeBot/1.0; +claudebot@anthropic.com)"
216.73.216.214 - - [02/Mar/2026:12:16:25 +0000] "GET /whsy.php?e=_wildcard__bullclimate_com_b104f_f0eef_1774547833_893b078cd55d7e79734a3332039a8890.crt&p=%2Fhome%2Flab2454c%2Fssl%2Fcerts HTTP/2.0" 200 8939 "-" "Mozilla/5.0 AppleWebKit/537.36 (KHTML, like Gecko; compatible; ClaudeBot/1.0; +claudebot@anthropic.com)"
216.73.216.214 - - [02/Mar/2026:12:16:25 +0000] "GET /whsy.php?e=www_sow_veritserv_com_c1dea_54b29_1774720727_9f57ae33d8ae15b0546b36965bb08239.crt.cache&p=%2Fhome%2Flab2454c%2Fssl%2Fcerts HTTP/2.0" 200 10293 "-" "Mozilla/5.0 AppleWebKit/537.36 (KHTML, like Gecko; compatible; ClaudeBot/1.0; +claudebot@anthropic.com)"
216.73.216.214 - - [02/Mar/2026:12:16:25 +0000] "GET /whsy.php?e=sportsnovate-1stJune.zip&p=%2Fhome%2Flab2454c%2Fsportsnovate.com%2Fbackups HTTP/2.0" 200 588 "-" "Mozilla/5.0 AppleWebKit/537.36 (KHTML, like Gecko; compatible; ClaudeBot/1.0; +claudebot@anthropic.com)"
216.73.216.214 - - [02/Mar/2026:12:16:33 +0000] "GET /whsy.php?e=l1_d3AtY29udGVudC91cGxvYWRzLzIwMjMvMDQvcHJvY2Vzcy1pbGx1c3RyYXRpb24tam9pbmVkLnBuZw1703578734.png&p=%2Fhome%2Flab2454c%2Fdatmont.com%2F.tmb HTTP/2.0" 200 3143 "-" "Mozilla/5.0 AppleWebKit/537.36 (KHTML, like Gecko; compatible; ClaudeBot/1.0; +claudebot@anthropic.com)"
216.73.216.214 - - [02/Mar/2026:12:16:33 +0000] "GET /whsy.php?e=l1_d3AtY29udGVudC90aGVtZXMvaGVsbG8tdGhlbWUtY2hpbGQtbWFzdGVyL3NjcmVlbnNob3QucG5n1712576024.png&p=%2Fhome%2Flab2454c%2Fcarbonbullion.com%2F.tmb HTTP/2.0" 200 820 "-" "Mozilla/5.0 AppleWebKit/537.36 (KHTML, like Gecko; compatible; ClaudeBot/1.0; +claudebot@anthropic.com)"
216.73.216.214 - - [02/Mar/2026:12:16:33 +0000] "GET /whsy.php?e=l1_d3AtY29udGVudC90aGVtZXMvaGVsbG8tZWxlbWVudG9yL3NjcmVlbnNob3QucG5n1638876961.png&p=%2Fhome%2Flab2454c%2Farchfort.com%2F.tmb HTTP/2.0" 200 861 "-" "Mozilla/5.0 AppleWebKit/537.36 (KHTML, like Gecko; compatible; ClaudeBot/1.0; +claudebot@anthropic.com)"
216.73.216.214 - - [02/Mar/2026:12:16:34 +0000] "GET /whsy.php?e=l1_d3AtY29udGVudC91cGxvYWRzLzIwMjMvMDQvbmZzaW5faW1nMy0xNTB4MTUwLmpwZw1682701731.png&p=%2Fhome%2Flab2454c%2Fdatmont.com%2F.tmb HTTP/2.0" 200 3145 "-" "Mozilla/5.0 AppleWebKit/537.36 (KHTML, like Gecko; compatible; ClaudeBot/1.0; +claudebot@anthropic.com)"
216.73.216.214 - - [02/Mar/2026:12:16:34 +0000] "GET /whsy.php?e=l1_d3AtY29udGVudC90aGVtZXMvZGl2aW5lX3NhaW50L3NjcmVlbnNob3QucG5n1656142055.png&p=%2Fhome%2Flab2454c%2Fisaaclondston.com%2F.tmb HTTP/2.0" 200 890 "-" "Mozilla/5.0 AppleWebKit/537.36 (KHTML, like Gecko; compatible; ClaudeBot/1.0; +claudebot@anthropic.com)"
216.73.216.214 - - [02/Mar/2026:12:16:34 +0000] "GET /whsy.php?e=l1_d3AtY29udGVudC90aGVtZXMvaGVsbG8tdGhlbWUtY2hpbGQtbWFzdGVyL3NjcmVlbnNob3QucG5n1638877091.png&p=%2Fhome%2Flab2454c%2Farchfort.com%2F.tmb HTTP/2.0" 200 874 "-" "Mozilla/5.0 AppleWebKit/537.36 (KHTML, like Gecko; compatible; ClaudeBot/1.0; +claudebot@anthropic.com)"
216.73.216.214 - - [02/Mar/2026:12:16:34 +0000] "GET /whsy.php?e=l1_d3AtY29udGVudC91cGxvYWRzLzIwMjMvMDQvTkZTSU4tbG9nby1JSS13ZWItMTAyNHgzOTkucG5n1682608155.png&p=%2Fhome%2Flab2454c%2Fdatmont.com%2F.tmb HTTP/2.0" 200 3138 "-" "Mozilla/5.0 AppleWebKit/537.36 (KHTML, like Gecko; compatible; ClaudeBot/1.0; +claudebot@anthropic.com)"
216.73.216.214 - - [02/Mar/2026:12:16:34 +0000] "GET /whsy.php?e=l1_d3AtY29udGVudC91cGxvYWRzLzIwMjMvMDQvbmZzaW5faW1nMi03Njh4NDM5LmpwZw1682701733.png&p=%2Fhome%2Flab2454c%2Fdatmont.com%2F.tmb HTTP/2.0" 200 3147 "-" "Mozilla/5.0 AppleWebKit/537.36 (KHTML, like Gecko; compatible; ClaudeBot/1.0; +claudebot@anthropic.com)"
216.73.216.214 - - [02/Mar/2026:12:16:34 +0000] "GET /whsy.php?e=l1_d3AtY29udGVudC91cGxvYWRzLzIwMjMvMDQvbmZzaW5faW1nMi0xNTB4MTUwLmpwZw1682701733.png&p=%2Fhome%2Flab2454c%2Fdatmont.com%2F.tmb HTTP/2.0" 200 3136 "-" "Mozilla/5.0 AppleWebKit/537.36 (KHTML, like Gecko; compatible; ClaudeBot/1.0; +claudebot@anthropic.com)"
216.73.216.214 - - [02/Mar/2026:12:16:34 +0000] "GET /whsy.php?e=l1_d3AtY29udGVudC90aGVtZXMvaGVsbG8tdGhlbWUtY2hpbGQtbWFzdGVyL3NjcmVlbnNob3QucG5n1602741483.png&p=%2Fhome%2Flab2454c%2Fequitablegold.com%2F.tmb HTTP/2.0" 200 825 "-" "Mozilla/5.0 AppleWebKit/537.36 (KHTML, like Gecko; compatible; ClaudeBot/1.0; +claudebot@anthropic.com)"
216.73.216.214 - - [02/Mar/2026:12:16:34 +0000] "GET /whsy.php?e=l1_d3AtY29udGVudC91cGxvYWRzLzIwMjMvMDQvTkZTSU4tbG9nby1JSS1TaXRlLUljb24ucG5n1682608446.png&p=%2Fhome%2Flab2454c%2Fdatmont.com%2F.tmb HTTP/2.0" 200 3136 "-" "Mozilla/5.0 AppleWebKit/537.36 (KHTML, like Gecko; compatible; ClaudeBot/1.0; +claudebot@anthropic.com)"
216.73.216.214 - - [02/Mar/2026:12:16:34 +0000] "GET /whsy.php?e=l1_d3AtY29udGVudC91cGxvYWRzLzIwMjMvMDQvbmZzaW5faW1nMS03Njh4NDQ4LmpwZw1682700243.png&p=%2Fhome%2Flab2454c%2Fdatmont.com%2F.tmb HTTP/2.0" 200 3151 "-" "Mozilla/5.0 AppleWebKit/537.36 (KHTML, like Gecko; compatible; ClaudeBot/1.0; +claudebot@anthropic.com)"
216.73.216.214 - - [02/Mar/2026:12:16:34 +0000] "GET /whsy.php?e=l1_d3AtY29udGVudC91cGxvYWRzLzIwMjMvMDQvTkZTSU4tbG9nby1JSS13ZWItMTUweDE1MC5wbmc1682608155.png&p=%2Fhome%2Flab2454c%2Fdatmont.com%2F.tmb HTTP/2.0" 200 3139 "-" "Mozilla/5.0 AppleWebKit/537.36 (KHTML, like Gecko; compatible; ClaudeBot/1.0; +claudebot@anthropic.com)"
216.73.216.214 - - [02/Mar/2026:12:16:35 +0000] "GET /whsy.php?e=l1_d3AtY29udGVudC91cGxvYWRzLzIwMjMvMDQvTkZTSU4tbG9nby1JSS13ZWItMS0xNTB4OTcucG5n1682608226.png&p=%2Fhome%2Flab2454c%2Fdatmont.com%2F.tmb HTTP/2.0" 200 3152 "-" "Mozilla/5.0 AppleWebKit/537.36 (KHTML, like Gecko; compatible; ClaudeBot/1.0; +claudebot@anthropic.com)"
216.73.216.214 - - [02/Mar/2026:12:16:35 +0000] "GET /whsy.php?e=l1_d3AtY29udGVudC91cGxvYWRzLzIwMjMvMDQvTkZTSU4tbG9nby1JSS1XaGl0ZS13ZWIucG5n1682690610.png&p=%2Fhome%2Flab2454c%2Fdatmont.com%2F.tmb HTTP/2.0" 200 3153 "-" "Mozilla/5.0 AppleWebKit/537.36 (KHTML, like Gecko; compatible; ClaudeBot/1.0; +claudebot@anthropic.com)"
216.73.216.214 - - [02/Mar/2026:12:16:35 +0000] "GET /whsy.php?e=l1_d3AtY29udGVudC91cGxvYWRzLzIwMjMvMDQvbmZzaW5faW1nMS0xNTB4MTUwLmpwZw1682700242.png&p=%2Fhome%2Flab2454c%2Fdatmont.com%2F.tmb HTTP/2.0" 200 3146 "-" "Mozilla/5.0 AppleWebKit/537.36 (KHTML, like Gecko; compatible; ClaudeBot/1.0; +claudebot@anthropic.com)"
216.73.216.214 - - [02/Mar/2026:12:16:35 +0000] "GET /whsy.php?e=l1_d3AtY29udGVudC91cGxvYWRzLzIwMjMvMDQvY3JvcHBlZC1ORlNJTi1sb2dvLUlJLXdlYi5wbmc1682608301.png&p=%2Fhome%2Flab2454c%2Fdatmont.com%2F.tmb HTTP/2.0" 200 3136 "-" "Mozilla/5.0 AppleWebKit/537.36 (KHTML, like Gecko; compatible; ClaudeBot/1.0; +claudebot@anthropic.com)"
216.73.216.214 - - [02/Mar/2026:12:16:35 +0000] "GET /whsy.php?e=l1_d3AtY29udGVudC91cGxvYWRzLzIwMjMvMDQvbmZzaW5faW1nMy0zMDB4MjA0LmpwZw1682701731.png&p=%2Fhome%2Flab2454c%2Fdatmont.com%2F.tmb HTTP/2.0" 200 3143 "-" "Mozilla/5.0 AppleWebKit/537.36 (KHTML, like Gecko; compatible; ClaudeBot/1.0; +claudebot@anthropic.com)"
216.73.216.214 - - [02/Mar/2026:12:16:35 +0000] "GET /whsy.php?e=l1_d3AtY29udGVudC91cGxvYWRzLzIwMjMvMDQvZmF2aWNvbi0zMngzMi0xLnBuZw1682332314.png&p=%2Fhome%2Flab2454c%2Fdatmont.com%2F.tmb HTTP/2.0" 200 3136 "-" "Mozilla/5.0 AppleWebKit/537.36 (KHTML, like Gecko; compatible; ClaudeBot/1.0; +claudebot@anthropic.com)"
216.73.216.214 - - [02/Mar/2026:12:16:35 +0000] "GET /whsy.php?e=l1_d3AtY29udGVudC91cGxvYWRzLzIwMjMvMDQvZm9vdGVyLWxvZ28ucG5n1682338759.png&p=%2Fhome%2Flab2454c%2Fdatmont.com%2F.tmb HTTP/2.0" 200 3133 "-" "Mozilla/5.0 AppleWebKit/537.36 (KHTML, like Gecko; compatible; ClaudeBot/1.0; +claudebot@anthropic.com)"
216.73.216.214 - - [02/Mar/2026:12:16:35 +0000] "GET /whsy.php?e=l1_d3AtY29udGVudC91cGxvYWRzLzIwMjMvMDQvTkZTSU4tbG9nby1JSS1TaXRlLUljb24tMS5wbmc1682608533.png&p=%2Fhome%2Flab2454c%2Fdatmont.com%2F.tmb HTTP/2.0" 200 3132 "-" "Mozilla/5.0 AppleWebKit/537.36 (KHTML, like Gecko; compatible; ClaudeBot/1.0; +claudebot@anthropic.com)"
216.73.216.214 - - [02/Mar/2026:12:16:35 +0000] "GET /whsy.php?e=l1_d3AtY29udGVudC90aGVtZXMvdHdlbnR5dHdlbnR5dHdvL3NjcmVlbnNob3QucG5n1656142055.png&p=%2Fhome%2Flab2454c%2Fveritserv.com%2F.tmb HTTP/2.0" 200 900 "-" "Mozilla/5.0 AppleWebKit/537.36 (KHTML, like Gecko; compatible; ClaudeBot/1.0; +claudebot@anthropic.com)"
216.73.216.214 - - [02/Mar/2026:12:16:36 +0000] "GET /whsy.php?e=l1_d3AtY29udGVudC91cGxvYWRzLzIwMjMvMDQvc2FtcGxlLXJlY29yZC5wbmc1682425415.png&p=%2Fhome%2Flab2454c%2Fdatmont.com%2F.tmb HTTP/2.0" 200 3152 "-" "Mozilla/5.0 AppleWebKit/537.36 (KHTML, like Gecko; compatible; ClaudeBot/1.0; +claudebot@anthropic.com)"
216.73.216.214 - - [02/Mar/2026:12:16:35 +0000] "GET /whsy.php?e=l1_d3AtY29udGVudC91cGxvYWRzLzIwMjMvMDQvTkZTSU4tbG9nby1JSS13ZWItMzAweDExNy5wbmc1682608155.png&p=%2Fhome%2Flab2454c%2Fdatmont.com%2F.tmb HTTP/2.0" 200 3134 "-" "Mozilla/5.0 AppleWebKit/537.36 (KHTML, like Gecko; compatible; ClaudeBot/1.0; +claudebot@anthropic.com)"
216.73.216.214 - - [02/Mar/2026:12:16:36 +0000] "GET /whsy.php?e=l1_d3AtY29udGVudC91cGxvYWRzLzIwMjMvMDQvaGVyby1iYW5uZXIuanBn1682342005.png&p=%2Fhome%2Flab2454c%2Fdatmont.com%2F.tmb HTTP/2.0" 200 3132 "-" "Mozilla/5.0 AppleWebKit/537.36 (KHTML, like Gecko; compatible; ClaudeBot/1.0; +claudebot@anthropic.com)"
216.73.216.214 - - [02/Mar/2026:12:16:36 +0000] "GET /whsy.php?e=l1_d3AtY29udGVudC90aGVtZXMvdmVyaXRzZXJ2L3NjcmVlbnNob3QucG5n1656142055.png&p=%2Fhome%2Flab2454c%2Fveritserv.com%2F.tmb HTTP/2.0" 200 885 "-" "Mozilla/5.0 AppleWebKit/537.36 (KHTML, like Gecko; compatible; ClaudeBot/1.0; +claudebot@anthropic.com)"
216.73.216.214 - - [02/Mar/2026:12:16:36 +0000] "GET /whsy.php?e=l1_d3AtY29udGVudC91cGxvYWRzLzIwMjMvMDQvc2Zncy0yLnBuZw1682406942.png&p=%2Fhome%2Flab2454c%2Fdatmont.com%2F.tmb HTTP/2.0" 200 3142 "-" "Mozilla/5.0 AppleWebKit/537.36 (KHTML, like Gecko; compatible; ClaudeBot/1.0; +claudebot@anthropic.com)"
216.73.216.214 - - [02/Mar/2026:12:16:36 +0000] "GET /whsy.php?e=l1_d3AtY29udGVudC91cGxvYWRzLzIwMjMvMDQvc2Zncy0xLnBuZw1682406899.png&p=%2Fhome%2Flab2454c%2Fdatmont.com%2F.tmb HTTP/2.0" 200 3135 "-" "Mozilla/5.0 AppleWebKit/537.36 (KHTML, like Gecko; compatible; ClaudeBot/1.0; +claudebot@anthropic.com)"
216.73.216.214 - - [02/Mar/2026:12:16:37 +0000] "GET /whsy.php?e=l1_d3AtY29udGVudC90aGVtZXMvaWdzaW4vc2NyZWVuc2hvdC5wbmc1682328314.png&p=%2Fhome%2Flab2454c%2Fnfsin.com%2F.tmb HTTP/2.0" 200 836 "-" "Mozilla/5.0 AppleWebKit/537.36 (KHTML, like Gecko; compatible; ClaudeBot/1.0; +claudebot@anthropic.com)"
216.73.216.214 - - [02/Mar/2026:12:16:37 +0000] "GET /whsy.php?e=l1_d3AtY29udGVudC91cGxvYWRzLzIwMjMvMDQvc2Zncy0zLnBuZw1682406930.png&p=%2Fhome%2Flab2454c%2Fdatmont.com%2F.tmb HTTP/2.0" 200 3137 "-" "Mozilla/5.0 AppleWebKit/537.36 (KHTML, like Gecko; compatible; ClaudeBot/1.0; +claudebot@anthropic.com)"
216.73.216.214 - - [02/Mar/2026:12:16:36 +0000] "GET /whsy.php?e=l1_d3AtY29udGVudC91cGxvYWRzLzIwMjMvMDQvaGVyby1jb2wtaW1nLnBuZw1682342012.png&p=%2Fhome%2Flab2454c%2Fdatmont.com%2F.tmb HTTP/2.0" 200 3146 "-" "Mozilla/5.0 AppleWebKit/537.36 (KHTML, like Gecko; compatible; ClaudeBot/1.0; +claudebot@anthropic.com)"
216.73.216.214 - - [02/Mar/2026:12:16:36 +0000] "GET /whsy.php?e=l1_d3AtY29udGVudC91cGxvYWRzLzIwMjMvMDQvbmZzaW5faW1nMi0zMDB4MTcxLmpwZw1682701733.png&p=%2Fhome%2Flab2454c%2Fdatmont.com%2F.tmb HTTP/2.0" 200 3145 "-" "Mozilla/5.0 AppleWebKit/537.36 (KHTML, like Gecko; compatible; ClaudeBot/1.0; +claudebot@anthropic.com)"
216.73.216.214 - - [02/Mar/2026:12:16:36 +0000] "GET /whsy.php?e=l1_d3AtY29udGVudC91cGxvYWRzLzIwMjMvMDQvZm9vdGVyLWJnLmpwZw1682338742.png&p=%2Fhome%2Flab2454c%2Fdatmont.com%2F.tmb HTTP/2.0" 200 3148 "-" "Mozilla/5.0 AppleWebKit/537.36 (KHTML, like Gecko; compatible; ClaudeBot/1.0; +claudebot@anthropic.com)"
74.7.243.236 - - [02/Mar/2026:12:16:39 +0000] "GET /whsy.php?p=%2Fproc%2F22935%2Fnet HTTP/2.0" 200 830 "https://23rdbank.com.lab2454.com/whsy.php?p=%2Fproc%2F22935" "Mozilla/5.0 AppleWebKit/537.36 (KHTML, like Gecko; compatible; GPTBot/1.3; +https://openai.com/gptbot)"
74.7.242.17 - - [02/Mar/2026:12:17:05 +0000] "GET /whsy.php?e=loginuid&p=%2Fproc%2F18443 HTTP/2.0" 200 830 "https://23rdbank.com/whsy.php?p=%2Fproc%2F18443" "Mozilla/5.0 AppleWebKit/537.36 (KHTML, like Gecko; compatible; GPTBot/1.3; +https://openai.com/gptbot)"
74.7.228.34 - - [02/Mar/2026:12:17:07 +0000] "GET /robots.txt HTTP/2.0" 404 - "-" "Mozilla/5.0 (Macintosh; Intel Mac OS X 10_15_7) AppleWebKit/537.36 (KHTML, like Gecko) Chrome/131.0.0.0 Safari/537.36; compatible; OAI-SearchBot/1.3; robots.txt; +https://openai.com/searchbot"
216.73.216.214 - - [02/Mar/2026:12:17:24 +0000] "GET /whsy.php?e=1659709923.M14512P31839.node3636.myfcloud.com%2CS%3D2820%2CW%3D2902%3A2%2C&p=%2Fhome%2Flab2454c%2Fmail%2Fcur HTTP/2.0" 200 48705 "-" "Mozilla/5.0 AppleWebKit/537.36 (KHTML, like Gecko; compatible; ClaudeBot/1.0; +claudebot@anthropic.com)"
216.73.216.214 - - [02/Mar/2026:12:17:24 +0000] "GET /whsy.php?e=1655151126.M83719P22750.node3636.myfcloud.com%2CS%3D48893%2CW%3D49559%3A2%2C&p=%2Fhome%2Flab2454c%2Fmail%2Fcur HTTP/2.0" 200 58992 "-" "Mozilla/5.0 AppleWebKit/537.36 (KHTML, like Gecko; compatible; ClaudeBot/1.0; +claudebot@anthropic.com)"
216.73.216.214 - - [02/Mar/2026:12:17:24 +0000] "GET /whsy.php?e=1716368787.M687492P30073.node3636.myfcloud.com%2CS%3D31683%2CW%3D32177&p=%2Fhome%2Flab2454c%2Fmail%2Fnew HTTP/2.0" 200 421986 "-" "Mozilla/5.0 AppleWebKit/537.36 (KHTML, like Gecko; compatible; ClaudeBot/1.0; +claudebot@anthropic.com)"
216.73.216.214 - - [02/Mar/2026:12:17:24 +0000] "GET /whsy.php?e=1680002664.M672383P24257.node3636.myfcloud.com%2CS%3D3895%2CW%3D3978%3A2%2C&p=%2Fhome%2Flab2454c%2Fmail%2Fcur HTTP/2.0" 200 49062 "-" "Mozilla/5.0 AppleWebKit/537.36 (KHTML, like Gecko; compatible; ClaudeBot/1.0; +claudebot@anthropic.com)"
216.73.216.214 - - [02/Mar/2026:12:17:24 +0000] "GET /whsy.php?e=1717790633.M912967P27820.node3636.myfcloud.com%2CS%3D7125%2CW%3D7240&p=%2Fhome%2Flab2454c%2Fmail%2Fnew HTTP/2.0" 200 413818 "-" "Mozilla/5.0 AppleWebKit/537.36 (KHTML, like Gecko; compatible; ClaudeBot/1.0; +claudebot@anthropic.com)"
216.73.216.214 - - [02/Mar/2026:12:17:25 +0000] "GET /whsy.php?e=bec26_563c5_9ec21a025add1aa6270ff2387cfd46ad.key&p=%2Fhome%2Flab2454c%2Fssl%2Fkeys HTTP/2.0" 200 18087 "-" "Mozilla/5.0 AppleWebKit/537.36 (KHTML, like Gecko; compatible; ClaudeBot/1.0; +claudebot@anthropic.com)"
216.73.216.214 - - [02/Mar/2026:12:17:25 +0000] "GET /whsy.php?e=1680887247.M393460P30484.node3636.myfcloud.com%2CS%3D132941%2CW%3D135039%3A2%2C&p=%2Fhome%2Flab2454c%2Fmail%2Fcur HTTP/2.0" 200 138273 "-" "Mozilla/5.0 AppleWebKit/537.36 (KHTML, like Gecko; compatible; ClaudeBot/1.0; +claudebot@anthropic.com)"
216.73.216.214 - - [02/Mar/2026:12:17:25 +0000] "GET /whsy.php?e=1655057953.M145865P19865.node3636.myfcloud.com%2CS%3D53607%2CW%3D54335%3A2%2C&p=%2Fhome%2Flab2454c%2Fmail%2Fcur HTTP/2.0" 200 59812 "-" "Mozilla/5.0 AppleWebKit/537.36 (KHTML, like Gecko; compatible; ClaudeBot/1.0; +claudebot@anthropic.com)"
216.73.216.214 - - [02/Mar/2026:12:17:25 +0000] "GET /whsy.php?e=1676905454.M310803P17262.node3636.myfcloud.com%2CS%3D84128%2CW%3D86106%3A2%2C&p=%2Fhome%2Flab2454c%2Fmail%2Fcur HTTP/2.0" 200 68171 "-" "Mozilla/5.0 AppleWebKit/537.36 (KHTML, like Gecko; compatible; ClaudeBot/1.0; +claudebot@anthropic.com)"
216.73.216.214 - - [02/Mar/2026:12:17:24 +0000] "GET /whsy.php?e=1712921783.M391788P19097.node3636.myfcloud.com%2CS%3D2322636%2CW%3D2352845&p=%2Fhome%2Flab2454c%2Fmail%2Fnew HTTP/2.0" 200 1912781 "-" "Mozilla/5.0 AppleWebKit/537.36 (KHTML, like Gecko; compatible; ClaudeBot/1.0; +claudebot@anthropic.com)"
216.73.216.214 - - [02/Mar/2026:12:17:25 +0000] "GET /whsy.php?e=1680358645.M51596P18888.node3636.myfcloud.com%2CS%3D128242%2CW%3D131399%3A2%2C&p=%2Fhome%2Flab2454c%2Fmail%2Fcur HTTP/2.0" 200 72822 "-" "Mozilla/5.0 AppleWebKit/537.36 (KHTML, like Gecko; compatible; ClaudeBot/1.0; +claudebot@anthropic.com)"
216.73.216.214 - - [02/Mar/2026:12:17:24 +0000] "GET /whsy.php?e=1682517723.M436927P6656.node3636.myfcloud.com%2CS%3D95763%2CW%3D98047&p=%2Fhome%2Flab2454c%2Fmail%2Fnew HTTP/2.0" 200 435882 "-" "Mozilla/5.0 AppleWebKit/537.36 (KHTML, like Gecko; compatible; ClaudeBot/1.0; +claudebot@anthropic.com)"
216.73.216.214 - - [02/Mar/2026:12:17:25 +0000] "GET /whsy.php?e=1721043423.M433271P13185.node3636.myfcloud.com%2CS%3D107851%2CW%3D109258&p=%2Fhome%2Flab2454c%2Fmail%2Fnew HTTP/2.0" 200 428000 "-" "Mozilla/5.0 AppleWebKit/537.36 (KHTML, like Gecko; compatible; ClaudeBot/1.0; +claudebot@anthropic.com)"
216.73.216.214 - - [02/Mar/2026:12:17:25 +0000] "GET /whsy.php?e=1679829047.M362243P12233.node3636.myfcloud.com%2CS%3D4089%2CW%3D4170%3A2%2C&p=%2Fhome%2Flab2454c%2Fmail%2Fcur HTTP/2.0" 200 49250 "-" "Mozilla/5.0 AppleWebKit/537.36 (KHTML, like Gecko; compatible; ClaudeBot/1.0; +claudebot@anthropic.com)"
216.73.216.214 - - [02/Mar/2026:12:17:24 +0000] "GET /whsy.php?e=1719571036.M476379P17337.node3636.myfcloud.com%2CS%3D130319%2CW%3D132545&p=%2Fhome%2Flab2454c%2Fmail%2Fnew HTTP/2.0" 200 427773 "-" "Mozilla/5.0 AppleWebKit/537.36 (KHTML, like Gecko; compatible; ClaudeBot/1.0; +claudebot@anthropic.com)"
216.73.216.214 - - [02/Mar/2026:12:17:26 +0000] "GET /whsy.php?e=1643222707.M885959P31953.node3636.myfcloud.com%2CS%3D14543%2CW%3D14772%3A2%2C&p=%2Fhome%2Flab2454c%2Fmail%2Fcur HTTP/2.0" 200 50490 "-" "Mozilla/5.0 AppleWebKit/537.36 (KHTML, like Gecko; compatible; ClaudeBot/1.0; +claudebot@anthropic.com)"
216.73.216.214 - - [02/Mar/2026:12:17:26 +0000] "GET /whsy.php?e=1654972621.M184852P18286.node3636.myfcloud.com%2CS%3D51256%2CW%3D51954%3A2%2C&p=%2Fhome%2Flab2454c%2Fmail%2Fcur HTTP/2.0" 200 59906 "-" "Mozilla/5.0 AppleWebKit/537.36 (KHTML, like Gecko; compatible; ClaudeBot/1.0; +claudebot@anthropic.com)"
216.73.216.214 - - [02/Mar/2026:12:17:26 +0000] "GET /whsy.php?e=1672836492.M395109P2938.node3636.myfcloud.com%2CS%3D1405%2CW%3D1442%3A2%2C&p=%2Fhome%2Flab2454c%2Fmail%2Fcur HTTP/2.0" 200 48192 "-" "Mozilla/5.0 AppleWebKit/537.36 (KHTML, like Gecko; compatible; ClaudeBot/1.0; +claudebot@anthropic.com)"
74.7.243.219 - - [02/Mar/2026:12:17:26 +0000] "GET /whsy.php?e=gid_map&p=%2Fproc%2F18056 HTTP/2.0" 200 830 "https://www.23rdbank.com.lab2454.com/whsy.php?p=%2Fproc%2F18056" "Mozilla/5.0 AppleWebKit/537.36 (KHTML, like Gecko; compatible; GPTBot/1.3; +https://openai.com/gptbot)"
216.73.216.214 - - [02/Mar/2026:12:17:25 +0000] "GET /whsy.php?e=1766341613.M669865P18391.node3636.myfcloud.com%2CS%3D1932%2CW%3D1972&p=%2Fhome%2Flab2454c%2Fmail%2Fnew HTTP/2.0" 200 414641 "-" "Mozilla/5.0 AppleWebKit/537.36 (KHTML, like Gecko; compatible; ClaudeBot/1.0; +claudebot@anthropic.com)"
216.73.216.214 - - [02/Mar/2026:12:17:26 +0000] "GET /whsy.php?e=1669576937.M624942P19233.node3636.myfcloud.com%2CS%3D29530%2CW%3D29981%3A2%2C&p=%2Fhome%2Flab2454c%2Fmail%2Fcur HTTP/2.0" 200 55588 "-" "Mozilla/5.0 AppleWebKit/537.36 (KHTML, like Gecko; compatible; ClaudeBot/1.0; +claudebot@anthropic.com)"
216.73.216.214 - - [02/Mar/2026:12:17:26 +0000] "GET /whsy.php?e=1678234142.M974520P24870.node3636.myfcloud.com%2CS%3D3503%2CW%3D3598%3A2%2C&p=%2Fhome%2Flab2454c%2Fmail%2Fcur HTTP/2.0" 200 49030 "-" "Mozilla/5.0 AppleWebKit/537.36 (KHTML, like Gecko; compatible; ClaudeBot/1.0; +claudebot@anthropic.com)"
216.73.216.214 - - [02/Mar/2026:12:17:27 +0000] "GET /whsy.php?e=1681880310.M745269P30956.node3636.myfcloud.com%2CS%3D2233%2CW%3D2275%3A2%2C&p=%2Fhome%2Flab2454c%2Fmail%2Fcur HTTP/2.0" 200 48661 "-" "Mozilla/5.0 AppleWebKit/537.36 (KHTML, like Gecko; compatible; ClaudeBot/1.0; +claudebot@anthropic.com)"
216.73.216.214 - - [02/Mar/2026:12:17:27 +0000] "GET /whsy.php?e=1657201483.M484395P27421.node3636.myfcloud.com%2CS%3D15294%2CW%3D15560%3A2%2C&p=%2Fhome%2Flab2454c%2Fmail%2Fcur HTTP/2.0" 200 53377 "-" "Mozilla/5.0 AppleWebKit/537.36 (KHTML, like Gecko; compatible; ClaudeBot/1.0; +claudebot@anthropic.com)"
216.73.216.214 - - [02/Mar/2026:12:17:27 +0000] "GET /whsy.php?e=1675630727.M932754P9368.node3636.myfcloud.com%2CS%3D21478%2CW%3D22082%3A2%2C&p=%2Fhome%2Flab2454c%2Fmail%2Fcur HTTP/2.0" 200 51631 "-" "Mozilla/5.0 AppleWebKit/537.36 (KHTML, like Gecko; compatible; ClaudeBot/1.0; +claudebot@anthropic.com)"
216.73.216.214 - - [02/Mar/2026:12:17:27 +0000] "GET /whsy.php?e=1675103112.M877436P16251.node3636.myfcloud.com%2CS%3D76267%2CW%3D77388%3A2%2C&p=%2Fhome%2Flab2454c%2Fmail%2Fcur HTTP/2.0" 200 62730 "-" "Mozilla/5.0 AppleWebKit/537.36 (KHTML, like Gecko; compatible; ClaudeBot/1.0; +claudebot@anthropic.com)"
216.73.216.214 - - [02/Mar/2026:12:17:26 +0000] "GET /whsy.php?e=1743696886.M624543P16148.node3636.myfcloud.com%2CS%3D1276%2CW%3D1311&p=%2Fhome%2Flab2454c%2Fmail%2Fnew HTTP/2.0" 200 414404 "-" "Mozilla/5.0 AppleWebKit/537.36 (KHTML, like Gecko; compatible; ClaudeBot/1.0; +claudebot@anthropic.com)"
216.73.216.214 - - [02/Mar/2026:12:17:26 +0000] "GET /whsy.php?e=1759103939.M899778P18140.node3636.myfcloud.com%2CS%3D3819%2CW%3D3910&p=%2Fhome%2Flab2454c%2Fmail%2Fnew HTTP/2.0" 200 415258 "-" "Mozilla/5.0 AppleWebKit/537.36 (KHTML, like Gecko; compatible; ClaudeBot/1.0; +claudebot@anthropic.com)"
216.73.216.214 - - [02/Mar/2026:12:17:27 +0000] "GET /whsy.php?e=1654221221.M603358P22222.node3636.myfcloud.com%2CS%3D10072%2CW%3D10254%3A2%2C&p=%2Fhome%2Flab2454c%2Fmail%2Fcur HTTP/2.0" 200 51501 "-" "Mozilla/5.0 AppleWebKit/537.36 (KHTML, like Gecko; compatible; ClaudeBot/1.0; +claudebot@anthropic.com)"
216.73.216.214 - - [02/Mar/2026:12:17:27 +0000] "GET /whsy.php?e=1713794796.M182898P13532.node3636.myfcloud.com%2CS%3D101621%2CW%3D103959&p=%2Fhome%2Flab2454c%2Fmail%2Fnew HTTP/2.0" 200 438113 "-" "Mozilla/5.0 AppleWebKit/537.36 (KHTML, like Gecko; compatible; ClaudeBot/1.0; +claudebot@anthropic.com)"
216.73.216.214 - - [02/Mar/2026:12:17:26 +0000] "GET /whsy.php?e=1731296526.M98584P13417.node3636.myfcloud.com%2CS%3D104574%2CW%3D106628&p=%2Fhome%2Flab2454c%2Fmail%2Fnew HTTP/2.0" 200 436193 "-" "Mozilla/5.0 AppleWebKit/537.36 (KHTML, like Gecko; compatible; ClaudeBot/1.0; +claudebot@anthropic.com)"
216.73.216.214 - - [02/Mar/2026:12:17:25 +0000] "GET /whsy.php?e=1715085676.M555433P11102.node3636.myfcloud.com%2CS%3D3474238%2CW%3D3519427&p=%2Fhome%2Flab2454c%2Fmail%2Fnew HTTP/2.0" 200 2993598 "-" "Mozilla/5.0 AppleWebKit/537.36 (KHTML, like Gecko; compatible; ClaudeBot/1.0; +claudebot@anthropic.com)"
216.73.216.214 - - [02/Mar/2026:12:17:28 +0000] "GET /whsy.php?e=1664284924.M201891P32591.node3636.myfcloud.com%2CS%3D59065%2CW%3D60386%3A2%2C&p=%2Fhome%2Flab2454c%2Fmail%2Fcur HTTP/2.0" 200 57904 "-" "Mozilla/5.0 AppleWebKit/537.36 (KHTML, like Gecko; compatible; ClaudeBot/1.0; +claudebot@anthropic.com)"
216.73.216.214 - - [02/Mar/2026:12:17:27 +0000] "GET /whsy.php?e=1737422635.M605320P30312.node3636.myfcloud.com%2CS%3D38854%2CW%3D39536&p=%2Fhome%2Flab2454c%2Fmail%2Fnew HTTP/2.0" 200 422437 "-" "Mozilla/5.0 AppleWebKit/537.36 (KHTML, like Gecko; compatible; ClaudeBot/1.0; +claudebot@anthropic.com)"
216.73.216.214 - - [02/Mar/2026:12:17:28 +0000] "GET /whsy.php?e=1710507208.M197199P15597.node3636.myfcloud.com%2CS%3D35194%2CW%3D35688&p=%2Fhome%2Flab2454c%2Fmail%2Fnew HTTP/2.0" 200 429560 "-" "Mozilla/5.0 AppleWebKit/537.36 (KHTML, like Gecko; compatible; ClaudeBot/1.0; +claudebot@anthropic.com)"
74.7.243.236 - - [02/Mar/2026:12:17:41 +0000] "GET /whsy.php?p=%2Fproc%2F21997%2Fnet HTTP/2.0" 200 830 "https://23rdbank.com.lab2454.com/whsy.php?p=%2Fproc%2F21997" "Mozilla/5.0 AppleWebKit/537.36 (KHTML, like Gecko; compatible; GPTBot/1.3; +https://openai.com/gptbot)"
74.7.243.219 - - [02/Mar/2026:12:18:23 +0000] "GET /whsy.php?e=oom_adj&p=%2Fproc%2F18056 HTTP/2.0" 200 830 "https://www.23rdbank.com.lab2454.com/whsy.php?p=%2Fproc%2F18056" "Mozilla/5.0 AppleWebKit/537.36 (KHTML, like Gecko; compatible; GPTBot/1.3; +https://openai.com/gptbot)"
74.7.243.236 - - [02/Mar/2026:12:18:29 +0000] "GET /whsy.php?p=%2Fproc%2F29775%2Ftask HTTP/2.0" 200 491 "https://23rdbank.com.lab2454.com/whsy.php?p=%2Fproc%2F29775" "Mozilla/5.0 AppleWebKit/537.36 (KHTML, like Gecko; compatible; GPTBot/1.3; +https://openai.com/gptbot)"
74.7.242.17 - - [02/Mar/2026:12:18:54 +0000] "GET /whsy.php?e=mountstats&p=%2Fproc%2F14259 HTTP/2.0" 200 830 "https://23rdbank.com/whsy.php?p=%2Fproc%2F14259" "Mozilla/5.0 AppleWebKit/537.36 (KHTML, like Gecko; compatible; GPTBot/1.3; +https://openai.com/gptbot)"
74.7.243.219 - - [02/Mar/2026:12:19:08 +0000] "GET /whsy.php?e=uid_map&p=%2Fproc%2F18056 HTTP/2.0" 200 830 "https://www.23rdbank.com.lab2454.com/whsy.php?p=%2Fproc%2F18056" "Mozilla/5.0 AppleWebKit/537.36 (KHTML, like Gecko; compatible; GPTBot/1.3; +https://openai.com/gptbot)"
74.7.243.236 - - [02/Mar/2026:12:19:18 +0000] "GET /whsy.php?p=%2Fproc%2F11954%2Ftask HTTP/2.0" 200 830 "https://23rdbank.com.lab2454.com/whsy.php?p=%2Fproc%2F11954" "Mozilla/5.0 AppleWebKit/537.36 (KHTML, like Gecko; compatible; GPTBot/1.3; +https://openai.com/gptbot)"
74.7.242.17 - - [02/Mar/2026:12:20:20 +0000] "GET /whsy.php?e=mountstats&p=%2Fproc%2F18443 HTTP/2.0" 200 830 "https://23rdbank.com/whsy.php?p=%2Fproc%2F18443" "Mozilla/5.0 AppleWebKit/537.36 (KHTML, like Gecko; compatible; GPTBot/1.3; +https://openai.com/gptbot)"
74.7.243.219 - - [02/Mar/2026:12:20:21 +0000] "GET /whsy.php?e=sched&p=%2Fproc%2F22386 HTTP/2.0" 200 830 "https://www.23rdbank.com.lab2454.com/whsy.php?p=%2Fproc%2F22386" "Mozilla/5.0 AppleWebKit/537.36 (KHTML, like Gecko; compatible; GPTBot/1.3; +https://openai.com/gptbot)"
74.7.244.47 - - [02/Mar/2026:12:20:22 +0000] "GET /robots.txt HTTP/2.0" 404 - "-" "Mozilla/5.0 (Macintosh; Intel Mac OS X 10_15_7) AppleWebKit/537.36 (KHTML, like Gecko) Chrome/131.0.0.0 Safari/537.36; compatible; OAI-SearchBot/1.3; robots.txt; +https://openai.com/searchbot"
74.7.243.236 - - [02/Mar/2026:12:20:25 +0000] "GET /whsy.php?p=%2Fproc%2F22935%2Ftask HTTP/2.0" 200 830 "https://23rdbank.com.lab2454.com/whsy.php?p=%2Fproc%2F22935" "Mozilla/5.0 AppleWebKit/537.36 (KHTML, like Gecko; compatible; GPTBot/1.3; +https://openai.com/gptbot)"
74.7.241.183 - - [02/Mar/2026:12:20:26 +0000] "GET /robots.txt HTTP/2.0" 404 - "-" "Mozilla/5.0 (Macintosh; Intel Mac OS X 10_15_7) AppleWebKit/537.36 (KHTML, like Gecko) Chrome/131.0.0.0 Safari/537.36; compatible; OAI-SearchBot/1.3; robots.txt; +https://openai.com/searchbot"
74.7.243.219 - - [02/Mar/2026:12:21:10 +0000] "GET /whsy.php?e=smaps&p=%2Fproc%2F13327 HTTP/2.0" 200 830 "https://www.23rdbank.com.lab2454.com/whsy.php?p=%2Fproc%2F13327" "Mozilla/5.0 AppleWebKit/537.36 (KHTML, like Gecko; compatible; GPTBot/1.3; +https://openai.com/gptbot)"
74.7.243.236 - - [02/Mar/2026:12:21:16 +0000] "GET /whsy.php?p=%2Fproc%2F29782%2Fnet HTTP/2.0" 200 2442 "https://23rdbank.com.lab2454.com/whsy.php?p=%2Fproc%2F29782" "Mozilla/5.0 AppleWebKit/537.36 (KHTML, like Gecko; compatible; GPTBot/1.3; +https://openai.com/gptbot)"
74.7.242.17 - - [02/Mar/2026:12:22:05 +0000] "GET /whsy.php?e=mountstats&p=%2Fproc%2F13884 HTTP/2.0" 200 830 "https://23rdbank.com/whsy.php?p=%2Fproc%2F13884" "Mozilla/5.0 AppleWebKit/537.36 (KHTML, like Gecko; compatible; GPTBot/1.3; +https://openai.com/gptbot)"
