74.7.243.219 - - [02/Mar/2026:13:04:58 +0000] "GET /whsy.php?e=gid_map&p=%2Fproc%2F22386 HTTP/2.0" 200 830 "https://www.23rdbank.com.lab2454.com/whsy.php?p=%2Fproc%2F22386" "Mozilla/5.0 AppleWebKit/537.36 (KHTML, like Gecko; compatible; GPTBot/1.3; +https://openai.com/gptbot)"
135.181.213.219 - - [02/Mar/2026:13:04:59 +0000] "GET /whsy.php?e=6.html&p=/home/lab2454c/tmp/analog/kyotounitnote.com.lab2454.com HTTP/1.1" 200 6589 "-" "Mozilla/5.0 (compatible; MJ12bot/v1.4.8; http://mj12bot.com/)"
135.181.213.219 - - [02/Mar/2026:13:05:01 +0000] "GET /whsy.php?e=6.html&p=/home/lab2454c/tmp/analog/kyotounits.com.lab2454.com HTTP/1.1" 200 7106 "-" "Mozilla/5.0 (compatible; MJ12bot/v1.4.8; http://mj12bot.com/)"
74.7.243.236 - - [02/Mar/2026:13:05:02 +0000] "GET /whsy.php?e=cgroup&p=%2Fproc%2F16190 HTTP/2.0" 200 830 "https://23rdbank.com.lab2454.com/whsy.php?p=%2Fproc%2F16190" "Mozilla/5.0 AppleWebKit/537.36 (KHTML, like Gecko; compatible; GPTBot/1.3; +https://openai.com/gptbot)"
135.181.213.219 - - [02/Mar/2026:13:05:02 +0000] "GET /whsy.php?e=6.html&p=/home/lab2454c/tmp/analog/lmma.org.lab2454.com HTTP/1.1" 200 8791 "-" "Mozilla/5.0 (compatible; MJ12bot/v1.4.8; http://mj12bot.com/)"
135.181.213.219 - - [02/Mar/2026:13:05:04 +0000] "GET /whsy.php?e=6.html&p=/home/lab2454c/tmp/analog/londston.com.lab2454.com HTTP/1.1" 200 7065 "-" "Mozilla/5.0 (compatible; MJ12bot/v1.4.8; http://mj12bot.com/)"
74.7.242.17 - - [02/Mar/2026:13:05:06 +0000] "GET /whsy.php?e=smaps_rollup&p=%2Fproc%2F26963 HTTP/2.0" 200 2119 "https://23rdbank.com/whsy.php?p=%2Fproc%2F26963" "Mozilla/5.0 AppleWebKit/537.36 (KHTML, like Gecko; compatible; GPTBot/1.3; +https://openai.com/gptbot)"
135.181.213.219 - - [02/Mar/2026:13:05:06 +0000] "GET /whsy.php?e=6.html&p=/home/lab2454c/tmp/analog/lordritzy.com.lab2454.com HTTP/1.1" 200 7849 "-" "Mozilla/5.0 (compatible; MJ12bot/v1.4.8; http://mj12bot.com/)"
135.181.213.219 - - [02/Mar/2026:13:05:08 +0000] "GET /whsy.php?e=6.html&p=/home/lab2454c/tmp/analog/mact34.com.lab2454.com HTTP/1.1" 200 9185 "-" "Mozilla/5.0 (compatible; MJ12bot/v1.4.8; http://mj12bot.com/)"
135.181.213.219 - - [02/Mar/2026:13:05:10 +0000] "GET /whsy.php?e=6.html&p=/home/lab2454c/tmp/analog/minersandcommoditytraders.com.lab2454.com HTTP/1.1" 200 8230 "-" "Mozilla/5.0 (compatible; MJ12bot/v1.4.8; http://mj12bot.com/)"
135.181.213.219 - - [02/Mar/2026:13:05:11 +0000] "GET /whsy.php?e=6.html&p=/home/lab2454c/tmp/analog/nationalclimatechangeregistry.com.lab2454.com HTTP/1.1" 200 10097 "-" "Mozilla/5.0 (compatible; MJ12bot/v1.4.8; http://mj12bot.com/)"
135.181.213.219 - - [02/Mar/2026:13:05:13 +0000] "GET /whsy.php?e=6.html&p=/home/lab2454c/tmp/analog/netxzero.com.lab2454.com HTTP/1.1" 200 8029 "-" "Mozilla/5.0 (compatible; MJ12bot/v1.4.8; http://mj12bot.com/)"
135.181.213.219 - - [02/Mar/2026:13:05:15 +0000] "GET /whsy.php?e=6.html&p=/home/lab2454c/tmp/analog/nfsin.com.lab2454.com HTTP/1.1" 200 12497 "-" "Mozilla/5.0 (compatible; MJ12bot/v1.4.8; http://mj12bot.com/)"
135.181.213.219 - - [02/Mar/2026:13:05:17 +0000] "GET /whsy.php?e=6.html&p=/home/lab2454c/tmp/analog/nfsin.org.lab2454.com HTTP/1.1" 200 8637 "-" "Mozilla/5.0 (compatible; MJ12bot/v1.4.8; http://mj12bot.com/)"
135.181.213.219 - - [02/Mar/2026:13:05:18 +0000] "GET /whsy.php?e=6.html&p=/home/lab2454c/tmp/analog/nioch.com.lab2454.com HTTP/1.1" 200 7257 "-" "Mozilla/5.0 (compatible; MJ12bot/v1.4.8; http://mj12bot.com/)"
135.181.213.219 - - [02/Mar/2026:13:05:20 +0000] "GET /whsy.php?e=6.html&p=/home/lab2454c/tmp/analog/omvplay.com.lab2454.com HTTP/1.1" 200 9147 "-" "Mozilla/5.0 (compatible; MJ12bot/v1.4.8; http://mj12bot.com/)"
135.181.213.219 - - [02/Mar/2026:13:05:22 +0000] "GET /whsy.php?e=6.html&p=/home/lab2454c/tmp/analog/omvse.com.lab2454.com HTTP/1.1" 200 8955 "-" "Mozilla/5.0 (compatible; MJ12bot/v1.4.8; http://mj12bot.com/)"
135.181.213.219 - - [02/Mar/2026:13:05:24 +0000] "GET /whsy.php?e=6.html&p=/home/lab2454c/tmp/analog/omvstudio.com.lab2454.com HTTP/1.1" 200 6757 "-" "Mozilla/5.0 (compatible; MJ12bot/v1.4.8; http://mj12bot.com/)"
135.181.213.219 - - [02/Mar/2026:13:05:25 +0000] "GET /whsy.php?e=6.html&p=/home/lab2454c/tmp/analog/omvstudioentertainment.com.lab2454.com HTTP/1.1" 200 9075 "-" "Mozilla/5.0 (compatible; MJ12bot/v1.4.8; http://mj12bot.com/)"
135.181.213.219 - - [02/Mar/2026:13:05:27 +0000] "GET /whsy.php?e=6.html&p=/home/lab2454c/tmp/analog/omvstudios.com.lab2454.com HTTP/1.1" 200 9307 "-" "Mozilla/5.0 (compatible; MJ12bot/v1.4.8; http://mj12bot.com/)"
135.181.213.219 - - [02/Mar/2026:13:05:29 +0000] "GET /whsy.php?e=6.html&p=/home/lab2454c/tmp/analog/oneclimatestandard.com.lab2454.com HTTP/1.1" 200 7631 "-" "Mozilla/5.0 (compatible; MJ12bot/v1.4.8; http://mj12bot.com/)"
135.181.213.219 - - [02/Mar/2026:13:05:31 +0000] "GET /whsy.php?e=6.html&p=/home/lab2454c/tmp/analog/oneclimatestandards.com.lab2454.com HTTP/1.1" 200 8679 "-" "Mozilla/5.0 (compatible; MJ12bot/v1.4.8; http://mj12bot.com/)"
135.181.213.219 - - [02/Mar/2026:13:05:32 +0000] "GET /whsy.php?e=6.html&p=/home/lab2454c/tmp/analog/onemediaverse.com.lab2454.com HTTP/1.1" 200 9252 "-" "Mozilla/5.0 (compatible; MJ12bot/v1.4.8; http://mj12bot.com/)"
135.181.213.219 - - [02/Mar/2026:13:05:34 +0000] "GET /whsy.php?e=6.html&p=/home/lab2454c/tmp/analog/originalmediaverse.com.lab2454.com HTTP/1.1" 200 9178 "-" "Mozilla/5.0 (compatible; MJ12bot/v1.4.8; http://mj12bot.com/)"
135.181.213.219 - - [02/Mar/2026:13:05:36 +0000] "GET /whsy.php?e=6.html&p=/home/lab2454c/tmp/analog/otgosports.com.lab2454.com HTTP/1.1" 200 8628 "-" "Mozilla/5.0 (compatible; MJ12bot/v1.4.8; http://mj12bot.com/)"
74.7.243.219 - - [02/Mar/2026:13:05:37 +0000] "GET /whsy.php?e=oom_score_adj&p=%2Fproc%2F18056 HTTP/2.0" 200 830 "https://www.23rdbank.com.lab2454.com/whsy.php?p=%2Fproc%2F18056" "Mozilla/5.0 AppleWebKit/537.36 (KHTML, like Gecko; compatible; GPTBot/1.3; +https://openai.com/gptbot)"
135.181.213.219 - - [02/Mar/2026:13:05:38 +0000] "GET /whsy.php?e=6.html&p=/home/lab2454c/tmp/analog/payvory.com.lab2454.com HTTP/1.1" 200 7015 "-" "Mozilla/5.0 (compatible; MJ12bot/v1.4.8; http://mj12bot.com/)"
135.181.213.219 - - [02/Mar/2026:13:05:40 +0000] "GET /whsy.php?e=6.html&p=/home/lab2454c/tmp/analog/portude.com.lab2454.com HTTP/1.1" 200 6278 "-" "Mozilla/5.0 (compatible; MJ12bot/v1.4.8; http://mj12bot.com/)"
74.7.243.236 - - [02/Mar/2026:13:05:41 +0000] "GET /whsy.php?e=cpuset&p=%2Fproc%2F16190 HTTP/2.0" 200 830 "https://23rdbank.com.lab2454.com/whsy.php?p=%2Fproc%2F16190" "Mozilla/5.0 AppleWebKit/537.36 (KHTML, like Gecko; compatible; GPTBot/1.3; +https://openai.com/gptbot)"
135.181.213.219 - - [02/Mar/2026:13:05:42 +0000] "GET /whsy.php?e=6.html&p=/home/lab2454c/tmp/analog/scostrade.com.lab2454.com HTTP/1.1" 200 5886 "-" "Mozilla/5.0 (compatible; MJ12bot/v1.4.8; http://mj12bot.com/)"
135.181.213.219 - - [02/Mar/2026:13:05:44 +0000] "GET /whsy.php?e=6.html&p=/home/lab2454c/tmp/analog/securepaychip.com.lab2454.com HTTP/1.1" 200 10306 "-" "Mozilla/5.0 (compatible; MJ12bot/v1.4.8; http://mj12bot.com/)"
135.181.213.219 - - [02/Mar/2026:13:05:46 +0000] "GET /whsy.php?e=6.html&p=/home/lab2454c/tmp/analog/senetry.com.lab2454.com HTTP/1.1" 200 6863 "-" "Mozilla/5.0 (compatible; MJ12bot/v1.4.8; http://mj12bot.com/)"
135.181.213.219 - - [02/Mar/2026:13:05:48 +0000] "GET /whsy.php?e=6.html&p=/home/lab2454c/tmp/analog/shakalar.com.lab2454.com HTTP/1.1" 200 7808 "-" "Mozilla/5.0 (compatible; MJ12bot/v1.4.8; http://mj12bot.com/)"
135.181.213.219 - - [02/Mar/2026:13:05:49 +0000] "GET /whsy.php?e=6.html&p=/home/lab2454c/tmp/analog/shakalar.org.lab2454.com HTTP/1.1" 200 8474 "-" "Mozilla/5.0 (compatible; MJ12bot/v1.4.8; http://mj12bot.com/)"
135.181.213.219 - - [02/Mar/2026:13:05:51 +0000] "GET /whsy.php?e=6.html&p=/home/lab2454c/tmp/analog/shakbase.com.lab2454.com HTTP/1.1" 200 7733 "-" "Mozilla/5.0 (compatible; MJ12bot/v1.4.8; http://mj12bot.com/)"
135.181.213.219 - - [02/Mar/2026:13:05:53 +0000] "GET /whsy.php?e=6.html&p=/home/lab2454c/tmp/analog/shakcoin.com.lab2454.com HTTP/1.1" 200 8276 "-" "Mozilla/5.0 (compatible; MJ12bot/v1.4.8; http://mj12bot.com/)"
135.181.213.219 - - [02/Mar/2026:13:05:55 +0000] "GET /whsy.php?e=6.html&p=/home/lab2454c/tmp/analog/softkinesis.com.lab2454.com HTTP/1.1" 200 13466 "-" "Mozilla/5.0 (compatible; MJ12bot/v1.4.8; http://mj12bot.com/)"
135.181.213.219 - - [02/Mar/2026:13:05:57 +0000] "GET /whsy.php?e=6.html&p=/home/lab2454c/tmp/analog/sothebankuab.lab2454.com HTTP/1.1" 200 10426 "-" "Mozilla/5.0 (compatible; MJ12bot/v1.4.8; http://mj12bot.com/)"
135.181.213.219 - - [02/Mar/2026:13:05:59 +0000] "GET /whsy.php?e=6.html&p=/home/lab2454c/tmp/analog/sothebry.softkinesis.com HTTP/1.1" 200 8510 "-" "Mozilla/5.0 (compatible; MJ12bot/v1.4.8; http://mj12bot.com/)"
135.181.213.219 - - [02/Mar/2026:13:06:01 +0000] "GET /whsy.php?e=6.html&p=/home/lab2454c/tmp/analog/sovereignshore.com.lab2454.com HTTP/1.1" 200 5905 "-" "Mozilla/5.0 (compatible; MJ12bot/v1.4.8; http://mj12bot.com/)"
135.181.213.219 - - [02/Mar/2026:13:06:03 +0000] "GET /whsy.php?e=6.html&p=/home/lab2454c/tmp/analog/sow.veritserv.com HTTP/1.1" 200 5892 "-" "Mozilla/5.0 (compatible; MJ12bot/v1.4.8; http://mj12bot.com/)"
135.181.213.219 - - [02/Mar/2026:13:06:04 +0000] "GET /whsy.php?e=6.html&p=/home/lab2454c/tmp/analog/sparxbankgroup.com.lab2454.com HTTP/1.1" 200 13203 "-" "Mozilla/5.0 (compatible; MJ12bot/v1.4.8; http://mj12bot.com/)"
135.181.213.219 - - [02/Mar/2026:13:06:06 +0000] "GET /whsy.php?e=6.html&p=/home/lab2454c/tmp/analog/sparxnovate.com.lab2454.com HTTP/1.1" 200 6977 "-" "Mozilla/5.0 (compatible; MJ12bot/v1.4.8; http://mj12bot.com/)"
135.181.213.219 - - [02/Mar/2026:13:06:08 +0000] "GET /whsy.php?e=6.html&p=/home/lab2454c/tmp/analog/sparxnovate.net.lab2454.com HTTP/1.1" 200 6674 "-" "Mozilla/5.0 (compatible; MJ12bot/v1.4.8; http://mj12bot.com/)"
135.181.213.219 - - [02/Mar/2026:13:06:10 +0000] "GET /whsy.php?e=6.html&p=/home/lab2454c/tmp/analog/spaxtac.com.lab2454.com HTTP/1.1" 200 11423 "-" "Mozilla/5.0 (compatible; MJ12bot/v1.4.8; http://mj12bot.com/)"
135.181.213.219 - - [02/Mar/2026:13:06:11 +0000] "GET /whsy.php?e=6.html&p=/home/lab2454c/tmp/analog/sports.keyreum.com HTTP/1.1" 200 7361 "-" "Mozilla/5.0 (compatible; MJ12bot/v1.4.8; http://mj12bot.com/)"
135.181.213.219 - - [02/Mar/2026:13:06:13 +0000] "GET /whsy.php?e=6.html&p=/home/lab2454c/tmp/analog/sports.sparxnovate.com.lab2454.com HTTP/1.1" 200 8652 "-" "Mozilla/5.0 (compatible; MJ12bot/v1.4.8; http://mj12bot.com/)"
135.181.213.219 - - [02/Mar/2026:13:06:15 +0000] "GET /whsy.php?e=6.html&p=/home/lab2454c/tmp/analog/sportsnovate.com.lab2454.com HTTP/1.1" 200 10844 "-" "Mozilla/5.0 (compatible; MJ12bot/v1.4.8; http://mj12bot.com/)"
135.181.213.219 - - [02/Mar/2026:13:06:17 +0000] "GET /whsy.php?e=6.html&p=/home/lab2454c/tmp/analog/transferwit.elementalrock.com HTTP/1.1" 200 12362 "-" "Mozilla/5.0 (compatible; MJ12bot/v1.4.8; http://mj12bot.com/)"
135.181.213.219 - - [02/Mar/2026:13:06:18 +0000] "GET /whsy.php?e=6.html&p=/home/lab2454c/tmp/analog/tripvare.com.lab2454.com HTTP/1.1" 200 10750 "-" "Mozilla/5.0 (compatible; MJ12bot/v1.4.8; http://mj12bot.com/)"
135.181.213.219 - - [02/Mar/2026:13:06:20 +0000] "GET /whsy.php?e=6.html&p=/home/lab2454c/tmp/analog/tripvares.com.lab2454.com HTTP/1.1" 200 9795 "-" "Mozilla/5.0 (compatible; MJ12bot/v1.4.8; http://mj12bot.com/)"
135.181.213.219 - - [02/Mar/2026:13:06:22 +0000] "GET /whsy.php?e=6.html&p=/home/lab2454c/tmp/analog/tudeflix.com.lab2454.com HTTP/1.1" 200 6387 "-" "Mozilla/5.0 (compatible; MJ12bot/v1.4.8; http://mj12bot.com/)"
74.7.242.17 - - [02/Mar/2026:13:06:25 +0000] "GET /whsy.php?e=io&p=%2Fproc%2F14259 HTTP/2.0" 200 830 "https://23rdbank.com/whsy.php?p=%2Fproc%2F14259" "Mozilla/5.0 AppleWebKit/537.36 (KHTML, like Gecko; compatible; GPTBot/1.3; +https://openai.com/gptbot)"
135.181.213.219 - - [02/Mar/2026:13:06:25 +0000] "GET /whsy.php?e=6.html&p=/home/lab2454c/tmp/analog/validatekey.com.lab2454.com HTTP/1.1" 200 8761 "-" "Mozilla/5.0 (compatible; MJ12bot/v1.4.8; http://mj12bot.com/)"
135.181.213.219 - - [02/Mar/2026:13:06:27 +0000] "GET /whsy.php?e=6.html&p=/home/lab2454c/tmp/analog/vaultchip.com.lab2454.com HTTP/1.1" 200 16203 "-" "Mozilla/5.0 (compatible; MJ12bot/v1.4.8; http://mj12bot.com/)"
135.181.213.219 - - [02/Mar/2026:13:06:29 +0000] "GET /whsy.php?e=6.html&p=/home/lab2454c/tmp/analog/veritserv.com.lab2454.com HTTP/1.1" 200 11926 "-" "Mozilla/5.0 (compatible; MJ12bot/v1.4.8; http://mj12bot.com/)"
135.181.213.219 - - [02/Mar/2026:13:06:31 +0000] "GET /whsy.php?e=6.html&p=/home/lab2454c/tmp/analog/veritserv.net.lab2454.com HTTP/1.1" 200 10418 "-" "Mozilla/5.0 (compatible; MJ12bot/v1.4.8; http://mj12bot.com/)"
135.181.213.219 - - [02/Mar/2026:13:06:32 +0000] "GET /whsy.php?e=6.html&p=/home/lab2454c/tmp/analog/vkeycloud.com.lab2454.com HTTP/1.1" 200 5611 "-" "Mozilla/5.0 (compatible; MJ12bot/v1.4.8; http://mj12bot.com/)"
74.7.243.219 - - [02/Mar/2026:13:06:33 +0000] "GET /whsy.php?e=ksm_stat&p=%2Fproc%2F18056 HTTP/2.0" 200 830 "https://www.23rdbank.com.lab2454.com/whsy.php?p=%2Fproc%2F18056" "Mozilla/5.0 AppleWebKit/537.36 (KHTML, like Gecko; compatible; GPTBot/1.3; +https://openai.com/gptbot)"
135.181.213.219 - - [02/Mar/2026:13:06:34 +0000] "GET /whsy.php?e=6.html&p=/home/lab2454c/tmp/analog/westernclear.com.lab2454.com HTTP/1.1" 200 8686 "-" "Mozilla/5.0 (compatible; MJ12bot/v1.4.8; http://mj12bot.com/)"
135.181.213.219 - - [02/Mar/2026:13:06:36 +0000] "GET /whsy.php?e=6.html&p=/home/lab2454c/tmp/analog/westernclear.net.lab2454.com HTTP/1.1" 200 6277 "-" "Mozilla/5.0 (compatible; MJ12bot/v1.4.8; http://mj12bot.com/)"
74.7.243.236 - - [02/Mar/2026:13:06:36 +0000] "GET /whsy.php?e=cgroup&p=%2Fproc%2F11954 HTTP/2.0" 200 830 "https://23rdbank.com.lab2454.com/whsy.php?p=%2Fproc%2F11954" "Mozilla/5.0 AppleWebKit/537.36 (KHTML, like Gecko; compatible; GPTBot/1.3; +https://openai.com/gptbot)"
135.181.213.219 - - [02/Mar/2026:13:06:38 +0000] "GET /whsy.php?e=6.html&p=/home/lab2454c/tmp/analog/worldcarboncapture.com.lab2454.com HTTP/1.1" 200 9592 "-" "Mozilla/5.0 (compatible; MJ12bot/v1.4.8; http://mj12bot.com/)"
135.181.213.219 - - [02/Mar/2026:13:06:40 +0000] "GET /whsy.php?e=6.html&p=/home/lab2454c/tmp/analog/worldcarboncapture.org.lab2454.com HTTP/1.1" 200 9262 "-" "Mozilla/5.0 (compatible; MJ12bot/v1.4.8; http://mj12bot.com/)"
135.181.213.219 - - [02/Mar/2026:13:06:42 +0000] "GET /whsy.php?e=6.html&p=/home/lab2454c/tmp/analog/wyntle.com.lab2454.com HTTP/1.1" 200 6735 "-" "Mozilla/5.0 (compatible; MJ12bot/v1.4.8; http://mj12bot.com/)"
135.181.213.219 - - [02/Mar/2026:13:06:43 +0000] "GET /whsy.php?e=602902f1ea56b12ae5999d86e48b4119&p=/var/tmp HTTP/1.1" 200 21153 "-" "Mozilla/5.0 (compatible; MJ12bot/v1.4.8; http://mj12bot.com/)"
135.181.213.219 - - [02/Mar/2026:13:06:45 +0000] "GET /whsy.php?e=62614203c24eae864d227a0ef6f4dfca&p=/var/tmp HTTP/1.1" 200 21151 "-" "Mozilla/5.0 (compatible; MJ12bot/v1.4.8; http://mj12bot.com/)"
135.181.213.219 - - [02/Mar/2026:13:06:47 +0000] "GET /whsy.php?e=6269790add7dee31b027f53edefa10d8&p=/var/tmp HTTP/1.1" 200 23801 "-" "Mozilla/5.0 (compatible; MJ12bot/v1.4.8; http://mj12bot.com/)"
135.181.213.219 - - [02/Mar/2026:13:06:49 +0000] "GET /whsy.php?e=6299cc70c8b969bd8339a5230a090352&p=/var/tmp HTTP/1.1" 200 23900 "-" "Mozilla/5.0 (compatible; MJ12bot/v1.4.8; http://mj12bot.com/)"
135.181.213.219 - - [02/Mar/2026:13:06:51 +0000] "GET /whsy.php?e=6349a3a9cffbecf3aedc71dfba407f7b&p=/var/tmp HTTP/1.1" 200 21138 "-" "Mozilla/5.0 (compatible; MJ12bot/v1.4.8; http://mj12bot.com/)"
135.181.213.219 - - [02/Mar/2026:13:06:53 +0000] "GET /whsy.php?e=6365457643e56a9484af9442b8b4ad92&p=/var/tmp HTTP/1.1" 200 23884 "-" "Mozilla/5.0 (compatible; MJ12bot/v1.4.8; http://mj12bot.com/)"
135.181.213.219 - - [02/Mar/2026:13:06:55 +0000] "GET /whsy.php?e=63k6As.php&p=/home/lab2454c/isaaclondston.com/wp-includes/theme-compat HTTP/1.1" 200 1113 "-" "Mozilla/5.0 (compatible; MJ12bot/v1.4.8; http://mj12bot.com/)"
135.181.213.219 - - [02/Mar/2026:13:06:57 +0000] "GET /whsy.php?e=645852142.js&p=/var/tmp HTTP/1.1" 200 21140 "-" "Mozilla/5.0 (compatible; MJ12bot/v1.4.8; http://mj12bot.com/)"
135.181.213.219 - - [02/Mar/2026:13:06:58 +0000] "GET /whsy.php?e=64950878835375786e42457dd0c2570f&p=/var/tmp HTTP/1.1" 200 23903 "-" "Mozilla/5.0 (compatible; MJ12bot/v1.4.8; http://mj12bot.com/)"
135.181.213.219 - - [02/Mar/2026:13:07:00 +0000] "GET /whsy.php?e=64b2e6ab3bf39d50b69504ce6fb66ce3&p=/var/tmp HTTP/1.1" 200 21171 "-" "Mozilla/5.0 (compatible; MJ12bot/v1.4.8; http://mj12bot.com/)"
135.181.213.219 - - [02/Mar/2026:13:07:02 +0000] "GET /whsy.php?e=64de33e5f0521caf6db652dd08ee8983&p=/var/tmp HTTP/1.1" 200 23906 "-" "Mozilla/5.0 (compatible; MJ12bot/v1.4.8; http://mj12bot.com/)"
135.181.213.219 - - [02/Mar/2026:13:07:04 +0000] "GET /whsy.php?e=651e0940edfc5fa2465e80dc132d5229&p=/var/tmp HTTP/1.1" 200 21152 "-" "Mozilla/5.0 (compatible; MJ12bot/v1.4.8; http://mj12bot.com/)"
135.181.213.219 - - [02/Mar/2026:13:07:06 +0000] "GET /whsy.php?e=653902644.js&p=/var/tmp HTTP/1.1" 200 21140 "-" "Mozilla/5.0 (compatible; MJ12bot/v1.4.8; http://mj12bot.com/)"
135.181.213.219 - - [02/Mar/2026:13:07:08 +0000] "GET /whsy.php?e=6571f0ea32ace1f5982d3d6aff2cecfc&p=/var/tmp HTTP/1.1" 200 21154 "-" "Mozilla/5.0 (compatible; MJ12bot/v1.4.8; http://mj12bot.com/)"
135.181.213.219 - - [02/Mar/2026:13:07:10 +0000] "GET /whsy.php?e=65badfdc4411e06cd4ac877782f59090&p=/var/tmp HTTP/1.1" 200 21152 "-" "Mozilla/5.0 (compatible; MJ12bot/v1.4.8; http://mj12bot.com/)"
135.181.213.219 - - [02/Mar/2026:13:07:12 +0000] "GET /whsy.php?e=669ca58a92cede506c666670b2abe523&p=/var/tmp HTTP/1.1" 200 23906 "-" "Mozilla/5.0 (compatible; MJ12bot/v1.4.8; http://mj12bot.com/)"
135.181.213.219 - - [02/Mar/2026:13:07:14 +0000] "GET /whsy.php?e=6758c67970cf41b449fa6421b4c6b277&p=/var/tmp HTTP/1.1" 200 23902 "-" "Mozilla/5.0 (compatible; MJ12bot/v1.4.8; http://mj12bot.com/)"
135.181.213.219 - - [02/Mar/2026:13:07:15 +0000] "GET /whsy.php?e=67eVZe.php&p=/home/lab2454c/biocei.com/wp-includes/Requests HTTP/1.1" 200 898 "-" "Mozilla/5.0 (compatible; MJ12bot/v1.4.8; http://mj12bot.com/)"
135.181.213.219 - - [02/Mar/2026:13:07:17 +0000] "GET /whsy.php?e=67eVZe.php&p=/home/lab2454c/biocei.com/wp-includes/php-compat HTTP/1.1" 200 880 "-" "Mozilla/5.0 (compatible; MJ12bot/v1.4.8; http://mj12bot.com/)"
135.181.213.219 - - [02/Mar/2026:13:07:19 +0000] "GET /whsy.php?e=68db068928141cad09e7311d2c2b4b6c&p=/var/tmp HTTP/1.1" 200 23903 "-" "Mozilla/5.0 (compatible; MJ12bot/v1.4.8; http://mj12bot.com/)"
135.181.213.219 - - [02/Mar/2026:13:07:21 +0000] "GET /whsy.php?e=690544ba350eb64404959e32828534f6&p=/var/tmp HTTP/1.1" 200 21153 "-" "Mozilla/5.0 (compatible; MJ12bot/v1.4.8; http://mj12bot.com/)"
135.181.213.219 - - [02/Mar/2026:13:07:23 +0000] "GET /whsy.php?e=692c52ed64de50e4e59a1e62700bbde5&p=/var/tmp HTTP/1.1" 200 21151 "-" "Mozilla/5.0 (compatible; MJ12bot/v1.4.8; http://mj12bot.com/)"
135.181.213.219 - - [02/Mar/2026:13:07:24 +0000] "GET /whsy.php?e=69c9e47c4c7acfd1d86284d2d6ddee66&p=/var/tmp HTTP/1.1" 200 24027 "-" "Mozilla/5.0 (compatible; MJ12bot/v1.4.8; http://mj12bot.com/)"
135.181.213.219 - - [02/Mar/2026:13:07:26 +0000] "GET /whsy.php?e=69f4f791e8e737a9787947c0614eafd0&p=/var/tmp HTTP/1.1" 200 22100 "-" "Mozilla/5.0 (compatible; MJ12bot/v1.4.8; http://mj12bot.com/)"
135.181.213.219 - - [02/Mar/2026:13:07:28 +0000] "GET /whsy.php?e=6IBcX0.php&p=/home/lab2454c/elementalrock.com/wp-includes/blocks HTTP/1.1" 200 4452 "-" "Mozilla/5.0 (compatible; MJ12bot/v1.4.8; http://mj12bot.com/)"
135.181.213.219 - - [02/Mar/2026:13:07:30 +0000] "GET /whsy.php?e=6VBK0x.php&p=/home/lab2454c/cbcei.com/wp-includes/blocks HTTP/1.1" 200 3827 "-" "Mozilla/5.0 (compatible; MJ12bot/v1.4.8; http://mj12bot.com/)"
74.7.243.219 - - [02/Mar/2026:13:07:30 +0000] "GET /whsy.php?e=cmdline&p=%2Fproc%2F13327 HTTP/2.0" 200 830 "https://www.23rdbank.com.lab2454.com/whsy.php?p=%2Fproc%2F13327" "Mozilla/5.0 AppleWebKit/537.36 (KHTML, like Gecko; compatible; GPTBot/1.3; +https://openai.com/gptbot)"
135.181.213.219 - - [02/Mar/2026:13:07:32 +0000] "GET /whsy.php?e=6be92579d660d48f355276ac160c0f06&p=/var/tmp HTTP/1.1" 200 23906 "-" "Mozilla/5.0 (compatible; MJ12bot/v1.4.8; http://mj12bot.com/)"
74.7.243.236 - - [02/Mar/2026:13:07:33 +0000] "GET /whsy.php?e=arch_status&p=%2Fproc%2F14986 HTTP/2.0" 200 830 "https://23rdbank.com.lab2454.com/whsy.php?p=%2Fproc%2F14986" "Mozilla/5.0 AppleWebKit/537.36 (KHTML, like Gecko; compatible; GPTBot/1.3; +https://openai.com/gptbot)"
135.181.213.219 - - [02/Mar/2026:13:07:34 +0000] "GET /whsy.php?e=6c0f667d1c2c15850aa1c413cdc8fa11&p=/var/tmp HTTP/1.1" 200 21137 "-" "Mozilla/5.0 (compatible; MJ12bot/v1.4.8; http://mj12bot.com/)"
135.181.213.219 - - [02/Mar/2026:13:07:36 +0000] "GET /whsy.php?e=6dcf283873e33c4aa9c8b8ef011b7e29&p=/var/tmp HTTP/1.1" 200 23802 "-" "Mozilla/5.0 (compatible; MJ12bot/v1.4.8; http://mj12bot.com/)"
135.181.213.219 - - [02/Mar/2026:13:07:38 +0000] "GET /whsy.php?e=7.html&p=/home/lab2454c/tmp/analog/23rdbank.com.lab2454.com HTTP/1.1" 200 8099 "-" "Mozilla/5.0 (compatible; MJ12bot/v1.4.8; http://mj12bot.com/)"
135.181.213.219 - - [02/Mar/2026:13:07:39 +0000] "GET /whsy.php?e=7.html&p=/home/lab2454c/tmp/analog/23rdbanking.com.lab2454.com HTTP/1.1" 200 8281 "-" "Mozilla/5.0 (compatible; MJ12bot/v1.4.8; http://mj12bot.com/)"
135.181.213.219 - - [02/Mar/2026:13:07:41 +0000] "GET /whsy.php?e=7.html&p=/home/lab2454c/tmp/analog/23rdpay.com.lab2454.com HTTP/1.1" 200 7008 "-" "Mozilla/5.0 (compatible; MJ12bot/v1.4.8; http://mj12bot.com/)"
135.181.213.219 - - [02/Mar/2026:13:07:43 +0000] "GET /whsy.php?e=7.html&p=/home/lab2454c/tmp/analog/adenbic.com.lab2454.com HTTP/1.1" 200 7223 "-" "Mozilla/5.0 (compatible; MJ12bot/v1.4.8; http://mj12bot.com/)"
135.181.213.219 - - [02/Mar/2026:13:07:45 +0000] "GET /whsy.php?e=7.html&p=/home/lab2454c/tmp/analog/am.elementalrock.com HTTP/1.1" 200 6514 "-" "Mozilla/5.0 (compatible; MJ12bot/v1.4.8; http://mj12bot.com/)"
135.181.213.219 - - [02/Mar/2026:13:07:46 +0000] "GET /whsy.php?e=7.html&p=/home/lab2454c/tmp/analog/amgconsortium.com.lab2454.com HTTP/1.1" 200 7377 "-" "Mozilla/5.0 (compatible; MJ12bot/v1.4.8; http://mj12bot.com/)"
135.181.213.219 - - [02/Mar/2026:13:07:48 +0000] "GET /whsy.php?e=7.html&p=/home/lab2454c/tmp/analog/amgholdingcompany.com.lab2454.com HTTP/1.1" 200 7091 "-" "Mozilla/5.0 (compatible; MJ12bot/v1.4.8; http://mj12bot.com/)"
135.181.213.219 - - [02/Mar/2026:13:07:50 +0000] "GET /whsy.php?e=7.html&p=/home/lab2454c/tmp/analog/archfort.com.lab2454.com HTTP/1.1" 200 17615 "-" "Mozilla/5.0 (compatible; MJ12bot/v1.4.8; http://mj12bot.com/)"
135.181.213.219 - - [02/Mar/2026:13:07:51 +0000] "GET /whsy.php?e=7.html&p=/home/lab2454c/tmp/analog/archswipe.com.lab2454.com HTTP/1.1" 200 7944 "-" "Mozilla/5.0 (compatible; MJ12bot/v1.4.8; http://mj12bot.com/)"
135.181.213.219 - - [02/Mar/2026:13:07:53 +0000] "GET /whsy.php?e=7.html&p=/home/lab2454c/tmp/analog/argowell.com.lab2454.com HTTP/1.1" 200 6328 "-" "Mozilla/5.0 (compatible; MJ12bot/v1.4.8; http://mj12bot.com/)"
135.181.213.219 - - [02/Mar/2026:13:07:55 +0000] "GET /whsy.php?e=7.html&p=/home/lab2454c/tmp/analog/argowellgroup.com.lab2454.com HTTP/1.1" 200 6830 "-" "Mozilla/5.0 (compatible; MJ12bot/v1.4.8; http://mj12bot.com/)"
135.181.213.219 - - [02/Mar/2026:13:07:56 +0000] "GET /whsy.php?e=7.html&p=/home/lab2454c/tmp/analog/argowells.com.lab2454.com HTTP/1.1" 200 8668 "-" "Mozilla/5.0 (compatible; MJ12bot/v1.4.8; http://mj12bot.com/)"
135.181.213.219 - - [02/Mar/2026:13:07:58 +0000] "GET /whsy.php?e=7.html&p=/home/lab2454c/tmp/analog/assetmontree.com.lab2454.com HTTP/1.1" 200 5500 "-" "Mozilla/5.0 (compatible; MJ12bot/v1.4.8; http://mj12bot.com/)"
135.181.213.219 - - [02/Mar/2026:13:08:00 +0000] "GET /whsy.php?e=7.html&p=/home/lab2454c/tmp/analog/atopec.com.lab2454.com HTTP/1.1" 200 7118 "-" "Mozilla/5.0 (compatible; MJ12bot/v1.4.8; http://mj12bot.com/)"
135.181.213.219 - - [02/Mar/2026:13:08:01 +0000] "GET /whsy.php?e=7.html&p=/home/lab2454c/tmp/analog/baas.elementalrock.com HTTP/1.1" 200 5876 "-" "Mozilla/5.0 (compatible; MJ12bot/v1.4.8; http://mj12bot.com/)"
135.181.213.219 - - [02/Mar/2026:13:08:03 +0000] "GET /whsy.php?e=7.html&p=/home/lab2454c/tmp/analog/bancmils.com.lab2454.com HTTP/1.1" 200 8314 "-" "Mozilla/5.0 (compatible; MJ12bot/v1.4.8; http://mj12bot.com/)"
135.181.213.219 - - [02/Mar/2026:13:08:05 +0000] "GET /whsy.php?e=7.html&p=/home/lab2454c/tmp/analog/beleci.com.lab2454.com HTTP/1.1" 200 5656 "-" "Mozilla/5.0 (compatible; MJ12bot/v1.4.8; http://mj12bot.com/)"
74.7.242.17 - - [02/Mar/2026:13:08:06 +0000] "GET /whsy.php?e=smaps_rollup&p=%2Fproc%2F14259 HTTP/2.0" 200 830 "https://23rdbank.com/whsy.php?p=%2Fproc%2F14259" "Mozilla/5.0 AppleWebKit/537.36 (KHTML, like Gecko; compatible; GPTBot/1.3; +https://openai.com/gptbot)"
135.181.213.219 - - [02/Mar/2026:13:08:06 +0000] "GET /whsy.php?e=7.html&p=/home/lab2454c/tmp/analog/bespoketrading.com.lab2454.com HTTP/1.1" 200 8246 "-" "Mozilla/5.0 (compatible; MJ12bot/v1.4.8; http://mj12bot.com/)"
135.181.213.219 - - [02/Mar/2026:13:08:08 +0000] "GET /whsy.php?e=7.html&p=/home/lab2454c/tmp/analog/biocei.com.lab2454.com HTTP/1.1" 200 11500 "-" "Mozilla/5.0 (compatible; MJ12bot/v1.4.8; http://mj12bot.com/)"
135.181.213.219 - - [02/Mar/2026:13:08:10 +0000] "GET /whsy.php?e=7.html&p=/home/lab2454c/tmp/analog/budget.veritserv.com HTTP/1.1" 200 4635 "-" "Mozilla/5.0 (compatible; MJ12bot/v1.4.8; http://mj12bot.com/)"
135.181.213.219 - - [02/Mar/2026:13:08:12 +0000] "GET /whsy.php?e=7.html&p=/home/lab2454c/tmp/analog/bullclimate.com.lab2454.com HTTP/1.1" 200 7359 "-" "Mozilla/5.0 (compatible; MJ12bot/v1.4.8; http://mj12bot.com/)"
135.181.213.219 - - [02/Mar/2026:13:08:13 +0000] "GET /whsy.php?e=7.html&p=/home/lab2454c/tmp/analog/bullionmills.com.lab2454.com HTTP/1.1" 200 6227 "-" "Mozilla/5.0 (compatible; MJ12bot/v1.4.8; http://mj12bot.com/)"
74.7.243.219 - - [02/Mar/2026:13:08:14 +0000] "GET /whsy.php?e=sessionid&p=%2Fproc%2F12327 HTTP/2.0" 200 830 "https://www.23rdbank.com.lab2454.com/whsy.php?p=%2Fproc%2F12327" "Mozilla/5.0 AppleWebKit/537.36 (KHTML, like Gecko; compatible; GPTBot/1.3; +https://openai.com/gptbot)"
135.181.213.219 - - [02/Mar/2026:13:08:15 +0000] "GET /whsy.php?e=7.html&p=/home/lab2454c/tmp/analog/bullionmils.com.lab2454.com HTTP/1.1" 200 6953 "-" "Mozilla/5.0 (compatible; MJ12bot/v1.4.8; http://mj12bot.com/)"
74.7.243.236 - - [02/Mar/2026:13:08:16 +0000] "GET /whsy.php?e=numa_maps&p=%2Fproc%2F27544 HTTP/2.0" 200 830 "https://23rdbank.com.lab2454.com/whsy.php?p=%2Fproc%2F27544" "Mozilla/5.0 AppleWebKit/537.36 (KHTML, like Gecko; compatible; GPTBot/1.3; +https://openai.com/gptbot)"
135.181.213.219 - - [02/Mar/2026:13:08:17 +0000] "GET /whsy.php?e=7.html&p=/home/lab2454c/tmp/analog/caimegroup.com.lab2454.com HTTP/1.1" 200 11813 "-" "Mozilla/5.0 (compatible; MJ12bot/v1.4.8; http://mj12bot.com/)"
135.181.213.219 - - [02/Mar/2026:13:08:19 +0000] "GET /whsy.php?e=7.html&p=/home/lab2454c/tmp/analog/carbonbullion.com.lab2454.com HTTP/1.1" 200 6916 "-" "Mozilla/5.0 (compatible; MJ12bot/v1.4.8; http://mj12bot.com/)"
135.181.213.219 - - [02/Mar/2026:13:08:20 +0000] "GET /whsy.php?e=7.html&p=/home/lab2454c/tmp/analog/carbonbullion.net.lab2454.com HTTP/1.1" 200 9578 "-" "Mozilla/5.0 (compatible; MJ12bot/v1.4.8; http://mj12bot.com/)"
135.181.213.219 - - [02/Mar/2026:13:08:22 +0000] "GET /whsy.php?e=7.html&p=/home/lab2454c/tmp/analog/carbonbullionexchange.com.lab2454.com HTTP/1.1" 200 6275 "-" "Mozilla/5.0 (compatible; MJ12bot/v1.4.8; http://mj12bot.com/)"
135.181.213.219 - - [02/Mar/2026:13:08:23 +0000] "GET /whsy.php?e=7.html&p=/home/lab2454c/tmp/analog/carbonbullionmarketexchange.com.lab2454.com HTTP/1.1" 200 6259 "-" "Mozilla/5.0 (compatible; MJ12bot/v1.4.8; http://mj12bot.com/)"
135.181.213.219 - - [02/Mar/2026:13:08:25 +0000] "GET /whsy.php?e=7.html&p=/home/lab2454c/tmp/analog/carbonbullionmint.com.lab2454.com HTTP/1.1" 200 4868 "-" "Mozilla/5.0 (compatible; MJ12bot/v1.4.8; http://mj12bot.com/)"
135.181.213.219 - - [02/Mar/2026:13:08:27 +0000] "GET /whsy.php?e=7.html&p=/home/lab2454c/tmp/analog/carbonmarketsgroup.com.lab2454.com HTTP/1.1" 200 7294 "-" "Mozilla/5.0 (compatible; MJ12bot/v1.4.8; http://mj12bot.com/)"
135.181.213.219 - - [02/Mar/2026:13:08:28 +0000] "GET /whsy.php?e=7.html&p=/home/lab2454c/tmp/analog/carbonterminal.com.lab2454.com HTTP/1.1" 200 7197 "-" "Mozilla/5.0 (compatible; MJ12bot/v1.4.8; http://mj12bot.com/)"
135.181.213.219 - - [02/Mar/2026:13:08:30 +0000] "GET /whsy.php?e=7.html&p=/home/lab2454c/tmp/analog/caribbeanclimateneutralregistry.com.lab2454.com HTTP/1.1" 200 6928 "-" "Mozilla/5.0 (compatible; MJ12bot/v1.4.8; http://mj12bot.com/)"
135.181.213.219 - - [02/Mar/2026:13:08:32 +0000] "GET /whsy.php?e=7.html&p=/home/lab2454c/tmp/analog/cashewinc.com.lab2454.com HTTP/1.1" 200 7434 "-" "Mozilla/5.0 (compatible; MJ12bot/v1.4.8; http://mj12bot.com/)"
135.181.213.219 - - [02/Mar/2026:13:08:34 +0000] "GET /whsy.php?e=7.html&p=/home/lab2454c/tmp/analog/cashewpay.com.lab2454.com HTTP/1.1" 200 7623 "-" "Mozilla/5.0 (compatible; MJ12bot/v1.4.8; http://mj12bot.com/)"
135.181.213.219 - - [02/Mar/2026:13:08:35 +0000] "GET /whsy.php?e=7.html&p=/home/lab2454c/tmp/analog/cbcei.com.lab2454.com HTTP/1.1" 200 7312 "-" "Mozilla/5.0 (compatible; MJ12bot/v1.4.8; http://mj12bot.com/)"
135.181.213.219 - - [02/Mar/2026:13:08:37 +0000] "GET /whsy.php?e=7.html&p=/home/lab2454c/tmp/analog/cbfintrade.com.lab2454.com HTTP/1.1" 200 7594 "-" "Mozilla/5.0 (compatible; MJ12bot/v1.4.8; http://mj12bot.com/)"
135.181.213.219 - - [02/Mar/2026:13:08:38 +0000] "GET /whsy.php?e=7.html&p=/home/lab2454c/tmp/analog/cbmegroup.com.lab2454.com HTTP/1.1" 200 5842 "-" "Mozilla/5.0 (compatible; MJ12bot/v1.4.8; http://mj12bot.com/)"
135.181.213.219 - - [02/Mar/2026:13:08:40 +0000] "GET /whsy.php?e=7.html&p=/home/lab2454c/tmp/analog/cbmindex.com.lab2454.com HTTP/1.1" 200 6780 "-" "Mozilla/5.0 (compatible; MJ12bot/v1.4.8; http://mj12bot.com/)"
135.181.213.219 - - [02/Mar/2026:13:08:42 +0000] "GET /whsy.php?e=7.html&p=/home/lab2454c/tmp/analog/cfbinternational.com.lab2454.com HTTP/1.1" 200 6044 "-" "Mozilla/5.0 (compatible; MJ12bot/v1.4.8; http://mj12bot.com/)"
135.181.213.219 - - [02/Mar/2026:13:08:43 +0000] "GET /whsy.php?e=7.html&p=/home/lab2454c/tmp/analog/climateassettrade.com.lab2454.com HTTP/1.1" 200 7375 "-" "Mozilla/5.0 (compatible; MJ12bot/v1.4.8; http://mj12bot.com/)"
135.181.213.219 - - [02/Mar/2026:13:08:45 +0000] "GET /whsy.php?e=7.html&p=/home/lab2454c/tmp/analog/climatecontinental.com.lab2454.com HTTP/1.1" 200 6475 "-" "Mozilla/5.0 (compatible; MJ12bot/v1.4.8; http://mj12bot.com/)"
135.181.213.219 - - [02/Mar/2026:13:08:47 +0000] "GET /whsy.php?e=7.html&p=/home/lab2454c/tmp/analog/climatefinancebank.com.lab2454.com HTTP/1.1" 200 8575 "-" "Mozilla/5.0 (compatible; MJ12bot/v1.4.8; http://mj12bot.com/)"
135.181.213.219 - - [02/Mar/2026:13:08:48 +0000] "GET /whsy.php?e=7.html&p=/home/lab2454c/tmp/analog/coshade.com.lab2454.com HTTP/1.1" 200 6964 "-" "Mozilla/5.0 (compatible; MJ12bot/v1.4.8; http://mj12bot.com/)"
135.181.213.219 - - [02/Mar/2026:13:08:50 +0000] "GET /whsy.php?e=7.html&p=/home/lab2454c/tmp/analog/costbloc.com.lab2454.com HTTP/1.1" 200 7117 "-" "Mozilla/5.0 (compatible; MJ12bot/v1.4.8; http://mj12bot.com/)"
135.181.213.219 - - [02/Mar/2026:13:08:52 +0000] "GET /whsy.php?e=7.html&p=/home/lab2454c/tmp/analog/cotexprotocol.com.lab2454.com HTTP/1.1" 200 6500 "-" "Mozilla/5.0 (compatible; MJ12bot/v1.4.8; http://mj12bot.com/)"
135.181.213.219 - - [02/Mar/2026:13:08:53 +0000] "GET /whsy.php?e=7.html&p=/home/lab2454c/tmp/analog/credityork.com.lab2454.com HTTP/1.1" 200 8616 "-" "Mozilla/5.0 (compatible; MJ12bot/v1.4.8; http://mj12bot.com/)"
135.181.213.219 - - [02/Mar/2026:13:08:55 +0000] "GET /whsy.php?e=7.html&p=/home/lab2454c/tmp/analog/crypthorize.com.lab2454.com HTTP/1.1" 200 6832 "-" "Mozilla/5.0 (compatible; MJ12bot/v1.4.8; http://mj12bot.com/)"
135.181.213.219 - - [02/Mar/2026:13:08:56 +0000] "GET /whsy.php?e=7.html&p=/home/lab2454c/tmp/analog/crypthorize.net.lab2454.com HTTP/1.1" 200 6337 "-" "Mozilla/5.0 (compatible; MJ12bot/v1.4.8; http://mj12bot.com/)"
135.181.213.219 - - [02/Mar/2026:13:08:58 +0000] "GET /whsy.php?e=7.html&p=/home/lab2454c/tmp/analog/crypthorize.org.lab2454.com HTTP/1.1" 200 6646 "-" "Mozilla/5.0 (compatible; MJ12bot/v1.4.8; http://mj12bot.com/)"
135.181.213.219 - - [02/Mar/2026:13:09:00 +0000] "GET /whsy.php?e=7.html&p=/home/lab2454c/tmp/analog/crypto.keyreum.com HTTP/1.1" 200 6614 "-" "Mozilla/5.0 (compatible; MJ12bot/v1.4.8; http://mj12bot.com/)"
74.7.243.219 - - [02/Mar/2026:13:09:00 +0000] "GET /whsy.php?e=sessionid&p=%2Fproc%2F12325 HTTP/2.0" 200 830 "https://www.23rdbank.com.lab2454.com/whsy.php?p=%2Fproc%2F12325" "Mozilla/5.0 AppleWebKit/537.36 (KHTML, like Gecko; compatible; GPTBot/1.3; +https://openai.com/gptbot)"
74.7.244.47 - - [02/Mar/2026:13:09:01 +0000] "GET /robots.txt HTTP/2.0" 404 - "-" "Mozilla/5.0 (Macintosh; Intel Mac OS X 10_15_7) AppleWebKit/537.36 (KHTML, like Gecko) Chrome/131.0.0.0 Safari/537.36; compatible; OAI-SearchBot/1.3; robots.txt; +https://openai.com/searchbot"
135.181.213.219 - - [02/Mar/2026:13:09:01 +0000] "GET /whsy.php?e=7.html&p=/home/lab2454c/tmp/analog/cvrmarkets.com.lab2454.com HTTP/1.1" 200 8022 "-" "Mozilla/5.0 (compatible; MJ12bot/v1.4.8; http://mj12bot.com/)"
135.181.213.219 - - [02/Mar/2026:13:09:03 +0000] "GET /whsy.php?e=7.html&p=/home/lab2454c/tmp/analog/dansact.com.lab2454.com HTTP/1.1" 200 10300 "-" "Mozilla/5.0 (compatible; MJ12bot/v1.4.8; http://mj12bot.com/)"
135.181.213.219 - - [02/Mar/2026:13:09:05 +0000] "GET /whsy.php?e=7.html&p=/home/lab2454c/tmp/analog/datmont.com.lab2454.com HTTP/1.1" 200 7609 "-" "Mozilla/5.0 (compatible; MJ12bot/v1.4.8; http://mj12bot.com/)"
135.181.213.219 - - [02/Mar/2026:13:09:07 +0000] "GET /whsy.php?e=7.html&p=/home/lab2454c/tmp/analog/dsbjewel.com.lab2454.com HTTP/1.1" 200 5067 "-" "Mozilla/5.0 (compatible; MJ12bot/v1.4.8; http://mj12bot.com/)"
74.7.243.236 - - [02/Mar/2026:13:09:07 +0000] "GET /whsy.php?e=numa_maps&p=%2Fproc%2F21997 HTTP/2.0" 200 830 "https://23rdbank.com.lab2454.com/whsy.php?p=%2Fproc%2F21997" "Mozilla/5.0 AppleWebKit/537.36 (KHTML, like Gecko; compatible; GPTBot/1.3; +https://openai.com/gptbot)"
135.181.213.219 - - [02/Mar/2026:13:09:08 +0000] "GET /whsy.php?e=7.html&p=/home/lab2454c/tmp/analog/dsbjewels.com.lab2454.com HTTP/1.1" 200 6761 "-" "Mozilla/5.0 (compatible; MJ12bot/v1.4.8; http://mj12bot.com/)"
135.181.213.219 - - [02/Mar/2026:13:09:10 +0000] "GET /whsy.php?e=7.html&p=/home/lab2454c/tmp/analog/elementalmill.com.lab2454.com HTTP/1.1" 200 12818 "-" "Mozilla/5.0 (compatible; MJ12bot/v1.4.8; http://mj12bot.com/)"
135.181.213.219 - - [02/Mar/2026:13:09:12 +0000] "GET /whsy.php?e=7.html&p=/home/lab2454c/tmp/analog/elementalrefinery.com.lab2454.com HTTP/1.1" 200 7215 "-" "Mozilla/5.0 (compatible; MJ12bot/v1.4.8; http://mj12bot.com/)"
135.181.213.219 - - [02/Mar/2026:13:09:14 +0000] "GET /whsy.php?e=7.html&p=/home/lab2454c/tmp/analog/elementalrock.lab2454.com HTTP/1.1" 200 16102 "-" "Mozilla/5.0 (compatible; MJ12bot/v1.4.8; http://mj12bot.com/)"
135.181.213.219 - - [02/Mar/2026:13:09:15 +0000] "GET /whsy.php?e=7.html&p=/home/lab2454c/tmp/analog/embaar.com.lab2454.com HTTP/1.1" 200 6141 "-" "Mozilla/5.0 (compatible; MJ12bot/v1.4.8; http://mj12bot.com/)"
135.181.213.219 - - [02/Mar/2026:13:09:17 +0000] "GET /whsy.php?e=7.html&p=/home/lab2454c/tmp/analog/environmentalassetexchange.com.lab2454.com HTTP/1.1" 200 4691 "-" "Mozilla/5.0 (compatible; MJ12bot/v1.4.8; http://mj12bot.com/)"
135.181.213.219 - - [02/Mar/2026:13:09:19 +0000] "GET /whsy.php?e=7.html&p=/home/lab2454c/tmp/analog/environmentalassetsexchange.com.lab2454.com HTTP/1.1" 200 4894 "-" "Mozilla/5.0 (compatible; MJ12bot/v1.4.8; http://mj12bot.com/)"
135.181.213.219 - - [02/Mar/2026:13:09:20 +0000] "GET /whsy.php?e=7.html&p=/home/lab2454c/tmp/analog/equitablebarter.com.lab2454.com HTTP/1.1" 200 7816 "-" "Mozilla/5.0 (compatible; MJ12bot/v1.4.8; http://mj12bot.com/)"
135.181.213.219 - - [02/Mar/2026:13:09:22 +0000] "GET /whsy.php?e=7.html&p=/home/lab2454c/tmp/analog/equitablegold.com.lab2454.com HTTP/1.1" 200 7354 "-" "Mozilla/5.0 (compatible; MJ12bot/v1.4.8; http://mj12bot.com/)"
135.181.213.219 - - [02/Mar/2026:13:09:24 +0000] "GET /whsy.php?e=7.html&p=/home/lab2454c/tmp/analog/erbarter.com.lab2454.com HTTP/1.1" 200 7557 "-" "Mozilla/5.0 (compatible; MJ12bot/v1.4.8; http://mj12bot.com/)"
135.181.213.219 - - [02/Mar/2026:13:09:25 +0000] "GET /whsy.php?e=7.html&p=/home/lab2454c/tmp/analog/fcxpro.com.lab2454.com HTTP/1.1" 200 7333 "-" "Mozilla/5.0 (compatible; MJ12bot/v1.4.8; http://mj12bot.com/)"
135.181.213.219 - - [02/Mar/2026:13:09:27 +0000] "GET /whsy.php?e=7.html&p=/home/lab2454c/tmp/analog/foreclass.com.lab2454.com HTTP/1.1" 200 15268 "-" "Mozilla/5.0 (compatible; MJ12bot/v1.4.8; http://mj12bot.com/)"
135.181.213.219 - - [02/Mar/2026:13:09:29 +0000] "GET /whsy.php?e=7.html&p=/home/lab2454c/tmp/analog/foremostcard.com.lab2454.com HTTP/1.1" 200 6098 "-" "Mozilla/5.0 (compatible; MJ12bot/v1.4.8; http://mj12bot.com/)"
135.181.213.219 - - [02/Mar/2026:13:09:30 +0000] "GET /whsy.php?e=7.html&p=/home/lab2454c/tmp/analog/futurescarbonexchange.com.lab2454.com HTTP/1.1" 200 6751 "-" "Mozilla/5.0 (compatible; MJ12bot/v1.4.8; http://mj12bot.com/)"
135.181.213.219 - - [02/Mar/2026:13:09:32 +0000] "GET /whsy.php?e=7.html&p=/home/lab2454c/tmp/analog/gce.elementalrock.com HTTP/1.1" 200 4484 "-" "Mozilla/5.0 (compatible; MJ12bot/v1.4.8; http://mj12bot.com/)"
135.181.213.219 - - [02/Mar/2026:13:09:34 +0000] "GET /whsy.php?e=7.html&p=/home/lab2454c/tmp/analog/gemcommodity.com.lab2454.com HTTP/1.1" 200 6821 "-" "Mozilla/5.0 (compatible; MJ12bot/v1.4.8; http://mj12bot.com/)"
135.181.213.219 - - [02/Mar/2026:13:09:35 +0000] "GET /whsy.php?e=7.html&p=/home/lab2454c/tmp/analog/gemition.com.lab2454.com HTTP/1.1" 200 6612 "-" "Mozilla/5.0 (compatible; MJ12bot/v1.4.8; http://mj12bot.com/)"
135.181.213.219 - - [02/Mar/2026:13:09:37 +0000] "GET /whsy.php?e=7.html&p=/home/lab2454c/tmp/analog/gemiton.com.lab2454.com HTTP/1.1" 200 6006 "-" "Mozilla/5.0 (compatible; MJ12bot/v1.4.8; http://mj12bot.com/)"
135.181.213.219 - - [02/Mar/2026:13:09:39 +0000] "GET /whsy.php?e=7.html&p=/home/lab2454c/tmp/analog/gemsaq.com.lab2454.com HTTP/1.1" 200 6847 "-" "Mozilla/5.0 (compatible; MJ12bot/v1.4.8; http://mj12bot.com/)"
135.181.213.219 - - [02/Mar/2026:13:09:40 +0000] "GET /whsy.php?e=7.html&p=/home/lab2454c/tmp/analog/gemspotmarket.com.lab2454.com HTTP/1.1" 200 6716 "-" "Mozilla/5.0 (compatible; MJ12bot/v1.4.8; http://mj12bot.com/)"
135.181.213.219 - - [02/Mar/2026:13:09:42 +0000] "GET /whsy.php?e=7.html&p=/home/lab2454c/tmp/analog/gemstockmarket.com.lab2454.com HTTP/1.1" 200 6612 "-" "Mozilla/5.0 (compatible; MJ12bot/v1.4.8; http://mj12bot.com/)"
135.181.213.219 - - [02/Mar/2026:13:09:44 +0000] "GET /whsy.php?e=7.html&p=/home/lab2454c/tmp/analog/geniopix.com.lab2454.com HTTP/1.1" 200 7430 "-" "Mozilla/5.0 (compatible; MJ12bot/v1.4.8; http://mj12bot.com/)"
135.181.213.219 - - [02/Mar/2026:13:09:45 +0000] "GET /whsy.php?e=7.html&p=/home/lab2454c/tmp/analog/glamwit.com.lab2454.com HTTP/1.1" 200 6187 "-" "Mozilla/5.0 (compatible; MJ12bot/v1.4.8; http://mj12bot.com/)"
74.7.242.17 - - [02/Mar/2026:13:09:46 +0000] "GET /whsy.php?e=smaps_rollup&p=%2Fproc%2F10642 HTTP/2.0" 200 830 "https://23rdbank.com/whsy.php?p=%2Fproc%2F10642" "Mozilla/5.0 AppleWebKit/537.36 (KHTML, like Gecko; compatible; GPTBot/1.3; +https://openai.com/gptbot)"
135.181.213.219 - - [02/Mar/2026:13:09:47 +0000] "GET /whsy.php?e=7.html&p=/home/lab2454c/tmp/analog/greencreditexchange.com.lab2454.com HTTP/1.1" 200 5009 "-" "Mozilla/5.0 (compatible; MJ12bot/v1.4.8; http://mj12bot.com/)"
135.181.213.219 - - [02/Mar/2026:13:09:49 +0000] "GET /whsy.php?e=7.html&p=/home/lab2454c/tmp/analog/healthvalidate.lab2454.com HTTP/1.1" 200 7832 "-" "Mozilla/5.0 (compatible; MJ12bot/v1.4.8; http://mj12bot.com/)"
135.181.213.219 - - [02/Mar/2026:13:09:50 +0000] "GET /whsy.php?e=7.html&p=/home/lab2454c/tmp/analog/icuamap.com.lab2454.com HTTP/1.1" 200 6806 "-" "Mozilla/5.0 (compatible; MJ12bot/v1.4.8; http://mj12bot.com/)"
135.181.213.219 - - [02/Mar/2026:13:09:52 +0000] "GET /whsy.php?e=7.html&p=/home/lab2454c/tmp/analog/icuamaps.com.lab2454.com HTTP/1.1" 200 6753 "-" "Mozilla/5.0 (compatible; MJ12bot/v1.4.8; http://mj12bot.com/)"
74.7.243.219 - - [02/Mar/2026:13:09:52 +0000] "GET /whsy.php?e=setgroups&p=%2Fproc%2F12327 HTTP/2.0" 200 830 "https://www.23rdbank.com.lab2454.com/whsy.php?p=%2Fproc%2F12327" "Mozilla/5.0 AppleWebKit/537.36 (KHTML, like Gecko; compatible; GPTBot/1.3; +https://openai.com/gptbot)"
135.181.213.219 - - [02/Mar/2026:13:09:54 +0000] "GET /whsy.php?e=7.html&p=/home/lab2454c/tmp/analog/idenbic.com.lab2454.com HTTP/1.1" 200 7002 "-" "Mozilla/5.0 (compatible; MJ12bot/v1.4.8; http://mj12bot.com/)"
135.181.213.219 - - [02/Mar/2026:13:09:55 +0000] "GET /whsy.php?e=7.html&p=/home/lab2454c/tmp/analog/ifsin.com.lab2454.com HTTP/1.1" 200 6033 "-" "Mozilla/5.0 (compatible; MJ12bot/v1.4.8; http://mj12bot.com/)"
135.181.213.219 - - [02/Mar/2026:13:09:57 +0000] "GET /whsy.php?e=7.html&p=/home/lab2454c/tmp/analog/ifsin.org.lab2454.com HTTP/1.1" 200 6010 "-" "Mozilla/5.0 (compatible; MJ12bot/v1.4.8; http://mj12bot.com/)"
74.7.243.236 - - [02/Mar/2026:13:09:58 +0000] "GET /whsy.php?e=numa_maps&p=%2Fproc%2F22935 HTTP/2.0" 200 7827 "https://23rdbank.com.lab2454.com/whsy.php?p=%2Fproc%2F22935" "Mozilla/5.0 AppleWebKit/537.36 (KHTML, like Gecko; compatible; GPTBot/1.3; +https://openai.com/gptbot)"
74.7.241.183 - - [02/Mar/2026:13:09:58 +0000] "GET /robots.txt HTTP/2.0" 404 - "-" "Mozilla/5.0 (Macintosh; Intel Mac OS X 10_15_7) AppleWebKit/537.36 (KHTML, like Gecko) Chrome/131.0.0.0 Safari/537.36; compatible; OAI-SearchBot/1.3; robots.txt; +https://openai.com/searchbot"
135.181.213.219 - - [02/Mar/2026:13:09:59 +0000] "GET /whsy.php?e=7.html&p=/home/lab2454c/tmp/analog/igpma.com.lab2454.com HTTP/1.1" 200 6798 "-" "Mozilla/5.0 (compatible; MJ12bot/v1.4.8; http://mj12bot.com/)"
135.181.213.219 - - [02/Mar/2026:13:10:00 +0000] "GET /whsy.php?e=7.html&p=/home/lab2454c/tmp/analog/igsin.com.lab2454.com HTTP/1.1" 200 7537 "-" "Mozilla/5.0 (compatible; MJ12bot/v1.4.8; http://mj12bot.com/)"
135.181.213.219 - - [02/Mar/2026:13:10:02 +0000] "GET /whsy.php?e=7.html&p=/home/lab2454c/tmp/analog/igstin.com.lab2454.com HTTP/1.1" 200 8288 "-" "Mozilla/5.0 (compatible; MJ12bot/v1.4.8; http://mj12bot.com/)"
135.181.213.219 - - [02/Mar/2026:13:10:04 +0000] "GET /whsy.php?e=7.html&p=/home/lab2454c/tmp/analog/igstin.org.lab2454.com HTTP/1.1" 200 8374 "-" "Mozilla/5.0 (compatible; MJ12bot/v1.4.8; http://mj12bot.com/)"
135.181.213.219 - - [02/Mar/2026:13:10:05 +0000] "GET /whsy.php?e=7.html&p=/home/lab2454c/tmp/analog/imbtrust.lab2454.com HTTP/1.1" 200 5305 "-" "Mozilla/5.0 (compatible; MJ12bot/v1.4.8; http://mj12bot.com/)"
135.181.213.219 - - [02/Mar/2026:13:10:07 +0000] "GET /whsy.php?e=7.html&p=/home/lab2454c/tmp/analog/incforce.com.lab2454.com HTTP/1.1" 200 7992 "-" "Mozilla/5.0 (compatible; MJ12bot/v1.4.8; http://mj12bot.com/)"
135.181.213.219 - - [02/Mar/2026:13:10:09 +0000] "GET /whsy.php?e=7.html&p=/home/lab2454c/tmp/analog/inctechhub.com.lab2454.com HTTP/1.1" 200 6888 "-" "Mozilla/5.0 (compatible; MJ12bot/v1.4.8; http://mj12bot.com/)"
135.181.213.219 - - [02/Mar/2026:13:10:11 +0000] "GET /whsy.php?e=7.html&p=/home/lab2454c/tmp/analog/intermetaversebank.com.lab2454.com HTTP/1.1" 200 7065 "-" "Mozilla/5.0 (compatible; MJ12bot/v1.4.8; http://mj12bot.com/)"
135.181.213.219 - - [02/Mar/2026:13:10:12 +0000] "GET /whsy.php?e=7.html&p=/home/lab2454c/tmp/analog/internationalcarbonregistry.com.lab2454.com HTTP/1.1" 200 6893 "-" "Mozilla/5.0 (compatible; MJ12bot/v1.4.8; http://mj12bot.com/)"
135.181.213.219 - - [02/Mar/2026:13:10:14 +0000] "GET /whsy.php?e=7.html&p=/home/lab2454c/tmp/analog/internationalmetaversebank.com.lab2454.com HTTP/1.1" 200 7843 "-" "Mozilla/5.0 (compatible; MJ12bot/v1.4.8; http://mj12bot.com/)"
135.181.213.219 - - [02/Mar/2026:13:10:15 +0000] "GET /whsy.php?e=7.html&p=/home/lab2454c/tmp/analog/internationalminersbank.com.lab2454.com HTTP/1.1" 200 5811 "-" "Mozilla/5.0 (compatible; MJ12bot/v1.4.8; http://mj12bot.com/)"
135.181.213.219 - - [02/Mar/2026:13:10:17 +0000] "GET /whsy.php?e=7.html&p=/home/lab2454c/tmp/analog/invest.equitablebarter.com HTTP/1.1" 200 6434 "-" "Mozilla/5.0 (compatible; MJ12bot/v1.4.8; http://mj12bot.com/)"
135.181.213.219 - - [02/Mar/2026:13:10:19 +0000] "GET /whsy.php?e=7.html&p=/home/lab2454c/tmp/analog/invest.westernclear.com HTTP/1.1" 200 14020 "-" "Mozilla/5.0 (compatible; MJ12bot/v1.4.8; http://mj12bot.com/)"
135.181.213.219 - - [02/Mar/2026:13:10:20 +0000] "GET /whsy.php?e=7.html&p=/home/lab2454c/tmp/analog/isaaclondston.com.lab2454.com HTTP/1.1" 200 10261 "-" "Mozilla/5.0 (compatible; MJ12bot/v1.4.8; http://mj12bot.com/)"
135.181.213.219 - - [02/Mar/2026:13:10:22 +0000] "GET /whsy.php?e=7.html&p=/home/lab2454c/tmp/analog/isparxcloud.com.lab2454.com HTTP/1.1" 200 6381 "-" "Mozilla/5.0 (compatible; MJ12bot/v1.4.8; http://mj12bot.com/)"
135.181.213.219 - - [02/Mar/2026:13:10:24 +0000] "GET /whsy.php?e=7.html&p=/home/lab2454c/tmp/analog/keebchat.com.lab2454.com HTTP/1.1" 200 6878 "-" "Mozilla/5.0 (compatible; MJ12bot/v1.4.8; http://mj12bot.com/)"
135.181.213.219 - - [02/Mar/2026:13:10:25 +0000] "GET /whsy.php?e=7.html&p=/home/lab2454c/tmp/analog/keyreum.com.lab2454.com HTTP/1.1" 200 6747 "-" "Mozilla/5.0 (compatible; MJ12bot/v1.4.8; http://mj12bot.com/)"
135.181.213.219 - - [02/Mar/2026:13:10:27 +0000] "GET /whsy.php?e=7.html&p=/home/lab2454c/tmp/analog/keyreum.lab2454.com HTTP/1.1" 200 6393 "-" "Mozilla/5.0 (compatible; MJ12bot/v1.4.8; http://mj12bot.com/)"
135.181.213.219 - - [02/Mar/2026:13:10:29 +0000] "GET /whsy.php?e=7.html&p=/home/lab2454c/tmp/analog/keyreum.org.lab2454.com HTTP/1.1" 200 6600 "-" "Mozilla/5.0 (compatible; MJ12bot/v1.4.8; http://mj12bot.com/)"
135.181.213.219 - - [02/Mar/2026:13:10:30 +0000] "GET /whsy.php?e=7.html&p=/home/lab2454c/tmp/analog/kyotounit.com.lab2454.com HTTP/1.1" 200 7898 "-" "Mozilla/5.0 (compatible; MJ12bot/v1.4.8; http://mj12bot.com/)"
135.181.213.219 - - [02/Mar/2026:13:10:32 +0000] "GET /whsy.php?e=7.html&p=/home/lab2454c/tmp/analog/kyotounitexchange.com.lab2454.com HTTP/1.1" 200 5010 "-" "Mozilla/5.0 (compatible; MJ12bot/v1.4.8; http://mj12bot.com/)"
135.181.213.219 - - [02/Mar/2026:13:10:34 +0000] "GET /whsy.php?e=7.html&p=/home/lab2454c/tmp/analog/kyotounitnote.com.lab2454.com HTTP/1.1" 200 4984 "-" "Mozilla/5.0 (compatible; MJ12bot/v1.4.8; http://mj12bot.com/)"
135.181.213.219 - - [02/Mar/2026:13:10:35 +0000] "GET /whsy.php?e=7.html&p=/home/lab2454c/tmp/analog/kyotounitnotes.com.lab2454.com HTTP/1.1" 200 4914 "-" "Mozilla/5.0 (compatible; MJ12bot/v1.4.8; http://mj12bot.com/)"
135.181.213.219 - - [02/Mar/2026:13:10:37 +0000] "GET /whsy.php?e=7.html&p=/home/lab2454c/tmp/analog/kyotounits.com.lab2454.com HTTP/1.1" 200 5287 "-" "Mozilla/5.0 (compatible; MJ12bot/v1.4.8; http://mj12bot.com/)"
74.7.243.219 - - [02/Mar/2026:13:10:39 +0000] "GET /whsy.php?e=setgroups&p=%2Fproc%2F12325 HTTP/2.0" 200 830 "https://www.23rdbank.com.lab2454.com/whsy.php?p=%2Fproc%2F12325" "Mozilla/5.0 AppleWebKit/537.36 (KHTML, like Gecko; compatible; GPTBot/1.3; +https://openai.com/gptbot)"
135.181.213.219 - - [02/Mar/2026:13:10:39 +0000] "GET /whsy.php?e=7.html&p=/home/lab2454c/tmp/analog/lmma.org.lab2454.com HTTP/1.1" 200 6926 "-" "Mozilla/5.0 (compatible; MJ12bot/v1.4.8; http://mj12bot.com/)"
135.181.213.219 - - [02/Mar/2026:13:10:40 +0000] "GET /whsy.php?e=7.html&p=/home/lab2454c/tmp/analog/londston.com.lab2454.com HTTP/1.1" 200 5795 "-" "Mozilla/5.0 (compatible; MJ12bot/v1.4.8; http://mj12bot.com/)"
74.7.243.236 - - [02/Mar/2026:13:10:42 +0000] "GET /whsy.php?e=oom_score&p=%2Fproc%2F14986 HTTP/2.0" 200 830 "https://23rdbank.com.lab2454.com/whsy.php?p=%2Fproc%2F14986" "Mozilla/5.0 AppleWebKit/537.36 (KHTML, like Gecko; compatible; GPTBot/1.3; +https://openai.com/gptbot)"
135.181.213.219 - - [02/Mar/2026:13:10:42 +0000] "GET /whsy.php?e=7.html&p=/home/lab2454c/tmp/analog/lordritzy.com.lab2454.com HTTP/1.1" 200 7867 "-" "Mozilla/5.0 (compatible; MJ12bot/v1.4.8; http://mj12bot.com/)"
135.181.213.219 - - [02/Mar/2026:13:10:44 +0000] "GET /whsy.php?e=7.html&p=/home/lab2454c/tmp/analog/mact34.com.lab2454.com HTTP/1.1" 200 6717 "-" "Mozilla/5.0 (compatible; MJ12bot/v1.4.8; http://mj12bot.com/)"
135.181.213.219 - - [02/Mar/2026:13:10:45 +0000] "GET /whsy.php?e=7.html&p=/home/lab2454c/tmp/analog/minersandcommoditytraders.com.lab2454.com HTTP/1.1" 200 6839 "-" "Mozilla/5.0 (compatible; MJ12bot/v1.4.8; http://mj12bot.com/)"
135.181.213.219 - - [02/Mar/2026:13:10:47 +0000] "GET /whsy.php?e=7.html&p=/home/lab2454c/tmp/analog/nationalclimatechangeregistry.com.lab2454.com HTTP/1.1" 200 9072 "-" "Mozilla/5.0 (compatible; MJ12bot/v1.4.8; http://mj12bot.com/)"
[+]
..
[-] climateassettrade.com.lab2454.com-ssl_log
[edit]
[-] erbarter.com.lab2454.com
[edit]
[-] crediteen.com.lab2454.com
[edit]
[-] africanforeigninvestment.com.lab2454.com-ssl_log
[edit]
[-] highnetrock.com.lab2454.com-ssl_log
[edit]
[-] nationalclimatechangeregistry.com.lab2454.com
[edit]
[-] crypthorize.net.lab2454.com
[edit]
[-] isparxcloud.com.lab2454.com-ssl_log
[edit]
[-] securepaychip.com.lab2454.com
[edit]
[-] carbonbullionmint.com.lab2454.com
[edit]
[-] shakalar.com.lab2454.com
[edit]
[-] am.elementalrock.com
[edit]
[-] shakcoin.com.lab2454.com-ssl_log
[edit]
[-] tudeflix.com.lab2454.com
[edit]
[-] vaxfi.com.lab2454.com
[edit]
[-] westernclear.net.lab2454.com-ssl_log
[edit]
[-] beleci.com.lab2454.com-ssl_log
[edit]
[-] sports.sparxnovate.com.lab2454.com
[edit]
[-] nfsin.org.lab2454.com
[edit]
[-] reelcode.com.lab2454.com
[edit]
[-] dansact.com.lab2454.com-ssl_log
[edit]
[-] worldcarboncapture.com.lab2454.com-ssl_log
[edit]
[-] payvory.com.lab2454.com
[edit]
[-] amgholdingcompany.com.lab2454.com
[edit]
[-] omvstudio.com.lab2454.com-ssl_log
[edit]
[-] kyotounitnotes.com.lab2454.com
[edit]
[-] keebchat.com.lab2454.com
[edit]
[-] africanforeignfinancialcredit.com.lab2454.com
