20.220.232.101 - - [02/Mar/2026:14:00:54 +0000] "GET /juuuu.php HTTP/1.1" 200 37384 "-" "-"
145.239.65.133 - - [02/Mar/2026:14:00:55 +0000] "GET /whsy.php?e=.DS_Store&p=/home/lab2454c/isaaclondston.com/wp-content/themes HTTP/1.1" 200 961 "-" "Mozilla/5.0 (compatible; MJ12bot/v1.4.8; http://mj12bot.com/)"
20.220.232.101 - - [02/Mar/2026:14:00:55 +0000] "GET /ha.php HTTP/1.1" 200 37381 "-" "-"
74.7.241.31 - - [02/Mar/2026:14:00:55 +0000] "GET /whsy.php?p=%2Fproc%2F29304%2Fmap_files HTTP/2.0" 200 1059 "https://www.cvrmarkets.com.lab2454.com/whsy.php?p=%2Fproc%2F29304" "Mozilla/5.0 AppleWebKit/537.36 (KHTML, like Gecko; compatible; GPTBot/1.3; +https://openai.com/gptbot)"
20.220.232.101 - - [02/Mar/2026:14:00:56 +0000] "GET /gg.php HTTP/1.1" 200 37381 "-" "-"
145.239.65.133 - - [02/Mar/2026:14:00:57 +0000] "GET /whsy.php?e=.DS_Store&p=/home/lab2454c/isaaclondston.com/wp-content/uploads HTTP/1.1" 200 1052 "-" "Mozilla/5.0 (compatible; MJ12bot/v1.4.8; http://mj12bot.com/)"
20.220.232.101 - - [02/Mar/2026:14:00:57 +0000] "GET /we2.php HTTP/1.1" 200 37382 "-" "-"
20.220.232.101 - - [02/Mar/2026:14:00:58 +0000] "GET /04.php HTTP/1.1" 200 37381 "-" "-"
52.3.104.214 - - [02/Mar/2026:14:00:58 +0000] "GET /whsy.php?p=/home/lab2454c/credityork.com/wp-includes/php-compat/.. HTTP/1.1" 200 8117 "-" "Mozilla/5.0 AppleWebKit/537.36 (KHTML, like Gecko; compatible; Amazonbot/0.1; +https://developer.amazon.com/support/amazonbot) Chrome/119.0.6045.214 Safari/537.36"
20.220.232.101 - - [02/Mar/2026:14:00:59 +0000] "GET /333.php HTTP/1.1" 200 37382 "-" "-"
145.239.65.133 - - [02/Mar/2026:14:00:59 +0000] "GET /whsy.php?e=.DS_Store&p=/home/lab2454c/public_html/wp-content/plugins HTTP/1.1" 200 1343 "-" "Mozilla/5.0 (compatible; MJ12bot/v1.4.8; http://mj12bot.com/)"
20.220.232.101 - - [02/Mar/2026:14:01:00 +0000] "GET /520.php HTTP/1.1" 200 37382 "-" "-"
20.220.232.101 - - [02/Mar/2026:14:01:01 +0000] "GET /ar.php HTTP/1.1" 200 37381 "-" "-"
34.203.111.15 - - [02/Mar/2026:14:01:01 +0000] "GET /whsy.php?p=/home/lab2454c/climatefinancebank.com/wp-includes/style-engine HTTP/1.1" 200 902 "-" "Mozilla/5.0 AppleWebKit/537.36 (KHTML, like Gecko; compatible; Amazonbot/0.1; +https://developer.amazon.com/support/amazonbot) Chrome/119.0.6045.214 Safari/537.36"
145.239.65.133 - - [02/Mar/2026:14:01:01 +0000] "GET /whsy.php?e=.DS_Store&p=/home/lab2454c/veritserv.com/wp-content/plugins HTTP/1.1" 200 1305 "-" "Mozilla/5.0 (compatible; MJ12bot/v1.4.8; http://mj12bot.com/)"
20.220.232.101 - - [02/Mar/2026:14:01:01 +0000] "GET /x.php HTTP/1.1" 200 37380 "-" "-"
20.220.232.101 - - [02/Mar/2026:14:01:02 +0000] "GET /xx.php HTTP/1.1" 200 37381 "-" "-"
145.239.65.133 - - [02/Mar/2026:14:01:03 +0000] "GET /whsy.php?e=.DS_Store&p=/home/lab2454c/veritserv.com/wp-content/themes HTTP/1.1" 200 950 "-" "Mozilla/5.0 (compatible; MJ12bot/v1.4.8; http://mj12bot.com/)"
20.220.232.101 - - [02/Mar/2026:14:01:03 +0000] "GET /gifclass4.php HTTP/1.1" 200 37388 "-" "-"
20.220.232.101 - - [02/Mar/2026:14:01:04 +0000] "GET /2clas.php HTTP/1.1" 200 37384 "-" "-"
20.220.232.101 - - [02/Mar/2026:14:01:05 +0000] "GET /ave.php HTTP/1.1" 200 37382 "-" "-"
145.239.65.133 - - [02/Mar/2026:14:01:05 +0000] "GET /whsy.php?e=.DS_Store&p=/home/lab2454c/veritserv.net/wp-content/plugins HTTP/1.1" 200 1189 "-" "Mozilla/5.0 (compatible; MJ12bot/v1.4.8; http://mj12bot.com/)"
3.216.227.216 - - [02/Mar/2026:14:01:06 +0000] "GET /whsy.php?p=/home/lab2454c/caimegroup.com/wp-includes_old/css HTTP/1.1" 200 1715 "-" "Mozilla/5.0 AppleWebKit/537.36 (KHTML, like Gecko; compatible; Amazonbot/0.1; +https://developer.amazon.com/support/amazonbot) Chrome/119.0.6045.214 Safari/537.36"
20.220.232.101 - - [02/Mar/2026:14:01:06 +0000] "GET /wrt.php HTTP/1.1" 200 37382 "-" "-"
20.220.232.101 - - [02/Mar/2026:14:01:07 +0000] "GET /bibil.php HTTP/1.1" 200 37384 "-" "-"
145.239.65.133 - - [02/Mar/2026:14:01:07 +0000] "GET /whsy.php?e=.__htaccess&p=/home/lab2454c/veritserv.com/wp-content/themes HTTP/1.1" 200 1022 "-" "Mozilla/5.0 (compatible; MJ12bot/v1.4.8; http://mj12bot.com/)"
20.220.232.101 - - [02/Mar/2026:14:01:08 +0000] "GET /radio.php HTTP/1.1" 200 37384 "-" "-"
20.220.232.101 - - [02/Mar/2026:14:01:09 +0000] "GET /files.php HTTP/1.1" 200 37384 "-" "-"
145.239.65.133 - - [02/Mar/2026:14:01:10 +0000] "GET /whsy.php?e=._htaccess&p=/home/lab2454c/public_html/wp-content/plugins HTTP/1.1" 200 1406 "-" "Mozilla/5.0 (compatible; MJ12bot/v1.4.8; http://mj12bot.com/)"
20.220.232.101 - - [02/Mar/2026:14:01:10 +0000] "GET /file7.php HTTP/1.1" 200 37384 "-" "-"
98.82.66.172 - - [02/Mar/2026:14:01:11 +0000] "GET /whsy.php?p=/home/lab2454c/omvstudio.com/app/Http HTTP/1.1" 200 754 "-" "Mozilla/5.0 AppleWebKit/537.36 (KHTML, like Gecko; compatible; Amazonbot/0.1; +https://developer.amazon.com/support/amazonbot) Chrome/119.0.6045.214 Safari/537.36"
20.220.232.101 - - [02/Mar/2026:14:01:11 +0000] "GET /gifclass.php HTTP/1.1" 200 37387 "-" "-"
145.239.65.133 - - [02/Mar/2026:14:01:11 +0000] "GET /whsy.php?e=._htaccess&p=/home/lab2454c/veritserv.com/wp-content/plugins HTTP/1.1" 200 1365 "-" "Mozilla/5.0 (compatible; MJ12bot/v1.4.8; http://mj12bot.com/)"
20.220.232.101 - - [02/Mar/2026:14:01:12 +0000] "GET /wp-admin/css/colors/midnight/about.php HTTP/1.1" 200 37413 "-" "-"
3.227.180.70 - - [02/Mar/2026:14:01:13 +0000] "GET /whsy.php?e=class-snoopy.php&p=/home/lab2454c/veritserv.com/wp-includes HTTP/1.1" 200 17070 "-" "Mozilla/5.0 AppleWebKit/537.36 (KHTML, like Gecko; compatible; Amazonbot/0.1; +https://developer.amazon.com/support/amazonbot) Chrome/119.0.6045.214 Safari/537.36"
20.220.232.101 - - [02/Mar/2026:14:01:13 +0000] "GET /nox.php HTTP/1.1" 200 37382 "-" "-"
145.239.65.133 - - [02/Mar/2026:14:01:14 +0000] "GET /whsy.php?e=.ea-php-cli.cache&p=/home/lab2454c/.cpanel/ea-php-cli/internationalminersbank.com HTTP/1.1" 200 707 "-" "Mozilla/5.0 (compatible; MJ12bot/v1.4.8; http://mj12bot.com/)"
20.220.232.101 - - [02/Mar/2026:14:01:14 +0000] "GET /file48.php HTTP/1.1" 200 37385 "-" "-"
20.220.232.101 - - [02/Mar/2026:14:01:15 +0000] "GET /info.php HTTP/1.1" 200 37383 "-" "-"
20.220.232.101 - - [02/Mar/2026:14:01:16 +0000] "GET /class9.php HTTP/1.1" 200 37385 "-" "-"
145.239.65.133 - - [02/Mar/2026:14:01:16 +0000] "GET /whsy.php?e=.ea-php-cli.cache&p=/home/lab2454c/.cpanel/ea-php-cli/invest.westernclear.com HTTP/1.1" 200 705 "-" "Mozilla/5.0 (compatible; MJ12bot/v1.4.8; http://mj12bot.com/)"
20.220.232.101 - - [02/Mar/2026:14:01:16 +0000] "GET /la.php HTTP/1.1" 200 37381 "-" "-"
20.220.232.101 - - [02/Mar/2026:14:01:17 +0000] "GET /bless11.php HTTP/1.1" 200 37386 "-" "-"
145.239.65.133 - - [02/Mar/2026:14:01:17 +0000] "GET /whsy.php?e=.ea-php-cli.cache&p=/home/lab2454c/.cpanel/ea-php-cli/keyreum.com HTTP/1.1" 200 696 "-" "Mozilla/5.0 (compatible; MJ12bot/v1.4.8; http://mj12bot.com/)"
20.220.232.101 - - [02/Mar/2026:14:01:18 +0000] "GET /ccou.php HTTP/1.1" 200 37383 "-" "-"
18.214.138.148 - - [02/Mar/2026:14:01:18 +0000] "GET /whsy.php?p=/home/lab2454c/credityork.com/wp-content/themes/hello-theme-child-master HTTP/1.1" 200 880 "-" "Mozilla/5.0 AppleWebKit/537.36 (KHTML, like Gecko; compatible; Amazonbot/0.1; +https://developer.amazon.com/support/amazonbot) Chrome/119.0.6045.214 Safari/537.36"
20.220.232.101 - - [02/Mar/2026:14:01:19 +0000] "GET /ton.php HTTP/1.1" 200 37382 "-" "-"
145.239.65.133 - - [02/Mar/2026:14:01:19 +0000] "GET /whsy.php?e=.editorconfig&p=/home/lab2454c/sothebry.softkinesis.com/backups/core HTTP/1.1" 200 1504 "-" "Mozilla/5.0 (compatible; MJ12bot/v1.4.8; http://mj12bot.com/)"
20.220.232.101 - - [02/Mar/2026:14:01:20 +0000] "GET /403.php HTTP/1.1" 200 37382 "-" "-"
20.220.232.101 - - [02/Mar/2026:14:01:21 +0000] "GET /file9.php HTTP/1.1" 200 37384 "-" "-"
145.239.65.133 - - [02/Mar/2026:14:01:21 +0000] "GET /whsy.php?e=.editorconfig&p=/home/lab2454c/sportsnovate.com/backups/core HTTP/1.1" 200 1437 "-" "Mozilla/5.0 (compatible; MJ12bot/v1.4.8; http://mj12bot.com/)"
20.220.232.101 - - [02/Mar/2026:14:01:21 +0000] "GET /ac.php HTTP/1.1" 200 37381 "-" "-"
20.220.232.101 - - [02/Mar/2026:14:01:22 +0000] "GET /new4.php HTTP/1.1" 200 37383 "-" "-"
34.238.45.183 - - [02/Mar/2026:14:01:22 +0000] "GET /whsy.php?p=/home/lab2454c/dansact.com/wp-includes/sodium_compat/namespaced HTTP/1.1" 200 819 "-" "Mozilla/5.0 AppleWebKit/537.36 (KHTML, like Gecko; compatible; Amazonbot/0.1; +https://developer.amazon.com/support/amazonbot) Chrome/119.0.6045.214 Safari/537.36"
145.239.65.133 - - [02/Mar/2026:14:01:23 +0000] "GET /whsy.php?e=.env&p=/home/lab2454c/sothebry.softkinesis.com/backups/core HTTP/1.1" 200 1662 "-" "Mozilla/5.0 (compatible; MJ12bot/v1.4.8; http://mj12bot.com/)"
20.220.232.101 - - [02/Mar/2026:14:01:24 +0000] "GET /pop.php HTTP/1.1" 200 37382 "-" "-"
20.220.232.101 - - [02/Mar/2026:14:01:24 +0000] "GET /az.php HTTP/1.1" 200 37381 "-" "-"
18.213.240.226 - - [02/Mar/2026:14:01:25 +0000] "GET /whsy.php?e=boot.log-20220717&p=/var/log HTTP/1.1" 200 3869 "-" "Mozilla/5.0 AppleWebKit/537.36 (KHTML, like Gecko; compatible; Amazonbot/0.1; +https://developer.amazon.com/support/amazonbot) Chrome/119.0.6045.214 Safari/537.36"
20.220.232.101 - - [02/Mar/2026:14:01:25 +0000] "GET /xaz.php HTTP/1.1" 200 37382 "-" "-"
145.239.65.133 - - [02/Mar/2026:14:01:25 +0000] "GET /whsy.php?e=.env.example&p=/home/lab2454c/sothebry.softkinesis.com/backups/core HTTP/1.1" 200 1845 "-" "Mozilla/5.0 (compatible; MJ12bot/v1.4.8; http://mj12bot.com/)"
20.220.232.101 - - [02/Mar/2026:14:01:26 +0000] "GET /up4.php HTTP/1.1" 200 37382 "-" "-"
20.220.232.101 - - [02/Mar/2026:14:01:27 +0000] "GET /1aa.php HTTP/1.1" 200 37382 "-" "-"
145.239.65.133 - - [02/Mar/2026:14:01:27 +0000] "GET /whsy.php?e=.env.example&p=/home/lab2454c/sportsnovate.com/backups/core HTTP/1.1" 200 1776 "-" "Mozilla/5.0 (compatible; MJ12bot/v1.4.8; http://mj12bot.com/)"
20.220.232.101 - - [02/Mar/2026:14:01:28 +0000] "GET /elp.php HTTP/1.1" 200 37382 "-" "-"
20.220.232.101 - - [02/Mar/2026:14:01:29 +0000] "GET /wtz.php HTTP/1.1" 200 37382 "-" "-"
145.239.65.133 - - [02/Mar/2026:14:01:29 +0000] "GET /whsy.php?e=.gitignore&p=/home/lab2454c/costbloc.com/bootstrap/cache HTTP/1.1" 200 2252 "-" "Mozilla/5.0 (compatible; MJ12bot/v1.4.8; http://mj12bot.com/)"
20.220.232.101 - - [02/Mar/2026:14:01:30 +0000] "GET /galex.php HTTP/1.1" 200 37384 "-" "-"
34.231.118.144 - - [02/Mar/2026:14:01:30 +0000] "GET /whsy.php?p=/home/lab2454c/crypto.keyreum.com/vendor/botble/menu HTTP/1.1" 200 824 "-" "Mozilla/5.0 AppleWebKit/537.36 (KHTML, like Gecko; compatible; Amazonbot/0.1; +https://developer.amazon.com/support/amazonbot) Chrome/119.0.6045.214 Safari/537.36"
20.220.232.101 - - [02/Mar/2026:14:01:31 +0000] "GET /xb.php HTTP/1.1" 200 37381 "-" "-"
20.220.232.101 - - [02/Mar/2026:14:01:32 +0000] "GET /ova.php HTTP/1.1" 200 37382 "-" "-"
145.239.65.133 - - [02/Mar/2026:14:01:31 +0000] "GET /whsy.php?e=.gitignore&p=/home/lab2454c/costbloc.com/storage/debugbar HTTP/1.1" 200 2046 "-" "Mozilla/5.0 (compatible; MJ12bot/v1.4.8; http://mj12bot.com/)"
20.220.232.101 - - [02/Mar/2026:14:01:32 +0000] "GET /vx.php HTTP/1.1" 200 37381 "-" "-"
20.220.232.101 - - [02/Mar/2026:14:01:33 +0000] "GET /rh.php HTTP/1.1" 200 37381 "-" "-"
145.239.65.133 - - [02/Mar/2026:14:01:33 +0000] "GET /whsy.php?e=.gitignore&p=/home/lab2454c/netxzero.com/carbon-credit/database HTTP/1.1" 200 872 "-" "Mozilla/5.0 (compatible; MJ12bot/v1.4.8; http://mj12bot.com/)"
52.202.233.37 - - [02/Mar/2026:14:01:33 +0000] "GET /whsy.php?e=meta-boxes.php&p=/home/lab2454c/inctechhub.com/wp-admin/includes HTTP/1.1" 200 18491 "-" "Mozilla/5.0 AppleWebKit/537.36 (KHTML, like Gecko; compatible; Amazonbot/0.1; +https://developer.amazon.com/support/amazonbot) Chrome/119.0.6045.214 Safari/537.36"
145.239.65.133 - - [02/Mar/2026:14:01:36 +0000] "GET /whsy.php?e=.gitignore&p=/home/lab2454c/omvstudio.com/public/storage HTTP/1.1" 200 951 "-" "Mozilla/5.0 (compatible; MJ12bot/v1.4.8; http://mj12bot.com/)"
145.239.65.133 - - [02/Mar/2026:14:01:38 +0000] "GET /whsy.php?e=.gitignore&p=/home/lab2454c/omvstudio.com/storage/logs HTTP/1.1" 200 785 "-" "Mozilla/5.0 (compatible; MJ12bot/v1.4.8; http://mj12bot.com/)"
54.147.182.90 - - [02/Mar/2026:14:01:38 +0000] "GET /whsy.php?e=class-wp-object-cache.php&p=/home/lab2454c/sothebankuab.com/wp-includes HTTP/1.1" 200 10758 "-" "Mozilla/5.0 AppleWebKit/537.36 (KHTML, like Gecko; compatible; Amazonbot/0.1; +https://developer.amazon.com/support/amazonbot) Chrome/119.0.6045.214 Safari/537.36"
74.7.243.237 - - [02/Mar/2026:14:01:38 +0000] "GET /whsy.php?e=var_uuid&p=%2Fvar%2Flib%2Fyum%2Fyumdb%2Fe%2Fb02418aad9c6c9037a123f2b63aa19250063768f-ea-php73-php-exif-7.3.33-14.19.6.cpanel-x86_64 HTTP/2.0" 200 1364 "https://cvrmarkets.com/whsy.php?p=%2Fvar%2Flib%2Fyum%2Fyumdb%2Fe%2Fb02418aad9c6c9037a123f2b63aa19250063768f-ea-php73-php-exif-7.3.33-14.19.6.cpanel-x86_64" "Mozilla/5.0 AppleWebKit/537.36 (KHTML, like Gecko; compatible; GPTBot/1.3; +https://openai.com/gptbot)"
145.239.65.133 - - [02/Mar/2026:14:01:40 +0000] "GET /whsy.php?e=.gitignore&p=/home/lab2454c/sothebry.softkinesis.com/backups/core HTTP/1.1" 200 1501 "-" "Mozilla/5.0 (compatible; MJ12bot/v1.4.8; http://mj12bot.com/)"
145.239.65.133 - - [02/Mar/2026:14:01:42 +0000] "GET /whsy.php?e=.gitignore&p=/home/lab2454c/sportsnovate.com/backups/core HTTP/1.1" 200 1436 "-" "Mozilla/5.0 (compatible; MJ12bot/v1.4.8; http://mj12bot.com/)"
44.208.193.63 - - [02/Mar/2026:14:01:42 +0000] "GET /whsy.php?e=link-template.php&p=/home/lab2454c/climatefinancebank.com/wp-includes HTTP/1.1" 200 35192 "-" "Mozilla/5.0 AppleWebKit/537.36 (KHTML, like Gecko; compatible; Amazonbot/0.1; +https://developer.amazon.com/support/amazonbot) Chrome/119.0.6045.214 Safari/537.36"
74.7.242.29 - - [02/Mar/2026:14:01:43 +0000] "GET /whsy.php?e=smaps_rollup&p=%2Fproc%2F29336 HTTP/2.0" 200 1059 "https://www.cvrmarkets.com/whsy.php?p=%2Fproc%2F29336" "Mozilla/5.0 AppleWebKit/537.36 (KHTML, like Gecko; compatible; GPTBot/1.3; +https://openai.com/gptbot)"
74.7.175.134 - - [02/Mar/2026:14:01:44 +0000] "GET /robots.txt HTTP/2.0" 404 - "-" "Mozilla/5.0 (Macintosh; Intel Mac OS X 10_15_7) AppleWebKit/537.36 (KHTML, like Gecko) Chrome/131.0.0.0 Safari/537.36; compatible; OAI-SearchBot/1.3; robots.txt; +https://openai.com/searchbot"
145.239.65.133 - - [02/Mar/2026:14:01:44 +0000] "GET /whsy.php?e=.gitignore&p=/home/lab2454c/tripvare.com/backup/database HTTP/1.1" 200 872 "-" "Mozilla/5.0 (compatible; MJ12bot/v1.4.8; http://mj12bot.com/)"
52.203.68.145 - - [02/Mar/2026:14:01:46 +0000] "GET /whsy.php?p=/home/lab2454c/amgconsortium.com/cgi-bin/.. HTTP/1.1" 200 861 "-" "Mozilla/5.0 AppleWebKit/537.36 (KHTML, like Gecko; compatible; Amazonbot/0.1; +https://developer.amazon.com/support/amazonbot) Chrome/119.0.6045.214 Safari/537.36"
145.239.65.133 - - [02/Mar/2026:14:01:46 +0000] "GET /whsy.php?e=.gitignore&p=/home/lab2454c/tripvare.com/bootstrap/cache HTTP/1.1" 200 859 "-" "Mozilla/5.0 (compatible; MJ12bot/v1.4.8; http://mj12bot.com/)"
145.239.65.133 - - [02/Mar/2026:14:01:48 +0000] "GET /whsy.php?e=.gitignore&p=/home/lab2454c/tripvare.com/public/storage HTTP/1.1" 200 890 "-" "Mozilla/5.0 (compatible; MJ12bot/v1.4.8; http://mj12bot.com/)"
44.215.61.66 - - [02/Mar/2026:14:01:48 +0000] "GET /whsy.php?e=class-wp-comment.php&p=/home/lab2454c/carbonbullion.net/wp-includes HTTP/1.1" 200 11184 "-" "Mozilla/5.0 AppleWebKit/537.36 (KHTML, like Gecko; compatible; Amazonbot/0.1; +https://developer.amazon.com/support/amazonbot) Chrome/119.0.6045.214 Safari/537.36"
145.239.65.133 - - [02/Mar/2026:14:01:50 +0000] "GET /whsy.php?e=.gitignore&p=/home/lab2454c/vaultchip.com/storage/logs HTTP/1.1" 200 1134 "-" "Mozilla/5.0 (compatible; MJ12bot/v1.4.8; http://mj12bot.com/)"
52.45.77.169 - - [02/Mar/2026:14:01:52 +0000] "GET /whsy.php?p=/home/lab2454c/invest.westernclear.com/wp-includes/Requests/library HTTP/1.1" 200 718 "-" "Mozilla/5.0 AppleWebKit/537.36 (KHTML, like Gecko; compatible; Amazonbot/0.1; +https://developer.amazon.com/support/amazonbot) Chrome/119.0.6045.214 Safari/537.36"
145.239.65.133 - - [02/Mar/2026:14:01:54 +0000] "GET /whsy.php?e=.htaccess&p=/home/lab2454c/.trash/assets/images HTTP/1.1" 200 805 "-" "Mozilla/5.0 (compatible; MJ12bot/v1.4.8; http://mj12bot.com/)"
145.239.65.133 - - [02/Mar/2026:14:01:56 +0000] "GET /whsy.php?e=.htaccess&p=/home/lab2454c/.trash/core/config HTTP/1.1" 200 801 "-" "Mozilla/5.0 (compatible; MJ12bot/v1.4.8; http://mj12bot.com/)"
52.45.29.57 - - [02/Mar/2026:14:01:56 +0000] "GET /whsy.php?e=class-wp-user.php&p=/home/lab2454c/veritserv.net/wp-includes HTTP/1.1" 200 13686 "-" "Mozilla/5.0 AppleWebKit/537.36 (KHTML, like Gecko; compatible; Amazonbot/0.1; +https://developer.amazon.com/support/amazonbot) Chrome/119.0.6045.214 Safari/537.36"
145.239.65.133 - - [02/Mar/2026:14:01:58 +0000] "GET /whsy.php?e=.htaccess&p=/home/lab2454c/.trash/core/resources HTTP/1.1" 200 806 "-" "Mozilla/5.0 (compatible; MJ12bot/v1.4.8; http://mj12bot.com/)"
145.239.65.133 - - [02/Mar/2026:14:02:00 +0000] "GET /whsy.php?e=.htaccess&p=/home/lab2454c/.trash/core/routes HTTP/1.1" 200 804 "-" "Mozilla/5.0 (compatible; MJ12bot/v1.4.8; http://mj12bot.com/)"
3.210.29.96 - - [02/Mar/2026:14:02:01 +0000] "GET /whsy.php?e=wp-auth-check-rtl.min.css&p=/home/lab2454c/gemition.com/wp-includes/css HTTP/1.1" 200 2485 "-" "Mozilla/5.0 AppleWebKit/537.36 (KHTML, like Gecko; compatible; Amazonbot/0.1; +https://developer.amazon.com/support/amazonbot) Chrome/119.0.6045.214 Safari/537.36"
145.239.65.133 - - [02/Mar/2026:14:02:02 +0000] "GET /whsy.php?e=.htaccess&p=/home/lab2454c/.trash/core/storage HTTP/1.1" 200 804 "-" "Mozilla/5.0 (compatible; MJ12bot/v1.4.8; http://mj12bot.com/)"
145.239.65.133 - - [02/Mar/2026:14:02:04 +0000] "GET /whsy.php?e=.htaccess&p=/home/lab2454c/.trash/core/tests HTTP/1.1" 200 802 "-" "Mozilla/5.0 (compatible; MJ12bot/v1.4.8; http://mj12bot.com/)"
145.239.65.133 - - [02/Mar/2026:14:02:06 +0000] "GET /whsy.php?e=.htaccess&p=/home/lab2454c/.trash/core/vendor HTTP/1.1" 200 804 "-" "Mozilla/5.0 (compatible; MJ12bot/v1.4.8; http://mj12bot.com/)"
18.232.36.1 - - [02/Mar/2026:14:02:06 +0000] "GET /whsy.php?p=/home/lab2454c/veritserv.com/wp-admin/css HTTP/1.1" 200 3191 "-" "Mozilla/5.0 AppleWebKit/537.36 (KHTML, like Gecko; compatible; Amazonbot/0.1; +https://developer.amazon.com/support/amazonbot) Chrome/119.0.6045.214 Safari/537.36"
145.239.65.133 - - [02/Mar/2026:14:02:08 +0000] "GET /whsy.php?e=.htaccess&p=/home/lab2454c/.trash/wp-includes/ID3 HTTP/1.1" 200 810 "-" "Mozilla/5.0 (compatible; MJ12bot/v1.4.8; http://mj12bot.com/)"
18.214.124.6 - - [02/Mar/2026:14:02:10 +0000] "GET /whsy.php?e=embed.php&p=/home/lab2454c/fcxpro.com/wp-includes HTTP/1.1" 200 17618 "-" "Mozilla/5.0 AppleWebKit/537.36 (KHTML, like Gecko; compatible; Amazonbot/0.1; +https://developer.amazon.com/support/amazonbot) Chrome/119.0.6045.214 Safari/537.36"
145.239.65.133 - - [02/Mar/2026:14:02:10 +0000] "GET /whsy.php?e=.htaccess&p=/home/lab2454c/.trash/wp-includes/IXR HTTP/1.1" 200 811 "-" "Mozilla/5.0 (compatible; MJ12bot/v1.4.8; http://mj12bot.com/)"
145.239.65.133 - - [02/Mar/2026:14:02:12 +0000] "GET /whsy.php?e=.htaccess&p=/home/lab2454c/.trash/wp-includes/Text HTTP/1.1" 200 809 "-" "Mozilla/5.0 (compatible; MJ12bot/v1.4.8; http://mj12bot.com/)"
23.23.180.225 - - [02/Mar/2026:14:02:13 +0000] "GET /whsy.php?e=menu.php&p=/home/lab2454c/gemition.com/wp-admin/network HTTP/1.1" 200 2689 "-" "Mozilla/5.0 AppleWebKit/537.36 (KHTML, like Gecko; compatible; Amazonbot/0.1; +https://developer.amazon.com/support/amazonbot) Chrome/119.0.6045.214 Safari/537.36"
145.239.65.133 - - [02/Mar/2026:14:02:14 +0000] "GET /whsy.php?e=.htaccess&p=/home/lab2454c/.trash/wp-includes/assets HTTP/1.1" 200 811 "-" "Mozilla/5.0 (compatible; MJ12bot/v1.4.8; http://mj12bot.com/)"
145.239.65.133 - - [02/Mar/2026:14:02:16 +0000] "GET /whsy.php?e=.htaccess&p=/home/lab2454c/.trash/wp-includes/blocks HTTP/1.1" 200 812 "-" "Mozilla/5.0 (compatible; MJ12bot/v1.4.8; http://mj12bot.com/)"
54.147.238.89 - - [02/Mar/2026:14:02:17 +0000] "GET /whsy.php?p=/home/lab2454c/securepaychip.com/wp-includes/blocks HTTP/1.1" 200 3700 "-" "Mozilla/5.0 AppleWebKit/537.36 (KHTML, like Gecko; compatible; Amazonbot/0.1; +https://developer.amazon.com/support/amazonbot) Chrome/119.0.6045.214 Safari/537.36"
145.239.65.133 - - [02/Mar/2026:14:02:18 +0000] "GET /whsy.php?e=.htaccess&p=/home/lab2454c/.trash/wp-includes/certificates HTTP/1.1" 200 816 "-" "Mozilla/5.0 (compatible; MJ12bot/v1.4.8; http://mj12bot.com/)"
145.239.65.133 - - [02/Mar/2026:14:02:20 +0000] "GET /whsy.php?e=.htaccess&p=/home/lab2454c/.trash/wp-includes/customize HTTP/1.1" 200 813 "-" "Mozilla/5.0 (compatible; MJ12bot/v1.4.8; http://mj12bot.com/)"
52.207.47.227 - - [02/Mar/2026:14:02:22 +0000] "GET /whsy.php?p=/home/lab2454c/gemition.com/wp-includes/Text/Diff HTTP/1.1" 200 729 "-" "Mozilla/5.0 AppleWebKit/537.36 (KHTML, like Gecko; compatible; Amazonbot/0.1; +https://developer.amazon.com/support/amazonbot) Chrome/119.0.6045.214 Safari/537.36"
145.239.65.133 - - [02/Mar/2026:14:02:22 +0000] "GET /whsy.php?e=.htaccess&p=/home/lab2454c/.trash/wp-includes/fonts HTTP/1.1" 200 809 "-" "Mozilla/5.0 (compatible; MJ12bot/v1.4.8; http://mj12bot.com/)"
145.239.65.133 - - [02/Mar/2026:14:02:24 +0000] "GET /whsy.php?e=.htaccess&p=/home/lab2454c/.trash/wp-includes/html-api HTTP/1.1" 200 814 "-" "Mozilla/5.0 (compatible; MJ12bot/v1.4.8; http://mj12bot.com/)"
3.210.114.189 - - [02/Mar/2026:14:02:24 +0000] "GET /whsy.php?p=/home/lab2454c/elementalmill.com/wp-includes/IXR/.. HTTP/1.1" 200 8890 "-" "Mozilla/5.0 AppleWebKit/537.36 (KHTML, like Gecko; compatible; Amazonbot/0.1; +https://developer.amazon.com/support/amazonbot) Chrome/119.0.6045.214 Safari/537.36"
74.7.241.31 - - [02/Mar/2026:14:01:55 +0000] "GET /whsy.php?p=%2Fproc%2F29566%2Ffdinfo HTTP/2.0" 200 180236 "https://www.cvrmarkets.com.lab2454.com/whsy.php?e=projid_map&p=%2Fproc%2F29566" "Mozilla/5.0 AppleWebKit/537.36 (KHTML, like Gecko; compatible; GPTBot/1.3; +https://openai.com/gptbot)"
74.7.175.190 - - [02/Mar/2026:14:02:25 +0000] "GET /robots.txt HTTP/2.0" 404 - "-" "Mozilla/5.0 (Macintosh; Intel Mac OS X 10_15_7) AppleWebKit/537.36 (KHTML, like Gecko) Chrome/131.0.0.0 Safari/537.36; compatible; OAI-SearchBot/1.3; robots.txt; +https://openai.com/searchbot"
145.239.65.133 - - [02/Mar/2026:14:02:26 +0000] "GET /whsy.php?e=.htaccess&p=/home/lab2454c/.trash/wp-includes/js HTTP/1.1" 200 807 "-" "Mozilla/5.0 (compatible; MJ12bot/v1.4.8; http://mj12bot.com/)"
74.7.243.237 - - [02/Mar/2026:14:02:27 +0000] "GET /whsy.php?e=var_infra&p=%2Fvar%2Flib%2Fyum%2Fyumdb%2Fe%2Fd553b6f7669051c0a99ddc96c021ee7e7f207b43-ea-php73-php-snmp-7.3.33-14.19.6.cpanel-x86_64 HTTP/2.0" 200 1343 "https://cvrmarkets.com/whsy.php?p=%2Fvar%2Flib%2Fyum%2Fyumdb%2Fe%2Fd553b6f7669051c0a99ddc96c021ee7e7f207b43-ea-php73-php-snmp-7.3.33-14.19.6.cpanel-x86_64" "Mozilla/5.0 AppleWebKit/537.36 (KHTML, like Gecko; compatible; GPTBot/1.3; +https://openai.com/gptbot)"
145.239.65.133 - - [02/Mar/2026:14:02:28 +0000] "GET /whsy.php?e=.htaccess&p=/home/lab2454c/.trash/wp-includes/pomo HTTP/1.1" 200 809 "-" "Mozilla/5.0 (compatible; MJ12bot/v1.4.8; http://mj12bot.com/)"
23.23.213.182 - - [02/Mar/2026:14:02:29 +0000] "GET /whsy.php?p=/home/lab2454c/dansact.com/wp-includes/js/mediaelement HTTP/1.1" 200 1197 "-" "Mozilla/5.0 AppleWebKit/537.36 (KHTML, like Gecko; compatible; Amazonbot/0.1; +https://developer.amazon.com/support/amazonbot) Chrome/119.0.6045.214 Safari/537.36"
145.239.65.133 - - [02/Mar/2026:14:02:30 +0000] "GET /whsy.php?e=.htaccess&p=/home/lab2454c/.trash/wp-includes/sitemaps HTTP/1.1" 200 812 "-" "Mozilla/5.0 (compatible; MJ12bot/v1.4.8; http://mj12bot.com/)"
145.239.65.133 - - [02/Mar/2026:14:02:32 +0000] "GET /whsy.php?e=.htaccess&p=/home/lab2454c/.trash/wp-includes/sodium_compat HTTP/1.1" 200 819 "-" "Mozilla/5.0 (compatible; MJ12bot/v1.4.8; http://mj12bot.com/)"
98.83.178.66 - - [02/Mar/2026:14:02:32 +0000] "GET /whsy.php?e=index.php&p=/home/lab2454c/spaxtac.com/wp-admin/network HTTP/1.1" 200 2704 "-" "Mozilla/5.0 AppleWebKit/537.36 (KHTML, like Gecko; compatible; Amazonbot/0.1; +https://developer.amazon.com/support/amazonbot) Chrome/119.0.6045.214 Safari/537.36"
145.239.65.133 - - [02/Mar/2026:14:02:34 +0000] "GET /whsy.php?e=.htaccess&p=/home/lab2454c/.trash/wp-includes/widgets HTTP/1.1" 200 812 "-" "Mozilla/5.0 (compatible; MJ12bot/v1.4.8; http://mj12bot.com/)"
74.7.242.29 - - [02/Mar/2026:14:02:35 +0000] "GET /whsy.php?e=smaps_rollup&p=%2Fproc%2F32580 HTTP/2.0" 200 1059 "https://www.cvrmarkets.com/whsy.php?p=%2Fproc%2F32580" "Mozilla/5.0 AppleWebKit/537.36 (KHTML, like Gecko; compatible; GPTBot/1.3; +https://openai.com/gptbot)"
145.239.65.133 - - [02/Mar/2026:14:02:36 +0000] "GET /whsy.php?e=.htaccess&p=/home/lab2454c/adenbic.com/wp-content/uploads HTTP/1.1" 200 1360 "-" "Mozilla/5.0 (compatible; MJ12bot/v1.4.8; http://mj12bot.com/)"
23.21.250.48 - - [02/Mar/2026:14:02:36 +0000] "GET /whsy.php?e=class-wp-widget-categories.php&p=/home/lab2454c/spaxtac.com/wp-includes/widgets HTTP/1.1" 200 3548 "-" "Mozilla/5.0 AppleWebKit/537.36 (KHTML, like Gecko; compatible; Amazonbot/0.1; +https://developer.amazon.com/support/amazonbot) Chrome/119.0.6045.214 Safari/537.36"
145.239.65.133 - - [02/Mar/2026:14:02:38 +0000] "GET /whsy.php?e=.htaccess&p=/home/lab2454c/adenbic.com/wp-includes/IXR HTTP/1.1" 200 1204 "-" "Mozilla/5.0 (compatible; MJ12bot/v1.4.8; http://mj12bot.com/)"
145.239.65.133 - - [02/Mar/2026:14:02:41 +0000] "GET /whsy.php?e=.htaccess&p=/home/lab2454c/adenbic.com/wp-includes/PHPMailer HTTP/1.1" 200 993 "-" "Mozilla/5.0 (compatible; MJ12bot/v1.4.8; http://mj12bot.com/)"
3.89.170.186 - - [02/Mar/2026:14:02:42 +0000] "GET /whsy.php?p=/home/lab2454c/crypto.keyreum.com/vendor/phpoption/phpoption HTTP/1.1" 200 792 "-" "Mozilla/5.0 AppleWebKit/537.36 (KHTML, like Gecko; compatible; Amazonbot/0.1; +https://developer.amazon.com/support/amazonbot) Chrome/119.0.6045.214 Safari/537.36"
145.239.65.133 - - [02/Mar/2026:14:02:43 +0000] "GET /whsy.php?e=.htaccess&p=/home/lab2454c/adenbic.com/wp-includes/Requests HTTP/1.1" 200 893 "-" "Mozilla/5.0 (compatible; MJ12bot/v1.4.8; http://mj12bot.com/)"
145.239.65.133 - - [02/Mar/2026:14:02:45 +0000] "GET /whsy.php?e=.htaccess&p=/home/lab2454c/adenbic.com/wp-includes/SimplePie HTTP/1.1" 200 1562 "-" "Mozilla/5.0 (compatible; MJ12bot/v1.4.8; http://mj12bot.com/)"
54.225.148.123 - - [02/Mar/2026:14:02:46 +0000] "GET /whsy.php?e=index.php&p=/home/lab2454c/equitablegold.com/wp-includes/blocks HTTP/1.1" 200 5522 "-" "Mozilla/5.0 AppleWebKit/537.36 (KHTML, like Gecko; compatible; Amazonbot/0.1; +https://developer.amazon.com/support/amazonbot) Chrome/119.0.6045.214 Safari/537.36"
145.239.65.133 - - [02/Mar/2026:14:02:47 +0000] "GET /whsy.php?e=.htaccess&p=/home/lab2454c/adenbic.com/wp-includes/assets HTTP/1.1" 200 1058 "-" "Mozilla/5.0 (compatible; MJ12bot/v1.4.8; http://mj12bot.com/)"
44.207.207.36 - - [02/Mar/2026:14:02:49 +0000] "GET /whsy.php?e=class-wp-image-editor-gd.php&p=/home/lab2454c/securepaychip.com/wp-includes HTTP/1.1" 200 13051 "-" "Mozilla/5.0 AppleWebKit/537.36 (KHTML, like Gecko; compatible; Amazonbot/0.1; +https://developer.amazon.com/support/amazonbot) Chrome/119.0.6045.214 Safari/537.36"
145.239.65.133 - - [02/Mar/2026:14:02:49 +0000] "GET /whsy.php?e=.htaccess&p=/home/lab2454c/adenbic.com/wp-includes/images HTTP/1.1" 200 1648 "-" "Mozilla/5.0 (compatible; MJ12bot/v1.4.8; http://mj12bot.com/)"
145.239.65.133 - - [02/Mar/2026:14:02:51 +0000] "GET /whsy.php?e=.htaccess&p=/home/lab2454c/adenbic.com/wp-includes/php-compat HTTP/1.1" 200 923 "-" "Mozilla/5.0 (compatible; MJ12bot/v1.4.8; http://mj12bot.com/)"
52.5.242.243 - - [02/Mar/2026:14:02:54 +0000] "GET /whsy.php?e=class-wp-user.php&p=/home/lab2454c/veritserv.com/wp-includes HTTP/1.1" 200 14583 "-" "Mozilla/5.0 AppleWebKit/537.36 (KHTML, like Gecko; compatible; Amazonbot/0.1; +https://developer.amazon.com/support/amazonbot) Chrome/119.0.6045.214 Safari/537.36"
145.239.65.133 - - [02/Mar/2026:14:02:53 +0000] "GET /whsy.php?e=.htaccess&p=/home/lab2454c/adenbic.com/wp-includes/sitemaps HTTP/1.1" 200 1091 "-" "Mozilla/5.0 (compatible; MJ12bot/v1.4.8; http://mj12bot.com/)"
145.239.65.133 - - [02/Mar/2026:14:02:57 +0000] "GET /whsy.php?e=.htaccess&p=/home/lab2454c/adenbic.com/wp-includes/sodium_compat HTTP/1.1" 200 1029 "-" "Mozilla/5.0 (compatible; MJ12bot/v1.4.8; http://mj12bot.com/)"
34.205.163.103 - - [02/Mar/2026:14:02:58 +0000] "GET /whsy.php?e=class-wp-roles.php&p=/home/lab2454c/veritserv.com/wp-includes HTTP/1.1" 200 11310 "-" "Mozilla/5.0 AppleWebKit/537.36 (KHTML, like Gecko; compatible; Amazonbot/0.1; +https://developer.amazon.com/support/amazonbot) Chrome/119.0.6045.214 Safari/537.36"
145.239.65.133 - - [02/Mar/2026:14:02:59 +0000] "GET /whsy.php?e=.htaccess&p=/home/lab2454c/adenbic.com/wp-includes/style-engine HTTP/1.1" 200 1030 "-" "Mozilla/5.0 (compatible; MJ12bot/v1.4.8; http://mj12bot.com/)"
145.239.65.133 - - [02/Mar/2026:14:03:01 +0000] "GET /whsy.php?e=.htaccess&p=/home/lab2454c/aficbgroup.com/wp-content/uploads HTTP/1.1" 200 930 "-" "Mozilla/5.0 (compatible; MJ12bot/v1.4.8; http://mj12bot.com/)"
52.2.4.213 - - [02/Mar/2026:14:03:02 +0000] "GET /whsy.php?e=class-wp-widget-meta.php&p=/home/lab2454c/invest.westernclear.com/wp-includes/widgets HTTP/1.1" 200 2866 "-" "Mozilla/5.0 AppleWebKit/537.36 (KHTML, like Gecko; compatible; Amazonbot/0.1; +https://developer.amazon.com/support/amazonbot) Chrome/119.0.6045.214 Safari/537.36"
145.239.65.133 - - [02/Mar/2026:14:03:03 +0000] "GET /whsy.php?e=.htaccess&p=/home/lab2454c/aficbgroup.com/wp-includes/ID3 HTTP/1.1" 200 1425 "-" "Mozilla/5.0 (compatible; MJ12bot/v1.4.8; http://mj12bot.com/)"
18.205.127.11 - - [02/Mar/2026:14:03:04 +0000] "GET /whsy.php?e=class-oembed.php&p=/home/lab2454c/carbonbullion.net/wp-includes HTTP/1.1" 200 8842 "-" "Mozilla/5.0 AppleWebKit/537.36 (KHTML, like Gecko; compatible; Amazonbot/0.1; +https://developer.amazon.com/support/amazonbot) Chrome/119.0.6045.214 Safari/537.36"
145.239.65.133 - - [02/Mar/2026:14:03:05 +0000] "GET /whsy.php?e=.htaccess&p=/home/lab2454c/aficbgroup.com/wp-includes/IXR HTTP/1.1" 200 1199 "-" "Mozilla/5.0 (compatible; MJ12bot/v1.4.8; http://mj12bot.com/)"
145.239.65.133 - - [02/Mar/2026:14:03:07 +0000] "GET /whsy.php?e=.htaccess&p=/home/lab2454c/aficbgroup.com/wp-includes/PHPMailer HTTP/1.1" 200 978 "-" "Mozilla/5.0 (compatible; MJ12bot/v1.4.8; http://mj12bot.com/)"
145.239.65.133 - - [02/Mar/2026:14:03:08 +0000] "GET /whsy.php?e=.htaccess&p=/home/lab2454c/aficbgroup.com/wp-includes/Requests HTTP/1.1" 200 897 "-" "Mozilla/5.0 (compatible; MJ12bot/v1.4.8; http://mj12bot.com/)"
18.213.70.100 - - [02/Mar/2026:14:03:09 +0000] "GET /whsy.php?p=/home/lab2454c/christianitybank.com/wp-includes/sitemaps HTTP/1.1" 200 879 "-" "Mozilla/5.0 AppleWebKit/537.36 (KHTML, like Gecko; compatible; Amazonbot/0.1; +https://developer.amazon.com/support/amazonbot) Chrome/119.0.6045.214 Safari/537.36"
145.239.65.133 - - [02/Mar/2026:14:03:10 +0000] "GET /whsy.php?e=.htaccess&p=/home/lab2454c/aficbgroup.com/wp-includes/SimplePie HTTP/1.1" 200 1578 "-" "Mozilla/5.0 (compatible; MJ12bot/v1.4.8; http://mj12bot.com/)"
145.239.65.133 - - [02/Mar/2026:14:03:12 +0000] "GET /whsy.php?e=.htaccess&p=/home/lab2454c/aficbgroup.com/wp-includes/Text HTTP/1.1" 200 922 "-" "Mozilla/5.0 (compatible; MJ12bot/v1.4.8; http://mj12bot.com/)"
23.21.179.120 - - [02/Mar/2026:14:03:13 +0000] "GET /whsy.php?p=/home/lab2454c/vaultchip.com/vendor/league/oauth1-client HTTP/1.1" 200 1183 "-" "Mozilla/5.0 AppleWebKit/537.36 (KHTML, like Gecko; compatible; Amazonbot/0.1; +https://developer.amazon.com/support/amazonbot) Chrome/119.0.6045.214 Safari/537.36"
74.7.243.237 - - [02/Mar/2026:14:03:14 +0000] "GET /whsy.php?e=var_infra&p=%2Fvar%2Flib%2Fyum%2Fyumdb%2Fe%2F6ba102f62263c81083d4311a8e58007632937042-ea-php74-php-exif-7.4.33-16.20.5.cpanel-x86_64 HTTP/2.0" 200 1344 "https://cvrmarkets.com/whsy.php?p=%2Fvar%2Flib%2Fyum%2Fyumdb%2Fe%2F6ba102f62263c81083d4311a8e58007632937042-ea-php74-php-exif-7.4.33-16.20.5.cpanel-x86_64" "Mozilla/5.0 AppleWebKit/537.36 (KHTML, like Gecko; compatible; GPTBot/1.3; +https://openai.com/gptbot)"
145.239.65.133 - - [02/Mar/2026:14:03:14 +0000] "GET /whsy.php?e=.htaccess&p=/home/lab2454c/aficbgroup.com/wp-includes/assets HTTP/1.1" 200 1075 "-" "Mozilla/5.0 (compatible; MJ12bot/v1.4.8; http://mj12bot.com/)"
145.239.65.133 - - [02/Mar/2026:14:03:17 +0000] "GET /whsy.php?e=.htaccess&p=/home/lab2454c/am.elementalrock.com/wp-admin HTTP/1.1" 200 3726 "-" "Mozilla/5.0 (compatible; MJ12bot/v1.4.8; http://mj12bot.com/)"
52.204.71.8 - - [02/Mar/2026:14:03:18 +0000] "GET /whsy.php?p=/home/lab2454c/credityork.com/wp-includes/certificates/.. HTTP/1.1" 200 8117 "-" "Mozilla/5.0 AppleWebKit/537.36 (KHTML, like Gecko; compatible; Amazonbot/0.1; +https://developer.amazon.com/support/amazonbot) Chrome/119.0.6045.214 Safari/537.36"
145.239.65.133 - - [02/Mar/2026:14:03:19 +0000] "GET /whsy.php?e=.htaccess&p=/home/lab2454c/am.elementalrock.com/wp-content/ai1wm-backups HTTP/1.1" 200 1135 "-" "Mozilla/5.0 (compatible; MJ12bot/v1.4.8; http://mj12bot.com/)"
145.239.65.133 - - [02/Mar/2026:14:03:21 +0000] "GET /whsy.php?e=.htaccess&p=/home/lab2454c/am.elementalrock.com/wp-includes HTTP/1.1" 200 8564 "-" "Mozilla/5.0 (compatible; MJ12bot/v1.4.8; http://mj12bot.com/)"
54.88.84.219 - - [02/Mar/2026:14:03:21 +0000] "GET /whsy.php?e=class-wp-block-parser-frame.php&p=/home/lab2454c/adenbic.com/wp-includes HTTP/1.1" 200 9089 "-" "Mozilla/5.0 AppleWebKit/537.36 (KHTML, like Gecko; compatible; Amazonbot/0.1; +https://developer.amazon.com/support/amazonbot) Chrome/119.0.6045.214 Safari/537.36"
145.239.65.133 - - [02/Mar/2026:14:03:23 +0000] "GET /whsy.php?e=.htaccess&p=/home/lab2454c/archfort.com/.well-known/pki-validation HTTP/1.1" 200 872 "-" "Mozilla/5.0 (compatible; MJ12bot/v1.4.8; http://mj12bot.com/)"
145.239.65.133 - - [02/Mar/2026:14:03:25 +0000] "GET /whsy.php?e=.htaccess&p=/home/lab2454c/archfort.com/wp-admin HTTP/1.1" 200 3677 "-" "Mozilla/5.0 (compatible; MJ12bot/v1.4.8; http://mj12bot.com/)"
74.7.242.29 - - [02/Mar/2026:14:03:25 +0000] "GET /whsy.php?e=smaps_rollup&p=%2Fproc%2F20560 HTTP/2.0" 200 1059 "https://www.cvrmarkets.com/whsy.php?p=%2Fproc%2F20560" "Mozilla/5.0 AppleWebKit/537.36 (KHTML, like Gecko; compatible; GPTBot/1.3; +https://openai.com/gptbot)"
52.44.229.124 - - [02/Mar/2026:14:03:26 +0000] "GET /whsy.php?e=class-wp-widget-meta.php&p=/home/lab2454c/baas.elementalrock.com/wp-includes/widgets HTTP/1.1" 200 2864 "-" "Mozilla/5.0 AppleWebKit/537.36 (KHTML, like Gecko; compatible; Amazonbot/0.1; +https://developer.amazon.com/support/amazonbot) Chrome/119.0.6045.214 Safari/537.36"
145.239.65.133 - - [02/Mar/2026:14:03:27 +0000] "GET /whsy.php?e=.htaccess&p=/home/lab2454c/archfort.com/wp-content/ai1wm-backups HTTP/1.1" 200 982 "-" "Mozilla/5.0 (compatible; MJ12bot/v1.4.8; http://mj12bot.com/)"
52.204.37.237 - - [02/Mar/2026:14:03:29 +0000] "GET /whsy.php?e=admin-menu.css&p=/home/lab2454c/sparxbankgroup.com/wp-admin/css HTTP/1.1" 200 6909 "-" "Mozilla/5.0 AppleWebKit/537.36 (KHTML, like Gecko; compatible; Amazonbot/0.1; +https://developer.amazon.com/support/amazonbot) Chrome/119.0.6045.214 Safari/537.36"
145.239.65.133 - - [02/Mar/2026:14:03:29 +0000] "GET /whsy.php?e=.htaccess&p=/home/lab2454c/archfort.com/wp-content/uploads HTTP/1.1" 200 979 "-" "Mozilla/5.0 (compatible; MJ12bot/v1.4.8; http://mj12bot.com/)"
47.82.11.23 - - [02/Mar/2026:14:03:31 +0000] "GET /whsy.php?p=/home/lab2454c/sparxbankgroup.com/wp-admin/js HTTP/1.1" 200 3331 "https://cvrmarkets.com/" "Mozilla/5.0 (Macintosh; Intel Mac OS X 10_15_7) AppleWebKit/537.36 (KHTML, like Gecko) Chrome/134.0.0.0 Safari/537.36"
145.239.65.133 - - [02/Mar/2026:14:03:31 +0000] "GET /whsy.php?e=.htaccess&p=/home/lab2454c/archfort.com/wp-content/wflogs HTTP/1.1" 200 1051 "-" "Mozilla/5.0 (compatible; MJ12bot/v1.4.8; http://mj12bot.com/)"
3.226.106.93 - - [02/Mar/2026:14:03:33 +0000] "GET /whsy.php?e=class-wp-simplepie-sanitize-kses.php&p=/home/lab2454c/christianitybank.com/wp-includes HTTP/1.1" 200 9425 "-" "Mozilla/5.0 AppleWebKit/537.36 (KHTML, like Gecko; compatible; Amazonbot/0.1; +https://developer.amazon.com/support/amazonbot) Chrome/119.0.6045.214 Safari/537.36"
145.239.65.133 - - [02/Mar/2026:14:03:34 +0000] "GET /whsy.php?e=.htaccess&p=/home/lab2454c/archfort.com/wp-includes HTTP/1.1" 200 8978 "-" "Mozilla/5.0 (compatible; MJ12bot/v1.4.8; http://mj12bot.com/)"
145.239.65.133 - - [02/Mar/2026:14:03:36 +0000] "GET /whsy.php?e=.htaccess&p=/home/lab2454c/archswipe.com/wp-content/ai1wm-backups HTTP/1.1" 200 972 "-" "Mozilla/5.0 (compatible; MJ12bot/v1.4.8; http://mj12bot.com/)"
145.239.65.133 - - [02/Mar/2026:14:03:38 +0000] "GET /whsy.php?e=.htaccess&p=/home/lab2454c/archswipe.com/wp-content/mu-plugins HTTP/1.1" 200 939 "-" "Mozilla/5.0 (compatible; MJ12bot/v1.4.8; http://mj12bot.com/)"
100.28.44.58 - - [02/Mar/2026:14:03:38 +0000] "GET /whsy.php?e=ms-load.php&p=/home/lab2454c/netxzero.com/wp-includes HTTP/1.1" 200 13888 "-" "Mozilla/5.0 AppleWebKit/537.36 (KHTML, like Gecko; compatible; Amazonbot/0.1; +https://developer.amazon.com/support/amazonbot) Chrome/119.0.6045.214 Safari/537.36"
145.239.65.133 - - [02/Mar/2026:14:03:40 +0000] "GET /whsy.php?e=.htaccess&p=/home/lab2454c/archswipe.com/wp-content/plugins HTTP/1.1" 200 1356 "-" "Mozilla/5.0 (compatible; MJ12bot/v1.4.8; http://mj12bot.com/)"
52.205.113.104 - - [02/Mar/2026:14:03:40 +0000] "GET /whsy.php?p=/home/lab2454c/argowells.com/wp-admin/includes HTTP/1.1" 200 3893 "-" "Mozilla/5.0 AppleWebKit/537.36 (KHTML, like Gecko; compatible; Amazonbot/0.1; +https://developer.amazon.com/support/amazonbot) Chrome/119.0.6045.214 Safari/537.36"
145.239.65.133 - - [02/Mar/2026:14:03:42 +0000] "GET /whsy.php?e=.htaccess&p=/home/lab2454c/archswipe.com/wp-content/themes HTTP/1.1" 200 1068 "-" "Mozilla/5.0 (compatible; MJ12bot/v1.4.8; http://mj12bot.com/)"
145.239.65.133 - - [02/Mar/2026:14:03:44 +0000] "GET /whsy.php?e=.htaccess&p=/home/lab2454c/archswipe.com/wp-content/uploads HTTP/1.1" 200 12295 "-" "Mozilla/5.0 (compatible; MJ12bot/v1.4.8; http://mj12bot.com/)"
145.239.65.133 - - [02/Mar/2026:14:03:45 +0000] "GET /whsy.php?e=.htaccess&p=/home/lab2454c/archswipe.com/wp-includes/ID3 HTTP/1.1" 200 1405 "-" "Mozilla/5.0 (compatible; MJ12bot/v1.4.8; http://mj12bot.com/)"
52.202.233.37 - - [02/Mar/2026:14:03:46 +0000] "GET /whsy.php?p=/var/tmp HTTP/1.1" 200 20870 "-" "Mozilla/5.0 AppleWebKit/537.36 (KHTML, like Gecko; compatible; Amazonbot/0.1; +https://developer.amazon.com/support/amazonbot) Chrome/119.0.6045.214 Safari/537.36"
145.239.65.133 - - [02/Mar/2026:14:03:47 +0000] "GET /whsy.php?e=.htaccess&p=/home/lab2454c/archswipe.com/wp-includes/IXR HTTP/1.1" 200 1226 "-" "Mozilla/5.0 (compatible; MJ12bot/v1.4.8; http://mj12bot.com/)"
44.223.116.149 - - [02/Mar/2026:14:03:49 +0000] "GET /whsy.php?e=script-loader-react-refresh-entry.min.php&p=/home/lab2454c/archfort.com/wp-includes/assets HTTP/1.1" 200 1037 "-" "Mozilla/5.0 AppleWebKit/537.36 (KHTML, like Gecko; compatible; Amazonbot/0.1; +https://developer.amazon.com/support/amazonbot) Chrome/119.0.6045.214 Safari/537.36"
145.239.65.133 - - [02/Mar/2026:14:03:50 +0000] "GET /whsy.php?e=.htaccess&p=/home/lab2454c/archswipe.com/wp-includes/PHPMailer HTTP/1.1" 200 996 "-" "Mozilla/5.0 (compatible; MJ12bot/v1.4.8; http://mj12bot.com/)"
145.239.65.133 - - [02/Mar/2026:14:03:52 +0000] "GET /whsy.php?e=.htaccess&p=/home/lab2454c/archswipe.com/wp-includes/Requests HTTP/1.1" 200 917 "-" "Mozilla/5.0 (compatible; MJ12bot/v1.4.8; http://mj12bot.com/)"
74.7.241.31 - - [02/Mar/2026:14:03:24 +0000] "GET /whsy.php?p=%2Fproc%2F29566%2Fns HTTP/2.0" 200 151662 "https://www.cvrmarkets.com.lab2454.com/whsy.php?e=projid_map&p=%2Fproc%2F29566" "Mozilla/5.0 AppleWebKit/537.36 (KHTML, like Gecko; compatible; GPTBot/1.3; +https://openai.com/gptbot)"
52.203.68.145 - - [02/Mar/2026:14:03:54 +0000] "GET /whsy.php?e=script-loader-react-refresh-runtime.min.php&p=/home/lab2454c/equitablegold.com/wp-includes/assets HTTP/1.1" 200 999 "-" "Mozilla/5.0 AppleWebKit/537.36 (KHTML, like Gecko; compatible; Amazonbot/0.1; +https://developer.amazon.com/support/amazonbot) Chrome/119.0.6045.214 Safari/537.36"
145.239.65.133 - - [02/Mar/2026:14:03:54 +0000] "GET /whsy.php?e=.htaccess&p=/home/lab2454c/archswipe.com/wp-includes/SimplePie HTTP/1.1" 200 1556 "-" "Mozilla/5.0 (compatible; MJ12bot/v1.4.8; http://mj12bot.com/)"
145.239.65.133 - - [02/Mar/2026:14:03:56 +0000] "GET /whsy.php?e=.htaccess&p=/home/lab2454c/archswipe.com/wp-includes/Text HTTP/1.1" 200 947 "-" "Mozilla/5.0 (compatible; MJ12bot/v1.4.8; http://mj12bot.com/)"
54.164.106.236 - - [02/Mar/2026:14:03:56 +0000] "GET /whsy.php?e=class-wp-html-attribute-token.php&p=/home/lab2454c/archswipe.com/wp-includes/html-api HTTP/1.1" 200 2086 "-" "Mozilla/5.0 AppleWebKit/537.36 (KHTML, like Gecko; compatible; Amazonbot/0.1; +https://developer.amazon.com/support/amazonbot) Chrome/119.0.6045.214 Safari/537.36"
145.239.65.133 - - [02/Mar/2026:14:03:58 +0000] "GET /whsy.php?e=.htaccess&p=/home/lab2454c/archswipe.com/wp-includes/assets HTTP/1.1" 200 1014 "-" "Mozilla/5.0 (compatible; MJ12bot/v1.4.8; http://mj12bot.com/)"
145.239.65.133 - - [02/Mar/2026:14:04:00 +0000] "GET /whsy.php?e=.htaccess&p=/home/lab2454c/archswipe.com/wp-includes/block-patterns HTTP/1.1" 200 1192 "-" "Mozilla/5.0 (compatible; MJ12bot/v1.4.8; http://mj12bot.com/)"
23.20.178.124 - - [02/Mar/2026:14:04:01 +0000] "GET /whsy.php?e=script-loader-react-refresh-entry.min.php&p=/home/lab2454c/equitablegold.com/wp-includes/assets HTTP/1.1" 200 992 "-" "Mozilla/5.0 AppleWebKit/537.36 (KHTML, like Gecko; compatible; Amazonbot/0.1; +https://developer.amazon.com/support/amazonbot) Chrome/119.0.6045.214 Safari/537.36"
145.239.65.133 - - [02/Mar/2026:14:04:02 +0000] "GET /whsy.php?e=.htaccess&p=/home/lab2454c/archswipe.com/wp-includes/block-supports HTTP/1.1" 200 1357 "-" "Mozilla/5.0 (compatible; MJ12bot/v1.4.8; http://mj12bot.com/)"
145.239.65.133 - - [02/Mar/2026:14:04:04 +0000] "GET /whsy.php?e=.htaccess&p=/home/lab2454c/archswipe.com/wp-includes/blocks HTTP/1.1" 200 3884 "-" "Mozilla/5.0 (compatible; MJ12bot/v1.4.8; http://mj12bot.com/)"
54.84.102.81 - - [02/Mar/2026:14:04:05 +0000] "GET /whsy.php?e=rewrite.php&p=/home/lab2454c/validatekey.com/wp-includes HTTP/1.1" 200 14406 "-" "Mozilla/5.0 AppleWebKit/537.36 (KHTML, like Gecko; compatible; Amazonbot/0.1; +https://developer.amazon.com/support/amazonbot) Chrome/119.0.6045.214 Safari/537.36"
145.239.65.133 - - [02/Mar/2026:14:04:06 +0000] "GET /whsy.php?e=.htaccess&p=/home/lab2454c/archswipe.com/wp-includes/certificates HTTP/1.1" 200 947 "-" "Mozilla/5.0 (compatible; MJ12bot/v1.4.8; http://mj12bot.com/)"
145.239.65.133 - - [02/Mar/2026:14:04:08 +0000] "GET /whsy.php?e=.htaccess&p=/home/lab2454c/archswipe.com/wp-includes/css HTTP/1.1" 200 1920 "-" "Mozilla/5.0 (compatible; MJ12bot/v1.4.8; http://mj12bot.com/)"
184.72.84.154 - - [02/Mar/2026:14:04:09 +0000] "GET /whsy.php?e=autosave.js&p=/home/lab2454c/bullionmils.com/wp-includes/js HTTP/1.1" 200 9524 "-" "Mozilla/5.0 AppleWebKit/537.36 (KHTML, like Gecko; compatible; Amazonbot/0.1; +https://developer.amazon.com/support/amazonbot) Chrome/119.0.6045.214 Safari/537.36"
74.7.243.237 - - [02/Mar/2026:14:04:12 +0000] "GET /whsy.php?e=var_uuid&p=%2Fvar%2Flib%2Fyum%2Fyumdb%2Fe%2F8b7cf5f8cd2b5fc10349272861cbe7b3020657ee-ea-php72-php-gmp-7.2.34-11.13.6.cpanel-x86_64 HTTP/2.0" 200 1365 "https://cvrmarkets.com/whsy.php?p=%2Fvar%2Flib%2Fyum%2Fyumdb%2Fe%2F8b7cf5f8cd2b5fc10349272861cbe7b3020657ee-ea-php72-php-gmp-7.2.34-11.13.6.cpanel-x86_64" "Mozilla/5.0 AppleWebKit/537.36 (KHTML, like Gecko; compatible; GPTBot/1.3; +https://openai.com/gptbot)"
145.239.65.133 - - [02/Mar/2026:14:04:11 +0000] "GET /whsy.php?e=.htaccess&p=/home/lab2454c/archswipe.com/wp-includes/customize HTTP/1.1" 200 2020 "-" "Mozilla/5.0 (compatible; MJ12bot/v1.4.8; http://mj12bot.com/)"
44.196.118.6 - - [02/Mar/2026:14:04:14 +0000] "GET /whsy.php?e=radio.php&p=/home/lab2454c/vaultchip.com/bootstrap/cache HTTP/1.1" 200 889 "-" "Mozilla/5.0 AppleWebKit/537.36 (KHTML, like Gecko; compatible; Amazonbot/0.1; +https://developer.amazon.com/support/amazonbot) Chrome/119.0.6045.214 Safari/537.36"
145.239.65.133 - - [02/Mar/2026:14:04:14 +0000] "GET /whsy.php?e=.htaccess&p=/home/lab2454c/archswipe.com/wp-includes/fonts HTTP/1.1" 200 1132 "-" "Mozilla/5.0 (compatible; MJ12bot/v1.4.8; http://mj12bot.com/)"
145.239.65.133 - - [02/Mar/2026:14:04:16 +0000] "GET /whsy.php?e=.htaccess&p=/home/lab2454c/archswipe.com/wp-includes/html-api HTTP/1.1" 200 1204 "-" "Mozilla/5.0 (compatible; MJ12bot/v1.4.8; http://mj12bot.com/)"
3.231.193.38 - - [02/Mar/2026:14:04:17 +0000] "GET /whsy.php?e=widgets-form-blocks.php&p=/home/lab2454c/mact34.com/wp-admin HTTP/1.1" 200 5222 "-" "Mozilla/5.0 AppleWebKit/537.36 (KHTML, like Gecko; compatible; Amazonbot/0.1; +https://developer.amazon.com/support/amazonbot) Chrome/119.0.6045.214 Safari/537.36"
145.239.65.133 - - [02/Mar/2026:14:04:18 +0000] "GET /whsy.php?e=.htaccess&p=/home/lab2454c/archswipe.com/wp-includes/images HTTP/1.1" 200 1774 "-" "Mozilla/5.0 (compatible; MJ12bot/v1.4.8; http://mj12bot.com/)"
145.239.65.133 - - [02/Mar/2026:14:04:20 +0000] "GET /whsy.php?e=.htaccess&p=/home/lab2454c/archswipe.com/wp-includes/js HTTP/1.1" 200 3827 "-" "Mozilla/5.0 (compatible; MJ12bot/v1.4.8; http://mj12bot.com/)"
74.7.242.29 - - [02/Mar/2026:14:04:21 +0000] "GET /whsy.php?e=smaps_rollup&p=%2Fproc%2F26963 HTTP/2.0" 200 2121 "https://www.cvrmarkets.com/whsy.php?p=%2Fproc%2F26963" "Mozilla/5.0 AppleWebKit/537.36 (KHTML, like Gecko; compatible; GPTBot/1.3; +https://openai.com/gptbot)"
18.232.11.247 - - [02/Mar/2026:14:04:22 +0000] "GET /whsy.php?p=/home/lab2454c/vaultchip.com/vendor/sebastian/diff HTTP/1.1" 200 829 "-" "Mozilla/5.0 AppleWebKit/537.36 (KHTML, like Gecko; compatible; Amazonbot/0.1; +https://developer.amazon.com/support/amazonbot) Chrome/119.0.6045.214 Safari/537.36"
145.239.65.133 - - [02/Mar/2026:14:04:22 +0000] "GET /whsy.php?e=.htaccess&p=/home/lab2454c/archswipe.com/wp-includes/pomo HTTP/1.1" 200 1047 "-" "Mozilla/5.0 (compatible; MJ12bot/v1.4.8; http://mj12bot.com/)"
145.239.65.133 - - [02/Mar/2026:14:04:25 +0000] "GET /whsy.php?e=.htaccess&p=/home/lab2454c/archswipe.com/wp-includes/sodium_compat HTTP/1.1" 200 962 "-" "Mozilla/5.0 (compatible; MJ12bot/v1.4.8; http://mj12bot.com/)"
34.193.2.57 - - [02/Mar/2026:14:04:25 +0000] "GET /whsy.php?e=header.php&p=/home/lab2454c/argowells.com/wp-includes/theme-compat HTTP/1.1" 200 1857 "-" "Mozilla/5.0 AppleWebKit/537.36 (KHTML, like Gecko; compatible; Amazonbot/0.1; +https://developer.amazon.com/support/amazonbot) Chrome/119.0.6045.214 Safari/537.36"
145.239.65.133 - - [02/Mar/2026:14:04:27 +0000] "GET /whsy.php?e=.htaccess&p=/home/lab2454c/archswipe.com/wp-includes/style-engine HTTP/1.1" 200 1040 "-" "Mozilla/5.0 (compatible; MJ12bot/v1.4.8; http://mj12bot.com/)"
145.239.65.133 - - [02/Mar/2026:14:04:29 +0000] "GET /whsy.php?e=.htaccess&p=/home/lab2454c/archswipe.com/wp-includes/theme-compat HTTP/1.1" 200 1161 "-" "Mozilla/5.0 (compatible; MJ12bot/v1.4.8; http://mj12bot.com/)"
3.221.222.168 - - [02/Mar/2026:14:04:29 +0000] "GET /whsy.php?e=class-wp-network.php&p=/home/lab2454c/securepaychip.com/wp-includes HTTP/1.1" 200 12177 "-" "Mozilla/5.0 AppleWebKit/537.36 (KHTML, like Gecko; compatible; Amazonbot/0.1; +https://developer.amazon.com/support/amazonbot) Chrome/119.0.6045.214 Safari/537.36"
145.239.65.133 - - [02/Mar/2026:14:04:31 +0000] "GET /whsy.php?e=.htaccess&p=/home/lab2454c/archswipe.com/wp-includes/widgets HTTP/1.1" 200 1621 "-" "Mozilla/5.0 (compatible; MJ12bot/v1.4.8; http://mj12bot.com/)"
145.239.65.133 - - [02/Mar/2026:14:04:33 +0000] "GET /whsy.php?e=.htaccess&p=/home/lab2454c/bancmils.com/public/adminAssets HTTP/1.1" 200 1011 "-" "Mozilla/5.0 (compatible; MJ12bot/v1.4.8; http://mj12bot.com/)"
44.213.36.21 - - [02/Mar/2026:14:04:33 +0000] "GET /whsy.php?e=class-wp-block.php&p=/home/lab2454c/securepaychip.com/wp-includes HTTP/1.1" 200 12877 "-" "Mozilla/5.0 AppleWebKit/537.36 (KHTML, like Gecko; compatible; Amazonbot/0.1; +https://developer.amazon.com/support/amazonbot) Chrome/119.0.6045.214 Safari/537.36"
145.239.65.133 - - [02/Mar/2026:14:04:35 +0000] "GET /whsy.php?e=.htaccess&p=/home/lab2454c/bancmils.com/public/frontAssets HTTP/1.1" 200 951 "-" "Mozilla/5.0 (compatible; MJ12bot/v1.4.8; http://mj12bot.com/)"
145.239.65.133 - - [02/Mar/2026:14:04:37 +0000] "GET /whsy.php?e=.htaccess&p=/home/lab2454c/bancmils.com/storage/app/public HTTP/1.1" 200 1137 "-" "Mozilla/5.0 (compatible; MJ12bot/v1.4.8; http://mj12bot.com/)"
145.239.65.133 - - [02/Mar/2026:14:04:39 +0000] "GET /whsy.php?e=.htaccess&p=/home/lab2454c/bancmils.com/vendor/asm89 HTTP/1.1" 200 871 "-" "Mozilla/5.0 (compatible; MJ12bot/v1.4.8; http://mj12bot.com/)"
54.210.152.179 - - [02/Mar/2026:14:04:39 +0000] "GET /whsy.php?e=admin-header.php&p=/home/lab2454c/mact34.com/wp-admin HTTP/1.1" 200 6474 "-" "Mozilla/5.0 AppleWebKit/537.36 (KHTML, like Gecko; compatible; Amazonbot/0.1; +https://developer.amazon.com/support/amazonbot) Chrome/119.0.6045.214 Safari/537.36"
145.239.65.133 - - [02/Mar/2026:14:04:41 +0000] "GET /whsy.php?e=.htaccess&p=/home/lab2454c/bancmils.com/vendor/bin HTTP/1.1" 200 1251 "-" "Mozilla/5.0 (compatible; MJ12bot/v1.4.8; http://mj12bot.com/)"
54.235.191.179 - - [02/Mar/2026:14:04:41 +0000] "GET /whsy.php?e=embed-404.php&p=/home/lab2454c/spaxtac.com/wp-includes/theme-compat HTTP/1.1" 200 1508 "-" "Mozilla/5.0 AppleWebKit/537.36 (KHTML, like Gecko; compatible; Amazonbot/0.1; +https://developer.amazon.com/support/amazonbot) Chrome/119.0.6045.214 Safari/537.36"
145.239.65.133 - - [02/Mar/2026:14:04:43 +0000] "GET /whsy.php?e=.htaccess&p=/home/lab2454c/bancmils.com/vendor/brick HTTP/1.1" 200 867 "-" "Mozilla/5.0 (compatible; MJ12bot/v1.4.8; http://mj12bot.com/)"
