207.46.13.9 - - [16/Apr/2026:23:34:03 +0000] "GET /?p=33521351061970 HTTP/2.0" 200 22809 "-" "Mozilla/5.0 AppleWebKit/537.36 (KHTML, like Gecko; compatible; bingbot/2.0; +http://www.bing.com/bingbot.htm) Chrome/116.0.1938.76 Safari/537.36"
157.55.39.63 - - [16/Apr/2026:23:34:29 +0000] "GET /?p=80576069011970 HTTP/2.0" 200 23494 "-" "Mozilla/5.0 AppleWebKit/537.36 (KHTML, like Gecko; compatible; bingbot/2.0; +http://www.bing.com/bingbot.htm) Chrome/116.0.1938.76 Safari/537.36"
157.55.39.63 - - [16/Apr/2026:23:35:05 +0000] "GET /?p=100209074041970 HTTP/2.0" 200 23457 "-" "Mozilla/5.0 AppleWebKit/537.36 (KHTML, like Gecko; compatible; bingbot/2.0; +http://www.bing.com/bingbot.htm) Chrome/116.0.1938.76 Safari/537.36"
157.55.39.63 - - [16/Apr/2026:23:35:35 +0000] "GET /?p=2251113021970 HTTP/2.0" 200 22931 "-" "Mozilla/5.0 AppleWebKit/537.36 (KHTML, like Gecko; compatible; bingbot/2.0; +http://www.bing.com/bingbot.htm) Chrome/116.0.1938.76 Safari/537.36"
185.191.171.11 - - [16/Apr/2026:23:36:04 +0000] "GET /robots.txt HTTP/1.1" 500 - "-" "Mozilla/5.0 (compatible; SemrushBot/7~bl; +http://www.semrush.com/bot.html)"
66.249.75.197 - - [16/Apr/2026:23:36:13 +0000] "GET /product/review/65076489061970 HTTP/1.1" 200 22630 "-" "Mozilla/5.0 (Linux; Android 6.0.1; Nexus 5X Build/MMB29P) AppleWebKit/537.36 (KHTML, like Gecko) Chrome/146.0.7680.177 Mobile Safari/537.36 (compatible; Googlebot/2.1; +http://www.google.com/bot.html)"
40.77.167.58 - - [16/Apr/2026:23:37:01 +0000] "GET /sitemaps.xml HTTP/2.0" 200 13611 "-" "Mozilla/5.0 AppleWebKit/537.36 (KHTML, like Gecko; compatible; bingbot/2.0; +http://www.bing.com/bingbot.htm) Chrome/116.0.1938.76 Safari/537.36"
157.55.39.63 - - [16/Apr/2026:23:37:03 +0000] "GET /?p=4808286001970 HTTP/2.0" 200 23287 "-" "Mozilla/5.0 AppleWebKit/537.36 (KHTML, like Gecko; compatible; bingbot/2.0; +http://www.bing.com/bingbot.htm) Chrome/116.0.1938.76 Safari/537.36"
207.46.13.9 - - [16/Apr/2026:23:37:06 +0000] "GET /?p=18759456031970 HTTP/2.0" 200 23427 "-" "Mozilla/5.0 AppleWebKit/537.36 (KHTML, like Gecko; compatible; bingbot/2.0; +http://www.bing.com/bingbot.htm) Chrome/116.0.1938.76 Safari/537.36"
66.249.64.32 - - [16/Apr/2026:23:37:40 +0000] "GET /contents/event/kansyasai/103295853040970 HTTP/1.1" 200 23803 "-" "Mozilla/5.0 (Linux; Android 6.0.1; Nexus 5X Build/MMB29P) AppleWebKit/537.36 (KHTML, like Gecko) Chrome/146.0.7680.177 Mobile Safari/537.36 (compatible; Googlebot/2.1; +http://www.google.com/bot.html)"
40.77.167.58 - - [16/Apr/2026:23:37:40 +0000] "GET /?p=15908567031970 HTTP/2.0" 200 22647 "-" "Mozilla/5.0 AppleWebKit/537.36 (KHTML, like Gecko; compatible; bingbot/2.0; +http://www.bing.com/bingbot.htm) Chrome/116.0.1938.76 Safari/537.36"
47.128.55.58 - - [16/Apr/2026:23:38:29 +0000] "GET /?p=48072916041970 HTTP/2.0" 500 - "-" "Mozilla/5.0 (Linux; Android 5.0) AppleWebKit/537.36 (KHTML, like Gecko) Mobile Safari/537.36 (compatible; Bytespider; spider-feedback@bytedance.com)"
47.128.56.115 - - [16/Apr/2026:23:38:30 +0000] "GET /?p=110373637001970 HTTP/2.0" 500 - "-" "Mozilla/5.0 (Linux; Android 5.0) AppleWebKit/537.36 (KHTML, like Gecko) Mobile Safari/537.36 (compatible; Bytespider; spider-feedback@bytedance.com)"
47.128.56.1 - - [16/Apr/2026:23:39:28 +0000] "GET /?p=48072916041970 HTTP/2.0" 500 - "-" "Mozilla/5.0 (Linux; Android 5.0) AppleWebKit/537.36 (KHTML, like Gecko) Mobile Safari/537.36 (compatible; Bytespider; spider-feedback@bytedance.com)"
207.46.13.9 - - [16/Apr/2026:23:39:54 +0000] "GET /?p=24436539011970 HTTP/2.0" 200 23138 "-" "Mozilla/5.0 AppleWebKit/537.36 (KHTML, like Gecko; compatible; bingbot/2.0; +http://www.bing.com/bingbot.htm) Chrome/116.0.1938.76 Safari/537.36"
157.55.39.63 - - [16/Apr/2026:23:40:27 +0000] "GET /?p=27648886001970 HTTP/2.0" 200 23475 "-" "Mozilla/5.0 AppleWebKit/537.36 (KHTML, like Gecko; compatible; bingbot/2.0; +http://www.bing.com/bingbot.htm) Chrome/116.0.1938.76 Safari/537.36"
157.55.39.63 - - [16/Apr/2026:23:40:42 +0000] "GET /product/review/97015158001970 HTTP/2.0" 200 23501 "-" "Mozilla/5.0 AppleWebKit/537.36 (KHTML, like Gecko; compatible; bingbot/2.0; +http://www.bing.com/bingbot.htm) Chrome/116.0.1938.76 Safari/537.36"
40.77.167.58 - - [16/Apr/2026:23:40:46 +0000] "GET /?p=78464433021970 HTTP/2.0" 200 23798 "-" "Mozilla/5.0 AppleWebKit/537.36 (KHTML, like Gecko; compatible; bingbot/2.0; +http://www.bing.com/bingbot.htm) Chrome/116.0.1938.76 Safari/537.36"
66.249.64.34 - - [16/Apr/2026:23:40:52 +0000] "GET /contents/event/kansyasai/73706930040970 HTTP/1.1" 200 21947 "-" "Mozilla/5.0 (Linux; Android 6.0.1; Nexus 5X Build/MMB29P) AppleWebKit/537.36 (KHTML, like Gecko) Chrome/146.0.7680.177 Mobile Safari/537.36 (compatible; Googlebot/2.1; +http://www.google.com/bot.html)"
157.55.39.63 - - [16/Apr/2026:23:41:03 +0000] "GET /?p=3806284021970 HTTP/2.0" 200 23220 "-" "Mozilla/5.0 AppleWebKit/537.36 (KHTML, like Gecko; compatible; bingbot/2.0; +http://www.bing.com/bingbot.htm) Chrome/116.0.1938.76 Safari/537.36"
40.77.167.58 - - [16/Apr/2026:23:41:41 +0000] "GET /product/review/24475119011970 HTTP/2.0" 200 23383 "-" "Mozilla/5.0 AppleWebKit/537.36 (KHTML, like Gecko; compatible; bingbot/2.0; +http://www.bing.com/bingbot.htm) Chrome/116.0.1938.76 Safari/537.36"
66.249.64.34 - - [16/Apr/2026:23:42:18 +0000] "GET /product/category/59858439081970 HTTP/1.1" 200 22884 "-" "Mozilla/5.0 (Linux; Android 6.0.1; Nexus 5X Build/MMB29P) AppleWebKit/537.36 (KHTML, like Gecko) Chrome/146.0.7680.177 Mobile Safari/537.36 (compatible; Googlebot/2.1; +http://www.google.com/bot.html)"
40.77.167.58 - - [16/Apr/2026:23:45:22 +0000] "GET /?p=6123293001970 HTTP/2.0" 200 22860 "-" "Mozilla/5.0 AppleWebKit/537.36 (KHTML, like Gecko; compatible; bingbot/2.0; +http://www.bing.com/bingbot.htm) Chrome/116.0.1938.76 Safari/537.36"
66.249.64.32 - - [16/Apr/2026:23:45:24 +0000] "GET /shop/storeSearch/KeepCriteriaInput.aspx?&transition=top34789542012970 HTTP/1.1" 200 23735 "-" "Mozilla/5.0 (Linux; Android 6.0.1; Nexus 5X Build/MMB29P) AppleWebKit/537.36 (KHTML, like Gecko) Chrome/146.0.7680.177 Mobile Safari/537.36 (compatible; Googlebot/2.1; +http://www.google.com/bot.html)"
157.55.39.9 - - [16/Apr/2026:23:45:26 +0000] "GET /?p=17615650071970 HTTP/2.0" 200 22569 "-" "Mozilla/5.0 AppleWebKit/537.36 (KHTML, like Gecko; compatible; bingbot/2.0; +http://www.bing.com/bingbot.htm) Chrome/116.0.1938.76 Safari/537.36"
207.46.13.17 - - [16/Apr/2026:23:45:34 +0000] "GET /?p=26750210001970 HTTP/2.0" 200 22762 "-" "Mozilla/5.0 AppleWebKit/537.36 (KHTML, like Gecko; compatible; bingbot/2.0; +http://www.bing.com/bingbot.htm) Chrome/116.0.1938.76 Safari/537.36"
66.249.64.33 - - [16/Apr/2026:23:45:54 +0000] "GET /product/review/2226798051970 HTTP/1.1" 200 22922 "-" "Mozilla/5.0 (Linux; Android 6.0.1; Nexus 5X Build/MMB29P) AppleWebKit/537.36 (KHTML, like Gecko) Chrome/146.0.7680.177 Mobile Safari/537.36 (compatible; Googlebot/2.1; +http://www.google.com/bot.html)"
157.55.39.9 - - [16/Apr/2026:23:46:43 +0000] "GET /?p=24584872051970 HTTP/2.0" 200 22969 "-" "Mozilla/5.0 AppleWebKit/537.36 (KHTML, like Gecko; compatible; bingbot/2.0; +http://www.bing.com/bingbot.htm) Chrome/116.0.1938.76 Safari/537.36"
66.249.64.34 - - [16/Apr/2026:23:46:56 +0000] "GET /product/category/5256198001970 HTTP/1.1" 200 23446 "-" "Mozilla/5.0 (Linux; Android 6.0.1; Nexus 5X Build/MMB29P) AppleWebKit/537.36 (KHTML, like Gecko) Chrome/146.0.7680.177 Mobile Safari/537.36 (compatible; Googlebot/2.1; +http://www.google.com/bot.html)"
52.167.144.231 - - [16/Apr/2026:23:47:22 +0000] "GET /?p=6854005011970 HTTP/2.0" 200 23661 "-" "Mozilla/5.0 AppleWebKit/537.36 (KHTML, like Gecko; compatible; bingbot/2.0; +http://www.bing.com/bingbot.htm) Chrome/116.0.1938.76 Safari/537.36"
52.167.144.231 - - [16/Apr/2026:23:48:12 +0000] "GET /?p=23186015071970 HTTP/2.0" 200 23081 "-" "Mozilla/5.0 AppleWebKit/537.36 (KHTML, like Gecko; compatible; bingbot/2.0; +http://www.bing.com/bingbot.htm) Chrome/116.0.1938.76 Safari/537.36"
154.125.114.116 - - [16/Apr/2026:23:50:23 +0000] "GET /digital-payment-market-report-global-size-share-growth-segmentation-and-industry-trends-2022-2027 HTTP/1.1" 500 - "https://veritserv.com/" "Mozilla/5.0 (Windows NT 10.0; Win64; x64) AppleWebKit/537.36 (KHTML, like Gecko) Chrome/135.0.0.0 Safari/537.36"
181.115.172.59 - - [16/Apr/2026:23:51:12 +0000] "GET /?p=3959144041970 HTTP/1.1" 500 - "https://veritserv.com/" "Mozilla/5.0 (Macintosh; Intel Mac OS X 10_15_7) AppleWebKit/605.1.15 (KHTML, like Gecko) Version/18.4 Safari/605.1.15"
20.15.133.162 - - [16/Apr/2026:23:51:35 +0000] "GET /?p=6439221021970 HTTP/2.0" 200 23113 "-" "Mozilla/5.0 AppleWebKit/537.36 (KHTML, like Gecko; compatible; bingbot/2.0; +http://www.bing.com/bingbot.htm) Chrome/116.0.1938.76 Safari/537.36"
66.249.64.33 - - [16/Apr/2026:23:52:09 +0000] "GET /shop/storeSearch/KeepCriteriaInput.aspx?&transition=top62201252012970 HTTP/1.1" 200 22949 "-" "Mozilla/5.0 (Linux; Android 6.0.1; Nexus 5X Build/MMB29P) AppleWebKit/537.36 (KHTML, like Gecko) Chrome/146.0.7680.177 Mobile Safari/537.36 (compatible; Googlebot/2.1; +http://www.google.com/bot.html)"
157.55.39.63 - - [16/Apr/2026:23:53:45 +0000] "GET /?p=99764001031970 HTTP/2.0" 200 23476 "-" "Mozilla/5.0 AppleWebKit/537.36 (KHTML, like Gecko; compatible; bingbot/2.0; +http://www.bing.com/bingbot.htm) Chrome/116.0.1938.76 Safari/537.36"
66.249.64.32 - - [16/Apr/2026:23:55:33 +0000] "GET /product/category/13675846041970 HTTP/1.1" 200 23720 "-" "Mozilla/5.0 (Linux; Android 6.0.1; Nexus 5X Build/MMB29P) AppleWebKit/537.36 (KHTML, like Gecko) Chrome/146.0.7680.177 Mobile Safari/537.36 (compatible; Googlebot/2.1; +http://www.google.com/bot.html)"
66.249.64.33 - - [16/Apr/2026:23:55:34 +0000] "GET /?p=68067947051970 HTTP/1.1" 200 22876 "-" "Mozilla/5.0 (Linux; Android 6.0.1; Nexus 5X Build/MMB29P) AppleWebKit/537.36 (KHTML, like Gecko) Chrome/146.0.7680.177 Mobile Safari/537.36 (compatible; Googlebot/2.1; +http://www.google.com/bot.html)"
157.55.39.63 - - [16/Apr/2026:23:56:44 +0000] "GET /?p=106481315001970 HTTP/2.0" 200 23364 "-" "Mozilla/5.0 AppleWebKit/537.36 (KHTML, like Gecko; compatible; bingbot/2.0; +http://www.bing.com/bingbot.htm) Chrome/116.0.1938.76 Safari/537.36"
66.249.64.33 - - [16/Apr/2026:23:57:01 +0000] "GET /contents/event/kansyasai/46626991070970 HTTP/1.1" 200 22823 "-" "Mozilla/5.0 (Linux; Android 6.0.1; Nexus 5X Build/MMB29P) AppleWebKit/537.36 (KHTML, like Gecko) Chrome/146.0.7680.177 Mobile Safari/537.36 (compatible; Googlebot/2.1; +http://www.google.com/bot.html)"
157.55.39.56 - - [16/Apr/2026:23:57:24 +0000] "GET /product/review/82223158141970 HTTP/2.0" 200 22843 "-" "Mozilla/5.0 AppleWebKit/537.36 (KHTML, like Gecko; compatible; bingbot/2.0; +http://www.bing.com/bingbot.htm) Chrome/116.0.1938.76 Safari/537.36"
157.55.39.63 - - [16/Apr/2026:23:57:34 +0000] "GET /?p=8938270011970 HTTP/2.0" 200 22875 "-" "Mozilla/5.0 AppleWebKit/537.36 (KHTML, like Gecko; compatible; bingbot/2.0; +http://www.bing.com/bingbot.htm) Chrome/116.0.1938.76 Safari/537.36"
66.249.64.32 - - [16/Apr/2026:23:58:06 +0000] "GET /contents/event/kansyasai/74073744000970 HTTP/1.1" 200 23103 "-" "Mozilla/5.0 (Linux; Android 6.0.1; Nexus 5X Build/MMB29P) AppleWebKit/537.36 (KHTML, like Gecko) Chrome/146.0.7680.177 Mobile Safari/537.36 (compatible; Googlebot/2.1; +http://www.google.com/bot.html)"
157.55.39.56 - - [16/Apr/2026:23:59:35 +0000] "GET /?p=43144134081970 HTTP/2.0" 200 22809 "-" "Mozilla/5.0 AppleWebKit/537.36 (KHTML, like Gecko; compatible; bingbot/2.0; +http://www.bing.com/bingbot.htm) Chrome/116.0.1938.76 Safari/537.36"
66.249.64.34 - - [16/Apr/2026:23:59:56 +0000] "GET /contents/event/kansyasai/81271097000970 HTTP/1.1" 200 22893 "-" "Mozilla/5.0 (Linux; Android 6.0.1; Nexus 5X Build/MMB29P) AppleWebKit/537.36 (KHTML, like Gecko) Chrome/146.0.7680.177 Mobile Safari/537.36 (compatible; Googlebot/2.1; +http://www.google.com/bot.html)"
157.55.39.56 - - [17/Apr/2026:00:00:05 +0000] "GET /?p=28155164041970 HTTP/2.0" 200 22888 "-" "Mozilla/5.0 AppleWebKit/537.36 (KHTML, like Gecko; compatible; bingbot/2.0; +http://www.bing.com/bingbot.htm) Chrome/116.0.1938.76 Safari/537.36"
66.249.64.32 - - [17/Apr/2026:00:00:27 +0000] "GET /contents/event/kansyasai/1071828030970 HTTP/1.1" 200 23423 "-" "Mozilla/5.0 (Linux; Android 6.0.1; Nexus 5X Build/MMB29P) AppleWebKit/537.36 (KHTML, like Gecko) Chrome/146.0.7680.177 Mobile Safari/537.36 (compatible; Googlebot/2.1; +http://www.google.com/bot.html)"
45.236.41.63 - - [17/Apr/2026:00:01:04 +0000] "GET / HTTP/1.1" 500 - "-" "Mozilla/5.0 (Macintosh; U; PPC Mac OS X; de-de) AppleWebKit/412 (KHTML, like Gecko) Safari/412"
157.55.39.56 - - [17/Apr/2026:00:01:06 +0000] "GET /?p=6907467041970 HTTP/2.0" 200 23388 "-" "Mozilla/5.0 AppleWebKit/537.36 (KHTML, like Gecko; compatible; bingbot/2.0; +http://www.bing.com/bingbot.htm) Chrome/116.0.1938.76 Safari/537.36"
20.15.133.175 - - [17/Apr/2026:00:01:21 +0000] "GET /?p=80670196131970 HTTP/2.0" 200 22838 "-" "Mozilla/5.0 AppleWebKit/537.36 (KHTML, like Gecko; compatible; bingbot/2.0; +http://www.bing.com/bingbot.htm) Chrome/116.0.1938.76 Safari/537.36"
157.55.39.63 - - [17/Apr/2026:00:01:25 +0000] "GET /?p=6549658011970 HTTP/2.0" 200 22943 "-" "Mozilla/5.0 AppleWebKit/537.36 (KHTML, like Gecko; compatible; bingbot/2.0; +http://www.bing.com/bingbot.htm) Chrome/116.0.1938.76 Safari/537.36"
40.77.167.150 - - [17/Apr/2026:00:01:43 +0000] "GET /?p=60771670041970 HTTP/2.0" 200 23225 "-" "Mozilla/5.0 AppleWebKit/537.36 (KHTML, like Gecko; compatible; bingbot/2.0; +http://www.bing.com/bingbot.htm) Chrome/116.0.1938.76 Safari/537.36"
157.55.39.56 - - [17/Apr/2026:00:01:48 +0000] "GET /product/category/22750964101970 HTTP/2.0" 200 22475 "-" "Mozilla/5.0 AppleWebKit/537.36 (KHTML, like Gecko; compatible; bingbot/2.0; +http://www.bing.com/bingbot.htm) Chrome/116.0.1938.76 Safari/537.36"
66.249.64.33 - - [17/Apr/2026:00:02:27 +0000] "GET /contents/event/kansyasai/56448491060970 HTTP/1.1" 200 23441 "-" "Mozilla/5.0 (Linux; Android 6.0.1; Nexus 5X Build/MMB29P) AppleWebKit/537.36 (KHTML, like Gecko) Chrome/146.0.7680.177 Mobile Safari/537.36 (compatible; Googlebot/2.1; +http://www.google.com/bot.html)"
66.249.64.33 - - [17/Apr/2026:00:03:32 +0000] "GET /contents/event/kansyasai/73741756040970 HTTP/1.1" 200 23077 "-" "Mozilla/5.0 (Linux; Android 6.0.1; Nexus 5X Build/MMB29P) AppleWebKit/537.36 (KHTML, like Gecko) Chrome/146.0.7680.177 Mobile Safari/537.36 (compatible; Googlebot/2.1; +http://www.google.com/bot.html)"
157.55.39.56 - - [17/Apr/2026:00:04:15 +0000] "GET /?p=25440805011970 HTTP/2.0" 200 23558 "-" "Mozilla/5.0 AppleWebKit/537.36 (KHTML, like Gecko; compatible; bingbot/2.0; +http://www.bing.com/bingbot.htm) Chrome/116.0.1938.76 Safari/537.36"
157.55.39.56 - - [17/Apr/2026:00:04:16 +0000] "GET /?p=6206030011970 HTTP/2.0" 200 23626 "-" "Mozilla/5.0 AppleWebKit/537.36 (KHTML, like Gecko; compatible; bingbot/2.0; +http://www.bing.com/bingbot.htm) Chrome/116.0.1938.76 Safari/537.36"
40.77.167.150 - - [17/Apr/2026:00:04:34 +0000] "GET /?p=10265014041970 HTTP/2.0" 200 23618 "-" "Mozilla/5.0 AppleWebKit/537.36 (KHTML, like Gecko; compatible; bingbot/2.0; +http://www.bing.com/bingbot.htm) Chrome/116.0.1938.76 Safari/537.36"
66.249.64.33 - - [17/Apr/2026:00:04:37 +0000] "GET /contents/event/kansyasai/13638255040970 HTTP/1.1" 200 23551 "-" "Mozilla/5.0 (Linux; Android 6.0.1; Nexus 5X Build/MMB29P) AppleWebKit/537.36 (KHTML, like Gecko) Chrome/146.0.7680.177 Mobile Safari/537.36 (compatible; Googlebot/2.1; +http://www.google.com/bot.html)"
20.15.133.175 - - [17/Apr/2026:00:04:41 +0000] "GET /?p=80680612041970 HTTP/2.0" 200 23069 "-" "Mozilla/5.0 AppleWebKit/537.36 (KHTML, like Gecko; compatible; bingbot/2.0; +http://www.bing.com/bingbot.htm) Chrome/116.0.1938.76 Safari/537.36"
157.55.39.56 - - [17/Apr/2026:00:04:47 +0000] "GET /?p=6772326061970 HTTP/2.0" 200 22519 "-" "Mozilla/5.0 AppleWebKit/537.36 (KHTML, like Gecko; compatible; bingbot/2.0; +http://www.bing.com/bingbot.htm) Chrome/116.0.1938.76 Safari/537.36"
20.15.133.175 - - [17/Apr/2026:00:05:21 +0000] "GET /?p=33803423021970 HTTP/2.0" 200 22920 "-" "Mozilla/5.0 AppleWebKit/537.36 (KHTML, like Gecko; compatible; bingbot/2.0; +http://www.bing.com/bingbot.htm) Chrome/116.0.1938.76 Safari/537.36"
66.249.64.33 - - [17/Apr/2026:00:05:42 +0000] "GET /product/category/80835456011970 HTTP/1.1" 200 23417 "-" "Mozilla/5.0 (Linux; Android 6.0.1; Nexus 5X Build/MMB29P) AppleWebKit/537.36 (KHTML, like Gecko) Chrome/146.0.7680.177 Mobile Safari/537.36 (compatible; Googlebot/2.1; +http://www.google.com/bot.html)"
66.249.64.33 - - [17/Apr/2026:00:06:48 +0000] "GET /product/review/2164920071970 HTTP/1.1" 200 23179 "-" "Mozilla/5.0 (Linux; Android 6.0.1; Nexus 5X Build/MMB29P) AppleWebKit/537.36 (KHTML, like Gecko) Chrome/146.0.7680.177 Mobile Safari/537.36 (compatible; Googlebot/2.1; +http://www.google.com/bot.html)"
40.77.167.150 - - [17/Apr/2026:00:07:13 +0000] "GET /product/review/6240536001970 HTTP/2.0" 200 23214 "-" "Mozilla/5.0 AppleWebKit/537.36 (KHTML, like Gecko; compatible; bingbot/2.0; +http://www.bing.com/bingbot.htm) Chrome/116.0.1938.76 Safari/537.36"
20.15.133.175 - - [17/Apr/2026:00:07:21 +0000] "GET /?p=6432741011970 HTTP/2.0" 200 22709 "-" "Mozilla/5.0 AppleWebKit/537.36 (KHTML, like Gecko; compatible; bingbot/2.0; +http://www.bing.com/bingbot.htm) Chrome/116.0.1938.76 Safari/537.36"
66.249.64.32 - - [17/Apr/2026:00:07:53 +0000] "GET /contents/event/kansyasai/73819977100970 HTTP/1.1" 200 22729 "-" "Mozilla/5.0 (Linux; Android 6.0.1; Nexus 5X Build/MMB29P) AppleWebKit/537.36 (KHTML, like Gecko) Chrome/146.0.7680.177 Mobile Safari/537.36 (compatible; Googlebot/2.1; +http://www.google.com/bot.html)"
157.55.39.7 - - [17/Apr/2026:00:08:16 +0000] "GET /?p=11538489121970 HTTP/2.0" 200 22807 "-" "Mozilla/5.0 AppleWebKit/537.36 (KHTML, like Gecko; compatible; bingbot/2.0; +http://www.bing.com/bingbot.htm) Chrome/116.0.1938.76 Safari/537.36"
52.167.144.232 - - [17/Apr/2026:00:08:46 +0000] "GET /?p=24960844031970 HTTP/2.0" 200 23183 "-" "Mozilla/5.0 AppleWebKit/537.36 (KHTML, like Gecko; compatible; bingbot/2.0; +http://www.bing.com/bingbot.htm) Chrome/116.0.1938.76 Safari/537.36"
52.167.144.232 - - [17/Apr/2026:00:08:47 +0000] "GET /?p=23546257021970 HTTP/2.0" 200 22953 "-" "Mozilla/5.0 AppleWebKit/537.36 (KHTML, like Gecko; compatible; bingbot/2.0; +http://www.bing.com/bingbot.htm) Chrome/116.0.1938.76 Safari/537.36"
52.167.144.232 - - [17/Apr/2026:00:08:48 +0000] "GET /?p=3732393011970 HTTP/2.0" 200 22939 "-" "Mozilla/5.0 AppleWebKit/537.36 (KHTML, like Gecko; compatible; bingbot/2.0; +http://www.bing.com/bingbot.htm) Chrome/116.0.1938.76 Safari/537.36"
52.167.144.232 - - [17/Apr/2026:00:08:48 +0000] "GET /?p=2845420051970 HTTP/2.0" 200 22860 "-" "Mozilla/5.0 AppleWebKit/537.36 (KHTML, like Gecko; compatible; bingbot/2.0; +http://www.bing.com/bingbot.htm) Chrome/116.0.1938.76 Safari/537.36"
52.167.144.232 - - [17/Apr/2026:00:08:49 +0000] "GET /contents/event/kansyasai/4874999080970 HTTP/2.0" 200 22750 "-" "Mozilla/5.0 AppleWebKit/537.36 (KHTML, like Gecko; compatible; bingbot/2.0; +http://www.bing.com/bingbot.htm) Chrome/116.0.1938.76 Safari/537.36"
207.46.13.107 - - [17/Apr/2026:00:08:49 +0000] "GET /?p=28067007011970 HTTP/2.0" 200 22933 "-" "Mozilla/5.0 AppleWebKit/537.36 (KHTML, like Gecko; compatible; bingbot/2.0; +http://www.bing.com/bingbot.htm) Chrome/116.0.1938.76 Safari/537.36"
66.249.64.34 - - [17/Apr/2026:00:08:58 +0000] "GET /contents/event/kansyasai/110875803070970 HTTP/1.1" 200 22893 "-" "Mozilla/5.0 (Linux; Android 6.0.1; Nexus 5X Build/MMB29P) AppleWebKit/537.36 (KHTML, like Gecko) Chrome/146.0.7680.177 Mobile Safari/537.36 (compatible; Googlebot/2.1; +http://www.google.com/bot.html)"
157.55.39.7 - - [17/Apr/2026:00:09:00 +0000] "GET /product/category/2881196061970 HTTP/2.0" 200 23185 "-" "Mozilla/5.0 AppleWebKit/537.36 (KHTML, like Gecko; compatible; bingbot/2.0; +http://www.bing.com/bingbot.htm) Chrome/116.0.1938.76 Safari/537.36"
157.55.39.7 - - [17/Apr/2026:00:09:01 +0000] "GET /product/category/46067114091970 HTTP/2.0" 200 22913 "-" "Mozilla/5.0 AppleWebKit/537.36 (KHTML, like Gecko; compatible; bingbot/2.0; +http://www.bing.com/bingbot.htm) Chrome/116.0.1938.76 Safari/537.36"
157.55.39.7 - - [17/Apr/2026:00:09:02 +0000] "GET /product/category/27649846041970 HTTP/2.0" 200 23203 "-" "Mozilla/5.0 AppleWebKit/537.36 (KHTML, like Gecko; compatible; bingbot/2.0; +http://www.bing.com/bingbot.htm) Chrome/116.0.1938.76 Safari/537.36"
207.46.13.107 - - [17/Apr/2026:00:09:05 +0000] "GET /product/review/23405410031970 HTTP/2.0" 200 23124 "-" "Mozilla/5.0 AppleWebKit/537.36 (KHTML, like Gecko; compatible; bingbot/2.0; +http://www.bing.com/bingbot.htm) Chrome/116.0.1938.76 Safari/537.36"
207.46.13.107 - - [17/Apr/2026:00:09:06 +0000] "GET /contents/event/kansyasai/100167413000970 HTTP/2.0" 200 23394 "-" "Mozilla/5.0 AppleWebKit/537.36 (KHTML, like Gecko; compatible; bingbot/2.0; +http://www.bing.com/bingbot.htm) Chrome/116.0.1938.76 Safari/537.36"
207.46.13.107 - - [17/Apr/2026:00:09:07 +0000] "GET /contents/event/kansyasai/19907958040970 HTTP/2.0" 200 23478 "-" "Mozilla/5.0 AppleWebKit/537.36 (KHTML, like Gecko; compatible; bingbot/2.0; +http://www.bing.com/bingbot.htm) Chrome/116.0.1938.76 Safari/537.36"
66.249.64.32 - - [17/Apr/2026:00:10:03 +0000] "GET /shop/storeSearch/KeepCriteriaInput.aspx?&transition=top70962651002970 HTTP/1.1" 200 22779 "-" "Mozilla/5.0 (Linux; Android 6.0.1; Nexus 5X Build/MMB29P) AppleWebKit/537.36 (KHTML, like Gecko) Chrome/146.0.7680.177 Mobile Safari/537.36 (compatible; Googlebot/2.1; +http://www.google.com/bot.html)"
157.55.39.7 - - [17/Apr/2026:00:10:17 +0000] "GET /?p=6883430051970 HTTP/2.0" 200 22811 "-" "Mozilla/5.0 AppleWebKit/537.36 (KHTML, like Gecko; compatible; bingbot/2.0; +http://www.bing.com/bingbot.htm) Chrome/116.0.1938.76 Safari/537.36"
52.167.144.232 - - [17/Apr/2026:00:10:35 +0000] "GET /?p=30622942041970 HTTP/2.0" 200 24155 "-" "Mozilla/5.0 AppleWebKit/537.36 (KHTML, like Gecko; compatible; bingbot/2.0; +http://www.bing.com/bingbot.htm) Chrome/116.0.1938.76 Safari/537.36"
157.55.39.7 - - [17/Apr/2026:00:11:06 +0000] "GET /?p=16883052041970 HTTP/2.0" 200 23286 "-" "Mozilla/5.0 AppleWebKit/537.36 (KHTML, like Gecko; compatible; bingbot/2.0; +http://www.bing.com/bingbot.htm) Chrome/116.0.1938.76 Safari/537.36"
66.249.64.32 - - [17/Apr/2026:00:11:09 +0000] "GET /shop/storeSearch/KeepCriteriaInput.aspx?&transition=top113477848052970 HTTP/1.1" 200 23141 "-" "Mozilla/5.0 (Linux; Android 6.0.1; Nexus 5X Build/MMB29P) AppleWebKit/537.36 (KHTML, like Gecko) Chrome/146.0.7680.177 Mobile Safari/537.36 (compatible; Googlebot/2.1; +http://www.google.com/bot.html)"
52.167.144.232 - - [17/Apr/2026:00:11:24 +0000] "GET /?p=24314280001970 HTTP/2.0" 200 22910 "-" "Mozilla/5.0 AppleWebKit/537.36 (KHTML, like Gecko; compatible; bingbot/2.0; +http://www.bing.com/bingbot.htm) Chrome/116.0.1938.76 Safari/537.36"
118.107.44.89 - - [17/Apr/2026:00:12:11 +0000] "GET / HTTP/1.1" 200 12395 "https://www.pinterest.com/" "Mozilla/5.0 (Macintosh; Intel Mac OS X 10_15_7) AppleWebKit/537.36 (KHTML, like Gecko) Chrome/145.0.0.0 Safari/537.36"
118.107.44.123 - - [17/Apr/2026:00:12:12 +0000] "GET / HTTP/1.1" 200 12292 "https://www.facebook.com/" "Mozilla/5.0 (X11; Linux x86_64) AppleWebKit/537.36 (KHTML, like Gecko) Chrome/146.0.0.0 Safari/537.36"
118.107.44.120 - - [17/Apr/2026:00:12:13 +0000] "GET /wp-login.php HTTP/1.1" 200 12367 "https://search.yahoo.com/search?p=wordpress+plugins%!(EXTRA string=wordpress+plugins)" "Mozilla/5.0 (Macintosh; Intel Mac OS X 10_15_7) AppleWebKit/605.1.15 (KHTML, like Gecko) Version/26.4 Safari/605.1.15"
118.107.44.120 - - [17/Apr/2026:00:12:14 +0000] "GET /wp-json/wp/v2/users/ HTTP/1.1" 200 12190 "-" "Mozilla/5.0 (Windows NT 10.0; Win64; x64) AppleWebKit/537.36 (KHTML, like Gecko) Chrome/146.0.0.0 Safari/537.36 Edg/146.0.0.0"
66.249.64.33 - - [17/Apr/2026:00:12:14 +0000] "GET /contents/event/kansyasai/61624149050970 HTTP/1.1" 200 23002 "-" "Mozilla/5.0 (Linux; Android 6.0.1; Nexus 5X Build/MMB29P) AppleWebKit/537.36 (KHTML, like Gecko) Chrome/146.0.7680.177 Mobile Safari/537.36 (compatible; Googlebot/2.1; +http://www.google.com/bot.html)"
118.107.44.116 - - [17/Apr/2026:00:12:14 +0000] "GET /?rest_route=/wp/v2/users HTTP/1.1" 200 12185 "-" "Mozilla/5.0 (Windows NT 10.0; Win64; x64) AppleWebKit/537.36 (KHTML, like Gecko) Chrome/146.0.0.0 Safari/537.36"
118.107.44.79 - - [17/Apr/2026:00:12:15 +0000] "GET /?author=1 HTTP/1.1" 200 12181 "-" "Mozilla/5.0 (Macintosh; Intel Mac OS X 10_15_7) AppleWebKit/605.1.15 (KHTML, like Gecko) Version/26.3.1 Safari/605.1.15"
118.107.44.116 - - [17/Apr/2026:00:12:16 +0000] "GET /?author=2 HTTP/1.1" 200 12497 "https://www.youtube.com/" "Mozilla/5.0 (Windows NT 10.0; Win64; x64) AppleWebKit/537.36 (KHTML, like Gecko) Chrome/146.0.0.0 Safari/537.36 Edg/146.0.0.0"
118.107.44.116 - - [17/Apr/2026:00:12:17 +0000] "GET /?author=3 HTTP/1.1" 200 12625 "-" "Mozilla/5.0 (X11; Linux x86_64; rv:148.0) Gecko/20100101 Firefox/148.0"
118.107.44.76 - - [17/Apr/2026:00:12:18 +0000] "GET /?author=4 HTTP/1.1" 200 12341 "https://www.google.com/search?q=hosting+comparison&oq=hosting+comparison" "Mozilla/5.0 (Windows NT 10.0; Win64; x64) AppleWebKit/537.36 (KHTML, like Gecko) Chrome/146.0.0.0 Safari/537.36"
157.55.39.7 - - [17/Apr/2026:00:12:18 +0000] "GET /?p=64724797021970 HTTP/2.0" 200 23579 "-" "Mozilla/5.0 AppleWebKit/537.36 (KHTML, like Gecko; compatible; bingbot/2.0; +http://www.bing.com/bingbot.htm) Chrome/116.0.1938.76 Safari/537.36"
118.107.44.96 - - [17/Apr/2026:00:12:19 +0000] "GET /?author=5 HTTP/1.1" 200 12331 "https://duckduckgo.com/?q=wp+security%!(EXTRA string=wp+security)" "Mozilla/5.0 (Windows NT 10.0; Win64; x64) AppleWebKit/537.36 (KHTML, like Gecko) Chrome/146.0.0.0 Safari/537.36 Edg/146.0.0.0"
157.55.39.7 - - [17/Apr/2026:00:12:19 +0000] "GET /?p=30579850011970 HTTP/2.0" 200 23487 "-" "Mozilla/5.0 AppleWebKit/537.36 (KHTML, like Gecko; compatible; bingbot/2.0; +http://www.bing.com/bingbot.htm) Chrome/116.0.1938.76 Safari/537.36"
118.107.44.123 - - [17/Apr/2026:00:12:20 +0000] "HEAD /xmlrpc.php HTTP/1.1" 200 - "https://www.facebook.com/" "Mozilla/5.0 (Windows NT 10.0; Win64; x64) AppleWebKit/537.36 (KHTML, like Gecko) Chrome/146.0.0.0 Safari/537.36 Edg/146.0.0.0"
157.55.39.7 - - [17/Apr/2026:00:12:19 +0000] "GET /?p=9972174031970 HTTP/2.0" 200 23012 "-" "Mozilla/5.0 AppleWebKit/537.36 (KHTML, like Gecko; compatible; bingbot/2.0; +http://www.bing.com/bingbot.htm) Chrome/116.0.1938.76 Safari/537.36"
118.107.44.122 - - [17/Apr/2026:00:12:20 +0000] "GET /wp-content/plugins/s2member/readme.txt HTTP/1.1" 200 12616 "-" "Mozilla/5.0 (Windows NT 10.0; Win64; x64; rv:149.0) Gecko/20100101 Firefox/149.0"
118.107.44.79 - - [17/Apr/2026:00:12:20 +0000] "GET /wp-content/plugins/indeed-wp-superbackup/readme.txt HTTP/1.1" 200 12324 "https://www.youtube.com/" "Mozilla/5.0 (X11; Linux x86_64) AppleWebKit/537.36 (KHTML, like Gecko) Chrome/145.0.0.0 Safari/537.36"
118.107.44.76 - - [17/Apr/2026:00:12:20 +0000] "POST /wp-content/plugins/wp-automatic/inc/csv.php HTTP/1.1" 200 12394 "https://www.linkedin.com/" "Mozilla/5.0 (X11; Linux x86_64) AppleWebKit/537.36 (KHTML, like Gecko) Chrome/146.0.0.0 Safari/537.36"
118.107.44.120 - - [17/Apr/2026:00:12:20 +0000] "GET /wp-content/plugins/essential-addons-for-elementor-lite/readme.txt HTTP/1.1" 200 12523 "-" "Mozilla/5.0 (Windows NT 10.0; Win64; x64) AppleWebKit/537.36 (KHTML, like Gecko) Chrome/146.0.0.0 Safari/537.36 Edg/146.0.0.0"
118.107.44.123 - - [17/Apr/2026:00:12:20 +0000] "GET /wp-content/plugins/wp-file-upload/readme.txt HTTP/1.1" 200 12319 "https://twitter.com/" "Mozilla/5.0 (Macintosh; Intel Mac OS X 10_15_7) AppleWebKit/605.1.15 (KHTML, like Gecko) Version/26.4 Safari/605.1.15"
118.107.44.116 - - [17/Apr/2026:00:12:20 +0000] "POST /wp-admin/admin-ajax.php HTTP/1.1" 200 12506 "https://www.bing.com/search?q=web+development%!(EXTRA string=web+development)" "Mozilla/5.0 (X11; Linux x86_64; rv:149.0) Gecko/20100101 Firefox/149.0"
118.107.44.123 - - [17/Apr/2026:00:12:21 +0000] "GET / HTTP/1.1" 200 12361 "-" "Mozilla/5.0 (Macintosh; Intel Mac OS X 10_15_7) AppleWebKit/537.36 (KHTML, like Gecko) Chrome/146.0.0.0 Safari/537.36"
157.55.39.7 - - [17/Apr/2026:00:12:21 +0000] "GET /?p=24931548101970 HTTP/2.0" 200 22423 "-" "Mozilla/5.0 AppleWebKit/537.36 (KHTML, like Gecko; compatible; bingbot/2.0; +http://www.bing.com/bingbot.htm) Chrome/116.0.1938.76 Safari/537.36"
118.107.44.123 - - [17/Apr/2026:00:12:22 +0000] "GET /wp-json/wp/v2/users/ HTTP/1.1" 200 12505 "-" "Mozilla/5.0 (Windows NT 10.0; Win64; x64) AppleWebKit/537.36 (KHTML, like Gecko) Chrome/146.0.0.0 Safari/537.36"
118.107.44.79 - - [17/Apr/2026:00:12:23 +0000] "GET /?rest_route=/wp/v2/users HTTP/1.1" 200 12183 "https://www.bing.com/search?q=php+tutorial%!(EXTRA string=php+tutorial)" "Mozilla/5.0 (Macintosh; Intel Mac OS X 10_15_7) AppleWebKit/605.1.15 (KHTML, like Gecko) Version/26.3.1 Safari/605.1.15"
157.55.39.7 - - [17/Apr/2026:00:12:22 +0000] "GET /?p=6016152021970 HTTP/2.0" 200 23569 "-" "Mozilla/5.0 AppleWebKit/537.36 (KHTML, like Gecko; compatible; bingbot/2.0; +http://www.bing.com/bingbot.htm) Chrome/116.0.1938.76 Safari/537.36"
118.107.44.120 - - [17/Apr/2026:00:12:23 +0000] "GET /?author=1 HTTP/1.1" 200 12595 "https://www.youtube.com/" "Mozilla/5.0 (Windows NT 10.0; Win64; x64) AppleWebKit/537.36 (KHTML, like Gecko) Chrome/146.0.0.0 Safari/537.36 Edg/146.0.0.0"
118.107.44.116 - - [17/Apr/2026:00:12:24 +0000] "GET /?author=2 HTTP/1.1" 200 12187 "https://www.google.com/" "Mozilla/5.0 (Windows NT 10.0; Win64; x64; rv:149.0) Gecko/20100101 Firefox/149.0"
118.107.44.89 - - [17/Apr/2026:00:12:24 +0000] "GET /?author=3 HTTP/1.1" 200 12302 "https://duckduckgo.com/?q=blog+post%!(EXTRA string=blog+post)" "Mozilla/5.0 (X11; Linux x86_64) AppleWebKit/537.36 (KHTML, like Gecko) Chrome/146.0.0.0 Safari/537.36"
118.107.44.79 - - [17/Apr/2026:00:12:25 +0000] "GET /?author=4 HTTP/1.1" 200 12178 "https://www.bing.com/" "Mozilla/5.0 (Macintosh; Intel Mac OS X 10_15_7) AppleWebKit/537.36 (KHTML, like Gecko) Chrome/145.0.0.0 Safari/537.36"
118.107.44.120 - - [17/Apr/2026:00:12:26 +0000] "GET /?author=5 HTTP/1.1" 200 12626 "-" "Mozilla/5.0 (Macintosh; Intel Mac OS X 10_15_7) AppleWebKit/605.1.15 (KHTML, like Gecko) Version/26.3.1 Safari/605.1.15"
52.167.144.232 - - [17/Apr/2026:00:12:26 +0000] "GET /product/review/28988335021970 HTTP/2.0" 200 23324 "-" "Mozilla/5.0 AppleWebKit/537.36 (KHTML, like Gecko; compatible; bingbot/2.0; +http://www.bing.com/bingbot.htm) Chrome/116.0.1938.76 Safari/537.36"
118.107.44.120 - - [17/Apr/2026:00:12:27 +0000] "POST /xmlrpc.php HTTP/1.1" 200 12407 "https://www.bing.com/" "Mozilla/5.0 (Windows NT 10.0; Win64; x64; rv:149.0) Gecko/20100101 Firefox/149.0"
52.167.144.232 - - [17/Apr/2026:00:12:27 +0000] "GET /product/category/52330855001970 HTTP/2.0" 200 23158 "-" "Mozilla/5.0 AppleWebKit/537.36 (KHTML, like Gecko; compatible; bingbot/2.0; +http://www.bing.com/bingbot.htm) Chrome/116.0.1938.76 Safari/537.36"
118.107.44.76 - - [17/Apr/2026:00:12:28 +0000] "POST /xmlrpc.php HTTP/1.1" 200 12337 "https://www.bing.com/" "Mozilla/5.0 (Macintosh; Intel Mac OS X 10_15_7) AppleWebKit/537.36 (KHTML, like Gecko) Chrome/145.0.0.0 Safari/537.36"
207.46.13.107 - - [17/Apr/2026:00:12:29 +0000] "GET /product/category/6425361011970 HTTP/2.0" 200 23141 "-" "Mozilla/5.0 AppleWebKit/537.36 (KHTML, like Gecko; compatible; bingbot/2.0; +http://www.bing.com/bingbot.htm) Chrome/116.0.1938.76 Safari/537.36"
118.107.44.120 - - [17/Apr/2026:00:12:29 +0000] "POST /xmlrpc.php HTTP/1.1" 200 12631 "https://www.google.com/search?q=how+to+create+a+website&oq=how+to+create+a+website" "Mozilla/5.0 (Windows NT 10.0; Win64; x64) AppleWebKit/537.36 (KHTML, like Gecko) Chrome/146.0.0.0 Safari/537.36 Edg/146.0.0.0"
157.55.39.7 - - [17/Apr/2026:00:12:31 +0000] "GET /product/review/2177990011970 HTTP/2.0" 200 23400 "-" "Mozilla/5.0 AppleWebKit/537.36 (KHTML, like Gecko; compatible; bingbot/2.0; +http://www.bing.com/bingbot.htm) Chrome/116.0.1938.76 Safari/537.36"
118.107.44.96 - - [17/Apr/2026:00:12:32 +0000] "POST /xmlrpc.php HTTP/1.1" 200 12627 "-" "Mozilla/5.0 (Macintosh; Intel Mac OS X 14.7; rv:149.0) Gecko/20100101 Firefox/149.0"
157.55.39.7 - - [17/Apr/2026:00:12:32 +0000] "GET /contents/event/kansyasai/1935609050970 HTTP/2.0" 200 23854 "-" "Mozilla/5.0 AppleWebKit/537.36 (KHTML, like Gecko; compatible; bingbot/2.0; +http://www.bing.com/bingbot.htm) Chrome/116.0.1938.76 Safari/537.36"
118.107.44.116 - - [17/Apr/2026:00:12:33 +0000] "POST /xmlrpc.php HTTP/1.1" 200 12334 "https://t.co/" "Mozilla/5.0 (Windows NT 10.0; Win64; x64) AppleWebKit/537.36 (KHTML, like Gecko) Chrome/146.0.0.0 Safari/537.36"
118.107.44.76 - - [17/Apr/2026:00:12:35 +0000] "POST /xmlrpc.php HTTP/1.1" 200 12180 "https://www.google.com/" "Mozilla/5.0 (Macintosh; Intel Mac OS X 10_15_7) AppleWebKit/537.36 (KHTML, like Gecko) Chrome/146.0.0.0 Safari/537.36 Edg/146.0.0.0"
118.107.44.120 - - [17/Apr/2026:00:12:36 +0000] "POST /xmlrpc.php HTTP/1.1" 200 12376 "-" "Mozilla/5.0 (Macintosh; Intel Mac OS X 10_15_7) AppleWebKit/605.1.15 (KHTML, like Gecko) Version/26.3.1 Safari/605.1.15"
118.107.44.79 - - [17/Apr/2026:00:12:38 +0000] "POST /xmlrpc.php HTTP/1.1" 200 12299 "https://www.youtube.com/" "Mozilla/5.0 (X11; Linux x86_64; rv:148.0) Gecko/20100101 Firefox/148.0"
118.107.44.96 - - [17/Apr/2026:00:12:39 +0000] "POST /xmlrpc.php HTTP/1.1" 200 12471 "-" "Mozilla/5.0 (Windows NT 10.0; Win64; x64; rv:148.0) Gecko/20100101 Firefox/148.0"
207.46.13.107 - - [17/Apr/2026:00:12:39 +0000] "GET /product/category/3413543041970 HTTP/2.0" 200 23090 "-" "Mozilla/5.0 AppleWebKit/537.36 (KHTML, like Gecko; compatible; bingbot/2.0; +http://www.bing.com/bingbot.htm) Chrome/116.0.1938.76 Safari/537.36"
207.46.13.107 - - [17/Apr/2026:00:12:40 +0000] "GET /product/review/29131511001970 HTTP/2.0" 200 22782 "-" "Mozilla/5.0 AppleWebKit/537.36 (KHTML, like Gecko; compatible; bingbot/2.0; +http://www.bing.com/bingbot.htm) Chrome/116.0.1938.76 Safari/537.36"
118.107.44.76 - - [17/Apr/2026:00:12:41 +0000] "POST /xmlrpc.php HTTP/1.1" 200 12597 "https://www.google.com/search?q=hosting+comparison&oq=hosting+comparison" "Mozilla/5.0 (Windows NT 10.0; Win64; x64) AppleWebKit/537.36 (KHTML, like Gecko) Chrome/146.0.0.0 Safari/537.36"
207.46.13.107 - - [17/Apr/2026:00:12:41 +0000] "GET /product/category/1265512051970 HTTP/2.0" 200 22702 "-" "Mozilla/5.0 AppleWebKit/537.36 (KHTML, like Gecko; compatible; bingbot/2.0; +http://www.bing.com/bingbot.htm) Chrome/116.0.1938.76 Safari/537.36"
118.107.44.123 - - [17/Apr/2026:00:12:41 +0000] "POST /xmlrpc.php HTTP/1.1" 200 12337 "https://www.linkedin.com/" "Mozilla/5.0 (Windows NT 10.0; Win64; x64) AppleWebKit/537.36 (KHTML, like Gecko) Chrome/146.0.0.0 Safari/537.36 Edg/146.0.0.0"
118.107.44.122 - - [17/Apr/2026:00:12:43 +0000] "POST /xmlrpc.php HTTP/1.1" 200 12408 "https://www.bing.com/search?q=wp+security%!(EXTRA string=wp+security)" "Mozilla/5.0 (Macintosh; Intel Mac OS X 14.7; rv:149.0) Gecko/20100101 Firefox/149.0"
118.107.44.89 - - [17/Apr/2026:00:12:44 +0000] "POST /xmlrpc.php HTTP/1.1" 200 12178 "https://www.bing.com/" "Mozilla/5.0 (Windows NT 10.0; Win64; x64) AppleWebKit/537.36 (KHTML, like Gecko) Chrome/145.0.0.0 Safari/537.36"
118.107.44.89 - - [17/Apr/2026:00:12:46 +0000] "POST /xmlrpc.php HTTP/1.1" 200 12177 "-" "Mozilla/5.0 (Windows NT 10.0; Win64; x64) AppleWebKit/537.36 (KHTML, like Gecko) Chrome/146.0.0.0 Safari/537.36 Edg/146.0.0.0"
118.107.44.96 - - [17/Apr/2026:00:12:47 +0000] "POST /xmlrpc.php HTTP/1.1" 200 12179 "https://www.linkedin.com/" "Mozilla/5.0 (X11; Linux x86_64; rv:148.0) Gecko/20100101 Firefox/148.0"
118.107.44.122 - - [17/Apr/2026:00:12:49 +0000] "POST /xmlrpc.php HTTP/1.1" 200 12498 "https://www.reddit.com/" "Mozilla/5.0 (Windows NT 10.0; Win64; x64; rv:148.0) Gecko/20100101 Firefox/148.0"
118.107.44.76 - - [17/Apr/2026:00:12:50 +0000] "POST /xmlrpc.php HTTP/1.1" 200 12370 "https://www.bing.com/search?q=web+development%!(EXTRA string=web+development)" "Mozilla/5.0 (Macintosh; Intel Mac OS X 10_15_7) AppleWebKit/537.36 (KHTML, like Gecko) Chrome/146.0.0.0 Safari/537.36 Edg/146.0.0.0"
118.107.44.89 - - [17/Apr/2026:00:12:52 +0000] "POST /xmlrpc.php HTTP/1.1" 200 12624 "https://www.google.com/search?q=wp+admin+login&oq=wp+admin+login" "Mozilla/5.0 (Macintosh; Intel Mac OS X 10_15_7) AppleWebKit/605.1.15 (KHTML, like Gecko) Version/26.4 Safari/605.1.15"
118.107.44.122 - - [17/Apr/2026:00:12:53 +0000] "POST /xmlrpc.php HTTP/1.1" 200 12180 "https://www.facebook.com/" "Mozilla/5.0 (Macintosh; Intel Mac OS X 10_15_7) AppleWebKit/605.1.15 (KHTML, like Gecko) Version/26.3.1 Safari/605.1.15"
118.107.44.96 - - [17/Apr/2026:00:12:56 +0000] "POST /xmlrpc.php HTTP/1.1" 200 12416 "https://www.pinterest.com/" "Mozilla/5.0 (Macintosh; Intel Mac OS X 10_15_7) AppleWebKit/537.36 (KHTML, like Gecko) Chrome/146.0.0.0 Safari/537.36"
118.107.44.76 - - [17/Apr/2026:00:12:56 +0000] "POST /xmlrpc.php HTTP/1.1" 200 12337 "https://twitter.com/" "Mozilla/5.0 (Macintosh; Intel Mac OS X 10_15_7) AppleWebKit/537.36 (KHTML, like Gecko) Chrome/145.0.0.0 Safari/537.36"
118.107.44.123 - - [17/Apr/2026:00:12:58 +0000] "POST /xmlrpc.php HTTP/1.1" 200 12471 "https://www.google.com/search?q=hosting+comparison&oq=hosting+comparison" "Mozilla/5.0 (Macintosh; Intel Mac OS X 10_15_7) AppleWebKit/605.1.15 (KHTML, like Gecko) Version/26.4 Safari/605.1.15"
118.107.44.120 - - [17/Apr/2026:00:13:00 +0000] "POST /xmlrpc.php HTTP/1.1" 200 12599 "https://www.google.com/search?q=website+builder&oq=website+builder" "Mozilla/5.0 (X11; Linux x86_64) AppleWebKit/537.36 (KHTML, like Gecko) Chrome/145.0.0.0 Safari/537.36"
118.107.44.120 - - [17/Apr/2026:00:13:01 +0000] "POST /xmlrpc.php HTTP/1.1" 200 12300 "https://www.pinterest.com/" "Mozilla/5.0 (Macintosh; Intel Mac OS X 10_15_7) AppleWebKit/537.36 (KHTML, like Gecko) Chrome/146.0.0.0 Safari/537.36"
118.107.44.120 - - [17/Apr/2026:00:13:02 +0000] "POST /xmlrpc.php HTTP/1.1" 200 12338 "-" "Mozilla/5.0 (Macintosh; Intel Mac OS X 10_15_7) AppleWebKit/537.36 (KHTML, like Gecko) Chrome/146.0.0.0 Safari/537.36 Edg/146.0.0.0"
118.107.44.79 - - [17/Apr/2026:00:13:04 +0000] "POST /xmlrpc.php HTTP/1.1" 200 12641 "-" "Mozilla/5.0 (Macintosh; Intel Mac OS X 10_15_7) AppleWebKit/537.36 (KHTML, like Gecko) Chrome/145.0.0.0 Safari/537.36"
118.107.44.79 - - [17/Apr/2026:00:13:05 +0000] "POST /xmlrpc.php HTTP/1.1" 200 12410 "https://www.instagram.com/" "Mozilla/5.0 (Windows NT 10.0; Win64; x64) AppleWebKit/537.36 (KHTML, like Gecko) Chrome/146.0.0.0 Safari/537.36 Edg/146.0.0.0"
118.107.44.120 - - [17/Apr/2026:00:13:07 +0000] "POST /xmlrpc.php HTTP/1.1" 200 12469 "https://www.instagram.com/" "Mozilla/5.0 (Macintosh; Intel Mac OS X 10_15_7) AppleWebKit/537.36 (KHTML, like Gecko) Chrome/146.0.0.0 Safari/537.36 Edg/146.0.0.0"
118.107.44.76 - - [17/Apr/2026:00:13:08 +0000] "POST /xmlrpc.php HTTP/1.1" 200 12299 "https://www.bing.com/search?q=web+development%!(EXTRA string=web+development)" "Mozilla/5.0 (X11; Linux x86_64; rv:148.0) Gecko/20100101 Firefox/148.0"
118.107.44.76 - - [17/Apr/2026:00:13:10 +0000] "POST /xmlrpc.php HTTP/1.1" 200 12374 "https://t.co/" "Mozilla/5.0 (Macintosh; Intel Mac OS X 10_15_7) AppleWebKit/537.36 (KHTML, like Gecko) Chrome/146.0.0.0 Safari/537.36 Edg/146.0.0.0"
157.55.39.7 - - [17/Apr/2026:00:13:17 +0000] "GET /product/review/6864445061970 HTTP/2.0" 200 23622 "-" "Mozilla/5.0 AppleWebKit/537.36 (KHTML, like Gecko; compatible; bingbot/2.0; +http://www.bing.com/bingbot.htm) Chrome/116.0.1938.76 Safari/537.36"
66.249.64.32 - - [17/Apr/2026:00:13:19 +0000] "GET /product/category/33088339091970 HTTP/1.1" 200 23268 "-" "Mozilla/5.0 (Linux; Android 6.0.1; Nexus 5X Build/MMB29P) AppleWebKit/537.36 (KHTML, like Gecko) Chrome/146.0.7680.177 Mobile Safari/537.36 (compatible; Googlebot/2.1; +http://www.google.com/bot.html)"
20.15.133.191 - - [17/Apr/2026:00:13:57 +0000] "GET /?p=15924587041970 HTTP/2.0" 200 23304 "-" "Mozilla/5.0 AppleWebKit/537.36 (KHTML, like Gecko; compatible; bingbot/2.0; +http://www.bing.com/bingbot.htm) Chrome/116.0.1938.76 Safari/537.36"
43.228.157.68 - - [17/Apr/2026:00:14:00 +0000] "GET /.git/config HTTP/1.1" 500 - "-" "Mozilla/5.0 (Windows NT 10.0; Win64; x64) AppleWebKit/537.36 Chrome/120.0.0.0 Safari/537.36"
43.228.157.68 - - [17/Apr/2026:00:14:02 +0000] "GET /.git/HEAD HTTP/1.1" 500 - "-" "Mozilla/5.0 (X11; Linux x86_64) AppleWebKit/537.36 Chrome/120.0.0.0 Safari/537.36"
43.228.157.68 - - [17/Apr/2026:00:14:03 +0000] "GET /public/.git/config HTTP/1.1" 500 - "-" "Mozilla/5.0 (Macintosh; Intel Mac OS X 10_15_7) AppleWebKit/537.36 Chrome/120.0.0.0 Safari/537.36"
43.228.157.68 - - [17/Apr/2026:00:14:04 +0000] "GET /app/.git/config HTTP/1.1" 500 - "-" "Mozilla/5.0 (X11; Linux x86_64) AppleWebKit/537.36 Chrome/120.0.0.0 Safari/537.36"
66.249.64.32 - - [17/Apr/2026:00:14:24 +0000] "GET /product/review/80547014021970 HTTP/1.1" 200 22830 "-" "Mozilla/5.0 (Linux; Android 6.0.1; Nexus 5X Build/MMB29P) AppleWebKit/537.36 (KHTML, like Gecko) Chrome/146.0.7680.177 Mobile Safari/537.36 (compatible; Googlebot/2.1; +http://www.google.com/bot.html)"
52.167.144.232 - - [17/Apr/2026:00:14:36 +0000] "GET /?p=80089650031970 HTTP/2.0" 200 23176 "-" "Mozilla/5.0 AppleWebKit/537.36 (KHTML, like Gecko; compatible; bingbot/2.0; +http://www.bing.com/bingbot.htm) Chrome/116.0.1938.76 Safari/537.36"
52.167.144.232 - - [17/Apr/2026:00:14:37 +0000] "GET /?p=491842001970 HTTP/2.0" 200 23214 "-" "Mozilla/5.0 AppleWebKit/537.36 (KHTML, like Gecko; compatible; bingbot/2.0; +http://www.bing.com/bingbot.htm) Chrome/116.0.1938.76 Safari/537.36"
52.167.144.232 - - [17/Apr/2026:00:14:38 +0000] "GET /?p=4391608051970 HTTP/2.0" 200 23590 "-" "Mozilla/5.0 AppleWebKit/537.36 (KHTML, like Gecko; compatible; bingbot/2.0; +http://www.bing.com/bingbot.htm) Chrome/116.0.1938.76 Safari/537.36"
52.167.144.232 - - [17/Apr/2026:00:14:39 +0000] "GET /?p=41703488061970 HTTP/2.0" 200 23158 "-" "Mozilla/5.0 AppleWebKit/537.36 (KHTML, like Gecko; compatible; bingbot/2.0; +http://www.bing.com/bingbot.htm) Chrome/116.0.1938.76 Safari/537.36"
207.46.13.107 - - [17/Apr/2026:00:14:41 +0000] "GET /?p=6274779041970 HTTP/2.0" 200 23588 "-" "Mozilla/5.0 AppleWebKit/537.36 (KHTML, like Gecko; compatible; bingbot/2.0; +http://www.bing.com/bingbot.htm) Chrome/116.0.1938.76 Safari/537.36"
207.46.13.107 - - [17/Apr/2026:00:14:42 +0000] "GET /?p=27938643041970 HTTP/2.0" 200 22777 "-" "Mozilla/5.0 AppleWebKit/537.36 (KHTML, like Gecko; compatible; bingbot/2.0; +http://www.bing.com/bingbot.htm) Chrome/116.0.1938.76 Safari/537.36"
207.46.13.107 - - [17/Apr/2026:00:14:43 +0000] "GET /?p=27990141031970 HTTP/2.0" 200 23767 "-" "Mozilla/5.0 AppleWebKit/537.36 (KHTML, like Gecko; compatible; bingbot/2.0; +http://www.bing.com/bingbot.htm) Chrome/116.0.1938.76 Safari/537.36"
52.167.144.232 - - [17/Apr/2026:00:14:45 +0000] "GET /?p=27004465001970 HTTP/2.0" 200 22593 "-" "Mozilla/5.0 AppleWebKit/537.36 (KHTML, like Gecko; compatible; bingbot/2.0; +http://www.bing.com/bingbot.htm) Chrome/116.0.1938.76 Safari/537.36"
207.46.13.168 - - [17/Apr/2026:00:14:47 +0000] "GET /?p=27934113011970 HTTP/2.0" 200 22724 "-" "Mozilla/5.0 AppleWebKit/537.36 (KHTML, like Gecko; compatible; bingbot/2.0; +http://www.bing.com/bingbot.htm) Chrome/116.0.1938.76 Safari/537.36"
207.46.13.168 - - [17/Apr/2026:00:14:48 +0000] "GET /?p=109230484091970 HTTP/2.0" 200 22959 "-" "Mozilla/5.0 AppleWebKit/537.36 (KHTML, like Gecko; compatible; bingbot/2.0; +http://www.bing.com/bingbot.htm) Chrome/116.0.1938.76 Safari/537.36"
207.46.13.168 - - [17/Apr/2026:00:14:49 +0000] "GET /?p=1254245001970 HTTP/2.0" 200 22533 "-" "Mozilla/5.0 AppleWebKit/537.36 (KHTML, like Gecko; compatible; bingbot/2.0; +http://www.bing.com/bingbot.htm) Chrome/116.0.1938.76 Safari/537.36"
207.46.13.168 - - [17/Apr/2026:00:15:02 +0000] "GET /?p=100184159091970 HTTP/2.0" 200 23152 "-" "Mozilla/5.0 AppleWebKit/537.36 (KHTML, like Gecko; compatible; bingbot/2.0; +http://www.bing.com/bingbot.htm) Chrome/116.0.1938.76 Safari/537.36"
207.46.13.168 - - [17/Apr/2026:00:15:03 +0000] "GET /?p=101021849091970 HTTP/2.0" 200 22902 "-" "Mozilla/5.0 AppleWebKit/537.36 (KHTML, like Gecko; compatible; bingbot/2.0; +http://www.bing.com/bingbot.htm) Chrome/116.0.1938.76 Safari/537.36"
207.46.13.168 - - [17/Apr/2026:00:15:04 +0000] "GET /?p=110322457051970 HTTP/2.0" 200 22883 "-" "Mozilla/5.0 AppleWebKit/537.36 (KHTML, like Gecko; compatible; bingbot/2.0; +http://www.bing.com/bingbot.htm) Chrome/116.0.1938.76 Safari/537.36"
207.46.13.168 - - [17/Apr/2026:00:15:05 +0000] "GET /product/category/24123727001970 HTTP/2.0" 200 23277 "-" "Mozilla/5.0 AppleWebKit/537.36 (KHTML, like Gecko; compatible; bingbot/2.0; +http://www.bing.com/bingbot.htm) Chrome/116.0.1938.76 Safari/537.36"
52.167.144.232 - - [17/Apr/2026:00:15:11 +0000] "GET /product/category/13919584031970 HTTP/2.0" 200 23387 "-" "Mozilla/5.0 AppleWebKit/537.36 (KHTML, like Gecko; compatible; bingbot/2.0; +http://www.bing.com/bingbot.htm) Chrome/116.0.1938.76 Safari/537.36"
52.167.144.232 - - [17/Apr/2026:00:15:13 +0000] "GET /product/review/23936752071970 HTTP/2.0" 200 22804 "-" "Mozilla/5.0 AppleWebKit/537.36 (KHTML, like Gecko; compatible; bingbot/2.0; +http://www.bing.com/bingbot.htm) Chrome/116.0.1938.76 Safari/537.36"
52.167.144.232 - - [17/Apr/2026:00:15:13 +0000] "GET /product/review/81288291041970 HTTP/2.0" 200 23639 "-" "Mozilla/5.0 AppleWebKit/537.36 (KHTML, like Gecko; compatible; bingbot/2.0; +http://www.bing.com/bingbot.htm) Chrome/116.0.1938.76 Safari/537.36"
66.249.64.32 - - [17/Apr/2026:00:15:29 +0000] "GET /shop/storeSearch/KeepCriteriaInput.aspx?&transition=top34492718052970 HTTP/1.1" 200 23662 "-" "Mozilla/5.0 (Linux; Android 6.0.1; Nexus 5X Build/MMB29P) AppleWebKit/537.36 (KHTML, like Gecko) Chrome/146.0.7680.177 Mobile Safari/537.36 (compatible; Googlebot/2.1; +http://www.google.com/bot.html)"
52.167.144.232 - - [17/Apr/2026:00:15:53 +0000] "GET /product/review/83070489041970 HTTP/2.0" 200 24110 "-" "Mozilla/5.0 AppleWebKit/537.36 (KHTML, like Gecko; compatible; bingbot/2.0; +http://www.bing.com/bingbot.htm) Chrome/116.0.1938.76 Safari/537.36"
47.128.56.135 - - [17/Apr/2026:00:16:03 +0000] "GET /?p=40861019021970 HTTP/2.0" 500 - "-" "Mozilla/5.0 (Linux; Android 5.0) AppleWebKit/537.36 (KHTML, like Gecko) Mobile Safari/537.36 (compatible; Bytespider; spider-feedback@bytedance.com)"
47.128.55.6 - - [17/Apr/2026:00:16:04 +0000] "GET /?p=81643781021970 HTTP/2.0" 500 - "-" "Mozilla/5.0 (Linux; Android 5.0) AppleWebKit/537.36 (KHTML, like Gecko) Mobile Safari/537.36 (compatible; Bytespider; spider-feedback@bytedance.com)"
207.46.13.168 - - [17/Apr/2026:00:16:18 +0000] "GET /?p=8157199001970 HTTP/2.0" 200 23593 "-" "Mozilla/5.0 AppleWebKit/537.36 (KHTML, like Gecko; compatible; bingbot/2.0; +http://www.bing.com/bingbot.htm) Chrome/116.0.1938.76 Safari/537.36"
207.46.13.168 - - [17/Apr/2026:00:16:19 +0000] "GET /?p=15775038061970 HTTP/2.0" 200 22755 "-" "Mozilla/5.0 AppleWebKit/537.36 (KHTML, like Gecko; compatible; bingbot/2.0; +http://www.bing.com/bingbot.htm) Chrome/116.0.1938.76 Safari/537.36"
66.249.64.32 - - [17/Apr/2026:00:16:35 +0000] "GET /product/category/80630624051970 HTTP/1.1" 200 22722 "-" "Mozilla/5.0 (Linux; Android 6.0.1; Nexus 5X Build/MMB29P) AppleWebKit/537.36 (KHTML, like Gecko) Chrome/146.0.7680.177 Mobile Safari/537.36 (compatible; Googlebot/2.1; +http://www.google.com/bot.html)"
52.167.144.232 - - [17/Apr/2026:00:16:46 +0000] "GET /?p=28155524041970 HTTP/2.0" 200 23626 "-" "Mozilla/5.0 AppleWebKit/537.36 (KHTML, like Gecko; compatible; bingbot/2.0; +http://www.bing.com/bingbot.htm) Chrome/116.0.1938.76 Safari/537.36"
52.167.144.232 - - [17/Apr/2026:00:16:47 +0000] "GET /?p=2886266071970 HTTP/2.0" 200 22939 "-" "Mozilla/5.0 AppleWebKit/537.36 (KHTML, like Gecko; compatible; bingbot/2.0; +http://www.bing.com/bingbot.htm) Chrome/116.0.1938.76 Safari/537.36"
207.46.13.168 - - [17/Apr/2026:00:17:02 +0000] "GET /?p=8277335121970 HTTP/2.0" 200 22934 "-" "Mozilla/5.0 AppleWebKit/537.36 (KHTML, like Gecko; compatible; bingbot/2.0; +http://www.bing.com/bingbot.htm) Chrome/116.0.1938.76 Safari/537.36"
47.128.56.116 - - [17/Apr/2026:00:17:03 +0000] "GET /?p=66958630021970 HTTP/2.0" 500 - "-" "Mozilla/5.0 (Linux; Android 5.0) AppleWebKit/537.36 (KHTML, like Gecko) Mobile Safari/537.36 (compatible; Bytespider; spider-feedback@bytedance.com)"
207.46.13.168 - - [17/Apr/2026:00:17:04 +0000] "GET /?p=20957260031970 HTTP/2.0" 200 23413 "-" "Mozilla/5.0 AppleWebKit/537.36 (KHTML, like Gecko; compatible; bingbot/2.0; +http://www.bing.com/bingbot.htm) Chrome/116.0.1938.76 Safari/537.36"
207.46.13.168 - - [17/Apr/2026:00:17:06 +0000] "GET /?p=66500954011970 HTTP/2.0" 200 23593 "-" "Mozilla/5.0 AppleWebKit/537.36 (KHTML, like Gecko; compatible; bingbot/2.0; +http://www.bing.com/bingbot.htm) Chrome/116.0.1938.76 Safari/537.36"
207.46.13.150 - - [17/Apr/2026:00:17:18 +0000] "GET /?p=4404786091970 HTTP/2.0" 200 22736 "-" "Mozilla/5.0 AppleWebKit/537.36 (KHTML, like Gecko; compatible; bingbot/2.0; +http://www.bing.com/bingbot.htm) Chrome/116.0.1938.76 Safari/537.36"
207.46.13.150 - - [17/Apr/2026:00:17:19 +0000] "GET /?p=24926718071970 HTTP/2.0" 200 22969 "-" "Mozilla/5.0 AppleWebKit/537.36 (KHTML, like Gecko; compatible; bingbot/2.0; +http://www.bing.com/bingbot.htm) Chrome/116.0.1938.76 Safari/537.36"
207.46.13.150 - - [17/Apr/2026:00:17:20 +0000] "GET /product/review/70815820091970 HTTP/2.0" 200 22805 "-" "Mozilla/5.0 AppleWebKit/537.36 (KHTML, like Gecko; compatible; bingbot/2.0; +http://www.bing.com/bingbot.htm) Chrome/116.0.1938.76 Safari/537.36"
207.46.13.150 - - [17/Apr/2026:00:17:21 +0000] "GET /product/category/3992869011970 HTTP/2.0" 200 23053 "-" "Mozilla/5.0 AppleWebKit/537.36 (KHTML, like Gecko; compatible; bingbot/2.0; +http://www.bing.com/bingbot.htm) Chrome/116.0.1938.76 Safari/537.36"
