40.77.167.143 - - [17/Apr/2026:03:37:56 +0000] "GET /?p=33398506101970 HTTP/2.0" 200 22781 "-" "Mozilla/5.0 AppleWebKit/537.36 (KHTML, like Gecko; compatible; bingbot/2.0; +http://www.bing.com/bingbot.htm) Chrome/116.0.1938.76 Safari/537.36"
40.77.167.143 - - [17/Apr/2026:03:37:56 +0000] "GET /?p=24801368031970 HTTP/2.0" 200 23450 "-" "Mozilla/5.0 AppleWebKit/537.36 (KHTML, like Gecko; compatible; bingbot/2.0; +http://www.bing.com/bingbot.htm) Chrome/116.0.1938.76 Safari/537.36"
40.77.167.143 - - [17/Apr/2026:03:37:57 +0000] "GET /?p=37478247001970 HTTP/2.0" 200 22770 "-" "Mozilla/5.0 AppleWebKit/537.36 (KHTML, like Gecko; compatible; bingbot/2.0; +http://www.bing.com/bingbot.htm) Chrome/116.0.1938.76 Safari/537.36"
40.77.167.143 - - [17/Apr/2026:03:37:58 +0000] "GET /?p=238189001970 HTTP/2.0" 200 23428 "-" "Mozilla/5.0 AppleWebKit/537.36 (KHTML, like Gecko; compatible; bingbot/2.0; +http://www.bing.com/bingbot.htm) Chrome/116.0.1938.76 Safari/537.36"
207.46.13.111 - - [17/Apr/2026:03:38:08 +0000] "GET /?p=1344264081970 HTTP/2.0" 200 22894 "-" "Mozilla/5.0 AppleWebKit/537.36 (KHTML, like Gecko; compatible; bingbot/2.0; +http://www.bing.com/bingbot.htm) Chrome/116.0.1938.76 Safari/537.36"
207.46.13.111 - - [17/Apr/2026:03:38:08 +0000] "GET /?p=23505160031970 HTTP/2.0" 200 23887 "-" "Mozilla/5.0 AppleWebKit/537.36 (KHTML, like Gecko; compatible; bingbot/2.0; +http://www.bing.com/bingbot.htm) Chrome/116.0.1938.76 Safari/537.36"
207.46.13.111 - - [17/Apr/2026:03:38:09 +0000] "GET /?p=18021229111970 HTTP/2.0" 200 22727 "-" "Mozilla/5.0 AppleWebKit/537.36 (KHTML, like Gecko; compatible; bingbot/2.0; +http://www.bing.com/bingbot.htm) Chrome/116.0.1938.76 Safari/537.36"
207.46.13.111 - - [17/Apr/2026:03:38:10 +0000] "GET /product/review/85390889041970 HTTP/2.0" 200 23268 "-" "Mozilla/5.0 AppleWebKit/537.36 (KHTML, like Gecko; compatible; bingbot/2.0; +http://www.bing.com/bingbot.htm) Chrome/116.0.1938.76 Safari/537.36"
40.77.167.143 - - [17/Apr/2026:03:38:10 +0000] "GET /product/category/110749257051970 HTTP/2.0" 200 22997 "-" "Mozilla/5.0 AppleWebKit/537.36 (KHTML, like Gecko; compatible; bingbot/2.0; +http://www.bing.com/bingbot.htm) Chrome/116.0.1938.76 Safari/537.36"
40.77.167.143 - - [17/Apr/2026:03:38:11 +0000] "GET /contents/event/kansyasai/28586969140970 HTTP/2.0" 200 23166 "-" "Mozilla/5.0 AppleWebKit/537.36 (KHTML, like Gecko; compatible; bingbot/2.0; +http://www.bing.com/bingbot.htm) Chrome/116.0.1938.76 Safari/537.36"
207.46.13.111 - - [17/Apr/2026:03:38:11 +0000] "GET /product/review/22569560021970 HTTP/2.0" 200 23324 "-" "Mozilla/5.0 AppleWebKit/537.36 (KHTML, like Gecko; compatible; bingbot/2.0; +http://www.bing.com/bingbot.htm) Chrome/116.0.1938.76 Safari/537.36"
40.77.167.143 - - [17/Apr/2026:03:38:12 +0000] "GET /contents/event/kansyasai/85029387140970 HTTP/2.0" 200 22429 "-" "Mozilla/5.0 AppleWebKit/537.36 (KHTML, like Gecko; compatible; bingbot/2.0; +http://www.bing.com/bingbot.htm) Chrome/116.0.1938.76 Safari/537.36"
40.77.167.143 - - [17/Apr/2026:03:38:13 +0000] "GET /product/review/104442441051970 HTTP/2.0" 200 22564 "-" "Mozilla/5.0 AppleWebKit/537.36 (KHTML, like Gecko; compatible; bingbot/2.0; +http://www.bing.com/bingbot.htm) Chrome/116.0.1938.76 Safari/537.36"
40.77.167.143 - - [17/Apr/2026:03:38:13 +0000] "GET /product/review/4951418031970 HTTP/2.0" 200 23387 "-" "Mozilla/5.0 AppleWebKit/537.36 (KHTML, like Gecko; compatible; bingbot/2.0; +http://www.bing.com/bingbot.htm) Chrome/116.0.1938.76 Safari/537.36"
207.46.13.154 - - [17/Apr/2026:03:38:15 +0000] "GET /product/category/81157194031970 HTTP/2.0" 200 23659 "-" "Mozilla/5.0 AppleWebKit/537.36 (KHTML, like Gecko; compatible; bingbot/2.0; +http://www.bing.com/bingbot.htm) Chrome/116.0.1938.76 Safari/537.36"
207.46.13.111 - - [17/Apr/2026:03:38:40 +0000] "GET /?p=9163978001970 HTTP/2.0" 200 23724 "-" "Mozilla/5.0 AppleWebKit/537.36 (KHTML, like Gecko; compatible; bingbot/2.0; +http://www.bing.com/bingbot.htm) Chrome/116.0.1938.76 Safari/537.36"
66.249.64.33 - - [17/Apr/2026:03:38:53 +0000] "GET /product/category/87013990041970 HTTP/1.1" 200 23221 "-" "Mozilla/5.0 (Linux; Android 6.0.1; Nexus 5X Build/MMB29P) AppleWebKit/537.36 (KHTML, like Gecko) Chrome/146.0.7680.177 Mobile Safari/537.36 (compatible; Googlebot/2.1; +http://www.google.com/bot.html)"
66.249.64.34 - - [17/Apr/2026:03:39:11 +0000] "GET /product/category/26121398131970 HTTP/1.1" 200 22714 "-" "Mozilla/5.0 (Linux; Android 6.0.1; Nexus 5X Build/MMB29P) AppleWebKit/537.36 (KHTML, like Gecko) Chrome/146.0.7680.177 Mobile Safari/537.36 (compatible; Googlebot/2.1; +http://www.google.com/bot.html)"
66.249.64.33 - - [17/Apr/2026:03:39:49 +0000] "GET /shop/storeSearch/KeepCriteriaInput.aspx?&transition=top109582974072970 HTTP/1.1" 200 23809 "-" "Mozilla/5.0 (Linux; Android 6.0.1; Nexus 5X Build/MMB29P) AppleWebKit/537.36 (KHTML, like Gecko) Chrome/146.0.7680.177 Mobile Safari/537.36 (compatible; Googlebot/2.1; +http://www.google.com/bot.html)"
66.249.64.33 - - [17/Apr/2026:03:40:01 +0000] "GET /product/category/10050578091970 HTTP/1.1" 200 22829 "-" "Mozilla/5.0 (Linux; Android 6.0.1; Nexus 5X Build/MMB29P) AppleWebKit/537.36 (KHTML, like Gecko) Chrome/146.0.7680.177 Mobile Safari/537.36 (compatible; Googlebot/2.1; +http://www.google.com/bot.html)"
207.46.13.111 - - [17/Apr/2026:03:40:46 +0000] "GET /?p=31515864021970 HTTP/2.0" 200 22884 "-" "Mozilla/5.0 AppleWebKit/537.36 (KHTML, like Gecko; compatible; bingbot/2.0; +http://www.bing.com/bingbot.htm) Chrome/116.0.1938.76 Safari/537.36"
66.249.64.34 - - [17/Apr/2026:03:41:10 +0000] "GET /product/review/88277499011970 HTTP/1.1" 200 23807 "-" "Mozilla/5.0 (Linux; Android 6.0.1; Nexus 5X Build/MMB29P) AppleWebKit/537.36 (KHTML, like Gecko) Chrome/146.0.7680.177 Mobile Safari/537.36 (compatible; Googlebot/2.1; +http://www.google.com/bot.html)"
40.77.167.143 - - [17/Apr/2026:03:41:28 +0000] "GET /?p=96969594041970 HTTP/2.0" 200 23647 "-" "Mozilla/5.0 AppleWebKit/537.36 (KHTML, like Gecko; compatible; bingbot/2.0; +http://www.bing.com/bingbot.htm) Chrome/116.0.1938.76 Safari/537.36"
40.77.167.143 - - [17/Apr/2026:03:41:30 +0000] "GET /?p=28851286041970 HTTP/2.0" 200 22673 "-" "Mozilla/5.0 AppleWebKit/537.36 (KHTML, like Gecko; compatible; bingbot/2.0; +http://www.bing.com/bingbot.htm) Chrome/116.0.1938.76 Safari/537.36"
40.77.167.143 - - [17/Apr/2026:03:41:32 +0000] "GET /?p=4702926021970 HTTP/2.0" 200 23068 "-" "Mozilla/5.0 AppleWebKit/537.36 (KHTML, like Gecko; compatible; bingbot/2.0; +http://www.bing.com/bingbot.htm) Chrome/116.0.1938.76 Safari/537.36"
207.46.13.154 - - [17/Apr/2026:03:41:33 +0000] "GET /?p=55811203081970 HTTP/2.0" 200 23077 "-" "Mozilla/5.0 AppleWebKit/537.36 (KHTML, like Gecko; compatible; bingbot/2.0; +http://www.bing.com/bingbot.htm) Chrome/116.0.1938.76 Safari/537.36"
207.46.13.154 - - [17/Apr/2026:03:41:33 +0000] "GET /?p=99181532031970 HTTP/2.0" 200 23545 "-" "Mozilla/5.0 AppleWebKit/537.36 (KHTML, like Gecko; compatible; bingbot/2.0; +http://www.bing.com/bingbot.htm) Chrome/116.0.1938.76 Safari/537.36"
207.46.13.154 - - [17/Apr/2026:03:41:36 +0000] "GET /?p=33412778071970 HTTP/2.0" 200 23067 "-" "Mozilla/5.0 AppleWebKit/537.36 (KHTML, like Gecko; compatible; bingbot/2.0; +http://www.bing.com/bingbot.htm) Chrome/116.0.1938.76 Safari/537.36"
40.77.167.143 - - [17/Apr/2026:03:41:38 +0000] "GET /?p=26269240001970 HTTP/2.0" 200 22861 "-" "Mozilla/5.0 AppleWebKit/537.36 (KHTML, like Gecko; compatible; bingbot/2.0; +http://www.bing.com/bingbot.htm) Chrome/116.0.1938.76 Safari/537.36"
40.77.167.143 - - [17/Apr/2026:03:41:39 +0000] "GET /?p=100151034081970 HTTP/2.0" 200 22694 "-" "Mozilla/5.0 AppleWebKit/537.36 (KHTML, like Gecko; compatible; bingbot/2.0; +http://www.bing.com/bingbot.htm) Chrome/116.0.1938.76 Safari/537.36"
207.46.13.111 - - [17/Apr/2026:03:41:43 +0000] "GET /?p=322791001970 HTTP/2.0" 200 23077 "-" "Mozilla/5.0 AppleWebKit/537.36 (KHTML, like Gecko; compatible; bingbot/2.0; +http://www.bing.com/bingbot.htm) Chrome/116.0.1938.76 Safari/537.36"
207.46.13.111 - - [17/Apr/2026:03:41:44 +0000] "GET /?p=6571963021970 HTTP/2.0" 200 23307 "-" "Mozilla/5.0 AppleWebKit/537.36 (KHTML, like Gecko; compatible; bingbot/2.0; +http://www.bing.com/bingbot.htm) Chrome/116.0.1938.76 Safari/537.36"
207.46.13.111 - - [17/Apr/2026:03:41:45 +0000] "GET /?p=26277414031970 HTTP/2.0" 200 23167 "-" "Mozilla/5.0 AppleWebKit/537.36 (KHTML, like Gecko; compatible; bingbot/2.0; +http://www.bing.com/bingbot.htm) Chrome/116.0.1938.76 Safari/537.36"
207.46.13.111 - - [17/Apr/2026:03:41:46 +0000] "GET /product/review/7054781031970 HTTP/2.0" 200 23397 "-" "Mozilla/5.0 AppleWebKit/537.36 (KHTML, like Gecko; compatible; bingbot/2.0; +http://www.bing.com/bingbot.htm) Chrome/116.0.1938.76 Safari/537.36"
47.128.55.66 - - [17/Apr/2026:03:41:47 +0000] "GET /?p=103629892041970 HTTP/2.0" 500 - "-" "Mozilla/5.0 (Linux; Android 5.0) AppleWebKit/537.36 (KHTML, like Gecko) Mobile Safari/537.36 (compatible; Bytespider; spider-feedback@bytedance.com)"
47.128.56.132 - - [17/Apr/2026:03:41:47 +0000] "GET /product/category/114503834051970 HTTP/2.0" 500 - "-" "Mozilla/5.0 (Linux; Android 5.0) AppleWebKit/537.36 (KHTML, like Gecko) Mobile Safari/537.36 (compatible; Bytespider; spider-feedback@bytedance.com)"
40.77.167.143 - - [17/Apr/2026:03:41:48 +0000] "GET /contents/event/kansyasai/33356655060970 HTTP/2.0" 200 23056 "-" "Mozilla/5.0 AppleWebKit/537.36 (KHTML, like Gecko; compatible; bingbot/2.0; +http://www.bing.com/bingbot.htm) Chrome/116.0.1938.76 Safari/537.36"
40.77.167.143 - - [17/Apr/2026:03:41:49 +0000] "GET /contents/event/kansyasai/23977107030970 HTTP/2.0" 200 21505 "-" "Mozilla/5.0 AppleWebKit/537.36 (KHTML, like Gecko; compatible; bingbot/2.0; +http://www.bing.com/bingbot.htm) Chrome/116.0.1938.76 Safari/537.36"
40.77.167.143 - - [17/Apr/2026:03:41:50 +0000] "GET /product/category/9313491041970 HTTP/2.0" 200 23374 "-" "Mozilla/5.0 AppleWebKit/537.36 (KHTML, like Gecko; compatible; bingbot/2.0; +http://www.bing.com/bingbot.htm) Chrome/116.0.1938.76 Safari/537.36"
207.46.13.111 - - [17/Apr/2026:03:41:52 +0000] "GET /product/review/24042237031970 HTTP/2.0" 200 23595 "-" "Mozilla/5.0 AppleWebKit/537.36 (KHTML, like Gecko; compatible; bingbot/2.0; +http://www.bing.com/bingbot.htm) Chrome/116.0.1938.76 Safari/537.36"
207.46.13.111 - - [17/Apr/2026:03:41:53 +0000] "GET /contents/event/kansyasai/60886140040970 HTTP/2.0" 200 22938 "-" "Mozilla/5.0 AppleWebKit/537.36 (KHTML, like Gecko; compatible; bingbot/2.0; +http://www.bing.com/bingbot.htm) Chrome/116.0.1938.76 Safari/537.36"
207.46.13.154 - - [17/Apr/2026:03:41:58 +0000] "GET /contents/event/kansyasai/8586592040970 HTTP/2.0" 200 23480 "-" "Mozilla/5.0 AppleWebKit/537.36 (KHTML, like Gecko; compatible; bingbot/2.0; +http://www.bing.com/bingbot.htm) Chrome/116.0.1938.76 Safari/537.36"
207.46.13.154 - - [17/Apr/2026:03:41:59 +0000] "GET /contents/event/kansyasai/23269745020970 HTTP/2.0" 200 23754 "-" "Mozilla/5.0 AppleWebKit/537.36 (KHTML, like Gecko; compatible; bingbot/2.0; +http://www.bing.com/bingbot.htm) Chrome/116.0.1938.76 Safari/537.36"
207.46.13.154 - - [17/Apr/2026:03:42:01 +0000] "GET /product/review/18161471041970 HTTP/2.0" 200 22794 "-" "Mozilla/5.0 AppleWebKit/537.36 (KHTML, like Gecko; compatible; bingbot/2.0; +http://www.bing.com/bingbot.htm) Chrome/116.0.1938.76 Safari/537.36"
20.15.133.175 - - [17/Apr/2026:03:42:12 +0000] "GET /?p=78318933081970 HTTP/2.0" 200 22759 "-" "Mozilla/5.0 AppleWebKit/537.36 (KHTML, like Gecko; compatible; bingbot/2.0; +http://www.bing.com/bingbot.htm) Chrome/116.0.1938.76 Safari/537.36"
66.249.64.32 - - [17/Apr/2026:03:42:18 +0000] "GET /product/review/66552134001970 HTTP/1.1" 200 23263 "-" "Mozilla/5.0 (Linux; Android 6.0.1; Nexus 5X Build/MMB29P) AppleWebKit/537.36 (KHTML, like Gecko) Chrome/146.0.7680.177 Mobile Safari/537.36 (compatible; Googlebot/2.1; +http://www.google.com/bot.html)"
47.128.56.121 - - [17/Apr/2026:03:42:47 +0000] "GET /product/category/114503834051970 HTTP/2.0" 500 - "-" "Mozilla/5.0 (Linux; Android 5.0) AppleWebKit/537.36 (KHTML, like Gecko) Mobile Safari/537.36 (compatible; Bytespider; spider-feedback@bytedance.com)"
47.128.56.122 - - [17/Apr/2026:03:42:48 +0000] "GET /?p=103629892041970 HTTP/2.0" 500 - "-" "Mozilla/5.0 (Linux; Android 5.0) AppleWebKit/537.36 (KHTML, like Gecko) Mobile Safari/537.36 (compatible; Bytespider; spider-feedback@bytedance.com)"
207.46.13.154 - - [17/Apr/2026:03:42:58 +0000] "GET /?p=15512386091970 HTTP/2.0" 200 22586 "-" "Mozilla/5.0 AppleWebKit/537.36 (KHTML, like Gecko; compatible; bingbot/2.0; +http://www.bing.com/bingbot.htm) Chrome/116.0.1938.76 Safari/537.36"
66.249.64.33 - - [17/Apr/2026:03:43:26 +0000] "GET /product/category/30506904041970 HTTP/1.1" 200 23317 "-" "Mozilla/5.0 (Linux; Android 6.0.1; Nexus 5X Build/MMB29P) AppleWebKit/537.36 (KHTML, like Gecko) Chrome/146.0.7680.177 Mobile Safari/537.36 (compatible; Googlebot/2.1; +http://www.google.com/bot.html)"
40.77.167.143 - - [17/Apr/2026:03:43:35 +0000] "GET /?p=24146031081970 HTTP/2.0" 200 23124 "-" "Mozilla/5.0 AppleWebKit/537.36 (KHTML, like Gecko; compatible; bingbot/2.0; +http://www.bing.com/bingbot.htm) Chrome/116.0.1938.76 Safari/537.36"
66.249.64.34 - - [17/Apr/2026:03:44:34 +0000] "GET /product/category/40130961011970 HTTP/1.1" 200 22769 "-" "Mozilla/5.0 (Linux; Android 6.0.1; Nexus 5X Build/MMB29P) AppleWebKit/537.36 (KHTML, like Gecko) Chrome/146.0.7680.177 Mobile Safari/537.36 (compatible; Googlebot/2.1; +http://www.google.com/bot.html)"
40.77.167.143 - - [17/Apr/2026:03:44:36 +0000] "GET /?p=16807255051970 HTTP/2.0" 200 23850 "-" "Mozilla/5.0 AppleWebKit/537.36 (KHTML, like Gecko; compatible; bingbot/2.0; +http://www.bing.com/bingbot.htm) Chrome/116.0.1938.76 Safari/537.36"
207.46.13.111 - - [17/Apr/2026:03:44:46 +0000] "GET /product/review/60907607051970 HTTP/2.0" 200 23162 "-" "Mozilla/5.0 AppleWebKit/537.36 (KHTML, like Gecko; compatible; bingbot/2.0; +http://www.bing.com/bingbot.htm) Chrome/116.0.1938.76 Safari/537.36"
207.46.13.127 - - [17/Apr/2026:03:45:28 +0000] "GET /?p=13948337061970 HTTP/2.0" 200 22865 "-" "Mozilla/5.0 AppleWebKit/537.36 (KHTML, like Gecko; compatible; bingbot/2.0; +http://www.bing.com/bingbot.htm) Chrome/116.0.1938.76 Safari/537.36"
66.249.64.34 - - [17/Apr/2026:03:45:42 +0000] "GET /product/category/92524357081970 HTTP/1.1" 200 22891 "-" "Mozilla/5.0 (Linux; Android 6.0.1; Nexus 5X Build/MMB29P) AppleWebKit/537.36 (KHTML, like Gecko) Chrome/146.0.7680.177 Mobile Safari/537.36 (compatible; Googlebot/2.1; +http://www.google.com/bot.html)"
202.76.170.228 - - [17/Apr/2026:03:46:35 +0000] "GET /support/ HTTP/1.1" 500 - "-" "Mozilla/5.0 (Macintosh; Intel Mac OS X 11_7_0) AppleWebKit/537.36 (KHTML, like Gecko) Chrome/126.0.6478.126 Safari/537.36"
40.77.167.143 - - [17/Apr/2026:03:46:46 +0000] "GET /?p=10048401021970 HTTP/2.0" 200 23626 "-" "Mozilla/5.0 AppleWebKit/537.36 (KHTML, like Gecko; compatible; bingbot/2.0; +http://www.bing.com/bingbot.htm) Chrome/116.0.1938.76 Safari/537.36"
66.249.64.33 - - [17/Apr/2026:03:46:51 +0000] "GET /product/category/30272167021970 HTTP/1.1" 200 23023 "-" "Mozilla/5.0 (Linux; Android 6.0.1; Nexus 5X Build/MMB29P) AppleWebKit/537.36 (KHTML, like Gecko) Chrome/146.0.7680.177 Mobile Safari/537.36 (compatible; Googlebot/2.1; +http://www.google.com/bot.html)"
66.249.64.32 - - [17/Apr/2026:03:47:59 +0000] "GET /contents/event/kansyasai/118861411000970 HTTP/1.1" 200 23722 "-" "Mozilla/5.0 (Linux; Android 6.0.1; Nexus 5X Build/MMB29P) AppleWebKit/537.36 (KHTML, like Gecko) Chrome/146.0.7680.177 Mobile Safari/537.36 (compatible; Googlebot/2.1; +http://www.google.com/bot.html)"
66.249.64.33 - - [17/Apr/2026:03:49:07 +0000] "GET /product/review/32964395031970 HTTP/1.1" 200 23466 "-" "Mozilla/5.0 (Linux; Android 6.0.1; Nexus 5X Build/MMB29P) AppleWebKit/537.36 (KHTML, like Gecko) Chrome/146.0.7680.177 Mobile Safari/537.36 (compatible; Googlebot/2.1; +http://www.google.com/bot.html)"
207.46.13.127 - - [17/Apr/2026:03:50:07 +0000] "GET /?p=26387498041970 HTTP/2.0" 200 23194 "-" "Mozilla/5.0 AppleWebKit/537.36 (KHTML, like Gecko; compatible; bingbot/2.0; +http://www.bing.com/bingbot.htm) Chrome/116.0.1938.76 Safari/537.36"
157.55.39.10 - - [17/Apr/2026:03:50:11 +0000] "GET /?p=18938012041970 HTTP/2.0" 200 23587 "-" "Mozilla/5.0 AppleWebKit/537.36 (KHTML, like Gecko; compatible; bingbot/2.0; +http://www.bing.com/bingbot.htm) Chrome/116.0.1938.76 Safari/537.36"
66.249.64.33 - - [17/Apr/2026:03:50:15 +0000] "GET /contents/event/kansyasai/63768053060970 HTTP/1.1" 200 23404 "-" "Mozilla/5.0 (Linux; Android 6.0.1; Nexus 5X Build/MMB29P) AppleWebKit/537.36 (KHTML, like Gecko) Chrome/146.0.7680.177 Mobile Safari/537.36 (compatible; Googlebot/2.1; +http://www.google.com/bot.html)"
186.191.226.70 - - [17/Apr/2026:03:50:20 +0000] "GET /contents/event/kansyasai/99168181080970 HTTP/1.1" 500 - "https://veritserv.com/" "Mozilla/5.0 (Windows NT 10.0; Win64; x64; rv:137.0) Gecko/20100101 Firefox/137.0"
20.15.133.175 - - [17/Apr/2026:03:50:21 +0000] "GET /?p=37782737051970 HTTP/2.0" 200 23275 "-" "Mozilla/5.0 AppleWebKit/537.36 (KHTML, like Gecko; compatible; bingbot/2.0; +http://www.bing.com/bingbot.htm) Chrome/116.0.1938.76 Safari/537.36"
103.183.116.133 - - [17/Apr/2026:03:50:30 +0000] "GET /?p=74231774021970 HTTP/1.1" 500 - "https://veritserv.com/" "Mozilla/5.0 (Windows NT 10.0; Win64; x64) AppleWebKit/537.36 (KHTML, like Gecko) Chrome/135.0.0.0 Safari/537.36 Edg/135.0.0.0"
66.249.64.32 - - [17/Apr/2026:03:51:23 +0000] "GET /product/review/68534428011970 HTTP/1.1" 200 23206 "-" "Mozilla/5.0 (Linux; Android 6.0.1; Nexus 5X Build/MMB29P) AppleWebKit/537.36 (KHTML, like Gecko) Chrome/146.0.7680.177 Mobile Safari/537.36 (compatible; Googlebot/2.1; +http://www.google.com/bot.html)"
40.77.167.154 - - [17/Apr/2026:03:51:25 +0000] "GET /?p=24049010031970 HTTP/2.0" 200 22520 "-" "Mozilla/5.0 AppleWebKit/537.36 (KHTML, like Gecko; compatible; bingbot/2.0; +http://www.bing.com/bingbot.htm) Chrome/116.0.1938.76 Safari/537.36"
40.77.167.154 - - [17/Apr/2026:03:51:26 +0000] "GET /?p=24404550011970 HTTP/2.0" 200 23894 "-" "Mozilla/5.0 AppleWebKit/537.36 (KHTML, like Gecko; compatible; bingbot/2.0; +http://www.bing.com/bingbot.htm) Chrome/116.0.1938.76 Safari/537.36"
20.15.133.175 - - [17/Apr/2026:03:51:31 +0000] "GET /?p=16278090011970 HTTP/2.0" 200 23635 "-" "Mozilla/5.0 AppleWebKit/537.36 (KHTML, like Gecko; compatible; bingbot/2.0; +http://www.bing.com/bingbot.htm) Chrome/116.0.1938.76 Safari/537.36"
157.55.39.10 - - [17/Apr/2026:03:52:15 +0000] "GET /?p=33370106081970 HTTP/2.0" 200 22578 "-" "Mozilla/5.0 AppleWebKit/537.36 (KHTML, like Gecko; compatible; bingbot/2.0; +http://www.bing.com/bingbot.htm) Chrome/116.0.1938.76 Safari/537.36"
157.55.39.10 - - [17/Apr/2026:03:52:19 +0000] "GET /contents/event/kansyasai/28230929010970 HTTP/2.0" 200 23268 "-" "Mozilla/5.0 AppleWebKit/537.36 (KHTML, like Gecko; compatible; bingbot/2.0; +http://www.bing.com/bingbot.htm) Chrome/116.0.1938.76 Safari/537.36"
157.55.39.10 - - [17/Apr/2026:03:52:20 +0000] "GET /contents/event/kansyasai/13356187130970 HTTP/2.0" 200 23272 "-" "Mozilla/5.0 AppleWebKit/537.36 (KHTML, like Gecko; compatible; bingbot/2.0; +http://www.bing.com/bingbot.htm) Chrome/116.0.1938.76 Safari/537.36"
40.77.167.154 - - [17/Apr/2026:03:52:20 +0000] "GET /?p=100064806001970 HTTP/2.0" 200 22953 "-" "Mozilla/5.0 AppleWebKit/537.36 (KHTML, like Gecko; compatible; bingbot/2.0; +http://www.bing.com/bingbot.htm) Chrome/116.0.1938.76 Safari/537.36"
40.77.167.154 - - [17/Apr/2026:03:52:21 +0000] "GET /product/category/13683681011970 HTTP/2.0" 200 23331 "-" "Mozilla/5.0 AppleWebKit/537.36 (KHTML, like Gecko; compatible; bingbot/2.0; +http://www.bing.com/bingbot.htm) Chrome/116.0.1938.76 Safari/537.36"
40.77.167.154 - - [17/Apr/2026:03:52:22 +0000] "GET /product/review/5441840011970 HTTP/2.0" 200 23139 "-" "Mozilla/5.0 AppleWebKit/537.36 (KHTML, like Gecko; compatible; bingbot/2.0; +http://www.bing.com/bingbot.htm) Chrome/116.0.1938.76 Safari/537.36"
207.46.13.127 - - [17/Apr/2026:03:52:30 +0000] "GET /?p=2724223021970 HTTP/2.0" 200 23690 "-" "Mozilla/5.0 AppleWebKit/537.36 (KHTML, like Gecko; compatible; bingbot/2.0; +http://www.bing.com/bingbot.htm) Chrome/116.0.1938.76 Safari/537.36"
207.46.13.127 - - [17/Apr/2026:03:52:30 +0000] "GET /?p=7254168011970 HTTP/2.0" 200 22836 "-" "Mozilla/5.0 AppleWebKit/537.36 (KHTML, like Gecko; compatible; bingbot/2.0; +http://www.bing.com/bingbot.htm) Chrome/116.0.1938.76 Safari/537.36"
66.249.64.34 - - [17/Apr/2026:03:52:31 +0000] "GET /product/review/90637329041970 HTTP/1.1" 200 23261 "-" "Mozilla/5.0 (Linux; Android 6.0.1; Nexus 5X Build/MMB29P) AppleWebKit/537.36 (KHTML, like Gecko) Chrome/146.0.7680.177 Mobile Safari/537.36 (compatible; Googlebot/2.1; +http://www.google.com/bot.html)"
207.46.13.127 - - [17/Apr/2026:03:52:31 +0000] "GET /?p=24557940041970 HTTP/2.0" 200 23786 "-" "Mozilla/5.0 AppleWebKit/537.36 (KHTML, like Gecko; compatible; bingbot/2.0; +http://www.bing.com/bingbot.htm) Chrome/116.0.1938.76 Safari/537.36"
207.46.13.127 - - [17/Apr/2026:03:52:32 +0000] "GET /product/category/100052557021970 HTTP/2.0" 200 23264 "-" "Mozilla/5.0 AppleWebKit/537.36 (KHTML, like Gecko; compatible; bingbot/2.0; +http://www.bing.com/bingbot.htm) Chrome/116.0.1938.76 Safari/537.36"
207.46.13.127 - - [17/Apr/2026:03:52:33 +0000] "GET /contents/event/kansyasai/5146924030970 HTTP/2.0" 200 23347 "-" "Mozilla/5.0 AppleWebKit/537.36 (KHTML, like Gecko; compatible; bingbot/2.0; +http://www.bing.com/bingbot.htm) Chrome/116.0.1938.76 Safari/537.36"
207.46.13.127 - - [17/Apr/2026:03:52:40 +0000] "GET /contents/event/kansyasai/2798955070970 HTTP/2.0" 200 23482 "-" "Mozilla/5.0 AppleWebKit/537.36 (KHTML, like Gecko; compatible; bingbot/2.0; +http://www.bing.com/bingbot.htm) Chrome/116.0.1938.76 Safari/537.36"
207.46.13.127 - - [17/Apr/2026:03:52:41 +0000] "GET /contents/event/kansyasai/28754837050970 HTTP/2.0" 200 22976 "-" "Mozilla/5.0 AppleWebKit/537.36 (KHTML, like Gecko; compatible; bingbot/2.0; +http://www.bing.com/bingbot.htm) Chrome/116.0.1938.76 Safari/537.36"
207.46.13.127 - - [17/Apr/2026:03:53:07 +0000] "GET /?p=89173332041970 HTTP/2.0" 200 23005 "-" "Mozilla/5.0 AppleWebKit/537.36 (KHTML, like Gecko; compatible; bingbot/2.0; +http://www.bing.com/bingbot.htm) Chrome/116.0.1938.76 Safari/537.36"
207.46.13.127 - - [17/Apr/2026:03:53:08 +0000] "GET /?p=6524161121970 HTTP/2.0" 200 22897 "-" "Mozilla/5.0 AppleWebKit/537.36 (KHTML, like Gecko; compatible; bingbot/2.0; +http://www.bing.com/bingbot.htm) Chrome/116.0.1938.76 Safari/537.36"
207.46.13.127 - - [17/Apr/2026:03:53:09 +0000] "GET /?p=60007698021970 HTTP/2.0" 200 22963 "-" "Mozilla/5.0 AppleWebKit/537.36 (KHTML, like Gecko; compatible; bingbot/2.0; +http://www.bing.com/bingbot.htm) Chrome/116.0.1938.76 Safari/537.36"
40.77.167.154 - - [17/Apr/2026:03:53:16 +0000] "GET /?p=5603916061970 HTTP/2.0" 200 23056 "-" "Mozilla/5.0 AppleWebKit/537.36 (KHTML, like Gecko; compatible; bingbot/2.0; +http://www.bing.com/bingbot.htm) Chrome/116.0.1938.76 Safari/537.36"
40.77.167.154 - - [17/Apr/2026:03:53:18 +0000] "GET /product/review/29231562051970 HTTP/2.0" 200 23091 "-" "Mozilla/5.0 AppleWebKit/537.36 (KHTML, like Gecko; compatible; bingbot/2.0; +http://www.bing.com/bingbot.htm) Chrome/116.0.1938.76 Safari/537.36"
40.77.167.154 - - [17/Apr/2026:03:53:18 +0000] "GET /contents/event/kansyasai/1419287000970 HTTP/2.0" 200 23147 "-" "Mozilla/5.0 AppleWebKit/537.36 (KHTML, like Gecko; compatible; bingbot/2.0; +http://www.bing.com/bingbot.htm) Chrome/116.0.1938.76 Safari/537.36"
40.77.167.154 - - [17/Apr/2026:03:53:19 +0000] "GET /contents/event/kansyasai/4312584010970 HTTP/2.0" 200 23581 "-" "Mozilla/5.0 AppleWebKit/537.36 (KHTML, like Gecko; compatible; bingbot/2.0; +http://www.bing.com/bingbot.htm) Chrome/116.0.1938.76 Safari/537.36"
40.77.167.154 - - [17/Apr/2026:03:53:21 +0000] "GET /contents/event/kansyasai/65758794000970 HTTP/2.0" 200 23315 "-" "Mozilla/5.0 AppleWebKit/537.36 (KHTML, like Gecko; compatible; bingbot/2.0; +http://www.bing.com/bingbot.htm) Chrome/116.0.1938.76 Safari/537.36"
207.46.13.127 - - [17/Apr/2026:03:53:29 +0000] "GET /contents/event/kansyasai/3909849020970 HTTP/2.0" 200 22866 "-" "Mozilla/5.0 AppleWebKit/537.36 (KHTML, like Gecko; compatible; bingbot/2.0; +http://www.bing.com/bingbot.htm) Chrome/116.0.1938.76 Safari/537.36"
157.55.39.10 - - [17/Apr/2026:03:53:33 +0000] "GET /?p=89982008031970 HTTP/2.0" 200 23009 "-" "Mozilla/5.0 AppleWebKit/537.36 (KHTML, like Gecko; compatible; bingbot/2.0; +http://www.bing.com/bingbot.htm) Chrome/116.0.1938.76 Safari/537.36"
157.55.39.10 - - [17/Apr/2026:03:53:35 +0000] "GET /?p=1072488061970 HTTP/2.0" 200 23245 "-" "Mozilla/5.0 AppleWebKit/537.36 (KHTML, like Gecko; compatible; bingbot/2.0; +http://www.bing.com/bingbot.htm) Chrome/116.0.1938.76 Safari/537.36"
157.55.39.10 - - [17/Apr/2026:03:53:36 +0000] "GET /?p=28951074021970 HTTP/2.0" 200 23360 "-" "Mozilla/5.0 AppleWebKit/537.36 (KHTML, like Gecko; compatible; bingbot/2.0; +http://www.bing.com/bingbot.htm) Chrome/116.0.1938.76 Safari/537.36"
157.55.39.10 - - [17/Apr/2026:03:53:37 +0000] "GET /?p=211386071970 HTTP/2.0" 200 23070 "-" "Mozilla/5.0 AppleWebKit/537.36 (KHTML, like Gecko; compatible; bingbot/2.0; +http://www.bing.com/bingbot.htm) Chrome/116.0.1938.76 Safari/537.36"
157.55.39.10 - - [17/Apr/2026:03:53:38 +0000] "GET /contents/event/kansyasai/6655114000970 HTTP/2.0" 200 24075 "-" "Mozilla/5.0 AppleWebKit/537.36 (KHTML, like Gecko; compatible; bingbot/2.0; +http://www.bing.com/bingbot.htm) Chrome/116.0.1938.76 Safari/537.36"
66.249.64.32 - - [17/Apr/2026:03:53:40 +0000] "GET /product/review/71355219071970 HTTP/1.1" 200 22633 "-" "Mozilla/5.0 (Linux; Android 6.0.1; Nexus 5X Build/MMB29P) AppleWebKit/537.36 (KHTML, like Gecko) Chrome/146.0.7680.177 Mobile Safari/537.36 (compatible; Googlebot/2.1; +http://www.google.com/bot.html)"
207.46.13.107 - - [17/Apr/2026:03:53:46 +0000] "GET /product/review/5905379021970 HTTP/2.0" 200 23655 "-" "Mozilla/5.0 AppleWebKit/537.36 (KHTML, like Gecko; compatible; bingbot/2.0; +http://www.bing.com/bingbot.htm) Chrome/116.0.1938.76 Safari/537.36"
207.46.13.107 - - [17/Apr/2026:03:53:47 +0000] "GET /product/category/6397803001970 HTTP/2.0" 200 23495 "-" "Mozilla/5.0 AppleWebKit/537.36 (KHTML, like Gecko; compatible; bingbot/2.0; +http://www.bing.com/bingbot.htm) Chrome/116.0.1938.76 Safari/537.36"
207.46.13.107 - - [17/Apr/2026:03:53:48 +0000] "GET /product/category/23596567121970 HTTP/2.0" 200 22885 "-" "Mozilla/5.0 AppleWebKit/537.36 (KHTML, like Gecko; compatible; bingbot/2.0; +http://www.bing.com/bingbot.htm) Chrome/116.0.1938.76 Safari/537.36"
207.46.13.107 - - [17/Apr/2026:03:53:50 +0000] "GET /?p=45447354011970 HTTP/2.0" 200 23466 "-" "Mozilla/5.0 AppleWebKit/537.36 (KHTML, like Gecko; compatible; bingbot/2.0; +http://www.bing.com/bingbot.htm) Chrome/116.0.1938.76 Safari/537.36"
207.46.13.107 - - [17/Apr/2026:03:53:51 +0000] "GET /product/review/18590428001970 HTTP/2.0" 200 23103 "-" "Mozilla/5.0 AppleWebKit/537.36 (KHTML, like Gecko; compatible; bingbot/2.0; +http://www.bing.com/bingbot.htm) Chrome/116.0.1938.76 Safari/537.36"
207.46.13.107 - - [17/Apr/2026:03:53:51 +0000] "GET /product/review/1799800071970 HTTP/2.0" 200 23025 "-" "Mozilla/5.0 AppleWebKit/537.36 (KHTML, like Gecko; compatible; bingbot/2.0; +http://www.bing.com/bingbot.htm) Chrome/116.0.1938.76 Safari/537.36"
207.46.13.107 - - [17/Apr/2026:03:54:05 +0000] "GET /?p=60835148051970 HTTP/2.0" 200 23240 "-" "Mozilla/5.0 AppleWebKit/537.36 (KHTML, like Gecko; compatible; bingbot/2.0; +http://www.bing.com/bingbot.htm) Chrome/116.0.1938.76 Safari/537.36"
207.46.13.107 - - [17/Apr/2026:03:54:06 +0000] "GET /?p=26879031051970 HTTP/2.0" 200 22577 "-" "Mozilla/5.0 AppleWebKit/537.36 (KHTML, like Gecko; compatible; bingbot/2.0; +http://www.bing.com/bingbot.htm) Chrome/116.0.1938.76 Safari/537.36"
207.46.13.107 - - [17/Apr/2026:03:54:07 +0000] "GET /product/category/114754737001970 HTTP/2.0" 200 23104 "-" "Mozilla/5.0 AppleWebKit/537.36 (KHTML, like Gecko; compatible; bingbot/2.0; +http://www.bing.com/bingbot.htm) Chrome/116.0.1938.76 Safari/537.36"
207.46.13.107 - - [17/Apr/2026:03:54:08 +0000] "GET /contents/event/kansyasai/2369759040970 HTTP/2.0" 200 22960 "-" "Mozilla/5.0 AppleWebKit/537.36 (KHTML, like Gecko; compatible; bingbot/2.0; +http://www.bing.com/bingbot.htm) Chrome/116.0.1938.76 Safari/537.36"
207.46.13.127 - - [17/Apr/2026:03:54:09 +0000] "GET /?p=5847188031970 HTTP/2.0" 200 22873 "-" "Mozilla/5.0 AppleWebKit/537.36 (KHTML, like Gecko; compatible; bingbot/2.0; +http://www.bing.com/bingbot.htm) Chrome/116.0.1938.76 Safari/537.36"
207.46.13.107 - - [17/Apr/2026:03:54:09 +0000] "GET /contents/event/kansyasai/104620517050970 HTTP/2.0" 200 23051 "-" "Mozilla/5.0 AppleWebKit/537.36 (KHTML, like Gecko; compatible; bingbot/2.0; +http://www.bing.com/bingbot.htm) Chrome/116.0.1938.76 Safari/537.36"
40.77.167.154 - - [17/Apr/2026:03:54:10 +0000] "GET /?p=49192201031970 HTTP/2.0" 200 23244 "-" "Mozilla/5.0 AppleWebKit/537.36 (KHTML, like Gecko; compatible; bingbot/2.0; +http://www.bing.com/bingbot.htm) Chrome/116.0.1938.76 Safari/537.36"
40.77.167.154 - - [17/Apr/2026:03:54:11 +0000] "GET /product/category/23345128011970 HTTP/2.0" 200 22852 "-" "Mozilla/5.0 AppleWebKit/537.36 (KHTML, like Gecko; compatible; bingbot/2.0; +http://www.bing.com/bingbot.htm) Chrome/116.0.1938.76 Safari/537.36"
40.77.167.154 - - [17/Apr/2026:03:54:12 +0000] "GET /product/review/106545493031970 HTTP/2.0" 200 22812 "-" "Mozilla/5.0 AppleWebKit/537.36 (KHTML, like Gecko; compatible; bingbot/2.0; +http://www.bing.com/bingbot.htm) Chrome/116.0.1938.76 Safari/537.36"
40.77.167.154 - - [17/Apr/2026:03:54:13 +0000] "GET /product/category/25777827011970 HTTP/2.0" 200 23023 "-" "Mozilla/5.0 AppleWebKit/537.36 (KHTML, like Gecko; compatible; bingbot/2.0; +http://www.bing.com/bingbot.htm) Chrome/116.0.1938.76 Safari/537.36"
207.46.13.127 - - [17/Apr/2026:03:54:18 +0000] "GET /?p=22560083001970 HTTP/2.0" 200 23063 "-" "Mozilla/5.0 AppleWebKit/537.36 (KHTML, like Gecko; compatible; bingbot/2.0; +http://www.bing.com/bingbot.htm) Chrome/116.0.1938.76 Safari/537.36"
207.46.13.127 - - [17/Apr/2026:03:54:19 +0000] "GET /product/review/89457961021970 HTTP/2.0" 200 22854 "-" "Mozilla/5.0 AppleWebKit/537.36 (KHTML, like Gecko; compatible; bingbot/2.0; +http://www.bing.com/bingbot.htm) Chrome/116.0.1938.76 Safari/537.36"
207.46.13.127 - - [17/Apr/2026:03:54:20 +0000] "GET /product/review/23736911051970 HTTP/2.0" 200 23077 "-" "Mozilla/5.0 AppleWebKit/537.36 (KHTML, like Gecko; compatible; bingbot/2.0; +http://www.bing.com/bingbot.htm) Chrome/116.0.1938.76 Safari/537.36"
207.46.13.6 - - [17/Apr/2026:03:54:28 +0000] "GET /product/review/23378522071970 HTTP/2.0" 200 22738 "-" "Mozilla/5.0 AppleWebKit/537.36 (KHTML, like Gecko; compatible; bingbot/2.0; +http://www.bing.com/bingbot.htm) Chrome/116.0.1938.76 Safari/537.36"
207.46.13.6 - - [17/Apr/2026:03:54:29 +0000] "GET /product/review/28685821031970 HTTP/2.0" 200 23206 "-" "Mozilla/5.0 AppleWebKit/537.36 (KHTML, like Gecko; compatible; bingbot/2.0; +http://www.bing.com/bingbot.htm) Chrome/116.0.1938.76 Safari/537.36"
66.249.64.32 - - [17/Apr/2026:03:54:48 +0000] "GET /product/category/47546647081970 HTTP/1.1" 200 23044 "-" "Mozilla/5.0 (Linux; Android 6.0.1; Nexus 5X Build/MMB29P) AppleWebKit/537.36 (KHTML, like Gecko) Chrome/146.0.7680.177 Mobile Safari/537.36 (compatible; Googlebot/2.1; +http://www.google.com/bot.html)"
207.46.13.127 - - [17/Apr/2026:03:55:08 +0000] "GET /?p=60783841011970 HTTP/2.0" 200 23755 "-" "Mozilla/5.0 AppleWebKit/537.36 (KHTML, like Gecko; compatible; bingbot/2.0; +http://www.bing.com/bingbot.htm) Chrome/116.0.1938.76 Safari/537.36"
142.93.201.162 - - [17/Apr/2026:03:55:27 +0000] "GET /.git/config HTTP/1.1" 500 - "-" "Mozilla/5.0 (X11; Linux x86_64) AppleWebKit/537.36 (KHTML, like Gecko) Chrome/81.0.4044.129 Safari/537.36"
66.249.64.34 - - [17/Apr/2026:03:55:56 +0000] "GET /product/review/65863005011970 HTTP/1.1" 200 23017 "-" "Mozilla/5.0 (Linux; Android 6.0.1; Nexus 5X Build/MMB29P) AppleWebKit/537.36 (KHTML, like Gecko) Chrome/146.0.7680.177 Mobile Safari/537.36 (compatible; Googlebot/2.1; +http://www.google.com/bot.html)"
66.249.64.34 - - [17/Apr/2026:03:57:04 +0000] "GET /contents/event/kansyasai/109935949020970 HTTP/1.1" 200 23043 "-" "Mozilla/5.0 (Linux; Android 6.0.1; Nexus 5X Build/MMB29P) AppleWebKit/537.36 (KHTML, like Gecko) Chrome/146.0.7680.177 Mobile Safari/537.36 (compatible; Googlebot/2.1; +http://www.google.com/bot.html)"
40.77.167.154 - - [17/Apr/2026:03:57:38 +0000] "GET /?p=59167890021970 HTTP/2.0" 200 23843 "-" "Mozilla/5.0 AppleWebKit/537.36 (KHTML, like Gecko; compatible; bingbot/2.0; +http://www.bing.com/bingbot.htm) Chrome/116.0.1938.76 Safari/537.36"
40.77.167.154 - - [17/Apr/2026:03:57:39 +0000] "GET /?p=89267922021970 HTTP/2.0" 200 23481 "-" "Mozilla/5.0 AppleWebKit/537.36 (KHTML, like Gecko; compatible; bingbot/2.0; +http://www.bing.com/bingbot.htm) Chrome/116.0.1938.76 Safari/537.36"
40.77.167.154 - - [17/Apr/2026:03:57:39 +0000] "GET /product/review/68911201041970 HTTP/2.0" 200 23151 "-" "Mozilla/5.0 AppleWebKit/537.36 (KHTML, like Gecko; compatible; bingbot/2.0; +http://www.bing.com/bingbot.htm) Chrome/116.0.1938.76 Safari/537.36"
40.77.167.154 - - [17/Apr/2026:03:57:41 +0000] "GET /product/review/27122672031970 HTTP/2.0" 200 22537 "-" "Mozilla/5.0 AppleWebKit/537.36 (KHTML, like Gecko; compatible; bingbot/2.0; +http://www.bing.com/bingbot.htm) Chrome/116.0.1938.76 Safari/537.36"
40.77.167.154 - - [17/Apr/2026:03:57:42 +0000] "GET /product/review/15647213021970 HTTP/2.0" 200 23043 "-" "Mozilla/5.0 AppleWebKit/537.36 (KHTML, like Gecko; compatible; bingbot/2.0; +http://www.bing.com/bingbot.htm) Chrome/116.0.1938.76 Safari/537.36"
157.55.39.63 - - [17/Apr/2026:03:57:42 +0000] "GET /?p=73266481051970 HTTP/2.0" 200 22147 "-" "Mozilla/5.0 AppleWebKit/537.36 (KHTML, like Gecko; compatible; bingbot/2.0; +http://www.bing.com/bingbot.htm) Chrome/116.0.1938.76 Safari/537.36"
157.55.39.63 - - [17/Apr/2026:03:57:44 +0000] "GET /?p=4407456031970 HTTP/2.0" 200 23291 "-" "Mozilla/5.0 AppleWebKit/537.36 (KHTML, like Gecko; compatible; bingbot/2.0; +http://www.bing.com/bingbot.htm) Chrome/116.0.1938.76 Safari/537.36"
157.55.39.63 - - [17/Apr/2026:03:57:45 +0000] "GET /product/review/5050145041970 HTTP/2.0" 200 23806 "-" "Mozilla/5.0 AppleWebKit/537.36 (KHTML, like Gecko; compatible; bingbot/2.0; +http://www.bing.com/bingbot.htm) Chrome/116.0.1938.76 Safari/537.36"
157.55.39.63 - - [17/Apr/2026:03:57:46 +0000] "GET /product/category/6688462051970 HTTP/2.0" 200 23063 "-" "Mozilla/5.0 AppleWebKit/537.36 (KHTML, like Gecko; compatible; bingbot/2.0; +http://www.bing.com/bingbot.htm) Chrome/116.0.1938.76 Safari/537.36"
40.77.167.154 - - [17/Apr/2026:03:57:48 +0000] "GET /product/category/2165100031970 HTTP/2.0" 200 22737 "-" "Mozilla/5.0 AppleWebKit/537.36 (KHTML, like Gecko; compatible; bingbot/2.0; +http://www.bing.com/bingbot.htm) Chrome/116.0.1938.76 Safari/537.36"
40.77.167.154 - - [17/Apr/2026:03:57:49 +0000] "GET /product/category/25949515021970 HTTP/2.0" 200 23562 "-" "Mozilla/5.0 AppleWebKit/537.36 (KHTML, like Gecko; compatible; bingbot/2.0; +http://www.bing.com/bingbot.htm) Chrome/116.0.1938.76 Safari/537.36"
40.77.167.154 - - [17/Apr/2026:03:57:49 +0000] "GET /contents/event/kansyasai/27470525010970 HTTP/2.0" 200 23285 "-" "Mozilla/5.0 AppleWebKit/537.36 (KHTML, like Gecko; compatible; bingbot/2.0; +http://www.bing.com/bingbot.htm) Chrome/116.0.1938.76 Safari/537.36"
66.249.64.34 - - [17/Apr/2026:03:58:12 +0000] "GET /contents/event/kansyasai/80739523040970 HTTP/1.1" 200 23116 "-" "Mozilla/5.0 (Linux; Android 6.0.1; Nexus 5X Build/MMB29P) AppleWebKit/537.36 (KHTML, like Gecko) Chrome/146.0.7680.177 Mobile Safari/537.36 (compatible; Googlebot/2.1; +http://www.google.com/bot.html)"
207.46.13.6 - - [17/Apr/2026:03:58:18 +0000] "GET /?p=24995239101970 HTTP/2.0" 200 22805 "-" "Mozilla/5.0 AppleWebKit/537.36 (KHTML, like Gecko; compatible; bingbot/2.0; +http://www.bing.com/bingbot.htm) Chrome/116.0.1938.76 Safari/537.36"
207.46.13.6 - - [17/Apr/2026:03:58:20 +0000] "GET /product/category/27745939021970 HTTP/2.0" 200 23610 "-" "Mozilla/5.0 AppleWebKit/537.36 (KHTML, like Gecko; compatible; bingbot/2.0; +http://www.bing.com/bingbot.htm) Chrome/116.0.1938.76 Safari/537.36"
207.46.13.6 - - [17/Apr/2026:03:58:21 +0000] "GET /product/category/23437669041970 HTTP/2.0" 200 22892 "-" "Mozilla/5.0 AppleWebKit/537.36 (KHTML, like Gecko; compatible; bingbot/2.0; +http://www.bing.com/bingbot.htm) Chrome/116.0.1938.76 Safari/537.36"
207.46.13.6 - - [17/Apr/2026:03:58:24 +0000] "GET /?p=23446661061970 HTTP/2.0" 200 23432 "-" "Mozilla/5.0 AppleWebKit/537.36 (KHTML, like Gecko; compatible; bingbot/2.0; +http://www.bing.com/bingbot.htm) Chrome/116.0.1938.76 Safari/537.36"
52.167.144.181 - - [17/Apr/2026:03:58:46 +0000] "GET /?p=15755418031970 HTTP/2.0" 200 23973 "-" "Mozilla/5.0 AppleWebKit/537.36 (KHTML, like Gecko; compatible; bingbot/2.0; +http://www.bing.com/bingbot.htm) Chrome/116.0.1938.76 Safari/537.36"
52.167.144.181 - - [17/Apr/2026:03:58:56 +0000] "GET /?p=24300750091970 HTTP/2.0" 200 22490 "-" "Mozilla/5.0 AppleWebKit/537.36 (KHTML, like Gecko; compatible; bingbot/2.0; +http://www.bing.com/bingbot.htm) Chrome/116.0.1938.76 Safari/537.36"
207.46.13.6 - - [17/Apr/2026:03:59:00 +0000] "GET /?p=18928138001970 HTTP/2.0" 200 23693 "-" "Mozilla/5.0 AppleWebKit/537.36 (KHTML, like Gecko; compatible; bingbot/2.0; +http://www.bing.com/bingbot.htm) Chrome/116.0.1938.76 Safari/537.36"
66.249.64.32 - - [17/Apr/2026:03:59:21 +0000] "GET /contents/event/kansyasai/71380365000970 HTTP/1.1" 200 22591 "-" "Mozilla/5.0 (Linux; Android 6.0.1; Nexus 5X Build/MMB29P) AppleWebKit/537.36 (KHTML, like Gecko) Chrome/146.0.7680.177 Mobile Safari/537.36 (compatible; Googlebot/2.1; +http://www.google.com/bot.html)"
157.55.39.63 - - [17/Apr/2026:04:00:48 +0000] "GET /?p=29504587051970 HTTP/2.0" 200 22990 "-" "Mozilla/5.0 AppleWebKit/537.36 (KHTML, like Gecko; compatible; bingbot/2.0; +http://www.bing.com/bingbot.htm) Chrome/116.0.1938.76 Safari/537.36"
52.167.144.181 - - [17/Apr/2026:04:00:57 +0000] "GET /?p=23464166041970 HTTP/2.0" 200 23309 "-" "Mozilla/5.0 AppleWebKit/537.36 (KHTML, like Gecko; compatible; bingbot/2.0; +http://www.bing.com/bingbot.htm) Chrome/116.0.1938.76 Safari/537.36"
157.55.39.63 - - [17/Apr/2026:04:01:58 +0000] "GET /?p=24180013021970 HTTP/2.0" 200 23512 "-" "Mozilla/5.0 AppleWebKit/537.36 (KHTML, like Gecko; compatible; bingbot/2.0; +http://www.bing.com/bingbot.htm) Chrome/116.0.1938.76 Safari/537.36"
207.46.13.6 - - [17/Apr/2026:04:02:41 +0000] "GET /?p=5337517051970 HTTP/2.0" 200 23652 "-" "Mozilla/5.0 AppleWebKit/537.36 (KHTML, like Gecko; compatible; bingbot/2.0; +http://www.bing.com/bingbot.htm) Chrome/116.0.1938.76 Safari/537.36"
66.249.64.33 - - [17/Apr/2026:04:02:45 +0000] "GET /product/review/104456174001970 HTTP/1.1" 200 23400 "-" "Mozilla/5.0 (Linux; Android 6.0.1; Nexus 5X Build/MMB29P) AppleWebKit/537.36 (KHTML, like Gecko) Chrome/146.0.7680.177 Mobile Safari/537.36 (compatible; Googlebot/2.1; +http://www.google.com/bot.html)"
157.55.39.63 - - [17/Apr/2026:04:03:18 +0000] "GET /?p=29450272011970 HTTP/2.0" 200 23038 "-" "Mozilla/5.0 AppleWebKit/537.36 (KHTML, like Gecko; compatible; bingbot/2.0; +http://www.bing.com/bingbot.htm) Chrome/116.0.1938.76 Safari/537.36"
207.46.13.6 - - [17/Apr/2026:04:03:23 +0000] "GET /?p=83678320021970 HTTP/2.0" 200 23452 "-" "Mozilla/5.0 AppleWebKit/537.36 (KHTML, like Gecko; compatible; bingbot/2.0; +http://www.bing.com/bingbot.htm) Chrome/116.0.1938.76 Safari/537.36"
207.46.13.6 - - [17/Apr/2026:04:03:24 +0000] "GET /?p=86004296091970 HTTP/2.0" 200 22483 "-" "Mozilla/5.0 AppleWebKit/537.36 (KHTML, like Gecko; compatible; bingbot/2.0; +http://www.bing.com/bingbot.htm) Chrome/116.0.1938.76 Safari/537.36"
66.249.64.32 - - [17/Apr/2026:04:03:53 +0000] "GET /product/review/15993819131970 HTTP/1.1" 200 22820 "-" "Mozilla/5.0 (Linux; Android 6.0.1; Nexus 5X Build/MMB29P) AppleWebKit/537.36 (KHTML, like Gecko) Chrome/146.0.7680.177 Mobile Safari/537.36 (compatible; Googlebot/2.1; +http://www.google.com/bot.html)"
66.249.64.33 - - [17/Apr/2026:04:04:49 +0000] "GET /contents/event/kansyasai/90714271010970 HTTP/1.1" 200 23724 "-" "Mozilla/5.0 (Linux; Android 6.0.1; Nexus 5X Build/MMB29P) AppleWebKit/537.36 (KHTML, like Gecko) Chrome/146.0.7680.177 Mobile Safari/537.36 (compatible; Googlebot/2.1; +http://www.google.com/bot.html)"
52.167.144.181 - - [17/Apr/2026:04:04:56 +0000] "GET /?p=23369875011970 HTTP/2.0" 200 23818 "-" "Mozilla/5.0 AppleWebKit/537.36 (KHTML, like Gecko; compatible; bingbot/2.0; +http://www.bing.com/bingbot.htm) Chrome/116.0.1938.76 Safari/537.36"
52.167.144.181 - - [17/Apr/2026:04:04:57 +0000] "GET /?p=145827001970 HTTP/2.0" 200 23392 "-" "Mozilla/5.0 AppleWebKit/537.36 (KHTML, like Gecko; compatible; bingbot/2.0; +http://www.bing.com/bingbot.htm) Chrome/116.0.1938.76 Safari/537.36"
66.249.64.33 - - [17/Apr/2026:04:05:01 +0000] "GET /product/category/110827690031970 HTTP/1.1" 200 23556 "-" "Mozilla/5.0 (Linux; Android 6.0.1; Nexus 5X Build/MMB29P) AppleWebKit/537.36 (KHTML, like Gecko) Chrome/146.0.7680.177 Mobile Safari/537.36 (compatible; Googlebot/2.1; +http://www.google.com/bot.html)"
207.46.13.6 - - [17/Apr/2026:04:05:10 +0000] "GET /product/review/59046703021970 HTTP/2.0" 200 23140 "-" "Mozilla/5.0 AppleWebKit/537.36 (KHTML, like Gecko; compatible; bingbot/2.0; +http://www.bing.com/bingbot.htm) Chrome/116.0.1938.76 Safari/537.36"
20.15.133.191 - - [17/Apr/2026:04:05:21 +0000] "GET /?p=25947535021970 HTTP/2.0" 200 23343 "-" "Mozilla/5.0 AppleWebKit/537.36 (KHTML, like Gecko; compatible; bingbot/2.0; +http://www.bing.com/bingbot.htm) Chrome/116.0.1938.76 Safari/537.36"
207.46.13.6 - - [17/Apr/2026:04:05:21 +0000] "GET /?p=24609487091970 HTTP/2.0" 200 22561 "-" "Mozilla/5.0 AppleWebKit/537.36 (KHTML, like Gecko; compatible; bingbot/2.0; +http://www.bing.com/bingbot.htm) Chrome/116.0.1938.76 Safari/537.36"
157.55.39.63 - - [17/Apr/2026:04:06:00 +0000] "GET /?p=35268510051970 HTTP/2.0" 200 22792 "-" "Mozilla/5.0 AppleWebKit/537.36 (KHTML, like Gecko; compatible; bingbot/2.0; +http://www.bing.com/bingbot.htm) Chrome/116.0.1938.76 Safari/537.36"
66.249.64.32 - - [17/Apr/2026:04:06:10 +0000] "GET /product/review/116774860001970 HTTP/1.1" 200 23338 "-" "Mozilla/5.0 (Linux; Android 6.0.1; Nexus 5X Build/MMB29P) AppleWebKit/537.36 (KHTML, like Gecko) Chrome/146.0.7680.177 Mobile Safari/537.36 (compatible; Googlebot/2.1; +http://www.google.com/bot.html)"
74.7.243.215 - - [17/Apr/2026:04:06:16 +0000] "GET /sitemap.xml HTTP/1.1" 500 - "-" "Mozilla/5.0 AppleWebKit/537.36 (KHTML, like Gecko; compatible; GPTBot/1.3; +https://openai.com/gptbot)"
66.249.64.33 - - [17/Apr/2026:04:07:18 +0000] "GET /product/review/11215127141970 HTTP/1.1" 200 22738 "-" "Mozilla/5.0 (Linux; Android 6.0.1; Nexus 5X Build/MMB29P) AppleWebKit/537.36 (KHTML, like Gecko) Chrome/146.0.7680.177 Mobile Safari/537.36 (compatible; Googlebot/2.1; +http://www.google.com/bot.html)"
52.167.144.181 - - [17/Apr/2026:04:07:27 +0000] "GET /?p=60823508131970 HTTP/2.0" 200 22537 "-" "Mozilla/5.0 AppleWebKit/537.36 (KHTML, like Gecko; compatible; bingbot/2.0; +http://www.bing.com/bingbot.htm) Chrome/116.0.1938.76 Safari/537.36"
207.46.13.155 - - [17/Apr/2026:04:08:21 +0000] "GET /?p=25465664011970 HTTP/2.0" 200 22968 "-" "Mozilla/5.0 AppleWebKit/537.36 (KHTML, like Gecko; compatible; bingbot/2.0; +http://www.bing.com/bingbot.htm) Chrome/116.0.1938.76 Safari/537.36"
66.249.64.34 - - [17/Apr/2026:04:08:26 +0000] "GET /product/review/22694262031970 HTTP/1.1" 200 23155 "-" "Mozilla/5.0 (Linux; Android 6.0.1; Nexus 5X Build/MMB29P) AppleWebKit/537.36 (KHTML, like Gecko) Chrome/146.0.7680.177 Mobile Safari/537.36 (compatible; Googlebot/2.1; +http://www.google.com/bot.html)"
52.167.144.181 - - [17/Apr/2026:04:08:58 +0000] "GET /?p=8166128021970 HTTP/2.0" 200 22940 "-" "Mozilla/5.0 AppleWebKit/537.36 (KHTML, like Gecko; compatible; bingbot/2.0; +http://www.bing.com/bingbot.htm) Chrome/116.0.1938.76 Safari/537.36"
66.249.64.34 - - [17/Apr/2026:04:09:34 +0000] "GET /product/category/108022949041970 HTTP/1.1" 200 23516 "-" "Mozilla/5.0 (Linux; Android 6.0.1; Nexus 5X Build/MMB29P) AppleWebKit/537.36 (KHTML, like Gecko) Chrome/146.0.7680.177 Mobile Safari/537.36 (compatible; Googlebot/2.1; +http://www.google.com/bot.html)"
207.46.13.155 - - [17/Apr/2026:04:09:58 +0000] "GET /?p=26273484071970 HTTP/2.0" 200 23066 "-" "Mozilla/5.0 AppleWebKit/537.36 (KHTML, like Gecko; compatible; bingbot/2.0; +http://www.bing.com/bingbot.htm) Chrome/116.0.1938.76 Safari/537.36"
207.46.13.155 - - [17/Apr/2026:04:10:19 +0000] "GET /?p=26174987071970 HTTP/2.0" 200 22778 "-" "Mozilla/5.0 AppleWebKit/537.36 (KHTML, like Gecko; compatible; bingbot/2.0; +http://www.bing.com/bingbot.htm) Chrome/116.0.1938.76 Safari/537.36"
66.249.64.32 - - [17/Apr/2026:04:10:42 +0000] "GET /product/review/13563138051970 HTTP/1.1" 200 23296 "-" "Mozilla/5.0 (Linux; Android 6.0.1; Nexus 5X Build/MMB29P) AppleWebKit/537.36 (KHTML, like Gecko) Chrome/146.0.7680.177 Mobile Safari/537.36 (compatible; Googlebot/2.1; +http://www.google.com/bot.html)"
207.46.13.17 - - [17/Apr/2026:04:11:01 +0000] "GET /product/review/99996240051970 HTTP/2.0" 200 23360 "-" "Mozilla/5.0 AppleWebKit/537.36 (KHTML, like Gecko; compatible; bingbot/2.0; +http://www.bing.com/bingbot.htm) Chrome/116.0.1938.76 Safari/537.36"
31.171.62.167 - - [17/Apr/2026:04:11:17 +0000] "GET /?p=62738835071970 HTTP/1.1" 500 - "https://veritserv.com/" "Mozilla/5.0 (Macintosh; Intel Mac OS X 10_15_7) AppleWebKit/605.1.15 (KHTML, like Gecko) Version/18.3.1 Safari/605.1.15"
52.167.144.171 - - [17/Apr/2026:04:11:18 +0000] "GET /?p=25473330061970 HTTP/2.0" 200 22890 "-" "Mozilla/5.0 AppleWebKit/537.36 (KHTML, like Gecko; compatible; bingbot/2.0; +http://www.bing.com/bingbot.htm) Chrome/116.0.1938.76 Safari/537.36"
207.46.13.155 - - [17/Apr/2026:04:11:22 +0000] "GET /?p=24919314041970 HTTP/2.0" 200 22558 "-" "Mozilla/5.0 AppleWebKit/537.36 (KHTML, like Gecko; compatible; bingbot/2.0; +http://www.bing.com/bingbot.htm) Chrome/116.0.1938.76 Safari/537.36"
207.46.13.155 - - [17/Apr/2026:04:11:24 +0000] "GET /?p=31472529051970 HTTP/2.0" 200 23204 "-" "Mozilla/5.0 AppleWebKit/537.36 (KHTML, like Gecko; compatible; bingbot/2.0; +http://www.bing.com/bingbot.htm) Chrome/116.0.1938.76 Safari/537.36"
207.46.13.155 - - [17/Apr/2026:04:11:25 +0000] "GET /?p=27889304141970 HTTP/2.0" 200 22562 "-" "Mozilla/5.0 AppleWebKit/537.36 (KHTML, like Gecko; compatible; bingbot/2.0; +http://www.bing.com/bingbot.htm) Chrome/116.0.1938.76 Safari/537.36"
66.249.64.32 - - [17/Apr/2026:04:11:51 +0000] "GET /product/review/101039236041970 HTTP/1.1" 200 23570 "-" "Mozilla/5.0 (Linux; Android 6.0.1; Nexus 5X Build/MMB29P) AppleWebKit/537.36 (KHTML, like Gecko) Chrome/146.0.7680.177 Mobile Safari/537.36 (compatible; Googlebot/2.1; +http://www.google.com/bot.html)"
207.46.13.155 - - [17/Apr/2026:04:11:59 +0000] "GET /?p=82525198041970 HTTP/2.0" 200 23735 "-" "Mozilla/5.0 AppleWebKit/537.36 (KHTML, like Gecko; compatible; bingbot/2.0; +http://www.bing.com/bingbot.htm) Chrome/116.0.1938.76 Safari/537.36"
207.46.13.17 - - [17/Apr/2026:04:12:12 +0000] "GET /?p=90432123021970 HTTP/2.0" 200 22730 "-" "Mozilla/5.0 AppleWebKit/537.36 (KHTML, like Gecko; compatible; bingbot/2.0; +http://www.bing.com/bingbot.htm) Chrome/116.0.1938.76 Safari/537.36"
207.46.13.17 - - [17/Apr/2026:04:12:13 +0000] "GET /?p=66923532041970 HTTP/2.0" 200 23797 "-" "Mozilla/5.0 AppleWebKit/537.36 (KHTML, like Gecko; compatible; bingbot/2.0; +http://www.bing.com/bingbot.htm) Chrome/116.0.1938.76 Safari/537.36"
207.46.13.17 - - [17/Apr/2026:04:12:14 +0000] "GET /?p=24943428111970 HTTP/2.0" 200 22977 "-" "Mozilla/5.0 AppleWebKit/537.36 (KHTML, like Gecko; compatible; bingbot/2.0; +http://www.bing.com/bingbot.htm) Chrome/116.0.1938.76 Safari/537.36"
207.46.13.17 - - [17/Apr/2026:04:12:15 +0000] "GET /product/review/44093079111970 HTTP/2.0" 200 22567 "-" "Mozilla/5.0 AppleWebKit/537.36 (KHTML, like Gecko; compatible; bingbot/2.0; +http://www.bing.com/bingbot.htm) Chrome/116.0.1938.76 Safari/537.36"
207.46.13.17 - - [17/Apr/2026:04:12:16 +0000] "GET /product/category/83121353001970 HTTP/2.0" 200 23440 "-" "Mozilla/5.0 AppleWebKit/537.36 (KHTML, like Gecko; compatible; bingbot/2.0; +http://www.bing.com/bingbot.htm) Chrome/116.0.1938.76 Safari/537.36"
52.167.144.171 - - [17/Apr/2026:04:12:19 +0000] "GET /?p=60873091001970 HTTP/2.0" 200 23408 "-" "Mozilla/5.0 AppleWebKit/537.36 (KHTML, like Gecko; compatible; bingbot/2.0; +http://www.bing.com/bingbot.htm) Chrome/116.0.1938.76 Safari/537.36"
52.167.144.171 - - [17/Apr/2026:04:12:20 +0000] "GET /?p=7016744021970 HTTP/2.0" 200 22861 "-" "Mozilla/5.0 AppleWebKit/537.36 (KHTML, like Gecko; compatible; bingbot/2.0; +http://www.bing.com/bingbot.htm) Chrome/116.0.1938.76 Safari/537.36"
52.167.144.171 - - [17/Apr/2026:04:12:21 +0000] "GET /product/category/23236720041970 HTTP/2.0" 200 23052 "-" "Mozilla/5.0 AppleWebKit/537.36 (KHTML, like Gecko; compatible; bingbot/2.0; +http://www.bing.com/bingbot.htm) Chrome/116.0.1938.76 Safari/537.36"
207.46.13.155 - - [17/Apr/2026:04:12:21 +0000] "GET /?p=81284453011970 HTTP/2.0" 200 23157 "-" "Mozilla/5.0 AppleWebKit/537.36 (KHTML, like Gecko; compatible; bingbot/2.0; +http://www.bing.com/bingbot.htm) Chrome/116.0.1938.76 Safari/537.36"
52.167.144.171 - - [17/Apr/2026:04:12:22 +0000] "GET /product/review/1202824071970 HTTP/2.0" 200 22712 "-" "Mozilla/5.0 AppleWebKit/537.36 (KHTML, like Gecko; compatible; bingbot/2.0; +http://www.bing.com/bingbot.htm) Chrome/116.0.1938.76 Safari/537.36"
207.46.13.17 - - [17/Apr/2026:04:12:23 +0000] "GET /?p=18762006071970 HTTP/2.0" 200 22958 "-" "Mozilla/5.0 AppleWebKit/537.36 (KHTML, like Gecko; compatible; bingbot/2.0; +http://www.bing.com/bingbot.htm) Chrome/116.0.1938.76 Safari/537.36"
