157.55.39.10 - - [17/Apr/2026:01:24:50 +0000] "GET /?p=79984616041970 HTTP/2.0" 200 23067 "-" "Mozilla/5.0 AppleWebKit/537.36 (KHTML, like Gecko; compatible; bingbot/2.0; +http://www.bing.com/bingbot.htm) Chrome/116.0.1938.76 Safari/537.36"
157.55.39.54 - - [17/Apr/2026:01:24:56 +0000] "GET /contents/event/kansyasai/28530638030970 HTTP/2.0" 200 22743 "-" "Mozilla/5.0 AppleWebKit/537.36 (KHTML, like Gecko; compatible; bingbot/2.0; +http://www.bing.com/bingbot.htm) Chrome/116.0.1938.76 Safari/537.36"
157.55.39.54 - - [17/Apr/2026:01:24:57 +0000] "GET /contents/event/kansyasai/13569318030970 HTTP/2.0" 200 21846 "-" "Mozilla/5.0 AppleWebKit/537.36 (KHTML, like Gecko; compatible; bingbot/2.0; +http://www.bing.com/bingbot.htm) Chrome/116.0.1938.76 Safari/537.36"
157.55.39.54 - - [17/Apr/2026:01:24:58 +0000] "GET /?p=99764001031970 HTTP/2.0" 200 23484 "-" "Mozilla/5.0 AppleWebKit/537.36 (KHTML, like Gecko; compatible; bingbot/2.0; +http://www.bing.com/bingbot.htm) Chrome/116.0.1938.76 Safari/537.36"
40.77.167.46 - - [17/Apr/2026:01:25:00 +0000] "GET /?p=37937729041970 HTTP/2.0" 200 23057 "-" "Mozilla/5.0 AppleWebKit/537.36 (KHTML, like Gecko; compatible; bingbot/2.0; +http://www.bing.com/bingbot.htm) Chrome/116.0.1938.76 Safari/537.36"
40.77.167.46 - - [17/Apr/2026:01:25:00 +0000] "GET /product/category/7594021001970 HTTP/2.0" 200 22978 "-" "Mozilla/5.0 AppleWebKit/537.36 (KHTML, like Gecko; compatible; bingbot/2.0; +http://www.bing.com/bingbot.htm) Chrome/116.0.1938.76 Safari/537.36"
40.77.167.46 - - [17/Apr/2026:01:25:00 +0000] "GET /product/category/106705845001970 HTTP/2.0" 200 23390 "-" "Mozilla/5.0 AppleWebKit/537.36 (KHTML, like Gecko; compatible; bingbot/2.0; +http://www.bing.com/bingbot.htm) Chrome/116.0.1938.76 Safari/537.36"
40.77.167.46 - - [17/Apr/2026:01:25:02 +0000] "GET /contents/event/kansyasai/23395487070970 HTTP/2.0" 200 22856 "-" "Mozilla/5.0 AppleWebKit/537.36 (KHTML, like Gecko; compatible; bingbot/2.0; +http://www.bing.com/bingbot.htm) Chrome/116.0.1938.76 Safari/537.36"
157.55.39.10 - - [17/Apr/2026:01:25:06 +0000] "GET /product/review/16754248091970 HTTP/2.0" 200 21050 "-" "Mozilla/5.0 AppleWebKit/537.36 (KHTML, like Gecko; compatible; bingbot/2.0; +http://www.bing.com/bingbot.htm) Chrome/116.0.1938.76 Safari/537.36"
157.55.39.54 - - [17/Apr/2026:01:25:14 +0000] "GET /?p=19266480001970 HTTP/2.0" 200 23400 "-" "Mozilla/5.0 AppleWebKit/537.36 (KHTML, like Gecko; compatible; bingbot/2.0; +http://www.bing.com/bingbot.htm) Chrome/116.0.1938.76 Safari/537.36"
66.249.64.32 - - [17/Apr/2026:01:25:26 +0000] "GET /product/review/75295935021970 HTTP/1.1" 200 23245 "-" "Mozilla/5.0 (Linux; Android 6.0.1; Nexus 5X Build/MMB29P) AppleWebKit/537.36 (KHTML, like Gecko) Chrome/146.0.7680.177 Mobile Safari/537.36 (compatible; Googlebot/2.1; +http://www.google.com/bot.html)"
40.77.167.46 - - [17/Apr/2026:01:25:33 +0000] "GET /?p=28005746071970 HTTP/2.0" 200 22766 "-" "Mozilla/5.0 AppleWebKit/537.36 (KHTML, like Gecko; compatible; bingbot/2.0; +http://www.bing.com/bingbot.htm) Chrome/116.0.1938.76 Safari/537.36"
157.55.39.54 - - [17/Apr/2026:01:26:16 +0000] "GET /?p=85031097001970 HTTP/2.0" 200 23573 "-" "Mozilla/5.0 AppleWebKit/537.36 (KHTML, like Gecko; compatible; bingbot/2.0; +http://www.bing.com/bingbot.htm) Chrome/116.0.1938.76 Safari/537.36"
157.55.39.54 - - [17/Apr/2026:01:26:18 +0000] "GET /?p=46135616081970 HTTP/2.0" 200 22911 "-" "Mozilla/5.0 AppleWebKit/537.36 (KHTML, like Gecko; compatible; bingbot/2.0; +http://www.bing.com/bingbot.htm) Chrome/116.0.1938.76 Safari/537.36"
157.55.39.54 - - [17/Apr/2026:01:26:19 +0000] "GET /?p=15785268001970 HTTP/2.0" 200 23038 "-" "Mozilla/5.0 AppleWebKit/537.36 (KHTML, like Gecko; compatible; bingbot/2.0; +http://www.bing.com/bingbot.htm) Chrome/116.0.1938.76 Safari/537.36"
157.55.39.54 - - [17/Apr/2026:01:26:20 +0000] "GET /?p=8320957011970 HTTP/2.0" 200 23709 "-" "Mozilla/5.0 AppleWebKit/537.36 (KHTML, like Gecko; compatible; bingbot/2.0; +http://www.bing.com/bingbot.htm) Chrome/116.0.1938.76 Safari/537.36"
157.55.39.54 - - [17/Apr/2026:01:26:21 +0000] "GET /product/review/24169898001970 HTTP/2.0" 200 22843 "-" "Mozilla/5.0 AppleWebKit/537.36 (KHTML, like Gecko; compatible; bingbot/2.0; +http://www.bing.com/bingbot.htm) Chrome/116.0.1938.76 Safari/537.36"
157.55.39.10 - - [17/Apr/2026:01:26:28 +0000] "GET /?p=30459940061970 HTTP/2.0" 200 23569 "-" "Mozilla/5.0 AppleWebKit/537.36 (KHTML, like Gecko; compatible; bingbot/2.0; +http://www.bing.com/bingbot.htm) Chrome/116.0.1938.76 Safari/537.36"
157.55.39.10 - - [17/Apr/2026:01:26:30 +0000] "GET /?p=89120908001970 HTTP/2.0" 200 23063 "-" "Mozilla/5.0 AppleWebKit/537.36 (KHTML, like Gecko; compatible; bingbot/2.0; +http://www.bing.com/bingbot.htm) Chrome/116.0.1938.76 Safari/537.36"
157.55.39.10 - - [17/Apr/2026:01:26:31 +0000] "GET /product/category/27746719031970 HTTP/2.0" 200 23602 "-" "Mozilla/5.0 AppleWebKit/537.36 (KHTML, like Gecko; compatible; bingbot/2.0; +http://www.bing.com/bingbot.htm) Chrome/116.0.1938.76 Safari/537.36"
157.55.39.54 - - [17/Apr/2026:01:26:32 +0000] "GET /product/category/27922780051970 HTTP/2.0" 200 23335 "-" "Mozilla/5.0 AppleWebKit/537.36 (KHTML, like Gecko; compatible; bingbot/2.0; +http://www.bing.com/bingbot.htm) Chrome/116.0.1938.76 Safari/537.36"
157.55.39.54 - - [17/Apr/2026:01:26:33 +0000] "GET /product/review/6377032071970 HTTP/2.0" 200 23023 "-" "Mozilla/5.0 AppleWebKit/537.36 (KHTML, like Gecko; compatible; bingbot/2.0; +http://www.bing.com/bingbot.htm) Chrome/116.0.1938.76 Safari/537.36"
66.249.64.32 - - [17/Apr/2026:01:26:33 +0000] "GET /product/category/118720542011970 HTTP/1.1" 200 22974 "-" "Mozilla/5.0 (Linux; Android 6.0.1; Nexus 5X Build/MMB29P) AppleWebKit/537.36 (KHTML, like Gecko) Chrome/146.0.7680.177 Mobile Safari/537.36 (compatible; Googlebot/2.1; +http://www.google.com/bot.html)"
40.77.167.46 - - [17/Apr/2026:01:26:36 +0000] "GET /contents/event/kansyasai/26942427020970 HTTP/2.0" 200 23211 "-" "Mozilla/5.0 AppleWebKit/537.36 (KHTML, like Gecko; compatible; bingbot/2.0; +http://www.bing.com/bingbot.htm) Chrome/116.0.1938.76 Safari/537.36"
40.77.167.46 - - [17/Apr/2026:01:26:37 +0000] "GET /product/category/14083084001970 HTTP/2.0" 200 23647 "-" "Mozilla/5.0 AppleWebKit/537.36 (KHTML, like Gecko; compatible; bingbot/2.0; +http://www.bing.com/bingbot.htm) Chrome/116.0.1938.76 Safari/537.36"
66.249.64.33 - - [17/Apr/2026:01:28:32 +0000] "GET /contents/event/kansyasai/50081247080970 HTTP/1.1" 200 22590 "-" "Mozilla/5.0 (Linux; Android 6.0.1; Nexus 5X Build/MMB29P) AppleWebKit/537.36 (KHTML, like Gecko) Chrome/146.0.7680.177 Mobile Safari/537.36 (compatible; Googlebot/2.1; +http://www.google.com/bot.html)"
20.15.133.162 - - [17/Apr/2026:01:28:35 +0000] "GET /?p=24092212121970 HTTP/2.0" 200 22906 "-" "Mozilla/5.0 AppleWebKit/537.36 (KHTML, like Gecko; compatible; bingbot/2.0; +http://www.bing.com/bingbot.htm) Chrome/116.0.1938.76 Safari/537.36"
40.77.167.46 - - [17/Apr/2026:01:29:03 +0000] "GET /?p=24875140061970 HTTP/2.0" 200 23098 "-" "Mozilla/5.0 AppleWebKit/537.36 (KHTML, like Gecko; compatible; bingbot/2.0; +http://www.bing.com/bingbot.htm) Chrome/116.0.1938.76 Safari/537.36"
40.77.167.46 - - [17/Apr/2026:01:29:04 +0000] "GET /?p=7386759001970 HTTP/2.0" 200 23224 "-" "Mozilla/5.0 AppleWebKit/537.36 (KHTML, like Gecko; compatible; bingbot/2.0; +http://www.bing.com/bingbot.htm) Chrome/116.0.1938.76 Safari/537.36"
40.77.167.46 - - [17/Apr/2026:01:29:05 +0000] "GET /?p=23576744111970 HTTP/2.0" 200 22784 "-" "Mozilla/5.0 AppleWebKit/537.36 (KHTML, like Gecko; compatible; bingbot/2.0; +http://www.bing.com/bingbot.htm) Chrome/116.0.1938.76 Safari/537.36"
40.77.167.46 - - [17/Apr/2026:01:29:06 +0000] "GET /?p=2798385091970 HTTP/2.0" 200 22555 "-" "Mozilla/5.0 AppleWebKit/537.36 (KHTML, like Gecko; compatible; bingbot/2.0; +http://www.bing.com/bingbot.htm) Chrome/116.0.1938.76 Safari/537.36"
157.55.39.54 - - [17/Apr/2026:01:29:08 +0000] "GET /?p=28015648081970 HTTP/2.0" 200 22913 "-" "Mozilla/5.0 AppleWebKit/537.36 (KHTML, like Gecko; compatible; bingbot/2.0; +http://www.bing.com/bingbot.htm) Chrome/116.0.1938.76 Safari/537.36"
157.55.39.54 - - [17/Apr/2026:01:29:09 +0000] "GET /?p=6279797041970 HTTP/2.0" 200 23434 "-" "Mozilla/5.0 AppleWebKit/537.36 (KHTML, like Gecko; compatible; bingbot/2.0; +http://www.bing.com/bingbot.htm) Chrome/116.0.1938.76 Safari/537.36"
157.55.39.54 - - [17/Apr/2026:01:29:10 +0000] "GET /?p=781828001970 HTTP/2.0" 200 22638 "-" "Mozilla/5.0 AppleWebKit/537.36 (KHTML, like Gecko; compatible; bingbot/2.0; +http://www.bing.com/bingbot.htm) Chrome/116.0.1938.76 Safari/537.36"
157.55.39.54 - - [17/Apr/2026:01:29:11 +0000] "GET /?p=46250244031970 HTTP/2.0" 200 23143 "-" "Mozilla/5.0 AppleWebKit/537.36 (KHTML, like Gecko; compatible; bingbot/2.0; +http://www.bing.com/bingbot.htm) Chrome/116.0.1938.76 Safari/537.36"
157.55.39.10 - - [17/Apr/2026:01:29:14 +0000] "GET /?p=23700877021970 HTTP/2.0" 200 23725 "-" "Mozilla/5.0 AppleWebKit/537.36 (KHTML, like Gecko; compatible; bingbot/2.0; +http://www.bing.com/bingbot.htm) Chrome/116.0.1938.76 Safari/537.36"
157.55.39.10 - - [17/Apr/2026:01:29:16 +0000] "GET /?p=5496220091970 HTTP/2.0" 200 22790 "-" "Mozilla/5.0 AppleWebKit/537.36 (KHTML, like Gecko; compatible; bingbot/2.0; +http://www.bing.com/bingbot.htm) Chrome/116.0.1938.76 Safari/537.36"
157.55.39.10 - - [17/Apr/2026:01:29:17 +0000] "GET /product/review/6521237041970 HTTP/2.0" 200 22809 "-" "Mozilla/5.0 AppleWebKit/537.36 (KHTML, like Gecko; compatible; bingbot/2.0; +http://www.bing.com/bingbot.htm) Chrome/116.0.1938.76 Safari/537.36"
157.55.39.10 - - [17/Apr/2026:01:29:18 +0000] "GET /contents/event/kansyasai/25274943050970 HTTP/2.0" 200 22565 "-" "Mozilla/5.0 AppleWebKit/537.36 (KHTML, like Gecko; compatible; bingbot/2.0; +http://www.bing.com/bingbot.htm) Chrome/116.0.1938.76 Safari/537.36"
40.77.167.46 - - [17/Apr/2026:01:29:22 +0000] "GET /?p=9626312011970 HTTP/2.0" 200 23448 "-" "Mozilla/5.0 AppleWebKit/537.36 (KHTML, like Gecko; compatible; bingbot/2.0; +http://www.bing.com/bingbot.htm) Chrome/116.0.1938.76 Safari/537.36"
40.77.167.46 - - [17/Apr/2026:01:29:25 +0000] "GET /product/review/21747644051970 HTTP/2.0" 200 23437 "-" "Mozilla/5.0 AppleWebKit/537.36 (KHTML, like Gecko; compatible; bingbot/2.0; +http://www.bing.com/bingbot.htm) Chrome/116.0.1938.76 Safari/537.36"
40.77.167.46 - - [17/Apr/2026:01:29:26 +0000] "GET /product/category/23696587031970 HTTP/2.0" 200 23343 "-" "Mozilla/5.0 AppleWebKit/537.36 (KHTML, like Gecko; compatible; bingbot/2.0; +http://www.bing.com/bingbot.htm) Chrome/116.0.1938.76 Safari/537.36"
40.77.167.46 - - [17/Apr/2026:01:29:26 +0000] "GET /contents/event/kansyasai/25290517010970 HTTP/2.0" 200 23251 "-" "Mozilla/5.0 AppleWebKit/537.36 (KHTML, like Gecko; compatible; bingbot/2.0; +http://www.bing.com/bingbot.htm) Chrome/116.0.1938.76 Safari/537.36"
207.46.13.107 - - [17/Apr/2026:01:29:29 +0000] "GET /product/category/84747695001970 HTTP/2.0" 200 23337 "-" "Mozilla/5.0 AppleWebKit/537.36 (KHTML, like Gecko; compatible; bingbot/2.0; +http://www.bing.com/bingbot.htm) Chrome/116.0.1938.76 Safari/537.36"
47.128.55.77 - - [17/Apr/2026:01:29:40 +0000] "GET /?p=57798990011970 HTTP/2.0" 500 - "-" "Mozilla/5.0 (Linux; Android 5.0) AppleWebKit/537.36 (KHTML, like Gecko) Mobile Safari/537.36 (compatible; Bytespider; spider-feedback@bytedance.com)"
47.128.56.136 - - [17/Apr/2026:01:29:40 +0000] "GET /?p=42341835021970 HTTP/2.0" 500 - "-" "Mozilla/5.0 (Linux; Android 5.0) AppleWebKit/537.36 (KHTML, like Gecko) Mobile Safari/537.36 (compatible; Bytespider; spider-feedback@bytedance.com)"
157.55.39.10 - - [17/Apr/2026:01:30:14 +0000] "GET /?p=4995098001970 HTTP/2.0" 200 23008 "-" "Mozilla/5.0 AppleWebKit/537.36 (KHTML, like Gecko; compatible; bingbot/2.0; +http://www.bing.com/bingbot.htm) Chrome/116.0.1938.76 Safari/537.36"
66.249.64.32 - - [17/Apr/2026:01:31:39 +0000] "GET /contents/event/kansyasai/108037119010970 HTTP/1.1" 200 23759 "-" "Mozilla/5.0 (Linux; Android 6.0.1; Nexus 5X Build/MMB29P) AppleWebKit/537.36 (KHTML, like Gecko) Chrome/146.0.7680.177 Mobile Safari/537.36 (compatible; Googlebot/2.1; +http://www.google.com/bot.html)"
66.249.64.32 - - [17/Apr/2026:01:31:42 +0000] "GET /product/review/119017070001970 HTTP/1.1" 200 23162 "-" "Mozilla/5.0 (Linux; Android 6.0.1; Nexus 5X Build/MMB29P) AppleWebKit/537.36 (KHTML, like Gecko) Chrome/146.0.7680.177 Mobile Safari/537.36 (compatible; Googlebot/2.1; +http://www.google.com/bot.html)"
207.46.13.155 - - [17/Apr/2026:01:31:45 +0000] "GET /?p=27886998021970 HTTP/2.0" 200 23379 "-" "Mozilla/5.0 AppleWebKit/537.36 (KHTML, like Gecko; compatible; bingbot/2.0; +http://www.bing.com/bingbot.htm) Chrome/116.0.1938.76 Safari/537.36"
66.249.64.32 - - [17/Apr/2026:01:32:00 +0000] "GET /product/category/26390798001970 HTTP/1.1" 200 23403 "-" "Mozilla/5.0 (Linux; Android 6.0.1; Nexus 5X Build/MMB29P) AppleWebKit/537.36 (KHTML, like Gecko) Chrome/146.0.7680.177 Mobile Safari/537.36 (compatible; Googlebot/2.1; +http://www.google.com/bot.html)"
157.55.39.10 - - [17/Apr/2026:01:32:14 +0000] "GET /?p=15711625031970 HTTP/2.0" 200 23137 "-" "Mozilla/5.0 AppleWebKit/537.36 (KHTML, like Gecko; compatible; bingbot/2.0; +http://www.bing.com/bingbot.htm) Chrome/116.0.1938.76 Safari/537.36"
66.249.64.32 - - [17/Apr/2026:01:32:20 +0000] "GET /product/category/118815111031970 HTTP/1.1" 200 22749 "-" "Mozilla/5.0 (Linux; Android 6.0.1; Nexus 5X Build/MMB29P) AppleWebKit/537.36 (KHTML, like Gecko) Chrome/146.0.7680.177 Mobile Safari/537.36 (compatible; Googlebot/2.1; +http://www.google.com/bot.html)"
207.46.13.155 - - [17/Apr/2026:01:32:46 +0000] "GET /contact/ HTTP/2.0" 200 22560 "-" "Mozilla/5.0 AppleWebKit/537.36 (KHTML, like Gecko; compatible; bingbot/2.0; +http://www.bing.com/bingbot.htm) Chrome/116.0.1938.76 Safari/537.36"
66.249.64.32 - - [17/Apr/2026:01:32:48 +0000] "GET /product/review/63387804071970 HTTP/1.1" 200 21266 "-" "Mozilla/5.0 (Linux; Android 6.0.1; Nexus 5X Build/MMB29P) AppleWebKit/537.36 (KHTML, like Gecko) Chrome/146.0.7680.177 Mobile Safari/537.36 (compatible; Googlebot/2.1; +http://www.google.com/bot.html)"
66.249.64.34 - - [17/Apr/2026:01:33:28 +0000] "GET /product/category/26239450021970 HTTP/1.1" 200 23129 "-" "Mozilla/5.0 (Linux; Android 6.0.1; Nexus 5X Build/MMB29P) AppleWebKit/537.36 (KHTML, like Gecko) Chrome/146.0.7680.177 Mobile Safari/537.36 (compatible; Googlebot/2.1; +http://www.google.com/bot.html)"
66.249.64.32 - - [17/Apr/2026:01:34:44 +0000] "GET /product/review/51205456041970 HTTP/1.1" 200 22996 "-" "Mozilla/5.0 (Linux; Android 6.0.1; Nexus 5X Build/MMB29P) AppleWebKit/537.36 (KHTML, like Gecko) Chrome/146.0.7680.177 Mobile Safari/537.36 (compatible; Googlebot/2.1; +http://www.google.com/bot.html)"
66.249.64.32 - - [17/Apr/2026:01:34:49 +0000] "GET /contents/event/kansyasai/64974801060970 HTTP/1.1" 200 23512 "-" "Mozilla/5.0 (Linux; Android 6.0.1; Nexus 5X Build/MMB29P) AppleWebKit/537.36 (KHTML, like Gecko) Chrome/146.0.7680.177 Mobile Safari/537.36 (compatible; Googlebot/2.1; +http://www.google.com/bot.html)"
66.249.64.32 - - [17/Apr/2026:01:35:34 +0000] "GET /shop/storeSearch/KeepCriteriaInput.aspx?&transition=top103632562012970 HTTP/1.1" 200 23148 "-" "Mozilla/5.0 (Linux; Android 6.0.1; Nexus 5X Build/MMB29P) AppleWebKit/537.36 (KHTML, like Gecko) Chrome/146.0.7680.177 Mobile Safari/537.36 (compatible; Googlebot/2.1; +http://www.google.com/bot.html)"
66.249.64.32 - - [17/Apr/2026:01:35:54 +0000] "GET /product/review/33408400031970 HTTP/1.1" 200 23031 "-" "Mozilla/5.0 (Linux; Android 6.0.1; Nexus 5X Build/MMB29P) AppleWebKit/537.36 (KHTML, like Gecko) Chrome/146.0.7680.177 Mobile Safari/537.36 (compatible; Googlebot/2.1; +http://www.google.com/bot.html)"
142.93.201.162 - - [17/Apr/2026:01:35:59 +0000] "GET /.git/config HTTP/1.1" 500 - "-" "Mozilla/5.0 (X11; Linux x86_64) AppleWebKit/537.36 (KHTML, like Gecko) Chrome/81.0.4044.129 Safari/537.36"
66.249.64.33 - - [17/Apr/2026:01:36:01 +0000] "GET /contents/event/kansyasai/73978801080970 HTTP/1.1" 200 23337 "-" "Mozilla/5.0 (Linux; Android 6.0.1; Nexus 5X Build/MMB29P) AppleWebKit/537.36 (KHTML, like Gecko) Chrome/146.0.7680.177 Mobile Safari/537.36 (compatible; Googlebot/2.1; +http://www.google.com/bot.html)"
40.77.167.61 - - [17/Apr/2026:01:36:14 +0000] "GET /?p=23397196021970 HTTP/2.0" 200 22975 "-" "Mozilla/5.0 AppleWebKit/537.36 (KHTML, like Gecko; compatible; bingbot/2.0; +http://www.bing.com/bingbot.htm) Chrome/116.0.1938.76 Safari/537.36"
40.77.167.61 - - [17/Apr/2026:01:36:15 +0000] "GET /product/category/5907539011970 HTTP/2.0" 200 23233 "-" "Mozilla/5.0 AppleWebKit/537.36 (KHTML, like Gecko; compatible; bingbot/2.0; +http://www.bing.com/bingbot.htm) Chrome/116.0.1938.76 Safari/537.36"
40.77.167.61 - - [17/Apr/2026:01:36:16 +0000] "GET /product/review/28902676021970 HTTP/2.0" 200 22829 "-" "Mozilla/5.0 AppleWebKit/537.36 (KHTML, like Gecko; compatible; bingbot/2.0; +http://www.bing.com/bingbot.htm) Chrome/116.0.1938.76 Safari/537.36"
207.46.13.155 - - [17/Apr/2026:01:36:17 +0000] "GET /?p=100440946021970 HTTP/2.0" 200 23080 "-" "Mozilla/5.0 AppleWebKit/537.36 (KHTML, like Gecko; compatible; bingbot/2.0; +http://www.bing.com/bingbot.htm) Chrome/116.0.1938.76 Safari/537.36"
207.46.13.153 - - [17/Apr/2026:01:36:20 +0000] "GET /?p=75747867021970 HTTP/2.0" 200 22735 "-" "Mozilla/5.0 AppleWebKit/537.36 (KHTML, like Gecko; compatible; bingbot/2.0; +http://www.bing.com/bingbot.htm) Chrome/116.0.1938.76 Safari/537.36"
207.46.13.153 - - [17/Apr/2026:01:36:21 +0000] "GET /?p=6861715041970 HTTP/2.0" 200 22869 "-" "Mozilla/5.0 AppleWebKit/537.36 (KHTML, like Gecko; compatible; bingbot/2.0; +http://www.bing.com/bingbot.htm) Chrome/116.0.1938.76 Safari/537.36"
207.46.13.153 - - [17/Apr/2026:01:36:24 +0000] "GET /contents/event/kansyasai/8756749140970 HTTP/2.0" 200 23108 "-" "Mozilla/5.0 AppleWebKit/537.36 (KHTML, like Gecko; compatible; bingbot/2.0; +http://www.bing.com/bingbot.htm) Chrome/116.0.1938.76 Safari/537.36"
207.46.13.155 - - [17/Apr/2026:01:36:29 +0000] "GET /product/category/24617502051970 HTTP/2.0" 200 23591 "-" "Mozilla/5.0 AppleWebKit/537.36 (KHTML, like Gecko; compatible; bingbot/2.0; +http://www.bing.com/bingbot.htm) Chrome/116.0.1938.76 Safari/537.36"
207.46.13.155 - - [17/Apr/2026:01:36:31 +0000] "GET /product/category/23752219061970 HTTP/2.0" 200 23053 "-" "Mozilla/5.0 AppleWebKit/537.36 (KHTML, like Gecko; compatible; bingbot/2.0; +http://www.bing.com/bingbot.htm) Chrome/116.0.1938.76 Safari/537.36"
207.46.13.155 - - [17/Apr/2026:01:36:33 +0000] "GET /contents/event/kansyasai/45923182030970 HTTP/2.0" 200 23537 "-" "Mozilla/5.0 AppleWebKit/537.36 (KHTML, like Gecko; compatible; bingbot/2.0; +http://www.bing.com/bingbot.htm) Chrome/116.0.1938.76 Safari/537.36"
207.46.13.153 - - [17/Apr/2026:01:36:42 +0000] "GET /contents/event/kansyasai/30705799040970 HTTP/2.0" 200 23034 "-" "Mozilla/5.0 AppleWebKit/537.36 (KHTML, like Gecko; compatible; bingbot/2.0; +http://www.bing.com/bingbot.htm) Chrome/116.0.1938.76 Safari/537.36"
20.15.133.163 - - [17/Apr/2026:01:36:55 +0000] "GET /?p=45565472071970 HTTP/2.0" 200 23277 "-" "Mozilla/5.0 AppleWebKit/537.36 (KHTML, like Gecko; compatible; bingbot/2.0; +http://www.bing.com/bingbot.htm) Chrome/116.0.1938.76 Safari/537.36"
66.249.64.34 - - [17/Apr/2026:01:37:20 +0000] "GET /product/category/38895338051970 HTTP/1.1" 200 23637 "-" "Mozilla/5.0 (Linux; Android 6.0.1; Nexus 5X Build/MMB29P) AppleWebKit/537.36 (KHTML, like Gecko) Chrome/146.0.7680.177 Mobile Safari/537.36 (compatible; Googlebot/2.1; +http://www.google.com/bot.html)"
66.249.64.34 - - [17/Apr/2026:01:38:35 +0000] "GET /contents/event/kansyasai/76493124000970 HTTP/1.1" 200 23133 "-" "Mozilla/5.0 (Linux; Android 6.0.1; Nexus 5X Build/MMB29P) AppleWebKit/537.36 (KHTML, like Gecko) Chrome/146.0.7680.177 Mobile Safari/537.36 (compatible; Googlebot/2.1; +http://www.google.com/bot.html)"
66.249.64.32 - - [17/Apr/2026:01:38:55 +0000] "GET /contents/event/kansyasai/71128525030970 HTTP/1.1" 200 23547 "-" "Mozilla/5.0 (Linux; Android 6.0.1; Nexus 5X Build/MMB29P) AppleWebKit/537.36 (KHTML, like Gecko) Chrome/146.0.7680.177 Mobile Safari/537.36 (compatible; Googlebot/2.1; +http://www.google.com/bot.html)"
40.77.167.61 - - [17/Apr/2026:01:39:03 +0000] "GET /product/review/4582776021970 HTTP/2.0" 200 22901 "-" "Mozilla/5.0 AppleWebKit/537.36 (KHTML, like Gecko; compatible; bingbot/2.0; +http://www.bing.com/bingbot.htm) Chrome/116.0.1938.76 Safari/537.36"
40.77.167.61 - - [17/Apr/2026:01:39:22 +0000] "GET /?p=6708787001970 HTTP/2.0" 200 23940 "-" "Mozilla/5.0 AppleWebKit/537.36 (KHTML, like Gecko; compatible; bingbot/2.0; +http://www.bing.com/bingbot.htm) Chrome/116.0.1938.76 Safari/537.36"
66.249.64.33 - - [17/Apr/2026:01:39:48 +0000] "GET /contents/event/kansyasai/82029309030970 HTTP/1.1" 200 22848 "-" "Mozilla/5.0 (Linux; Android 6.0.1; Nexus 5X Build/MMB29P) AppleWebKit/537.36 (KHTML, like Gecko) Chrome/146.0.7680.177 Mobile Safari/537.36 (compatible; Googlebot/2.1; +http://www.google.com/bot.html)"
20.15.133.162 - - [17/Apr/2026:01:40:01 +0000] "GET /?p=15884488031970 HTTP/2.0" 200 23488 "-" "Mozilla/5.0 AppleWebKit/537.36 (KHTML, like Gecko; compatible; bingbot/2.0; +http://www.bing.com/bingbot.htm) Chrome/116.0.1938.76 Safari/537.36"
66.249.64.32 - - [17/Apr/2026:01:40:08 +0000] "GET /contents/event/kansyasai/112532681030970 HTTP/1.1" 200 23185 "-" "Mozilla/5.0 (Linux; Android 6.0.1; Nexus 5X Build/MMB29P) AppleWebKit/537.36 (KHTML, like Gecko) Chrome/146.0.7680.177 Mobile Safari/537.36 (compatible; Googlebot/2.1; +http://www.google.com/bot.html)"
66.249.64.32 - - [17/Apr/2026:01:40:28 +0000] "GET /product/review/118268127051970 HTTP/1.1" 200 23009 "-" "Mozilla/5.0 (Linux; Android 6.0.1; Nexus 5X Build/MMB29P) AppleWebKit/537.36 (KHTML, like Gecko) Chrome/146.0.7680.177 Mobile Safari/537.36 (compatible; Googlebot/2.1; +http://www.google.com/bot.html)"
66.249.64.32 - - [17/Apr/2026:01:40:50 +0000] "GET /contents/event/kansyasai/118483025020970 HTTP/1.1" 200 23577 "-" "Mozilla/5.0 (Linux; Android 6.0.1; Nexus 5X Build/MMB29P) AppleWebKit/537.36 (KHTML, like Gecko) Chrome/146.0.7680.177 Mobile Safari/537.36 (compatible; Googlebot/2.1; +http://www.google.com/bot.html)"
207.46.13.155 - - [17/Apr/2026:01:41:06 +0000] "GET /product/review/46085924021970 HTTP/2.0" 200 22933 "-" "Mozilla/5.0 AppleWebKit/537.36 (KHTML, like Gecko; compatible; bingbot/2.0; +http://www.bing.com/bingbot.htm) Chrome/116.0.1938.76 Safari/537.36"
181.224.223.33 - - [17/Apr/2026:01:41:14 +0000] "GET /?p=89446818001970 HTTP/1.1" 500 - "https://veritserv.com/" "Mozilla/5.0 (Macintosh; Intel Mac OS X 10_15_7) AppleWebKit/537.36 (KHTML, like Gecko) Chrome/135.0.0.0 Safari/537.36"
66.249.64.33 - - [17/Apr/2026:01:42:03 +0000] "GET /contents/event/kansyasai/73858453050970 HTTP/1.1" 200 23889 "-" "Mozilla/5.0 (Linux; Android 6.0.1; Nexus 5X Build/MMB29P) AppleWebKit/537.36 (KHTML, like Gecko) Chrome/146.0.7680.177 Mobile Safari/537.36 (compatible; Googlebot/2.1; +http://www.google.com/bot.html)"
66.249.64.33 - - [17/Apr/2026:01:42:23 +0000] "GET /product/category/86753105011970 HTTP/1.1" 200 23396 "-" "Mozilla/5.0 (Linux; Android 6.0.1; Nexus 5X Build/MMB29P) AppleWebKit/537.36 (KHTML, like Gecko) Chrome/146.0.7680.177 Mobile Safari/537.36 (compatible; Googlebot/2.1; +http://www.google.com/bot.html)"
207.46.13.153 - - [17/Apr/2026:01:42:26 +0000] "GET /?p=43144134081970 HTTP/2.0" 200 22820 "-" "Mozilla/5.0 AppleWebKit/537.36 (KHTML, like Gecko; compatible; bingbot/2.0; +http://www.bing.com/bingbot.htm) Chrome/116.0.1938.76 Safari/537.36"
66.249.64.32 - - [17/Apr/2026:01:42:50 +0000] "GET /product/review/5871678021970 HTTP/1.1" 200 23033 "-" "Mozilla/5.0 (Linux; Android 6.0.1; Nexus 5X Build/MMB29P) AppleWebKit/537.36 (KHTML, like Gecko) Chrome/146.0.7680.177 Mobile Safari/537.36 (compatible; Googlebot/2.1; +http://www.google.com/bot.html)"
207.46.13.153 - - [17/Apr/2026:01:42:58 +0000] "GET /?p=74298210001970 HTTP/2.0" 200 23547 "-" "Mozilla/5.0 AppleWebKit/537.36 (KHTML, like Gecko; compatible; bingbot/2.0; +http://www.bing.com/bingbot.htm) Chrome/116.0.1938.76 Safari/537.36"
207.46.13.153 - - [17/Apr/2026:01:43:04 +0000] "GET /?p=31640386101970 HTTP/2.0" 200 22563 "-" "Mozilla/5.0 AppleWebKit/537.36 (KHTML, like Gecko; compatible; bingbot/2.0; +http://www.bing.com/bingbot.htm) Chrome/116.0.1938.76 Safari/537.36"
20.15.133.163 - - [17/Apr/2026:01:43:16 +0000] "GET /?p=15917927031970 HTTP/2.0" 200 22794 "-" "Mozilla/5.0 AppleWebKit/537.36 (KHTML, like Gecko; compatible; bingbot/2.0; +http://www.bing.com/bingbot.htm) Chrome/116.0.1938.76 Safari/537.36"
66.249.64.33 - - [17/Apr/2026:01:43:31 +0000] "GET /product/category/51876569121970 HTTP/1.1" 200 22485 "-" "Mozilla/5.0 (Linux; Android 6.0.1; Nexus 5X Build/MMB29P) AppleWebKit/537.36 (KHTML, like Gecko) Chrome/146.0.7680.177 Mobile Safari/537.36 (compatible; Googlebot/2.1; +http://www.google.com/bot.html)"
40.77.167.61 - - [17/Apr/2026:01:43:35 +0000] "GET /?p=109210473051970 HTTP/2.0" 200 23127 "-" "Mozilla/5.0 AppleWebKit/537.36 (KHTML, like Gecko; compatible; bingbot/2.0; +http://www.bing.com/bingbot.htm) Chrome/116.0.1938.76 Safari/537.36"
40.77.167.61 - - [17/Apr/2026:01:43:36 +0000] "GET /?p=84841993001970 HTTP/2.0" 200 22984 "-" "Mozilla/5.0 AppleWebKit/537.36 (KHTML, like Gecko; compatible; bingbot/2.0; +http://www.bing.com/bingbot.htm) Chrome/116.0.1938.76 Safari/537.36"
40.77.167.61 - - [17/Apr/2026:01:43:36 +0000] "GET /product/category/80961299001970 HTTP/2.0" 200 23550 "-" "Mozilla/5.0 AppleWebKit/537.36 (KHTML, like Gecko; compatible; bingbot/2.0; +http://www.bing.com/bingbot.htm) Chrome/116.0.1938.76 Safari/537.36"
20.220.15.7 - - [17/Apr/2026:01:43:37 +0000] "GET /wp-content/plugins/hellopress/wp_filemanager.php HTTP/1.1" 200 37423 "-" "-"
207.46.13.17 - - [17/Apr/2026:01:43:38 +0000] "GET /product/review/3422231031970 HTTP/2.0" 200 23234 "-" "Mozilla/5.0 AppleWebKit/537.36 (KHTML, like Gecko; compatible; bingbot/2.0; +http://www.bing.com/bingbot.htm) Chrome/116.0.1938.76 Safari/537.36"
207.46.13.153 - - [17/Apr/2026:01:43:43 +0000] "GET /?p=114829678091970 HTTP/2.0" 200 22604 "-" "Mozilla/5.0 AppleWebKit/537.36 (KHTML, like Gecko; compatible; bingbot/2.0; +http://www.bing.com/bingbot.htm) Chrome/116.0.1938.76 Safari/537.36"
40.77.167.61 - - [17/Apr/2026:01:43:45 +0000] "GET /contents/event/kansyasai/28848018040970 HTTP/2.0" 200 22952 "-" "Mozilla/5.0 AppleWebKit/537.36 (KHTML, like Gecko; compatible; bingbot/2.0; +http://www.bing.com/bingbot.htm) Chrome/116.0.1938.76 Safari/537.36"
20.220.15.7 - - [17/Apr/2026:01:43:46 +0000] "GET /rip.php HTTP/1.1" 200 37382 "-" "-"
40.77.167.61 - - [17/Apr/2026:01:43:46 +0000] "GET /product/review/5237898021970 HTTP/2.0" 200 23209 "-" "Mozilla/5.0 AppleWebKit/537.36 (KHTML, like Gecko; compatible; bingbot/2.0; +http://www.bing.com/bingbot.htm) Chrome/116.0.1938.76 Safari/537.36"
207.46.13.153 - - [17/Apr/2026:01:43:47 +0000] "GET /?p=8535995051970 HTTP/2.0" 200 22837 "-" "Mozilla/5.0 AppleWebKit/537.36 (KHTML, like Gecko; compatible; bingbot/2.0; +http://www.bing.com/bingbot.htm) Chrome/116.0.1938.76 Safari/537.36"
40.77.167.61 - - [17/Apr/2026:01:43:47 +0000] "GET /product/category/14077296141970 HTTP/2.0" 200 22903 "-" "Mozilla/5.0 AppleWebKit/537.36 (KHTML, like Gecko; compatible; bingbot/2.0; +http://www.bing.com/bingbot.htm) Chrome/116.0.1938.76 Safari/537.36"
40.77.167.61 - - [17/Apr/2026:01:43:47 +0000] "GET /contents/event/kansyasai/18595288010970 HTTP/2.0" 200 22915 "-" "Mozilla/5.0 AppleWebKit/537.36 (KHTML, like Gecko; compatible; bingbot/2.0; +http://www.bing.com/bingbot.htm) Chrome/116.0.1938.76 Safari/537.36"
20.220.15.7 - - [17/Apr/2026:01:43:48 +0000] "GET /new4.php HTTP/1.1" 200 37383 "-" "-"
207.46.13.153 - - [17/Apr/2026:01:43:50 +0000] "GET /?p=106758400071970 HTTP/2.0" 200 22826 "-" "Mozilla/5.0 AppleWebKit/537.36 (KHTML, like Gecko; compatible; bingbot/2.0; +http://www.bing.com/bingbot.htm) Chrome/116.0.1938.76 Safari/537.36"
207.46.13.153 - - [17/Apr/2026:01:43:52 +0000] "GET /product/category/2120329011970 HTTP/2.0" 200 23281 "-" "Mozilla/5.0 AppleWebKit/537.36 (KHTML, like Gecko; compatible; bingbot/2.0; +http://www.bing.com/bingbot.htm) Chrome/116.0.1938.76 Safari/537.36"
207.46.13.153 - - [17/Apr/2026:01:43:54 +0000] "GET /product/category/24541517031970 HTTP/2.0" 200 23585 "-" "Mozilla/5.0 AppleWebKit/537.36 (KHTML, like Gecko; compatible; bingbot/2.0; +http://www.bing.com/bingbot.htm) Chrome/116.0.1938.76 Safari/537.36"
20.220.15.7 - - [17/Apr/2026:01:43:56 +0000] "GET /wpxl.php HTTP/1.1" 200 37383 "-" "-"
207.46.13.153 - - [17/Apr/2026:01:43:57 +0000] "GET /contents/event/kansyasai/4014739020970 HTTP/2.0" 200 23429 "-" "Mozilla/5.0 AppleWebKit/537.36 (KHTML, like Gecko; compatible; bingbot/2.0; +http://www.bing.com/bingbot.htm) Chrome/116.0.1938.76 Safari/537.36"
207.46.13.153 - - [17/Apr/2026:01:43:58 +0000] "GET /product/review/23709972041970 HTTP/2.0" 200 23254 "-" "Mozilla/5.0 AppleWebKit/537.36 (KHTML, like Gecko; compatible; bingbot/2.0; +http://www.bing.com/bingbot.htm) Chrome/116.0.1938.76 Safari/537.36"
20.220.15.7 - - [17/Apr/2026:01:43:59 +0000] "GET /wp-load.php HTTP/1.1" 200 37386 "-" "-"
207.46.13.153 - - [17/Apr/2026:01:44:00 +0000] "GET /product/review/96404576031970 HTTP/2.0" 200 23143 "-" "Mozilla/5.0 AppleWebKit/537.36 (KHTML, like Gecko; compatible; bingbot/2.0; +http://www.bing.com/bingbot.htm) Chrome/116.0.1938.76 Safari/537.36"
207.46.13.153 - - [17/Apr/2026:01:44:01 +0000] "GET /contents/event/kansyasai/30559643040970 HTTP/2.0" 200 21881 "-" "Mozilla/5.0 AppleWebKit/537.36 (KHTML, like Gecko; compatible; bingbot/2.0; +http://www.bing.com/bingbot.htm) Chrome/116.0.1938.76 Safari/537.36"
20.220.15.7 - - [17/Apr/2026:01:44:02 +0000] "GET /wp-config.php HTTP/1.1" 200 37388 "-" "-"
20.220.15.7 - - [17/Apr/2026:01:44:04 +0000] "GET /wp-settings.php HTTP/1.1" 200 37390 "-" "-"
20.220.15.7 - - [17/Apr/2026:01:44:07 +0000] "GET /wp-login.php HTTP/1.1" 200 37387 "-" "-"
20.15.133.162 - - [17/Apr/2026:01:44:46 +0000] "GET /?p=24146661021970 HTTP/2.0" 200 23428 "-" "Mozilla/5.0 AppleWebKit/537.36 (KHTML, like Gecko; compatible; bingbot/2.0; +http://www.bing.com/bingbot.htm) Chrome/116.0.1938.76 Safari/537.36"
207.46.13.83 - - [17/Apr/2026:01:44:46 +0000] "GET /?p=6150467041970 HTTP/2.0" 200 23360 "-" "Mozilla/5.0 AppleWebKit/537.36 (KHTML, like Gecko; compatible; bingbot/2.0; +http://www.bing.com/bingbot.htm) Chrome/116.0.1938.76 Safari/537.36"
20.220.15.7 - - [17/Apr/2026:01:44:56 +0000] "GET /alfa.php HTTP/1.1" 200 37383 "-" "-"
20.220.15.7 - - [17/Apr/2026:01:45:07 +0000] "GET /admin.php HTTP/1.1" 200 37384 "-" "-"
20.220.15.7 - - [17/Apr/2026:01:45:20 +0000] "GET /66.php HTTP/1.1" 200 37381 "-" "-"
20.220.15.7 - - [17/Apr/2026:01:45:26 +0000] "GET /css.php HTTP/1.1" 200 37382 "-" "-"
20.220.15.7 - - [17/Apr/2026:01:45:35 +0000] "GET /init.php HTTP/1.1" 200 37383 "-" "-"
20.220.15.7 - - [17/Apr/2026:01:45:43 +0000] "GET /byp.php HTTP/1.1" 200 37382 "-" "-"
40.77.167.61 - - [17/Apr/2026:01:45:44 +0000] "GET /?p=96798511001970 HTTP/2.0" 200 23194 "-" "Mozilla/5.0 AppleWebKit/537.36 (KHTML, like Gecko; compatible; bingbot/2.0; +http://www.bing.com/bingbot.htm) Chrome/116.0.1938.76 Safari/537.36"
20.220.15.7 - - [17/Apr/2026:01:45:47 +0000] "GET /index.php HTTP/1.1" 200 37384 "-" "-"
20.220.15.7 - - [17/Apr/2026:01:45:55 +0000] "GET /index/chosen.php HTTP/1.1" 200 37391 "-" "-"
20.220.15.7 - - [17/Apr/2026:01:46:02 +0000] "GET /about/chosen.php HTTP/1.1" 200 37391 "-" "-"
20.220.15.7 - - [17/Apr/2026:01:46:05 +0000] "GET /as/chosen.php HTTP/1.1" 200 37388 "-" "-"
20.220.15.7 - - [17/Apr/2026:01:46:10 +0000] "GET /file/chosen.php HTTP/1.1" 200 37390 "-" "-"
20.220.15.7 - - [17/Apr/2026:01:46:16 +0000] "GET /chosen/chosen.php HTTP/1.1" 200 37392 "-" "-"
20.220.15.7 - - [17/Apr/2026:01:46:24 +0000] "GET /css/chosen.php HTTP/1.1" 200 37389 "-" "-"
20.220.15.7 - - [17/Apr/2026:01:46:27 +0000] "GET /hh.php HTTP/1.1" 200 37381 "-" "-"
66.249.64.32 - - [17/Apr/2026:01:46:30 +0000] "GET /product/review/60057176131970 HTTP/1.1" 200 22600 "-" "Mozilla/5.0 (Linux; Android 6.0.1; Nexus 5X Build/MMB29P) AppleWebKit/537.36 (KHTML, like Gecko) Chrome/146.0.7680.177 Mobile Safari/537.36 (compatible; Googlebot/2.1; +http://www.google.com/bot.html)"
207.46.13.83 - - [17/Apr/2026:01:46:35 +0000] "GET /product/review/4615330061970 HTTP/2.0" 200 22996 "-" "Mozilla/5.0 AppleWebKit/537.36 (KHTML, like Gecko; compatible; bingbot/2.0; +http://www.bing.com/bingbot.htm) Chrome/116.0.1938.76 Safari/537.36"
20.220.15.7 - - [17/Apr/2026:01:46:37 +0000] "GET /rt.php HTTP/1.1" 200 37381 "-" "-"
20.220.15.7 - - [17/Apr/2026:01:46:48 +0000] "GET /ex.php HTTP/1.1" 200 37381 "-" "-"
66.249.64.33 - - [17/Apr/2026:01:46:50 +0000] "GET /product/category/115968513091970 HTTP/1.1" 200 22862 "-" "Mozilla/5.0 (Linux; Android 6.0.1; Nexus 5X Build/MMB29P) AppleWebKit/537.36 (KHTML, like Gecko) Chrome/146.0.7680.177 Mobile Safari/537.36 (compatible; Googlebot/2.1; +http://www.google.com/bot.html)"
20.220.15.7 - - [17/Apr/2026:01:46:52 +0000] "GET /radio.php HTTP/1.1" 200 37384 "-" "-"
20.220.15.7 - - [17/Apr/2026:01:46:57 +0000] "GET /inputs.php HTTP/1.1" 200 37385 "-" "-"
20.220.15.7 - - [17/Apr/2026:01:46:59 +0000] "GET /about.php HTTP/1.1" 200 37384 "-" "-"
20.220.15.7 - - [17/Apr/2026:01:47:01 +0000] "GET /pages.php HTTP/1.1" 200 37384 "-" "-"
20.220.15.7 - - [17/Apr/2026:01:47:04 +0000] "GET /mah.php HTTP/1.1" 200 37382 "-" "-"
20.220.15.7 - - [17/Apr/2026:01:47:09 +0000] "GET /lock360.php HTTP/1.1" 200 37386 "-" "-"
20.220.15.7 - - [17/Apr/2026:01:47:17 +0000] "GET /error.php HTTP/1.1" 200 37384 "-" "-"
20.220.15.7 - - [17/Apr/2026:01:47:21 +0000] "GET /wp-admin/post.php HTTP/1.1" 200 37392 "-" "-"
20.220.15.7 - - [17/Apr/2026:01:47:26 +0000] "GET /wp-links-opml.php HTTP/1.1" 200 37392 "-" "-"
20.220.15.7 - - [17/Apr/2026:01:47:30 +0000] "GET /kk.php HTTP/1.1" 200 37381 "-" "-"
20.220.15.7 - - [17/Apr/2026:01:47:40 +0000] "GET /wp-admin.php HTTP/1.1" 200 37387 "-" "-"
20.220.15.7 - - [17/Apr/2026:01:47:49 +0000] "GET /66.php?p= HTTP/1.1" 200 37384 "-" "-"
20.220.15.7 - - [17/Apr/2026:01:47:52 +0000] "GET /test1.php HTTP/1.1" 200 37384 "-" "-"
20.220.15.7 - - [17/Apr/2026:01:47:54 +0000] "GET /wp-content/index.php HTTP/1.1" 200 37395 "-" "-"
20.220.15.7 - - [17/Apr/2026:01:47:58 +0000] "GET /wp-signup.php HTTP/1.1" 200 37388 "-" "-"
66.249.64.33 - - [17/Apr/2026:01:48:03 +0000] "GET /product/category/62543989021970 HTTP/1.1" 200 22838 "-" "Mozilla/5.0 (Linux; Android 6.0.1; Nexus 5X Build/MMB29P) AppleWebKit/537.36 (KHTML, like Gecko) Chrome/146.0.7680.177 Mobile Safari/537.36 (compatible; Googlebot/2.1; +http://www.google.com/bot.html)"
20.220.15.7 - - [17/Apr/2026:01:48:05 +0000] "GET /ty.php?act=upload HTTP/1.1" 200 37392 "-" "-"
207.46.13.83 - - [17/Apr/2026:01:48:05 +0000] "GET /?p=84448271031970 HTTP/2.0" 200 23364 "-" "Mozilla/5.0 AppleWebKit/537.36 (KHTML, like Gecko; compatible; bingbot/2.0; +http://www.bing.com/bingbot.htm) Chrome/116.0.1938.76 Safari/537.36"
20.220.15.7 - - [17/Apr/2026:01:48:17 +0000] "GET /%E2%80%89goods.php HTTP/1.1" 200 37393 "-" "-"
20.220.15.7 - - [17/Apr/2026:01:48:20 +0000] "GET /aa.php HTTP/1.1" 200 37381 "-" "-"
66.249.64.32 - - [17/Apr/2026:01:48:23 +0000] "GET /product/category/39927464021970 HTTP/1.1" 200 23735 "-" "Mozilla/5.0 (Linux; Android 6.0.1; Nexus 5X Build/MMB29P) AppleWebKit/537.36 (KHTML, like Gecko) Chrome/146.0.7680.177 Mobile Safari/537.36 (compatible; Googlebot/2.1; +http://www.google.com/bot.html)"
20.220.15.7 - - [17/Apr/2026:01:48:24 +0000] "GET /wp-admin/chosen.php HTTP/1.1" 200 37394 "-" "-"
20.220.15.7 - - [17/Apr/2026:01:48:27 +0000] "GET /wp-mail.php/wp-includes/admin.php HTTP/1.1" 200 37408 "-" "-"
207.46.13.17 - - [17/Apr/2026:01:48:27 +0000] "GET /?p=6886199001970 HTTP/2.0" 200 23457 "-" "Mozilla/5.0 AppleWebKit/537.36 (KHTML, like Gecko; compatible; bingbot/2.0; +http://www.bing.com/bingbot.htm) Chrome/116.0.1938.76 Safari/537.36"
20.220.15.7 - - [17/Apr/2026:01:48:31 +0000] "GET /info.php HTTP/1.1" 200 37383 "-" "-"
20.220.15.7 - - [17/Apr/2026:01:48:38 +0000] "GET /config.php HTTP/1.1" 200 37385 "-" "-"
20.220.15.7 - - [17/Apr/2026:01:48:49 +0000] "GET /index/function.php HTTP/1.1" 200 37393 "-" "-"
20.220.15.7 - - [17/Apr/2026:01:48:50 +0000] "GET /default.php HTTP/1.1" 200 37386 "-" "-"
66.249.64.32 - - [17/Apr/2026:01:48:52 +0000] "GET /shop/storeSearch/KeepCriteriaInput.aspx?&transition=top76462639032970 HTTP/1.1" 200 22971 "-" "Mozilla/5.0 (Linux; Android 6.0.1; Nexus 5X Build/MMB29P) AppleWebKit/537.36 (KHTML, like Gecko) Chrome/146.0.7680.177 Mobile Safari/537.36 (compatible; Googlebot/2.1; +http://www.google.com/bot.html)"
20.220.15.7 - - [17/Apr/2026:01:49:03 +0000] "GET /wp-admin/network/admin.php HTTP/1.1" 200 37401 "-" "-"
20.220.15.7 - - [17/Apr/2026:01:49:11 +0000] "GET /wp-admin/install.php HTTP/1.1" 200 37395 "-" "-"
20.220.15.7 - - [17/Apr/2026:01:49:14 +0000] "GET /privacy.php HTTP/1.1" 200 37386 "-" "-"
207.46.13.17 - - [17/Apr/2026:01:49:16 +0000] "GET /?p=66534263021970 HTTP/2.0" 200 23298 "-" "Mozilla/5.0 AppleWebKit/537.36 (KHTML, like Gecko; compatible; bingbot/2.0; +http://www.bing.com/bingbot.htm) Chrome/116.0.1938.76 Safari/537.36"
207.46.13.17 - - [17/Apr/2026:01:49:17 +0000] "GET /?p=11616409011970 HTTP/2.0" 200 23530 "-" "Mozilla/5.0 AppleWebKit/537.36 (KHTML, like Gecko; compatible; bingbot/2.0; +http://www.bing.com/bingbot.htm) Chrome/116.0.1938.76 Safari/537.36"
20.220.15.7 - - [17/Apr/2026:01:49:20 +0000] "GET /wp-conffg.php HTTP/1.1" 200 37388 "-" "-"
207.46.13.83 - - [17/Apr/2026:01:49:20 +0000] "GET /?p=55795851091970 HTTP/2.0" 200 23179 "-" "Mozilla/5.0 AppleWebKit/537.36 (KHTML, like Gecko; compatible; bingbot/2.0; +http://www.bing.com/bingbot.htm) Chrome/116.0.1938.76 Safari/537.36"
20.220.15.7 - - [17/Apr/2026:01:49:27 +0000] "GET /bb.php HTTP/1.1" 200 37381 "-" "-"
66.249.64.33 - - [17/Apr/2026:01:49:32 +0000] "GET /product/category/60026622011970 HTTP/1.1" 200 22890 "-" "Mozilla/5.0 (Linux; Android 6.0.1; Nexus 5X Build/MMB29P) AppleWebKit/537.36 (KHTML, like Gecko) Chrome/146.0.7680.177 Mobile Safari/537.36 (compatible; Googlebot/2.1; +http://www.google.com/bot.html)"
20.220.15.7 - - [17/Apr/2026:01:49:33 +0000] "GET /lf.php HTTP/1.1" 200 37381 "-" "-"
20.220.15.7 - - [17/Apr/2026:01:49:38 +0000] "GET /WSO.php HTTP/1.1" 200 37382 "-" "-"
20.220.15.7 - - [17/Apr/2026:01:49:42 +0000] "GET /hello.php HTTP/1.1" 200 37384 "-" "-"
20.220.15.7 - - [17/Apr/2026:01:49:48 +0000] "GET /ok.php HTTP/1.1" 200 37381 "-" "-"
20.220.15.7 - - [17/Apr/2026:01:49:59 +0000] "GET /if.php HTTP/1.1" 200 37381 "-" "-"
20.220.15.7 - - [17/Apr/2026:01:50:00 +0000] "GET /mrjn.php HTTP/1.1" 200 37383 "-" "-"
20.220.15.7 - - [17/Apr/2026:01:50:04 +0000] "GET /kn.php HTTP/1.1" 200 37381 "-" "-"
20.220.15.7 - - [17/Apr/2026:01:50:07 +0000] "GET /3301.php HTTP/1.1" 200 37383 "-" "-"
20.220.15.7 - - [17/Apr/2026:01:50:11 +0000] "GET /alex.php HTTP/1.1" 200 37383 "-" "-"
20.220.15.7 - - [17/Apr/2026:01:50:12 +0000] "GET /mailer.php HTTP/1.1" 200 37385 "-" "-"
66.249.64.33 - - [17/Apr/2026:01:50:12 +0000] "GET /product/category/88144651061970 HTTP/1.1" 200 22595 "-" "Mozilla/5.0 (Linux; Android 6.0.1; Nexus 5X Build/MMB29P) AppleWebKit/537.36 (KHTML, like Gecko) Chrome/146.0.7680.177 Mobile Safari/537.36 (compatible; Googlebot/2.1; +http://www.google.com/bot.html)"
20.220.15.7 - - [17/Apr/2026:01:50:14 +0000] "GET /anone.php HTTP/1.1" 200 37384 "-" "-"
20.220.15.7 - - [17/Apr/2026:01:50:20 +0000] "GET /wp-configer.php HTTP/1.1" 200 37390 "-" "-"
20.220.15.7 - - [17/Apr/2026:01:50:25 +0000] "GET /wp-ad.php HTTP/1.1" 200 37384 "-" "-"
20.220.15.7 - - [17/Apr/2026:01:50:34 +0000] "GET /send.php HTTP/1.1" 200 37383 "-" "-"
20.220.15.7 - - [17/Apr/2026:01:50:47 +0000] "GET /3.php HTTP/1.1" 200 37380 "-" "-"
66.249.64.32 - - [17/Apr/2026:01:50:53 +0000] "GET /product/review/2281946041970 HTTP/1.1" 200 23120 "-" "Mozilla/5.0 (Linux; Android 6.0.1; Nexus 5X Build/MMB29P) AppleWebKit/537.36 (KHTML, like Gecko) Chrome/146.0.7680.177 Mobile Safari/537.36 (compatible; Googlebot/2.1; +http://www.google.com/bot.html)"
207.46.13.83 - - [17/Apr/2026:01:50:56 +0000] "GET /?p=34942025071970 HTTP/2.0" 200 23063 "-" "Mozilla/5.0 AppleWebKit/537.36 (KHTML, like Gecko; compatible; bingbot/2.0; +http://www.bing.com/bingbot.htm) Chrome/116.0.1938.76 Safari/537.36"
20.220.15.7 - - [17/Apr/2026:01:51:00 +0000] "GET /.wp-cache.php HTTP/1.1" 200 37388 "-" "-"
20.220.15.7 - - [17/Apr/2026:01:51:12 +0000] "GET /sendmail.php HTTP/1.1" 200 37387 "-" "-"
207.46.13.83 - - [17/Apr/2026:01:51:15 +0000] "GET /?p=16291328021970 HTTP/2.0" 200 23646 "-" "Mozilla/5.0 AppleWebKit/537.36 (KHTML, like Gecko; compatible; bingbot/2.0; +http://www.bing.com/bingbot.htm) Chrome/116.0.1938.76 Safari/537.36"
20.220.15.7 - - [17/Apr/2026:01:51:16 +0000] "GET /rahma.php HTTP/1.1" 200 37384 "-" "-"
20.220.15.7 - - [17/Apr/2026:01:51:19 +0000] "GET /nasgor.php HTTP/1.1" 200 37385 "-" "-"
20.220.15.7 - - [17/Apr/2026:01:51:20 +0000] "GET /wp-confirm.php HTTP/1.1" 200 37389 "-" "-"
20.220.15.7 - - [17/Apr/2026:01:51:29 +0000] "GET /alfa123.php HTTP/1.1" 200 37386 "-" "-"
66.249.64.34 - - [17/Apr/2026:01:51:33 +0000] "GET /product/category/108655270031970 HTTP/1.1" 200 23616 "-" "Mozilla/5.0 (Linux; Android 6.0.1; Nexus 5X Build/MMB29P) AppleWebKit/537.36 (KHTML, like Gecko) Chrome/146.0.7680.177 Mobile Safari/537.36 (compatible; Googlebot/2.1; +http://www.google.com/bot.html)"
20.220.15.7 - - [17/Apr/2026:01:51:38 +0000] "GET /upload.php HTTP/1.1" 200 37385 "-" "-"
20.220.15.7 - - [17/Apr/2026:01:51:45 +0000] "GET /bypass.php HTTP/1.1" 200 37385 "-" "-"
20.220.15.7 - - [17/Apr/2026:01:51:48 +0000] "GET /wp-one.php HTTP/1.1" 200 37385 "-" "-"
20.220.15.7 - - [17/Apr/2026:01:51:57 +0000] "GET /alexus.php HTTP/1.1" 200 37385 "-" "-"
20.220.15.7 - - [17/Apr/2026:01:52:00 +0000] "GET /wso1337.php HTTP/1.1" 200 37386 "-" "-"
20.220.15.7 - - [17/Apr/2026:01:52:05 +0000] "GET /blog.php HTTP/1.1" 200 37383 "-" "-"
20.220.15.7 - - [17/Apr/2026:01:52:16 +0000] "GET /it.php HTTP/1.1" 200 37381 "-" "-"
20.220.15.7 - - [17/Apr/2026:01:52:28 +0000] "GET /kiss.php HTTP/1.1" 200 37383 "-" "-"
20.220.15.7 - - [17/Apr/2026:01:52:32 +0000] "GET /0.php HTTP/1.1" 200 37380 "-" "-"
20.220.15.7 - - [17/Apr/2026:01:52:35 +0000] "GET /cms.php HTTP/1.1" 200 37382 "-" "-"
52.167.144.18 - - [17/Apr/2026:01:52:43 +0000] "GET /?p=2545721051970 HTTP/2.0" 200 23120 "-" "Mozilla/5.0 AppleWebKit/537.36 (KHTML, like Gecko; compatible; bingbot/2.0; +http://www.bing.com/bingbot.htm) Chrome/116.0.1938.76 Safari/537.36"
20.220.15.7 - - [17/Apr/2026:01:52:44 +0000] "GET /wp-uploads.php HTTP/1.1" 200 37389 "-" "-"
66.249.64.32 - - [17/Apr/2026:01:52:46 +0000] "GET /shop/storeSearch/KeepCriteriaInput.aspx?&transition=top2210245002970 HTTP/1.1" 200 23489 "-" "Mozilla/5.0 (Linux; Android 6.0.1; Nexus 5X Build/MMB29P) AppleWebKit/537.36 (KHTML, like Gecko) Chrome/146.0.7680.177 Mobile Safari/537.36 (compatible; Googlebot/2.1; +http://www.google.com/bot.html)"
20.220.15.7 - - [17/Apr/2026:01:52:49 +0000] "GET /Gel.php HTTP/1.1" 200 37382 "-" "-"
20.220.15.7 - - [17/Apr/2026:01:52:53 +0000] "GET /41.php HTTP/1.1" 200 37381 "-" "-"
20.220.15.7 - - [17/Apr/2026:01:52:55 +0000] "GET /4price.php HTTP/1.1" 200 37385 "-" "-"
20.220.15.7 - - [17/Apr/2026:01:52:55 +0000] "GET /.fk.php HTTP/1.1" 200 37382 "-" "-"
20.220.15.7 - - [17/Apr/2026:01:52:56 +0000] "GET /Sendemail.php HTTP/1.1" 200 37388 "-" "-"
20.220.15.7 - - [17/Apr/2026:01:52:59 +0000] "GET /content.php HTTP/1.1" 200 37386 "-" "-"
20.220.15.7 - - [17/Apr/2026:01:53:01 +0000] "GET /olu.php HTTP/1.1" 200 37382 "-" "-"
20.220.15.7 - - [17/Apr/2026:01:53:04 +0000] "GET /sad/about.php HTTP/1.1" 200 37388 "-" "-"
52.167.144.18 - - [17/Apr/2026:01:53:06 +0000] "GET /?p=79901561001970 HTTP/2.0" 200 22966 "-" "Mozilla/5.0 AppleWebKit/537.36 (KHTML, like Gecko; compatible; bingbot/2.0; +http://www.bing.com/bingbot.htm) Chrome/116.0.1938.76 Safari/537.36"
66.249.64.32 - - [17/Apr/2026:01:53:06 +0000] "GET /product/category/68632481091970 HTTP/1.1" 200 22576 "-" "Mozilla/5.0 (Linux; Android 6.0.1; Nexus 5X Build/MMB29P) AppleWebKit/537.36 (KHTML, like Gecko) Chrome/146.0.7680.177 Mobile Safari/537.36 (compatible; Googlebot/2.1; +http://www.google.com/bot.html)"
20.220.15.7 - - [17/Apr/2026:01:53:07 +0000] "GET /wp-content/uploads/about.php HTTP/1.1" 200 37403 "-" "-"
20.220.15.7 - - [17/Apr/2026:01:53:11 +0000] "GET /goat.php HTTP/1.1" 200 37383 "-" "-"
207.46.13.17 - - [17/Apr/2026:01:53:11 +0000] "GET /?p=60746778031970 HTTP/2.0" 200 23777 "-" "Mozilla/5.0 AppleWebKit/537.36 (KHTML, like Gecko; compatible; bingbot/2.0; +http://www.bing.com/bingbot.htm) Chrome/116.0.1938.76 Safari/537.36"
207.46.13.17 - - [17/Apr/2026:01:53:12 +0000] "GET /?p=24903825021970 HTTP/2.0" 200 23742 "-" "Mozilla/5.0 AppleWebKit/537.36 (KHTML, like Gecko; compatible; bingbot/2.0; +http://www.bing.com/bingbot.htm) Chrome/116.0.1938.76 Safari/537.36"
207.46.13.17 - - [17/Apr/2026:01:53:13 +0000] "GET /contents/event/kansyasai/64134723030970 HTTP/2.0" 200 22849 "-" "Mozilla/5.0 AppleWebKit/537.36 (KHTML, like Gecko; compatible; bingbot/2.0; +http://www.bing.com/bingbot.htm) Chrome/116.0.1938.76 Safari/537.36"
52.167.144.18 - - [17/Apr/2026:01:53:16 +0000] "GET /product/review/89341111011970 HTTP/2.0" 200 23496 "-" "Mozilla/5.0 AppleWebKit/537.36 (KHTML, like Gecko; compatible; bingbot/2.0; +http://www.bing.com/bingbot.htm) Chrome/116.0.1938.76 Safari/537.36"
20.220.15.7 - - [17/Apr/2026:01:53:18 +0000] "GET /alexusmailer%202.0.php HTTP/1.1" 200 37397 "-" "-"
20.220.15.7 - - [17/Apr/2026:01:53:20 +0000] "GET /rss.php HTTP/1.1" 200 37382 "-" "-"
207.46.13.83 - - [17/Apr/2026:01:53:21 +0000] "GET /?p=23641716011970 HTTP/2.0" 200 23813 "-" "Mozilla/5.0 AppleWebKit/537.36 (KHTML, like Gecko; compatible; bingbot/2.0; +http://www.bing.com/bingbot.htm) Chrome/116.0.1938.76 Safari/537.36"
207.46.13.83 - - [17/Apr/2026:01:53:22 +0000] "GET /?p=64618884061970 HTTP/2.0" 200 22661 "-" "Mozilla/5.0 AppleWebKit/537.36 (KHTML, like Gecko; compatible; bingbot/2.0; +http://www.bing.com/bingbot.htm) Chrome/116.0.1938.76 Safari/537.36"
207.46.13.83 - - [17/Apr/2026:01:53:22 +0000] "GET /product/category/22993783031970 HTTP/2.0" 200 23622 "-" "Mozilla/5.0 AppleWebKit/537.36 (KHTML, like Gecko; compatible; bingbot/2.0; +http://www.bing.com/bingbot.htm) Chrome/116.0.1938.76 Safari/537.36"
207.46.13.83 - - [17/Apr/2026:01:53:23 +0000] "GET /product/category/45552992021970 HTTP/2.0" 200 23181 "-" "Mozilla/5.0 AppleWebKit/537.36 (KHTML, like Gecko; compatible; bingbot/2.0; +http://www.bing.com/bingbot.htm) Chrome/116.0.1938.76 Safari/537.36"
207.46.13.83 - - [17/Apr/2026:01:53:27 +0000] "GET /product/review/5836433051970 HTTP/2.0" 200 23523 "-" "Mozilla/5.0 AppleWebKit/537.36 (KHTML, like Gecko; compatible; bingbot/2.0; +http://www.bing.com/bingbot.htm) Chrome/116.0.1938.76 Safari/537.36"
20.220.15.7 - - [17/Apr/2026:01:53:28 +0000] "GET /wp-file.php HTTP/1.1" 200 37386 "-" "-"
207.46.13.83 - - [17/Apr/2026:01:53:28 +0000] "GET /product/review/96826856041970 HTTP/2.0" 200 22859 "-" "Mozilla/5.0 AppleWebKit/537.36 (KHTML, like Gecko; compatible; bingbot/2.0; +http://www.bing.com/bingbot.htm) Chrome/116.0.1938.76 Safari/537.36"
20.220.15.7 - - [17/Apr/2026:01:53:32 +0000] "GET /wso2.php HTTP/1.1" 200 37383 "-" "-"
66.249.64.32 - - [17/Apr/2026:01:53:33 +0000] "GET /product/category/68487617021970 HTTP/1.1" 200 23143 "-" "Mozilla/5.0 (Linux; Android 6.0.1; Nexus 5X Build/MMB29P) AppleWebKit/537.36 (KHTML, like Gecko) Chrome/146.0.7680.177 Mobile Safari/537.36 (compatible; Googlebot/2.1; +http://www.google.com/bot.html)"
20.220.15.7 - - [17/Apr/2026:01:53:37 +0000] "GET /wso1.php HTTP/1.1" 200 37383 "-" "-"
20.220.15.7 - - [17/Apr/2026:01:53:39 +0000] "GET /olux.php HTTP/1.1" 200 37383 "-" "-"
20.220.15.7 - - [17/Apr/2026:01:53:43 +0000] "GET /wp-info.php HTTP/1.1" 200 37386 "-" "-"
20.220.15.7 - - [17/Apr/2026:01:53:46 +0000] "GET /xl.php HTTP/1.1" 200 37381 "-" "-"
20.220.15.7 - - [17/Apr/2026:01:53:49 +0000] "GET /wp-confiig.php HTTP/1.1" 200 37389 "-" "-"
20.220.15.7 - - [17/Apr/2026:01:53:51 +0000] "GET /file-manager.php HTTP/1.1" 200 37391 "-" "-"
20.220.15.7 - - [17/Apr/2026:01:53:54 +0000] "GET /uploader.php HTTP/1.1" 200 37387 "-" "-"
20.220.15.7 - - [17/Apr/2026:01:54:02 +0000] "GET /leafmailer.php HTTP/1.1" 200 37389 "-" "-"
20.220.15.7 - - [17/Apr/2026:01:54:11 +0000] "GET /ALFA_DATA/alfacgiapi/perl.alfa HTTP/1.1" 200 37405 "-" "-"
66.249.64.33 - - [17/Apr/2026:01:54:14 +0000] "GET /product/category/111991685071970 HTTP/1.1" 200 23476 "-" "Mozilla/5.0 (Linux; Android 6.0.1; Nexus 5X Build/MMB29P) AppleWebKit/537.36 (KHTML, like Gecko) Chrome/146.0.7680.177 Mobile Safari/537.36 (compatible; Googlebot/2.1; +http://www.google.com/bot.html)"
20.220.15.7 - - [17/Apr/2026:01:54:15 +0000] "GET /date.php HTTP/1.1" 200 37383 "-" "-"
20.220.15.7 - - [17/Apr/2026:01:54:18 +0000] "GET /pomo.php HTTP/1.1" 200 37383 "-" "-"
20.220.15.7 - - [17/Apr/2026:01:54:21 +0000] "GET /8.php HTTP/1.1" 200 37380 "-" "-"
20.220.15.7 - - [17/Apr/2026:01:54:27 +0000] "GET /t/rfi.php HTTP/1.1" 200 37384 "-" "-"
20.220.15.7 - - [17/Apr/2026:01:54:42 +0000] "GET /lib/filelib.php HTTP/1.1" 200 37390 "-" "-"
20.220.15.7 - - [17/Apr/2026:01:54:46 +0000] "GET /pluginfile.php HTTP/1.1" 200 37389 "-" "-"
20.220.15.7 - - [17/Apr/2026:01:54:49 +0000] "GET /lib/setup.php HTTP/1.1" 200 37388 "-" "-"
20.220.15.7 - - [17/Apr/2026:01:54:51 +0000] "GET /version.php HTTP/1.1" 200 37386 "-" "-"
20.220.15.7 - - [17/Apr/2026:01:54:53 +0000] "GET /auth/oauth2/lib.php HTTP/1.1" 200 37394 "-" "-"
66.249.64.33 - - [17/Apr/2026:01:54:54 +0000] "GET /product/review/118090909061970 HTTP/1.1" 200 23559 "-" "Mozilla/5.0 (Linux; Android 6.0.1; Nexus 5X Build/MMB29P) AppleWebKit/537.36 (KHTML, like Gecko) Chrome/146.0.7680.177 Mobile Safari/537.36 (compatible; Googlebot/2.1; +http://www.google.com/bot.html)"
