20.220.15.7 - - [17/Apr/2026:01:54:56 +0000] "GET /cgiag/mycgia/lib/weblib.php HTTP/1.1" 200 37402 "-" "-"
20.220.15.7 - - [17/Apr/2026:01:55:00 +0000] "GET /bless.php HTTP/1.1" 200 37384 "-" "-"
52.167.144.18 - - [17/Apr/2026:01:55:07 +0000] "GET /?p=61028998091970 HTTP/2.0" 200 22800 "-" "Mozilla/5.0 AppleWebKit/537.36 (KHTML, like Gecko; compatible; bingbot/2.0; +http://www.bing.com/bingbot.htm) Chrome/116.0.1938.76 Safari/537.36"
52.167.144.18 - - [17/Apr/2026:01:55:08 +0000] "GET /?p=1095689041970 HTTP/2.0" 200 22889 "-" "Mozilla/5.0 AppleWebKit/537.36 (KHTML, like Gecko; compatible; bingbot/2.0; +http://www.bing.com/bingbot.htm) Chrome/116.0.1938.76 Safari/537.36"
52.167.144.18 - - [17/Apr/2026:01:55:09 +0000] "GET /?p=85406999071970 HTTP/2.0" 200 23686 "-" "Mozilla/5.0 AppleWebKit/537.36 (KHTML, like Gecko; compatible; bingbot/2.0; +http://www.bing.com/bingbot.htm) Chrome/116.0.1938.76 Safari/537.36"
157.55.39.53 - - [17/Apr/2026:01:55:10 +0000] "GET /?p=87434054061970 HTTP/2.0" 200 22527 "-" "Mozilla/5.0 AppleWebKit/537.36 (KHTML, like Gecko; compatible; bingbot/2.0; +http://www.bing.com/bingbot.htm) Chrome/116.0.1938.76 Safari/537.36"
157.55.39.53 - - [17/Apr/2026:01:55:12 +0000] "GET /?p=46110407051970 HTTP/2.0" 200 23045 "-" "Mozilla/5.0 AppleWebKit/537.36 (KHTML, like Gecko; compatible; bingbot/2.0; +http://www.bing.com/bingbot.htm) Chrome/116.0.1938.76 Safari/537.36"
157.55.39.53 - - [17/Apr/2026:01:55:13 +0000] "GET /?p=28046998051970 HTTP/2.0" 200 23076 "-" "Mozilla/5.0 AppleWebKit/537.36 (KHTML, like Gecko; compatible; bingbot/2.0; +http://www.bing.com/bingbot.htm) Chrome/116.0.1938.76 Safari/537.36"
157.55.39.53 - - [17/Apr/2026:01:55:14 +0000] "GET /?p=2898915041970 HTTP/2.0" 200 23145 "-" "Mozilla/5.0 AppleWebKit/537.36 (KHTML, like Gecko; compatible; bingbot/2.0; +http://www.bing.com/bingbot.htm) Chrome/116.0.1938.76 Safari/537.36"
157.55.39.53 - - [17/Apr/2026:01:55:15 +0000] "GET /?p=23595367011970 HTTP/2.0" 200 23203 "-" "Mozilla/5.0 AppleWebKit/537.36 (KHTML, like Gecko; compatible; bingbot/2.0; +http://www.bing.com/bingbot.htm) Chrome/116.0.1938.76 Safari/537.36"
52.167.144.18 - - [17/Apr/2026:01:55:16 +0000] "GET /?p=57529481001970 HTTP/2.0" 200 24337 "-" "Mozilla/5.0 AppleWebKit/537.36 (KHTML, like Gecko; compatible; bingbot/2.0; +http://www.bing.com/bingbot.htm) Chrome/116.0.1938.76 Safari/537.36"
52.167.144.18 - - [17/Apr/2026:01:55:16 +0000] "GET /product/review/21519905041970 HTTP/2.0" 200 22727 "-" "Mozilla/5.0 AppleWebKit/537.36 (KHTML, like Gecko; compatible; bingbot/2.0; +http://www.bing.com/bingbot.htm) Chrome/116.0.1938.76 Safari/537.36"
52.167.144.18 - - [17/Apr/2026:01:55:17 +0000] "GET /product/review/33840399021970 HTTP/2.0" 200 23250 "-" "Mozilla/5.0 AppleWebKit/537.36 (KHTML, like Gecko; compatible; bingbot/2.0; +http://www.bing.com/bingbot.htm) Chrome/116.0.1938.76 Safari/537.36"
52.167.144.18 - - [17/Apr/2026:01:55:18 +0000] "GET /product/review/4596016061970 HTTP/2.0" 200 23095 "-" "Mozilla/5.0 AppleWebKit/537.36 (KHTML, like Gecko; compatible; bingbot/2.0; +http://www.bing.com/bingbot.htm) Chrome/116.0.1938.76 Safari/537.36"
157.55.39.53 - - [17/Apr/2026:01:55:21 +0000] "GET /?p=2667576011970 HTTP/2.0" 200 22648 "-" "Mozilla/5.0 AppleWebKit/537.36 (KHTML, like Gecko; compatible; bingbot/2.0; +http://www.bing.com/bingbot.htm) Chrome/116.0.1938.76 Safari/537.36"
207.46.13.170 - - [17/Apr/2026:01:55:23 +0000] "GET /?p=78875618021970 HTTP/2.0" 200 23558 "-" "Mozilla/5.0 AppleWebKit/537.36 (KHTML, like Gecko; compatible; bingbot/2.0; +http://www.bing.com/bingbot.htm) Chrome/116.0.1938.76 Safari/537.36"
207.46.13.170 - - [17/Apr/2026:01:55:25 +0000] "GET /?p=27141976031970 HTTP/2.0" 200 23408 "-" "Mozilla/5.0 AppleWebKit/537.36 (KHTML, like Gecko; compatible; bingbot/2.0; +http://www.bing.com/bingbot.htm) Chrome/116.0.1938.76 Safari/537.36"
157.55.39.53 - - [17/Apr/2026:01:55:25 +0000] "GET /product/category/3222459051970 HTTP/2.0" 200 22873 "-" "Mozilla/5.0 AppleWebKit/537.36 (KHTML, like Gecko; compatible; bingbot/2.0; +http://www.bing.com/bingbot.htm) Chrome/116.0.1938.76 Safari/537.36"
207.46.13.170 - - [17/Apr/2026:01:55:26 +0000] "GET /?p=10344860081970 HTTP/2.0" 200 22856 "-" "Mozilla/5.0 AppleWebKit/537.36 (KHTML, like Gecko; compatible; bingbot/2.0; +http://www.bing.com/bingbot.htm) Chrome/116.0.1938.76 Safari/537.36"
157.55.39.53 - - [17/Apr/2026:01:55:26 +0000] "GET /product/review/1634755021970 HTTP/2.0" 200 23591 "-" "Mozilla/5.0 AppleWebKit/537.36 (KHTML, like Gecko; compatible; bingbot/2.0; +http://www.bing.com/bingbot.htm) Chrome/116.0.1938.76 Safari/537.36"
157.55.39.53 - - [17/Apr/2026:01:55:29 +0000] "GET /?p=52216403101970 HTTP/2.0" 200 22961 "-" "Mozilla/5.0 AppleWebKit/537.36 (KHTML, like Gecko; compatible; bingbot/2.0; +http://www.bing.com/bingbot.htm) Chrome/116.0.1938.76 Safari/537.36"
52.167.144.18 - - [17/Apr/2026:01:55:30 +0000] "GET /contents/event/kansyasai/27675238010970 HTTP/2.0" 200 22548 "-" "Mozilla/5.0 AppleWebKit/537.36 (KHTML, like Gecko; compatible; bingbot/2.0; +http://www.bing.com/bingbot.htm) Chrome/116.0.1938.76 Safari/537.36"
66.249.64.32 - - [17/Apr/2026:01:55:34 +0000] "GET /shop/storeSearch/KeepCriteriaInput.aspx?&transition=top110510942042970 HTTP/1.1" 200 22617 "-" "Mozilla/5.0 (Linux; Android 6.0.1; Nexus 5X Build/MMB29P) AppleWebKit/537.36 (KHTML, like Gecko) Chrome/146.0.7680.177 Mobile Safari/537.36 (compatible; Googlebot/2.1; +http://www.google.com/bot.html)"
207.46.13.170 - - [17/Apr/2026:01:55:39 +0000] "GET /?p=100152733021970 HTTP/2.0" 200 23434 "-" "Mozilla/5.0 AppleWebKit/537.36 (KHTML, like Gecko; compatible; bingbot/2.0; +http://www.bing.com/bingbot.htm) Chrome/116.0.1938.76 Safari/537.36"
207.46.13.170 - - [17/Apr/2026:01:55:41 +0000] "GET /product/review/27695299021970 HTTP/2.0" 200 23386 "-" "Mozilla/5.0 AppleWebKit/537.36 (KHTML, like Gecko; compatible; bingbot/2.0; +http://www.bing.com/bingbot.htm) Chrome/116.0.1938.76 Safari/537.36"
207.46.13.170 - - [17/Apr/2026:01:55:42 +0000] "GET /product/review/60446468061970 HTTP/2.0" 200 22786 "-" "Mozilla/5.0 AppleWebKit/537.36 (KHTML, like Gecko; compatible; bingbot/2.0; +http://www.bing.com/bingbot.htm) Chrome/116.0.1938.76 Safari/537.36"
207.46.13.170 - - [17/Apr/2026:01:55:42 +0000] "GET /contents/event/kansyasai/5403384020970 HTTP/2.0" 200 23218 "-" "Mozilla/5.0 AppleWebKit/537.36 (KHTML, like Gecko; compatible; bingbot/2.0; +http://www.bing.com/bingbot.htm) Chrome/116.0.1938.76 Safari/537.36"
207.46.13.170 - - [17/Apr/2026:01:55:43 +0000] "GET /product/review/26391308011970 HTTP/2.0" 200 23284 "-" "Mozilla/5.0 AppleWebKit/537.36 (KHTML, like Gecko; compatible; bingbot/2.0; +http://www.bing.com/bingbot.htm) Chrome/116.0.1938.76 Safari/537.36"
207.46.13.170 - - [17/Apr/2026:01:55:43 +0000] "GET /?p=4356335031970 HTTP/2.0" 200 22840 "-" "Mozilla/5.0 AppleWebKit/537.36 (KHTML, like Gecko; compatible; bingbot/2.0; +http://www.bing.com/bingbot.htm) Chrome/116.0.1938.76 Safari/537.36"
20.220.15.7 - - [17/Apr/2026:01:55:46 +0000] "GET /ioxi-o.php HTTP/1.1" 200 37385 "-" "-"
20.220.15.7 - - [17/Apr/2026:01:56:08 +0000] "GET /xmrlpc.php HTTP/1.1" 200 37385 "-" "-"
20.220.15.7 - - [17/Apr/2026:01:56:12 +0000] "GET /class.php HTTP/1.1" 200 37384 "-" "-"
66.249.64.33 - - [17/Apr/2026:01:56:14 +0000] "GET /product/review/91909799001970 HTTP/1.1" 200 22841 "-" "Mozilla/5.0 (Linux; Android 6.0.1; Nexus 5X Build/MMB29P) AppleWebKit/537.36 (KHTML, like Gecko) Chrome/146.0.7680.177 Mobile Safari/537.36 (compatible; Googlebot/2.1; +http://www.google.com/bot.html)"
20.220.15.7 - - [17/Apr/2026:01:56:19 +0000] "GET /goods.php HTTP/1.1" 200 37384 "-" "-"
20.220.15.7 - - [17/Apr/2026:01:56:28 +0000] "GET /as.php HTTP/1.1" 200 37381 "-" "-"
20.220.15.7 - - [17/Apr/2026:01:56:32 +0000] "GET /aw.php HTTP/1.1" 200 37381 "-" "-"
20.220.15.7 - - [17/Apr/2026:01:56:35 +0000] "GET /222.php HTTP/1.1" 200 37382 "-" "-"
20.220.15.7 - - [17/Apr/2026:01:56:37 +0000] "GET /chosen.php?p= HTTP/1.1" 200 37388 "-" "-"
20.220.15.7 - - [17/Apr/2026:01:56:41 +0000] "GET /defaults.php HTTP/1.1" 200 37387 "-" "-"
20.220.15.7 - - [17/Apr/2026:01:56:47 +0000] "GET /wp-includes/ HTTP/1.1" 200 37387 "-" "-"
20.220.15.7 - - [17/Apr/2026:01:56:52 +0000] "GET /13.php HTTP/1.1" 200 37381 "-" "-"
52.167.144.18 - - [17/Apr/2026:01:56:55 +0000] "GET /?p=38291922131970 HTTP/2.0" 200 22920 "-" "Mozilla/5.0 AppleWebKit/537.36 (KHTML, like Gecko; compatible; bingbot/2.0; +http://www.bing.com/bingbot.htm) Chrome/116.0.1938.76 Safari/537.36"
20.220.15.7 - - [17/Apr/2026:01:56:57 +0000] "GET /new.php HTTP/1.1" 200 37382 "-" "-"
20.220.15.7 - - [17/Apr/2026:01:57:01 +0000] "GET /k.php HTTP/1.1" 200 37380 "-" "-"
20.220.15.7 - - [17/Apr/2026:01:57:03 +0000] "GET /system.php HTTP/1.1" 200 37385 "-" "-"
20.220.15.7 - - [17/Apr/2026:01:57:09 +0000] "GET /s.php HTTP/1.1" 200 37380 "-" "-"
20.220.15.7 - - [17/Apr/2026:01:57:17 +0000] "GET /wi.php HTTP/1.1" 200 37381 "-" "-"
20.220.15.7 - - [17/Apr/2026:01:57:21 +0000] "GET /NewFile.php HTTP/1.1" 200 37386 "-" "-"
20.220.15.7 - - [17/Apr/2026:01:57:27 +0000] "GET /plugins.php HTTP/1.1" 200 37386 "-" "-"
66.249.64.32 - - [17/Apr/2026:01:57:27 +0000] "GET /contents/event/kansyasai/50081247080970 HTTP/1.1" 200 22575 "-" "Mozilla/5.0 (Linux; Android 6.0.1; Nexus 5X Build/MMB29P) AppleWebKit/537.36 (KHTML, like Gecko) Chrome/146.0.7680.177 Mobile Safari/537.36 (compatible; Googlebot/2.1; +http://www.google.com/bot.html)"
20.220.15.7 - - [17/Apr/2026:01:57:30 +0000] "GET /item.php HTTP/1.1" 200 37383 "-" "-"
20.220.15.7 - - [17/Apr/2026:01:57:37 +0000] "GET /well-known/ HTTP/1.1" 200 37386 "-" "-"
20.220.15.7 - - [17/Apr/2026:01:57:39 +0000] "GET /cgi-bin/ HTTP/1.1" 200 37383 "-" "-"
40.77.167.143 - - [17/Apr/2026:01:57:54 +0000] "GET /product/review/6687713121970 HTTP/2.0" 200 23001 "-" "Mozilla/5.0 AppleWebKit/537.36 (KHTML, like Gecko; compatible; bingbot/2.0; +http://www.bing.com/bingbot.htm) Chrome/116.0.1938.76 Safari/537.36"
20.15.133.175 - - [17/Apr/2026:01:58:27 +0000] "GET /?p=6857635011970 HTTP/2.0" 200 23339 "-" "Mozilla/5.0 AppleWebKit/537.36 (KHTML, like Gecko; compatible; bingbot/2.0; +http://www.bing.com/bingbot.htm) Chrome/116.0.1938.76 Safari/537.36"
157.55.39.53 - - [17/Apr/2026:01:58:49 +0000] "GET /?p=107270590131970 HTTP/2.0" 200 22657 "-" "Mozilla/5.0 AppleWebKit/537.36 (KHTML, like Gecko; compatible; bingbot/2.0; +http://www.bing.com/bingbot.htm) Chrome/116.0.1938.76 Safari/537.36"
157.55.39.53 - - [17/Apr/2026:01:58:50 +0000] "GET /?p=5765622141970 HTTP/2.0" 200 23034 "-" "Mozilla/5.0 AppleWebKit/537.36 (KHTML, like Gecko; compatible; bingbot/2.0; +http://www.bing.com/bingbot.htm) Chrome/116.0.1938.76 Safari/537.36"
157.55.39.53 - - [17/Apr/2026:01:58:51 +0000] "GET /?p=4435636001970 HTTP/2.0" 200 23442 "-" "Mozilla/5.0 AppleWebKit/537.36 (KHTML, like Gecko; compatible; bingbot/2.0; +http://www.bing.com/bingbot.htm) Chrome/116.0.1938.76 Safari/537.36"
157.55.39.53 - - [17/Apr/2026:01:58:52 +0000] "GET /product/review/28714654041970 HTTP/2.0" 200 23361 "-" "Mozilla/5.0 AppleWebKit/537.36 (KHTML, like Gecko; compatible; bingbot/2.0; +http://www.bing.com/bingbot.htm) Chrome/116.0.1938.76 Safari/537.36"
157.55.39.53 - - [17/Apr/2026:01:58:53 +0000] "GET /product/category/1935174071970 HTTP/2.0" 200 22945 "-" "Mozilla/5.0 AppleWebKit/537.36 (KHTML, like Gecko; compatible; bingbot/2.0; +http://www.bing.com/bingbot.htm) Chrome/116.0.1938.76 Safari/537.36"
66.249.64.32 - - [17/Apr/2026:01:58:55 +0000] "GET /shop/storeSearch/KeepCriteriaInput.aspx?&transition=top42412934042970 HTTP/1.1" 200 22690 "-" "Mozilla/5.0 (Linux; Android 6.0.1; Nexus 5X Build/MMB29P) AppleWebKit/537.36 (KHTML, like Gecko) Chrome/146.0.7680.177 Mobile Safari/537.36 (compatible; Googlebot/2.1; +http://www.google.com/bot.html)"
40.77.167.143 - - [17/Apr/2026:01:58:56 +0000] "GET /?p=2796405041970 HTTP/2.0" 200 23081 "-" "Mozilla/5.0 AppleWebKit/537.36 (KHTML, like Gecko; compatible; bingbot/2.0; +http://www.bing.com/bingbot.htm) Chrome/116.0.1938.76 Safari/537.36"
40.77.167.143 - - [17/Apr/2026:01:58:57 +0000] "GET /?p=25238009131970 HTTP/2.0" 200 22806 "-" "Mozilla/5.0 AppleWebKit/537.36 (KHTML, like Gecko; compatible; bingbot/2.0; +http://www.bing.com/bingbot.htm) Chrome/116.0.1938.76 Safari/537.36"
40.77.167.143 - - [17/Apr/2026:01:58:58 +0000] "GET /product/category/5295156021970 HTTP/2.0" 200 23466 "-" "Mozilla/5.0 AppleWebKit/537.36 (KHTML, like Gecko; compatible; bingbot/2.0; +http://www.bing.com/bingbot.htm) Chrome/116.0.1938.76 Safari/537.36"
207.46.13.170 - - [17/Apr/2026:01:58:58 +0000] "GET /?p=6473430041970 HTTP/2.0" 200 22882 "-" "Mozilla/5.0 AppleWebKit/537.36 (KHTML, like Gecko; compatible; bingbot/2.0; +http://www.bing.com/bingbot.htm) Chrome/116.0.1938.76 Safari/537.36"
40.77.167.143 - - [17/Apr/2026:01:58:58 +0000] "GET /product/review/4964435041970 HTTP/2.0" 200 22855 "-" "Mozilla/5.0 AppleWebKit/537.36 (KHTML, like Gecko; compatible; bingbot/2.0; +http://www.bing.com/bingbot.htm) Chrome/116.0.1938.76 Safari/537.36"
40.77.167.143 - - [17/Apr/2026:01:58:59 +0000] "GET /product/review/67598437051970 HTTP/2.0" 200 23203 "-" "Mozilla/5.0 AppleWebKit/537.36 (KHTML, like Gecko; compatible; bingbot/2.0; +http://www.bing.com/bingbot.htm) Chrome/116.0.1938.76 Safari/537.36"
157.55.39.53 - - [17/Apr/2026:01:59:00 +0000] "GET /contents/event/kansyasai/29049075040970 HTTP/2.0" 200 23044 "-" "Mozilla/5.0 AppleWebKit/537.36 (KHTML, like Gecko; compatible; bingbot/2.0; +http://www.bing.com/bingbot.htm) Chrome/116.0.1938.76 Safari/537.36"
40.77.167.143 - - [17/Apr/2026:01:59:01 +0000] "GET /product/category/6125603091970 HTTP/2.0" 200 23199 "-" "Mozilla/5.0 AppleWebKit/537.36 (KHTML, like Gecko; compatible; bingbot/2.0; +http://www.bing.com/bingbot.htm) Chrome/116.0.1938.76 Safari/537.36"
40.77.167.143 - - [17/Apr/2026:01:59:02 +0000] "GET /contents/event/kansyasai/82983194050970 HTTP/2.0" 200 23340 "-" "Mozilla/5.0 AppleWebKit/537.36 (KHTML, like Gecko; compatible; bingbot/2.0; +http://www.bing.com/bingbot.htm) Chrome/116.0.1938.76 Safari/537.36"
40.77.167.143 - - [17/Apr/2026:01:59:02 +0000] "GET /product/review/2865596061970 HTTP/2.0" 200 23737 "-" "Mozilla/5.0 AppleWebKit/537.36 (KHTML, like Gecko; compatible; bingbot/2.0; +http://www.bing.com/bingbot.htm) Chrome/116.0.1938.76 Safari/537.36"
157.55.39.53 - - [17/Apr/2026:01:59:07 +0000] "GET /?p=12561234001970 HTTP/2.0" 200 22876 "-" "Mozilla/5.0 AppleWebKit/537.36 (KHTML, like Gecko; compatible; bingbot/2.0; +http://www.bing.com/bingbot.htm) Chrome/116.0.1938.76 Safari/537.36"
207.46.13.170 - - [17/Apr/2026:01:59:11 +0000] "GET /product/review/13368271001970 HTTP/2.0" 200 23047 "-" "Mozilla/5.0 AppleWebKit/537.36 (KHTML, like Gecko; compatible; bingbot/2.0; +http://www.bing.com/bingbot.htm) Chrome/116.0.1938.76 Safari/537.36"
207.46.13.170 - - [17/Apr/2026:01:59:13 +0000] "GET /contents/event/kansyasai/27815293090970 HTTP/2.0" 200 23401 "-" "Mozilla/5.0 AppleWebKit/537.36 (KHTML, like Gecko; compatible; bingbot/2.0; +http://www.bing.com/bingbot.htm) Chrome/116.0.1938.76 Safari/537.36"
20.15.133.175 - - [17/Apr/2026:01:59:27 +0000] "GET /?p=6863845001970 HTTP/2.0" 200 23316 "-" "Mozilla/5.0 AppleWebKit/537.36 (KHTML, like Gecko; compatible; bingbot/2.0; +http://www.bing.com/bingbot.htm) Chrome/116.0.1938.76 Safari/537.36"
47.128.55.81 - - [17/Apr/2026:01:59:30 +0000] "GET /?p=100316541091970 HTTP/2.0" 500 - "-" "Mozilla/5.0 (Linux; Android 5.0) AppleWebKit/537.36 (KHTML, like Gecko) Mobile Safari/537.36 (compatible; Bytespider; spider-feedback@bytedance.com)"
47.128.56.117 - - [17/Apr/2026:01:59:30 +0000] "GET /?p=12601703041970 HTTP/2.0" 500 - "-" "Mozilla/5.0 (Linux; Android 5.0) AppleWebKit/537.36 (KHTML, like Gecko) Mobile Safari/537.36 (compatible; Bytespider; spider-feedback@bytedance.com)"
20.15.133.175 - - [17/Apr/2026:01:59:32 +0000] "GET /?p=6864925061970 HTTP/2.0" 200 23148 "-" "Mozilla/5.0 AppleWebKit/537.36 (KHTML, like Gecko; compatible; bingbot/2.0; +http://www.bing.com/bingbot.htm) Chrome/116.0.1938.76 Safari/537.36"
207.46.13.170 - - [17/Apr/2026:01:59:48 +0000] "GET /?p=45631192031970 HTTP/2.0" 200 23707 "-" "Mozilla/5.0 AppleWebKit/537.36 (KHTML, like Gecko; compatible; bingbot/2.0; +http://www.bing.com/bingbot.htm) Chrome/116.0.1938.76 Safari/537.36"
207.46.13.170 - - [17/Apr/2026:01:59:49 +0000] "GET /?p=2790615011970 HTTP/2.0" 200 23050 "-" "Mozilla/5.0 AppleWebKit/537.36 (KHTML, like Gecko; compatible; bingbot/2.0; +http://www.bing.com/bingbot.htm) Chrome/116.0.1938.76 Safari/537.36"
157.55.39.53 - - [17/Apr/2026:01:59:50 +0000] "GET /?p=30644971141970 HTTP/2.0" 200 23020 "-" "Mozilla/5.0 AppleWebKit/537.36 (KHTML, like Gecko; compatible; bingbot/2.0; +http://www.bing.com/bingbot.htm) Chrome/116.0.1938.76 Safari/537.36"
207.46.13.170 - - [17/Apr/2026:01:59:51 +0000] "GET /contents/event/kansyasai/2783450080970 HTTP/2.0" 200 23338 "-" "Mozilla/5.0 AppleWebKit/537.36 (KHTML, like Gecko; compatible; bingbot/2.0; +http://www.bing.com/bingbot.htm) Chrome/116.0.1938.76 Safari/537.36"
40.77.167.143 - - [17/Apr/2026:01:59:56 +0000] "GET /?p=30510739061970 HTTP/2.0" 200 22485 "-" "Mozilla/5.0 AppleWebKit/537.36 (KHTML, like Gecko; compatible; bingbot/2.0; +http://www.bing.com/bingbot.htm) Chrome/116.0.1938.76 Safari/537.36"
40.77.167.143 - - [17/Apr/2026:01:59:57 +0000] "GET /?p=2774394001970 HTTP/2.0" 200 23420 "-" "Mozilla/5.0 AppleWebKit/537.36 (KHTML, like Gecko; compatible; bingbot/2.0; +http://www.bing.com/bingbot.htm) Chrome/116.0.1938.76 Safari/537.36"
40.77.167.143 - - [17/Apr/2026:01:59:58 +0000] "GET /product/category/2383668011970 HTTP/2.0" 200 23073 "-" "Mozilla/5.0 AppleWebKit/537.36 (KHTML, like Gecko; compatible; bingbot/2.0; +http://www.bing.com/bingbot.htm) Chrome/116.0.1938.76 Safari/537.36"
40.77.167.143 - - [17/Apr/2026:01:59:59 +0000] "GET /product/review/7972222071970 HTTP/2.0" 200 22597 "-" "Mozilla/5.0 AppleWebKit/537.36 (KHTML, like Gecko; compatible; bingbot/2.0; +http://www.bing.com/bingbot.htm) Chrome/116.0.1938.76 Safari/537.36"
207.46.13.170 - - [17/Apr/2026:02:00:06 +0000] "GET /contents/event/kansyasai/5255718000970 HTTP/2.0" 200 23888 "-" "Mozilla/5.0 AppleWebKit/537.36 (KHTML, like Gecko; compatible; bingbot/2.0; +http://www.bing.com/bingbot.htm) Chrome/116.0.1938.76 Safari/537.36"
207.46.13.170 - - [17/Apr/2026:02:00:07 +0000] "GET /contents/event/kansyasai/77559476090970 HTTP/2.0" 200 22751 "-" "Mozilla/5.0 AppleWebKit/537.36 (KHTML, like Gecko; compatible; bingbot/2.0; +http://www.bing.com/bingbot.htm) Chrome/116.0.1938.76 Safari/537.36"
207.46.13.170 - - [17/Apr/2026:02:00:07 +0000] "GET /product/category/27469235061970 HTTP/2.0" 200 23217 "-" "Mozilla/5.0 AppleWebKit/537.36 (KHTML, like Gecko; compatible; bingbot/2.0; +http://www.bing.com/bingbot.htm) Chrome/116.0.1938.76 Safari/537.36"
66.249.64.32 - - [17/Apr/2026:02:00:08 +0000] "GET /product/review/110233668011970 HTTP/1.1" 200 22736 "-" "Mozilla/5.0 (Linux; Android 6.0.1; Nexus 5X Build/MMB29P) AppleWebKit/537.36 (KHTML, like Gecko) Chrome/146.0.7680.177 Mobile Safari/537.36 (compatible; Googlebot/2.1; +http://www.google.com/bot.html)"
207.46.13.170 - - [17/Apr/2026:02:00:08 +0000] "GET /product/review/23210716111970 HTTP/2.0" 200 22689 "-" "Mozilla/5.0 AppleWebKit/537.36 (KHTML, like Gecko; compatible; bingbot/2.0; +http://www.bing.com/bingbot.htm) Chrome/116.0.1938.76 Safari/537.36"
40.77.167.143 - - [17/Apr/2026:02:00:11 +0000] "GET /contents/event/kansyasai/106606986000970 HTTP/2.0" 200 23440 "-" "Mozilla/5.0 AppleWebKit/537.36 (KHTML, like Gecko; compatible; bingbot/2.0; +http://www.bing.com/bingbot.htm) Chrome/116.0.1938.76 Safari/537.36"
157.55.39.53 - - [17/Apr/2026:02:00:12 +0000] "GET /?p=26904831101970 HTTP/2.0" 200 22563 "-" "Mozilla/5.0 AppleWebKit/537.36 (KHTML, like Gecko; compatible; bingbot/2.0; +http://www.bing.com/bingbot.htm) Chrome/116.0.1938.76 Safari/537.36"
157.55.39.53 - - [17/Apr/2026:02:00:13 +0000] "GET /product/review/45854812011970 HTTP/2.0" 200 23220 "-" "Mozilla/5.0 AppleWebKit/537.36 (KHTML, like Gecko; compatible; bingbot/2.0; +http://www.bing.com/bingbot.htm) Chrome/116.0.1938.76 Safari/537.36"
157.55.39.53 - - [17/Apr/2026:02:00:14 +0000] "GET /contents/event/kansyasai/100196517030970 HTTP/2.0" 200 23724 "-" "Mozilla/5.0 AppleWebKit/537.36 (KHTML, like Gecko; compatible; bingbot/2.0; +http://www.bing.com/bingbot.htm) Chrome/116.0.1938.76 Safari/537.36"
157.55.39.53 - - [17/Apr/2026:02:00:14 +0000] "GET /contents/event/kansyasai/13117489040970 HTTP/2.0" 200 23110 "-" "Mozilla/5.0 AppleWebKit/537.36 (KHTML, like Gecko; compatible; bingbot/2.0; +http://www.bing.com/bingbot.htm) Chrome/116.0.1938.76 Safari/537.36"
157.55.39.53 - - [17/Apr/2026:02:00:22 +0000] "GET /contents/event/kansyasai/28451469020970 HTTP/2.0" 200 23161 "-" "Mozilla/5.0 AppleWebKit/537.36 (KHTML, like Gecko; compatible; bingbot/2.0; +http://www.bing.com/bingbot.htm) Chrome/116.0.1938.76 Safari/537.36"
40.77.167.143 - - [17/Apr/2026:02:00:26 +0000] "GET /?p=7703257011970 HTTP/2.0" 200 23008 "-" "Mozilla/5.0 AppleWebKit/537.36 (KHTML, like Gecko; compatible; bingbot/2.0; +http://www.bing.com/bingbot.htm) Chrome/116.0.1938.76 Safari/537.36"
66.249.64.32 - - [17/Apr/2026:02:00:28 +0000] "GET /shop/storeSearch/KeepCriteriaInput.aspx?&transition=top80563109032970 HTTP/1.1" 200 23093 "-" "Mozilla/5.0 (Linux; Android 6.0.1; Nexus 5X Build/MMB29P) AppleWebKit/537.36 (KHTML, like Gecko) Chrome/146.0.7680.177 Mobile Safari/537.36 (compatible; Googlebot/2.1; +http://www.google.com/bot.html)"
47.128.55.79 - - [17/Apr/2026:02:00:43 +0000] "GET /robots.txt HTTP/1.1" 500 - "-" "Mozilla/5.0 (Linux; Android 5.0) AppleWebKit/537.36 (KHTML, like Gecko) Mobile Safari/537.36 (compatible; Bytespider; spider-feedback@bytedance.com)"
40.77.167.143 - - [17/Apr/2026:02:00:46 +0000] "GET /shop/cart/cart.aspx HTTP/2.0" 200 23196 "-" "Mozilla/5.0 AppleWebKit/537.36 (KHTML, like Gecko; compatible; bingbot/2.0; +http://www.bing.com/bingbot.htm) Chrome/116.0.1938.76 Safari/537.36"
66.249.64.32 - - [17/Apr/2026:02:00:55 +0000] "GET /shop/storeSearch/KeepCriteriaInput.aspx?&transition=top81952781062970 HTTP/1.1" 200 23326 "-" "Mozilla/5.0 (Linux; Android 6.0.1; Nexus 5X Build/MMB29P) AppleWebKit/537.36 (KHTML, like Gecko) Chrome/146.0.7680.177 Mobile Safari/537.36 (compatible; Googlebot/2.1; +http://www.google.com/bot.html)"
207.46.13.170 - - [17/Apr/2026:02:01:08 +0000] "GET /shop/pg/1sancyoku/ HTTP/2.0" 200 22850 "-" "Mozilla/5.0 AppleWebKit/537.36 (KHTML, like Gecko; compatible; bingbot/2.0; +http://www.bing.com/bingbot.htm) Chrome/116.0.1938.76 Safari/537.36"
187.249.84.10 - - [17/Apr/2026:02:01:13 +0000] "GET /?p=5776422101970 HTTP/1.1" 500 - "https://veritserv.com/" "Mozilla/5.0 (Macintosh; Intel Mac OS X 10_15_7) AppleWebKit/605.1.15 (KHTML, like Gecko) Version/17.6 Safari/605.1.15"
40.77.167.143 - - [17/Apr/2026:02:01:25 +0000] "GET /?p=81133465031970 HTTP/2.0" 200 23033 "-" "Mozilla/5.0 AppleWebKit/537.36 (KHTML, like Gecko; compatible; bingbot/2.0; +http://www.bing.com/bingbot.htm) Chrome/116.0.1938.76 Safari/537.36"
20.15.133.175 - - [17/Apr/2026:02:01:28 +0000] "GET /?p=57698429031970 HTTP/2.0" 200 23024 "-" "Mozilla/5.0 AppleWebKit/537.36 (KHTML, like Gecko; compatible; bingbot/2.0; +http://www.bing.com/bingbot.htm) Chrome/116.0.1938.76 Safari/537.36"
66.249.64.32 - - [17/Apr/2026:02:01:35 +0000] "GET /product/review/68327688041970 HTTP/1.1" 200 22616 "-" "Mozilla/5.0 (Linux; Android 6.0.1; Nexus 5X Build/MMB29P) AppleWebKit/537.36 (KHTML, like Gecko) Chrome/146.0.7680.177 Mobile Safari/537.36 (compatible; Googlebot/2.1; +http://www.google.com/bot.html)"
200.55.244.114 - - [17/Apr/2026:02:01:39 +0000] "GET /?p=114192216011970 HTTP/1.1" 500 - "https://veritserv.com/" "Mozilla/5.0 (Windows NT 10.0; Win64; x64) AppleWebKit/537.36 (KHTML, like Gecko) Chrome/135.0.0.0 Safari/537.36"
20.15.133.175 - - [17/Apr/2026:02:01:52 +0000] "GET /?p=9659260011970 HTTP/2.0" 200 23285 "-" "Mozilla/5.0 AppleWebKit/537.36 (KHTML, like Gecko; compatible; bingbot/2.0; +http://www.bing.com/bingbot.htm) Chrome/116.0.1938.76 Safari/537.36"
66.249.64.32 - - [17/Apr/2026:02:02:16 +0000] "GET /product/category/90531004021970 HTTP/1.1" 200 23543 "-" "Mozilla/5.0 (Linux; Android 6.0.1; Nexus 5X Build/MMB29P) AppleWebKit/537.36 (KHTML, like Gecko) Chrome/146.0.7680.177 Mobile Safari/537.36 (compatible; Googlebot/2.1; +http://www.google.com/bot.html)"
40.77.167.143 - - [17/Apr/2026:02:02:36 +0000] "GET /?p=24116078051970 HTTP/2.0" 200 22664 "-" "Mozilla/5.0 AppleWebKit/537.36 (KHTML, like Gecko; compatible; bingbot/2.0; +http://www.bing.com/bingbot.htm) Chrome/116.0.1938.76 Safari/537.36"
157.55.39.53 - - [17/Apr/2026:02:02:40 +0000] "GET /?p=106006157001970 HTTP/2.0" 200 23442 "-" "Mozilla/5.0 AppleWebKit/537.36 (KHTML, like Gecko; compatible; bingbot/2.0; +http://www.bing.com/bingbot.htm) Chrome/116.0.1938.76 Safari/537.36"
66.249.64.33 - - [17/Apr/2026:02:02:56 +0000] "GET /contents/event/kansyasai/83489758040970 HTTP/1.1" 200 23622 "-" "Mozilla/5.0 (Linux; Android 6.0.1; Nexus 5X Build/MMB29P) AppleWebKit/537.36 (KHTML, like Gecko) Chrome/146.0.7680.177 Mobile Safari/537.36 (compatible; Googlebot/2.1; +http://www.google.com/bot.html)"
20.15.133.175 - - [17/Apr/2026:02:03:43 +0000] "GET /?p=31744020111970 HTTP/2.0" 200 22826 "-" "Mozilla/5.0 AppleWebKit/537.36 (KHTML, like Gecko; compatible; bingbot/2.0; +http://www.bing.com/bingbot.htm) Chrome/116.0.1938.76 Safari/537.36"
20.15.133.175 - - [17/Apr/2026:02:04:03 +0000] "GET /?p=93270971051970 HTTP/2.0" 200 22915 "-" "Mozilla/5.0 AppleWebKit/537.36 (KHTML, like Gecko; compatible; bingbot/2.0; +http://www.bing.com/bingbot.htm) Chrome/116.0.1938.76 Safari/537.36"
207.46.13.153 - - [17/Apr/2026:02:04:28 +0000] "GET /?p=28426699011970 HTTP/2.0" 200 23327 "-" "Mozilla/5.0 AppleWebKit/537.36 (KHTML, like Gecko; compatible; bingbot/2.0; +http://www.bing.com/bingbot.htm) Chrome/116.0.1938.76 Safari/537.36"
20.15.133.175 - - [17/Apr/2026:02:04:58 +0000] "GET /?p=97116860091970 HTTP/2.0" 200 22988 "-" "Mozilla/5.0 AppleWebKit/537.36 (KHTML, like Gecko; compatible; bingbot/2.0; +http://www.bing.com/bingbot.htm) Chrome/116.0.1938.76 Safari/537.36"
20.15.133.175 - - [17/Apr/2026:02:06:34 +0000] "GET /?p=5007971111970 HTTP/2.0" 200 22715 "-" "Mozilla/5.0 AppleWebKit/537.36 (KHTML, like Gecko; compatible; bingbot/2.0; +http://www.bing.com/bingbot.htm) Chrome/116.0.1938.76 Safari/537.36"
40.77.167.143 - - [17/Apr/2026:02:06:35 +0000] "GET /?p=30076489021970 HTTP/2.0" 200 23829 "-" "Mozilla/5.0 AppleWebKit/537.36 (KHTML, like Gecko; compatible; bingbot/2.0; +http://www.bing.com/bingbot.htm) Chrome/116.0.1938.76 Safari/537.36"
157.55.39.202 - - [17/Apr/2026:02:07:58 +0000] "GET /?p=14690430001970 HTTP/2.0" 200 23319 "-" "Mozilla/5.0 AppleWebKit/537.36 (KHTML, like Gecko; compatible; bingbot/2.0; +http://www.bing.com/bingbot.htm) Chrome/116.0.1938.76 Safari/537.36"
157.55.39.202 - - [17/Apr/2026:02:08:47 +0000] "GET /?p=26960243021970 HTTP/2.0" 200 23774 "-" "Mozilla/5.0 AppleWebKit/537.36 (KHTML, like Gecko; compatible; bingbot/2.0; +http://www.bing.com/bingbot.htm) Chrome/116.0.1938.76 Safari/537.36"
40.77.167.5 - - [17/Apr/2026:02:09:27 +0000] "GET /?p=9978444041970 HTTP/2.0" 200 23181 "-" "Mozilla/5.0 AppleWebKit/537.36 (KHTML, like Gecko; compatible; bingbot/2.0; +http://www.bing.com/bingbot.htm) Chrome/116.0.1938.76 Safari/537.36"
40.77.167.5 - - [17/Apr/2026:02:09:47 +0000] "GET /?p=4062592001970 HTTP/2.0" 200 23499 "-" "Mozilla/5.0 AppleWebKit/537.36 (KHTML, like Gecko; compatible; bingbot/2.0; +http://www.bing.com/bingbot.htm) Chrome/116.0.1938.76 Safari/537.36"
157.55.39.202 - - [17/Apr/2026:02:10:28 +0000] "GET /?p=24467619051970 HTTP/2.0" 200 22807 "-" "Mozilla/5.0 AppleWebKit/537.36 (KHTML, like Gecko; compatible; bingbot/2.0; +http://www.bing.com/bingbot.htm) Chrome/116.0.1938.76 Safari/537.36"
40.77.167.5 - - [17/Apr/2026:02:10:38 +0000] "GET /?p=25020619071970 HTTP/2.0" 200 22595 "-" "Mozilla/5.0 AppleWebKit/537.36 (KHTML, like Gecko; compatible; bingbot/2.0; +http://www.bing.com/bingbot.htm) Chrome/116.0.1938.76 Safari/537.36"
40.77.167.5 - - [17/Apr/2026:02:10:39 +0000] "GET /?p=14508441001970 HTTP/2.0" 200 23838 "-" "Mozilla/5.0 AppleWebKit/537.36 (KHTML, like Gecko; compatible; bingbot/2.0; +http://www.bing.com/bingbot.htm) Chrome/116.0.1938.76 Safari/537.36"
40.77.167.5 - - [17/Apr/2026:02:10:40 +0000] "GET /?p=37586226081970 HTTP/2.0" 200 23087 "-" "Mozilla/5.0 AppleWebKit/537.36 (KHTML, like Gecko; compatible; bingbot/2.0; +http://www.bing.com/bingbot.htm) Chrome/116.0.1938.76 Safari/537.36"
40.77.167.5 - - [17/Apr/2026:02:10:40 +0000] "GET /?p=28105558041970 HTTP/2.0" 200 23158 "-" "Mozilla/5.0 AppleWebKit/537.36 (KHTML, like Gecko; compatible; bingbot/2.0; +http://www.bing.com/bingbot.htm) Chrome/116.0.1938.76 Safari/537.36"
40.77.167.5 - - [17/Apr/2026:02:10:41 +0000] "GET /?p=23719380021970 HTTP/2.0" 200 22850 "-" "Mozilla/5.0 AppleWebKit/537.36 (KHTML, like Gecko; compatible; bingbot/2.0; +http://www.bing.com/bingbot.htm) Chrome/116.0.1938.76 Safari/537.36"
40.77.167.5 - - [17/Apr/2026:02:10:42 +0000] "GET /?p=4363334081970 HTTP/2.0" 200 22972 "-" "Mozilla/5.0 AppleWebKit/537.36 (KHTML, like Gecko; compatible; bingbot/2.0; +http://www.bing.com/bingbot.htm) Chrome/116.0.1938.76 Safari/537.36"
207.46.13.153 - - [17/Apr/2026:02:10:42 +0000] "GET /?p=4295162021970 HTTP/2.0" 200 23677 "-" "Mozilla/5.0 AppleWebKit/537.36 (KHTML, like Gecko; compatible; bingbot/2.0; +http://www.bing.com/bingbot.htm) Chrome/116.0.1938.76 Safari/537.36"
40.77.167.5 - - [17/Apr/2026:02:10:43 +0000] "GET /product/review/27635737011970 HTTP/2.0" 200 23003 "-" "Mozilla/5.0 AppleWebKit/537.36 (KHTML, like Gecko; compatible; bingbot/2.0; +http://www.bing.com/bingbot.htm) Chrome/116.0.1938.76 Safari/537.36"
157.55.39.202 - - [17/Apr/2026:02:10:54 +0000] "GET /product/category/55772648061970 HTTP/2.0" 200 23202 "-" "Mozilla/5.0 AppleWebKit/537.36 (KHTML, like Gecko; compatible; bingbot/2.0; +http://www.bing.com/bingbot.htm) Chrome/116.0.1938.76 Safari/537.36"
207.46.13.153 - - [17/Apr/2026:02:10:54 +0000] "GET /?p=68777790071970 HTTP/2.0" 200 23073 "-" "Mozilla/5.0 AppleWebKit/537.36 (KHTML, like Gecko; compatible; bingbot/2.0; +http://www.bing.com/bingbot.htm) Chrome/116.0.1938.76 Safari/537.36"
157.55.39.202 - - [17/Apr/2026:02:10:55 +0000] "GET /contents/event/kansyasai/70809220110970 HTTP/2.0" 200 22583 "-" "Mozilla/5.0 AppleWebKit/537.36 (KHTML, like Gecko; compatible; bingbot/2.0; +http://www.bing.com/bingbot.htm) Chrome/116.0.1938.76 Safari/537.36"
157.55.39.202 - - [17/Apr/2026:02:10:56 +0000] "GET /contents/event/kansyasai/40374690050970 HTTP/2.0" 200 23035 "-" "Mozilla/5.0 AppleWebKit/537.36 (KHTML, like Gecko; compatible; bingbot/2.0; +http://www.bing.com/bingbot.htm) Chrome/116.0.1938.76 Safari/537.36"
157.55.39.202 - - [17/Apr/2026:02:10:57 +0000] "GET /product/category/13499003071970 HTTP/2.0" 200 23104 "-" "Mozilla/5.0 AppleWebKit/537.36 (KHTML, like Gecko; compatible; bingbot/2.0; +http://www.bing.com/bingbot.htm) Chrome/116.0.1938.76 Safari/537.36"
157.55.39.202 - - [17/Apr/2026:02:10:58 +0000] "GET /contents/event/kansyasai/66883777020970 HTTP/2.0" 200 24010 "-" "Mozilla/5.0 AppleWebKit/537.36 (KHTML, like Gecko; compatible; bingbot/2.0; +http://www.bing.com/bingbot.htm) Chrome/116.0.1938.76 Safari/537.36"
40.77.167.5 - - [17/Apr/2026:02:11:00 +0000] "GET /contents/event/kansyasai/22993813020970 HTTP/2.0" 200 21538 "-" "Mozilla/5.0 AppleWebKit/537.36 (KHTML, like Gecko; compatible; bingbot/2.0; +http://www.bing.com/bingbot.htm) Chrome/116.0.1938.76 Safari/537.36"
40.77.167.5 - - [17/Apr/2026:02:11:01 +0000] "GET /product/review/4604056041970 HTTP/2.0" 200 22916 "-" "Mozilla/5.0 AppleWebKit/537.36 (KHTML, like Gecko; compatible; bingbot/2.0; +http://www.bing.com/bingbot.htm) Chrome/116.0.1938.76 Safari/537.36"
40.77.167.5 - - [17/Apr/2026:02:11:02 +0000] "GET /product/category/5341407041970 HTTP/2.0" 200 22856 "-" "Mozilla/5.0 AppleWebKit/537.36 (KHTML, like Gecko; compatible; bingbot/2.0; +http://www.bing.com/bingbot.htm) Chrome/116.0.1938.76 Safari/537.36"
40.77.167.5 - - [17/Apr/2026:02:11:02 +0000] "GET /contents/event/kansyasai/23791084090970 HTTP/2.0" 200 22988 "-" "Mozilla/5.0 AppleWebKit/537.36 (KHTML, like Gecko; compatible; bingbot/2.0; +http://www.bing.com/bingbot.htm) Chrome/116.0.1938.76 Safari/537.36"
207.46.13.153 - - [17/Apr/2026:02:11:09 +0000] "GET /product/review/13716131061970 HTTP/2.0" 200 22890 "-" "Mozilla/5.0 AppleWebKit/537.36 (KHTML, like Gecko; compatible; bingbot/2.0; +http://www.bing.com/bingbot.htm) Chrome/116.0.1938.76 Safari/537.36"
207.46.13.153 - - [17/Apr/2026:02:11:15 +0000] "GET /product/review/107677534041970 HTTP/2.0" 200 23401 "-" "Mozilla/5.0 AppleWebKit/537.36 (KHTML, like Gecko; compatible; bingbot/2.0; +http://www.bing.com/bingbot.htm) Chrome/116.0.1938.76 Safari/537.36"
207.46.13.153 - - [17/Apr/2026:02:11:29 +0000] "GET /product/category/33750321031970 HTTP/2.0" 200 23298 "-" "Mozilla/5.0 AppleWebKit/537.36 (KHTML, like Gecko; compatible; bingbot/2.0; +http://www.bing.com/bingbot.htm) Chrome/116.0.1938.76 Safari/537.36"
66.249.64.34 - - [17/Apr/2026:02:11:31 +0000] "GET /product/review/83027253021970 HTTP/1.1" 200 23179 "-" "Mozilla/5.0 (Linux; Android 6.0.1; Nexus 5X Build/MMB29P) AppleWebKit/537.36 (KHTML, like Gecko) Chrome/146.0.7680.177 Mobile Safari/537.36 (compatible; Googlebot/2.1; +http://www.google.com/bot.html)"
66.249.64.33 - - [17/Apr/2026:02:11:51 +0000] "GET /product/category/84698066071970 HTTP/1.1" 200 22442 "-" "Mozilla/5.0 (Linux; Android 6.0.1; Nexus 5X Build/MMB29P) AppleWebKit/537.36 (KHTML, like Gecko) Chrome/146.0.7680.177 Mobile Safari/537.36 (compatible; Googlebot/2.1; +http://www.google.com/bot.html)"
207.46.13.153 - - [17/Apr/2026:02:12:10 +0000] "GET /product/review/84854453021970 HTTP/2.0" 200 23465 "-" "Mozilla/5.0 AppleWebKit/537.36 (KHTML, like Gecko; compatible; bingbot/2.0; +http://www.bing.com/bingbot.htm) Chrome/116.0.1938.76 Safari/537.36"
157.55.39.202 - - [17/Apr/2026:02:12:35 +0000] "GET /?p=100091783071970 HTTP/2.0" 200 22741 "-" "Mozilla/5.0 AppleWebKit/537.36 (KHTML, like Gecko; compatible; bingbot/2.0; +http://www.bing.com/bingbot.htm) Chrome/116.0.1938.76 Safari/537.36"
157.55.39.202 - - [17/Apr/2026:02:12:36 +0000] "GET /?p=2792385021970 HTTP/2.0" 200 23255 "-" "Mozilla/5.0 AppleWebKit/537.36 (KHTML, like Gecko; compatible; bingbot/2.0; +http://www.bing.com/bingbot.htm) Chrome/116.0.1938.76 Safari/537.36"
207.46.13.153 - - [17/Apr/2026:02:12:37 +0000] "GET /?p=12686042001970 HTTP/2.0" 200 23587 "-" "Mozilla/5.0 AppleWebKit/537.36 (KHTML, like Gecko; compatible; bingbot/2.0; +http://www.bing.com/bingbot.htm) Chrome/116.0.1938.76 Safari/537.36"
40.77.167.5 - - [17/Apr/2026:02:12:39 +0000] "GET /?p=4872419081970 HTTP/2.0" 200 23020 "-" "Mozilla/5.0 AppleWebKit/537.36 (KHTML, like Gecko; compatible; bingbot/2.0; +http://www.bing.com/bingbot.htm) Chrome/116.0.1938.76 Safari/537.36"
40.77.167.5 - - [17/Apr/2026:02:12:40 +0000] "GET /?p=4351745001970 HTTP/2.0" 200 22731 "-" "Mozilla/5.0 AppleWebKit/537.36 (KHTML, like Gecko; compatible; bingbot/2.0; +http://www.bing.com/bingbot.htm) Chrome/116.0.1938.76 Safari/537.36"
40.77.167.5 - - [17/Apr/2026:02:12:41 +0000] "GET /?p=3022723021970 HTTP/2.0" 200 23282 "-" "Mozilla/5.0 AppleWebKit/537.36 (KHTML, like Gecko; compatible; bingbot/2.0; +http://www.bing.com/bingbot.htm) Chrome/116.0.1938.76 Safari/537.36"
40.77.167.5 - - [17/Apr/2026:02:12:42 +0000] "GET /?p=9320691041970 HTTP/2.0" 200 23333 "-" "Mozilla/5.0 AppleWebKit/537.36 (KHTML, like Gecko; compatible; bingbot/2.0; +http://www.bing.com/bingbot.htm) Chrome/116.0.1938.76 Safari/537.36"
40.77.167.5 - - [17/Apr/2026:02:12:42 +0000] "GET /product/category/23628906001970 HTTP/2.0" 200 23328 "-" "Mozilla/5.0 AppleWebKit/537.36 (KHTML, like Gecko; compatible; bingbot/2.0; +http://www.bing.com/bingbot.htm) Chrome/116.0.1938.76 Safari/537.36"
40.77.167.5 - - [17/Apr/2026:02:12:49 +0000] "GET /product/category/29064069001970 HTTP/2.0" 200 22968 "-" "Mozilla/5.0 AppleWebKit/537.36 (KHTML, like Gecko; compatible; bingbot/2.0; +http://www.bing.com/bingbot.htm) Chrome/116.0.1938.76 Safari/537.36"
40.77.167.5 - - [17/Apr/2026:02:12:50 +0000] "GET /contents/event/kansyasai/33512195020970 HTTP/2.0" 200 23570 "-" "Mozilla/5.0 AppleWebKit/537.36 (KHTML, like Gecko; compatible; bingbot/2.0; +http://www.bing.com/bingbot.htm) Chrome/116.0.1938.76 Safari/537.36"
66.249.64.34 - - [17/Apr/2026:02:12:51 +0000] "GET /product/category/60083396011970 HTTP/1.1" 200 22981 "-" "Mozilla/5.0 (Linux; Android 6.0.1; Nexus 5X Build/MMB29P) AppleWebKit/537.36 (KHTML, like Gecko) Chrome/146.0.7680.177 Mobile Safari/537.36 (compatible; Googlebot/2.1; +http://www.google.com/bot.html)"
207.46.13.153 - - [17/Apr/2026:02:13:00 +0000] "GET /?p=90989574021970 HTTP/2.0" 200 22821 "-" "Mozilla/5.0 AppleWebKit/537.36 (KHTML, like Gecko; compatible; bingbot/2.0; +http://www.bing.com/bingbot.htm) Chrome/116.0.1938.76 Safari/537.36"
66.249.64.32 - - [17/Apr/2026:02:13:11 +0000] "GET /shop/storeSearch/KeepCriteriaInput.aspx?&transition=top1356600022970 HTTP/1.1" 200 22885 "-" "Mozilla/5.0 (Linux; Android 6.0.1; Nexus 5X Build/MMB29P) AppleWebKit/537.36 (KHTML, like Gecko) Chrome/146.0.7680.177 Mobile Safari/537.36 (compatible; Googlebot/2.1; +http://www.google.com/bot.html)"
207.46.13.153 - - [17/Apr/2026:02:13:28 +0000] "GET /?p=8269483021970 HTTP/2.0" 200 23184 "-" "Mozilla/5.0 AppleWebKit/537.36 (KHTML, like Gecko; compatible; bingbot/2.0; +http://www.bing.com/bingbot.htm) Chrome/116.0.1938.76 Safari/537.36"
66.249.64.32 - - [17/Apr/2026:02:13:39 +0000] "GET /product/review/118646503111970 HTTP/1.1" 200 22853 "-" "Mozilla/5.0 (Linux; Android 6.0.1; Nexus 5X Build/MMB29P) AppleWebKit/537.36 (KHTML, like Gecko) Chrome/146.0.7680.177 Mobile Safari/537.36 (compatible; Googlebot/2.1; +http://www.google.com/bot.html)"
207.46.13.153 - - [17/Apr/2026:02:13:56 +0000] "GET /?p=23543491091970 HTTP/2.0" 200 22812 "-" "Mozilla/5.0 AppleWebKit/537.36 (KHTML, like Gecko; compatible; bingbot/2.0; +http://www.bing.com/bingbot.htm) Chrome/116.0.1938.76 Safari/537.36"
20.15.133.175 - - [17/Apr/2026:02:14:03 +0000] "GET /?p=16450173131970 HTTP/2.0" 200 22629 "-" "Mozilla/5.0 AppleWebKit/537.36 (KHTML, like Gecko; compatible; bingbot/2.0; +http://www.bing.com/bingbot.htm) Chrome/116.0.1938.76 Safari/537.36"
207.46.13.153 - - [17/Apr/2026:02:14:12 +0000] "GET /product/category/29363362001970 HTTP/2.0" 200 23396 "-" "Mozilla/5.0 AppleWebKit/537.36 (KHTML, like Gecko; compatible; bingbot/2.0; +http://www.bing.com/bingbot.htm) Chrome/116.0.1938.76 Safari/537.36"
207.46.13.153 - - [17/Apr/2026:02:14:12 +0000] "GET /?p=65101138041970 HTTP/2.0" 200 23360 "-" "Mozilla/5.0 AppleWebKit/537.36 (KHTML, like Gecko; compatible; bingbot/2.0; +http://www.bing.com/bingbot.htm) Chrome/116.0.1938.76 Safari/537.36"
207.46.13.153 - - [17/Apr/2026:02:14:16 +0000] "GET /?p=2050376041970 HTTP/2.0" 200 23235 "-" "Mozilla/5.0 AppleWebKit/537.36 (KHTML, like Gecko; compatible; bingbot/2.0; +http://www.bing.com/bingbot.htm) Chrome/116.0.1938.76 Safari/537.36"
157.55.39.202 - - [17/Apr/2026:02:14:42 +0000] "GET /?p=1156242031970 HTTP/2.0" 200 23539 "-" "Mozilla/5.0 AppleWebKit/537.36 (KHTML, like Gecko; compatible; bingbot/2.0; +http://www.bing.com/bingbot.htm) Chrome/116.0.1938.76 Safari/537.36"
157.55.39.202 - - [17/Apr/2026:02:14:46 +0000] "GET /product/category/5369708021970 HTTP/2.0" 200 23283 "-" "Mozilla/5.0 AppleWebKit/537.36 (KHTML, like Gecko; compatible; bingbot/2.0; +http://www.bing.com/bingbot.htm) Chrome/116.0.1938.76 Safari/537.36"
157.55.39.202 - - [17/Apr/2026:02:14:46 +0000] "GET /product/review/23553517041970 HTTP/2.0" 200 23567 "-" "Mozilla/5.0 AppleWebKit/537.36 (KHTML, like Gecko; compatible; bingbot/2.0; +http://www.bing.com/bingbot.htm) Chrome/116.0.1938.76 Safari/537.36"
40.77.167.5 - - [17/Apr/2026:02:14:51 +0000] "GET /?p=12681602021970 HTTP/2.0" 200 22714 "-" "Mozilla/5.0 AppleWebKit/537.36 (KHTML, like Gecko; compatible; bingbot/2.0; +http://www.bing.com/bingbot.htm) Chrome/116.0.1938.76 Safari/537.36"
40.77.167.5 - - [17/Apr/2026:02:14:52 +0000] "GET /?p=96573944071970 HTTP/2.0" 200 22485 "-" "Mozilla/5.0 AppleWebKit/537.36 (KHTML, like Gecko; compatible; bingbot/2.0; +http://www.bing.com/bingbot.htm) Chrome/116.0.1938.76 Safari/537.36"
40.77.167.5 - - [17/Apr/2026:02:14:53 +0000] "GET /?p=96698043011970 HTTP/2.0" 200 23050 "-" "Mozilla/5.0 AppleWebKit/537.36 (KHTML, like Gecko; compatible; bingbot/2.0; +http://www.bing.com/bingbot.htm) Chrome/116.0.1938.76 Safari/537.36"
40.77.167.5 - - [17/Apr/2026:02:14:53 +0000] "GET /product/category/4669672121970 HTTP/2.0" 200 22983 "-" "Mozilla/5.0 AppleWebKit/537.36 (KHTML, like Gecko; compatible; bingbot/2.0; +http://www.bing.com/bingbot.htm) Chrome/116.0.1938.76 Safari/537.36"
40.77.167.5 - - [17/Apr/2026:02:14:55 +0000] "GET /product/review/2011816061970 HTTP/2.0" 200 22726 "-" "Mozilla/5.0 AppleWebKit/537.36 (KHTML, like Gecko; compatible; bingbot/2.0; +http://www.bing.com/bingbot.htm) Chrome/116.0.1938.76 Safari/537.36"
40.77.167.5 - - [17/Apr/2026:02:14:56 +0000] "GET /contents/event/kansyasai/72690740020970 HTTP/2.0" 200 23205 "-" "Mozilla/5.0 AppleWebKit/537.36 (KHTML, like Gecko; compatible; bingbot/2.0; +http://www.bing.com/bingbot.htm) Chrome/116.0.1938.76 Safari/537.36"
66.249.64.33 - - [17/Apr/2026:02:14:59 +0000] "GET /shop/storeSearch/KeepCriteriaInput.aspx?&transition=top73901954062970 HTTP/1.1" 200 23390 "-" "Mozilla/5.0 (Linux; Android 6.0.1; Nexus 5X Build/MMB29P) AppleWebKit/537.36 (KHTML, like Gecko) Chrome/146.0.7680.177 Mobile Safari/537.36 (compatible; Googlebot/2.1; +http://www.google.com/bot.html)"
157.55.39.202 - - [17/Apr/2026:02:15:04 +0000] "GET /contents/event/kansyasai/29137481040970 HTTP/2.0" 200 21277 "-" "Mozilla/5.0 AppleWebKit/537.36 (KHTML, like Gecko; compatible; bingbot/2.0; +http://www.bing.com/bingbot.htm) Chrome/116.0.1938.76 Safari/537.36"
207.46.13.153 - - [17/Apr/2026:02:15:04 +0000] "GET /?p=23939350011970 HTTP/2.0" 200 23236 "-" "Mozilla/5.0 AppleWebKit/537.36 (KHTML, like Gecko; compatible; bingbot/2.0; +http://www.bing.com/bingbot.htm) Chrome/116.0.1938.76 Safari/537.36"
207.46.13.153 - - [17/Apr/2026:02:15:04 +0000] "GET /?p=68735196031970 HTTP/2.0" 200 23684 "-" "Mozilla/5.0 AppleWebKit/537.36 (KHTML, like Gecko; compatible; bingbot/2.0; +http://www.bing.com/bingbot.htm) Chrome/116.0.1938.76 Safari/537.36"
157.55.39.202 - - [17/Apr/2026:02:15:05 +0000] "GET /product/category/29073783021970 HTTP/2.0" 200 23340 "-" "Mozilla/5.0 AppleWebKit/537.36 (KHTML, like Gecko; compatible; bingbot/2.0; +http://www.bing.com/bingbot.htm) Chrome/116.0.1938.76 Safari/537.36"
157.55.39.202 - - [17/Apr/2026:02:15:06 +0000] "GET /contents/event/kansyasai/9719949010970 HTTP/2.0" 200 23891 "-" "Mozilla/5.0 AppleWebKit/537.36 (KHTML, like Gecko; compatible; bingbot/2.0; +http://www.bing.com/bingbot.htm) Chrome/116.0.1938.76 Safari/537.36"
207.46.13.153 - - [17/Apr/2026:02:15:32 +0000] "GET /contents/event/kansyasai/110339378040970 HTTP/2.0" 200 22881 "-" "Mozilla/5.0 AppleWebKit/537.36 (KHTML, like Gecko; compatible; bingbot/2.0; +http://www.bing.com/bingbot.htm) Chrome/116.0.1938.76 Safari/537.36"
207.46.13.153 - - [17/Apr/2026:02:15:36 +0000] "GET /contents/event/kansyasai/1415717020970 HTTP/2.0" 200 24299 "-" "Mozilla/5.0 AppleWebKit/537.36 (KHTML, like Gecko; compatible; bingbot/2.0; +http://www.bing.com/bingbot.htm) Chrome/116.0.1938.76 Safari/537.36"
207.46.13.153 - - [17/Apr/2026:02:15:36 +0000] "GET /contents/event/kansyasai/13564458010970 HTTP/2.0" 200 23884 "-" "Mozilla/5.0 AppleWebKit/537.36 (KHTML, like Gecko; compatible; bingbot/2.0; +http://www.bing.com/bingbot.htm) Chrome/116.0.1938.76 Safari/537.36"
66.249.64.33 - - [17/Apr/2026:02:15:39 +0000] "GET /product/category/58678872141970 HTTP/1.1" 200 22830 "-" "Mozilla/5.0 (Linux; Android 6.0.1; Nexus 5X Build/MMB29P) AppleWebKit/537.36 (KHTML, like Gecko) Chrome/146.0.7680.177 Mobile Safari/537.36 (compatible; Googlebot/2.1; +http://www.google.com/bot.html)"
207.46.13.18 - - [17/Apr/2026:02:15:43 +0000] "GET /product/review/104767861111970 HTTP/2.0" 200 22761 "-" "Mozilla/5.0 AppleWebKit/537.36 (KHTML, like Gecko; compatible; bingbot/2.0; +http://www.bing.com/bingbot.htm) Chrome/116.0.1938.76 Safari/537.36"
207.46.13.18 - - [17/Apr/2026:02:15:46 +0000] "GET /?p=49068213081970 HTTP/2.0" 200 22909 "-" "Mozilla/5.0 AppleWebKit/537.36 (KHTML, like Gecko; compatible; bingbot/2.0; +http://www.bing.com/bingbot.htm) Chrome/116.0.1938.76 Safari/537.36"
207.46.13.18 - - [17/Apr/2026:02:16:03 +0000] "GET /?p=42463771051970 HTTP/2.0" 200 22822 "-" "Mozilla/5.0 AppleWebKit/537.36 (KHTML, like Gecko; compatible; bingbot/2.0; +http://www.bing.com/bingbot.htm) Chrome/116.0.1938.76 Safari/537.36"
66.249.64.34 - - [17/Apr/2026:02:16:19 +0000] "GET /product/review/51468296141970 HTTP/1.1" 200 21240 "-" "Mozilla/5.0 (Linux; Android 6.0.1; Nexus 5X Build/MMB29P) AppleWebKit/537.36 (KHTML, like Gecko) Chrome/146.0.7680.177 Mobile Safari/537.36 (compatible; Googlebot/2.1; +http://www.google.com/bot.html)"
157.55.39.202 - - [17/Apr/2026:02:16:48 +0000] "GET /?p=18698172111970 HTTP/2.0" 200 23106 "-" "Mozilla/5.0 AppleWebKit/537.36 (KHTML, like Gecko; compatible; bingbot/2.0; +http://www.bing.com/bingbot.htm) Chrome/116.0.1938.76 Safari/537.36"
157.55.39.202 - - [17/Apr/2026:02:17:09 +0000] "GET /?p=83107415071970 HTTP/2.0" 200 23135 "-" "Mozilla/5.0 AppleWebKit/537.36 (KHTML, like Gecko; compatible; bingbot/2.0; +http://www.bing.com/bingbot.htm) Chrome/116.0.1938.76 Safari/537.36"
40.77.167.5 - - [17/Apr/2026:02:17:17 +0000] "GET /?p=11619379011970 HTTP/2.0" 200 23299 "-" "Mozilla/5.0 AppleWebKit/537.36 (KHTML, like Gecko; compatible; bingbot/2.0; +http://www.bing.com/bingbot.htm) Chrome/116.0.1938.76 Safari/537.36"
207.46.13.18 - - [17/Apr/2026:02:17:49 +0000] "GET /product/review/107677534041970 HTTP/2.0" 200 23401 "-" "Mozilla/5.0 AppleWebKit/537.36 (KHTML, like Gecko; compatible; bingbot/2.0; +http://www.bing.com/bingbot.htm) Chrome/116.0.1938.76 Safari/537.36"
66.249.64.34 - - [17/Apr/2026:02:18:20 +0000] "GET /product/review/118098399041970 HTTP/1.1" 200 23473 "-" "Mozilla/5.0 (Linux; Android 6.0.1; Nexus 5X Build/MMB29P) AppleWebKit/537.36 (KHTML, like Gecko) Chrome/146.0.7680.177 Mobile Safari/537.36 (compatible; Googlebot/2.1; +http://www.google.com/bot.html)"
66.249.64.33 - - [17/Apr/2026:02:19:00 +0000] "GET /shop/storeSearch/KeepCriteriaInput.aspx?&transition=top92193550102970 HTTP/1.1" 200 23910 "-" "Mozilla/5.0 (Linux; Android 6.0.1; Nexus 5X Build/MMB29P) AppleWebKit/537.36 (KHTML, like Gecko) Chrome/146.0.7680.177 Mobile Safari/537.36 (compatible; Googlebot/2.1; +http://www.google.com/bot.html)"
66.249.64.33 - - [17/Apr/2026:02:19:40 +0000] "GET /product/category/71090645071970 HTTP/1.1" 200 22839 "-" "Mozilla/5.0 (Linux; Android 6.0.1; Nexus 5X Build/MMB29P) AppleWebKit/537.36 (KHTML, like Gecko) Chrome/146.0.7680.177 Mobile Safari/537.36 (compatible; Googlebot/2.1; +http://www.google.com/bot.html)"
52.167.144.190 - - [17/Apr/2026:02:20:07 +0000] "GET /product/review/23758888011970 HTTP/2.0" 200 23245 "-" "Mozilla/5.0 AppleWebKit/537.36 (KHTML, like Gecko; compatible; bingbot/2.0; +http://www.bing.com/bingbot.htm) Chrome/116.0.1938.76 Safari/537.36"
66.249.64.32 - - [17/Apr/2026:02:20:20 +0000] "GET /shop/storeSearch/KeepCriteriaInput.aspx?&transition=top76689243042970 HTTP/1.1" 200 21773 "-" "Mozilla/5.0 (Linux; Android 6.0.1; Nexus 5X Build/MMB29P) AppleWebKit/537.36 (KHTML, like Gecko) Chrome/146.0.7680.177 Mobile Safari/537.36 (compatible; Googlebot/2.1; +http://www.google.com/bot.html)"
52.167.144.190 - - [17/Apr/2026:02:21:08 +0000] "GET /?p=92025540001970 HTTP/2.0" 200 23672 "-" "Mozilla/5.0 AppleWebKit/537.36 (KHTML, like Gecko; compatible; bingbot/2.0; +http://www.bing.com/bingbot.htm) Chrome/116.0.1938.76 Safari/537.36"
186.66.196.136 - - [17/Apr/2026:02:21:28 +0000] "GET /?p=1067748061970 HTTP/1.1" 500 - "https://veritserv.com/" "Mozilla/5.0 (Macintosh; Intel Mac OS X 10_15_7) AppleWebKit/605.1.15 (KHTML, like Gecko) Version/18.3.1 Safari/605.1.15"
185.75.225.31 - - [17/Apr/2026:02:21:48 +0000] "GET /?p=75933477061970 HTTP/1.1" 500 - "https://veritserv.com/" "Mozilla/5.0 (Windows NT 10.0; Win64; x64; rv:137.0) Gecko/20100101 Firefox/137.0"
66.249.64.33 - - [17/Apr/2026:02:21:54 +0000] "GET /product/review/108739302041970 HTTP/1.1" 200 23490 "-" "Mozilla/5.0 (Linux; Android 6.0.1; Nexus 5X Build/MMB29P) AppleWebKit/537.36 (KHTML, like Gecko) Chrome/146.0.7680.177 Mobile Safari/537.36 (compatible; Googlebot/2.1; +http://www.google.com/bot.html)"
157.55.39.13 - - [17/Apr/2026:02:22:48 +0000] "GET /product/review/24320790001970 HTTP/2.0" 200 23133 "-" "Mozilla/5.0 AppleWebKit/537.36 (KHTML, like Gecko; compatible; bingbot/2.0; +http://www.bing.com/bingbot.htm) Chrome/116.0.1938.76 Safari/537.36"
157.55.39.13 - - [17/Apr/2026:02:22:49 +0000] "GET /?p=23712912001970 HTTP/2.0" 200 23234 "-" "Mozilla/5.0 AppleWebKit/537.36 (KHTML, like Gecko; compatible; bingbot/2.0; +http://www.bing.com/bingbot.htm) Chrome/116.0.1938.76 Safari/537.36"
66.249.64.33 - - [17/Apr/2026:02:23:01 +0000] "GET /product/category/91715751011970 HTTP/1.1" 200 22909 "-" "Mozilla/5.0 (Linux; Android 6.0.1; Nexus 5X Build/MMB29P) AppleWebKit/537.36 (KHTML, like Gecko) Chrome/146.0.7680.177 Mobile Safari/537.36 (compatible; Googlebot/2.1; +http://www.google.com/bot.html)"
20.15.133.162 - - [17/Apr/2026:02:23:19 +0000] "GET /?p=35050633001970 HTTP/2.0" 200 23592 "-" "Mozilla/5.0 AppleWebKit/537.36 (KHTML, like Gecko; compatible; bingbot/2.0; +http://www.bing.com/bingbot.htm) Chrome/116.0.1938.76 Safari/537.36"
157.55.39.13 - - [17/Apr/2026:02:23:29 +0000] "GET /?p=18925858111970 HTTP/2.0" 200 22715 "-" "Mozilla/5.0 AppleWebKit/537.36 (KHTML, like Gecko; compatible; bingbot/2.0; +http://www.bing.com/bingbot.htm) Chrome/116.0.1938.76 Safari/537.36"
