74.7.227.47 - - [16/Apr/2026:21:32:18 +0000] "GET /shop/pg/2338128 HTTP/1.1" 404 13206 "http://mail.elementalmill.com/shop/customer/bookmark.php?shopping/products/16222338128" "Mozilla/5.0 AppleWebKit/537.36 (KHTML, like Gecko; compatible; GPTBot/1.3; +https://openai.com/gptbot)"
185.191.171.3 - - [16/Apr/2026:21:32:18 +0000] "GET /shop/pg/477221 HTTP/1.1" 404 13186 "-" "Mozilla/5.0 (compatible; SemrushBot/7~bl; +http://www.semrush.com/bot.html)"
74.7.227.47 - - [16/Apr/2026:21:32:25 +0000] "GET /shop/pg/1613914 HTTP/1.1" 404 13206 "http://mail.elementalmill.com/shop/pg/16201397451" "Mozilla/5.0 AppleWebKit/537.36 (KHTML, like Gecko; compatible; GPTBot/1.3; +https://openai.com/gptbot)"
74.7.242.33 - - [16/Apr/2026:21:32:29 +0000] "GET /shop/pg/1479600 HTTP/1.1" 404 13206 "http://www.elementalmill.com.lab2454.com/shop/customer/bookmark.php?shopping/products/16201479600" "Mozilla/5.0 AppleWebKit/537.36 (KHTML, like Gecko; compatible; GPTBot/1.3; +https://openai.com/gptbot)"
74.7.227.47 - - [16/Apr/2026:21:32:32 +0000] "GET /shop/pg/1553880 HTTP/1.1" 404 13206 "http://mail.elementalmill.com/shop/pg/16201337419" "Mozilla/5.0 AppleWebKit/537.36 (KHTML, like Gecko; compatible; GPTBot/1.3; +https://openai.com/gptbot)"
185.191.171.15 - - [16/Apr/2026:21:32:34 +0000] "GET /shopping/products/1619853768 HTTP/1.1" 404 13186 "-" "Mozilla/5.0 (compatible; SemrushBot/7~bl; +http://www.semrush.com/bot.html)"
185.191.171.19 - - [16/Apr/2026:21:32:39 +0000] "GET /shop/pg/16211551655 HTTP/1.1" 404 13186 "-" "Mozilla/5.0 (compatible; SemrushBot/7~bl; +http://www.semrush.com/bot.html)"
85.208.96.193 - - [16/Apr/2026:21:32:46 +0000] "GET /shopping/products/1619938140 HTTP/1.1" 404 13186 "-" "Mozilla/5.0 (compatible; SemrushBot/7~bl; +http://www.semrush.com/bot.html)"
74.7.227.47 - - [16/Apr/2026:21:32:47 +0000] "GET /shop/pg/1372910 HTTP/1.1" 404 13206 "http://mail.elementalmill.com/shop/pg/16201156448" "Mozilla/5.0 AppleWebKit/537.36 (KHTML, like Gecko; compatible; GPTBot/1.3; +https://openai.com/gptbot)"
74.7.227.151 - - [16/Apr/2026:21:32:49 +0000] "GET /shop/pg/1756746 HTTP/1.1" 301 839 "http://www.elementalmill.com/shopping/products/16211756746" "Mozilla/5.0 AppleWebKit/537.36 (KHTML, like Gecko; compatible; GPTBot/1.3; +https://openai.com/gptbot)"
185.191.171.1 - - [16/Apr/2026:21:32:54 +0000] "GET /shop/pg/440000 HTTP/1.1" 404 13186 "-" "Mozilla/5.0 (compatible; SemrushBot/7~bl; +http://www.semrush.com/bot.html)"
74.7.227.47 - - [16/Apr/2026:21:33:01 +0000] "GET /shop/pg/2091711 HTTP/1.1" 404 13206 "http://mail.elementalmill.com/shop/customer/bookmark.php?shopping/products/16222091711" "Mozilla/5.0 AppleWebKit/537.36 (KHTML, like Gecko; compatible; GPTBot/1.3; +https://openai.com/gptbot)"
74.7.227.47 - - [16/Apr/2026:21:33:07 +0000] "GET /shop/pg/1934974 HTTP/1.1" 404 13206 "http://mail.elementalmill.com/shop/customer/bookmark.php?shopping/products/16211934974" "Mozilla/5.0 AppleWebKit/537.36 (KHTML, like Gecko; compatible; GPTBot/1.3; +https://openai.com/gptbot)"
85.208.96.209 - - [16/Apr/2026:21:33:08 +0000] "GET /contents/event/22004081803 HTTP/1.1" 404 13186 "-" "Mozilla/5.0 (compatible; SemrushBot/7~bl; +http://www.semrush.com/bot.html)"
139.162.194.112 - - [16/Apr/2026:21:33:09 +0000] "POST /wp-cron.php?doing_wp_cron=1776375189.5516710281372070312500 HTTP/1.1" 404 13186 "-" "WordPress/6.9.1; https://elementalmill.com"
85.208.96.198 - - [16/Apr/2026:21:33:12 +0000] "GET /shopping/products/1619874063 HTTP/1.1" 404 13186 "-" "Mozilla/5.0 (compatible; SemrushBot/7~bl; +http://www.semrush.com/bot.html)"
74.7.227.47 - - [16/Apr/2026:21:33:13 +0000] "GET /shop/pg/1284708 HTTP/1.1" 404 13206 "http://mail.elementalmill.com/shop/pg/16201068247" "Mozilla/5.0 AppleWebKit/537.36 (KHTML, like Gecko; compatible; GPTBot/1.3; +https://openai.com/gptbot)"
74.7.227.47 - - [16/Apr/2026:21:33:19 +0000] "GET /shop/pg/1543304 HTTP/1.1" 404 13206 "http://mail.elementalmill.com/shopping/products/16211543304" "Mozilla/5.0 AppleWebKit/537.36 (KHTML, like Gecko; compatible; GPTBot/1.3; +https://openai.com/gptbot)"
74.7.227.47 - - [16/Apr/2026:21:33:25 +0000] "GET /shop/pg/1263360 HTTP/1.1" 404 13206 "http://mail.elementalmill.com/shop/pg/16211638448" "Mozilla/5.0 AppleWebKit/537.36 (KHTML, like Gecko; compatible; GPTBot/1.3; +https://openai.com/gptbot)"
185.191.171.15 - - [16/Apr/2026:21:33:30 +0000] "GET /shopping/products/1619981486 HTTP/1.1" 404 13186 "-" "Mozilla/5.0 (compatible; SemrushBot/7~bl; +http://www.semrush.com/bot.html)"
74.7.227.47 - - [16/Apr/2026:21:33:32 +0000] "GET /shop/pg/2632319 HTTP/1.1" 404 13206 "http://mail.elementalmill.com/shop/customer/bookmark.php?shopping/products/16232632319" "Mozilla/5.0 AppleWebKit/537.36 (KHTML, like Gecko; compatible; GPTBot/1.3; +https://openai.com/gptbot)"
74.7.227.151 - - [16/Apr/2026:21:33:32 +0000] "GET /shop/pg/1803373 HTTP/1.1" 301 839 "http://www.elementalmill.com/shopping/products/16211803373" "Mozilla/5.0 AppleWebKit/537.36 (KHTML, like Gecko; compatible; GPTBot/1.3; +https://openai.com/gptbot)"
185.191.171.17 - - [16/Apr/2026:21:33:44 +0000] "GET /shopping/products/1619947482 HTTP/1.1" 404 13186 "-" "Mozilla/5.0 (compatible; SemrushBot/7~bl; +http://www.semrush.com/bot.html)"
74.7.227.47 - - [16/Apr/2026:21:33:44 +0000] "GET /shop/pg/1741518 HTTP/1.1" 404 13206 "http://mail.elementalmill.com/shopping/products/16211741518" "Mozilla/5.0 AppleWebKit/537.36 (KHTML, like Gecko; compatible; GPTBot/1.3; +https://openai.com/gptbot)"
74.7.227.47 - - [16/Apr/2026:21:33:51 +0000] "GET /shop/pg/1187920 HTTP/1.1" 404 13206 "http://mail.elementalmill.com/shopping/products/16201187920" "Mozilla/5.0 AppleWebKit/537.36 (KHTML, like Gecko; compatible; GPTBot/1.3; +https://openai.com/gptbot)"
74.7.227.47 - - [16/Apr/2026:21:33:57 +0000] "GET /shop/pg/1242816 HTTP/1.1" 404 13206 "http://mail.elementalmill.com/shop/pg/16211617907" "Mozilla/5.0 AppleWebKit/537.36 (KHTML, like Gecko; compatible; GPTBot/1.3; +https://openai.com/gptbot)"
74.7.227.47 - - [16/Apr/2026:21:34:10 +0000] "GET /shop/pg/1568863 HTTP/1.1" 404 13206 "http://mail.elementalmill.com/shop/pg/1567688" "Mozilla/5.0 AppleWebKit/537.36 (KHTML, like Gecko; compatible; GPTBot/1.3; +https://openai.com/gptbot)"
139.162.194.112 - - [16/Apr/2026:21:34:12 +0000] "POST /wp-cron.php?doing_wp_cron=1776375252.2314140796661376953125 HTTP/1.1" 404 13186 "-" "WordPress/6.9.1; https://elementalmill.com"
74.7.227.47 - - [16/Apr/2026:21:34:16 +0000] "GET /shop/pg/2197388 HTTP/1.1" 404 13206 "http://mail.elementalmill.com/shopping/products/16222197388" "Mozilla/5.0 AppleWebKit/537.36 (KHTML, like Gecko; compatible; GPTBot/1.3; +https://openai.com/gptbot)"
74.7.227.47 - - [16/Apr/2026:21:34:22 +0000] "GET /shop/pg/1607741 HTTP/1.1" 404 13206 "http://mail.elementalmill.com/shopping/products/16211607741" "Mozilla/5.0 AppleWebKit/537.36 (KHTML, like Gecko; compatible; GPTBot/1.3; +https://openai.com/gptbot)"
185.191.171.11 - - [16/Apr/2026:21:34:22 +0000] "GET /shopping/products/1619977988 HTTP/1.1" 404 13186 "-" "Mozilla/5.0 (compatible; SemrushBot/7~bl; +http://www.semrush.com/bot.html)"
85.208.96.211 - - [16/Apr/2026:21:34:27 +0000] "GET /shopping/products/1619926336 HTTP/1.1" 404 13186 "-" "Mozilla/5.0 (compatible; SemrushBot/7~bl; +http://www.semrush.com/bot.html)"
74.7.227.47 - - [16/Apr/2026:21:34:29 +0000] "GET /shop/pg/1761723 HTTP/1.1" 404 13206 "http://mail.elementalmill.com/shop/customer/bookmark.php?shopping/products/16211761723" "Mozilla/5.0 AppleWebKit/537.36 (KHTML, like Gecko; compatible; GPTBot/1.3; +https://openai.com/gptbot)"
74.7.242.33 - - [16/Apr/2026:21:34:30 +0000] "GET /shop/pg/1411723 HTTP/1.1" 404 13206 "http://www.elementalmill.com.lab2454.com/shop/customer/bookmark.php?shopping/products/16201411723" "Mozilla/5.0 AppleWebKit/537.36 (KHTML, like Gecko; compatible; GPTBot/1.3; +https://openai.com/gptbot)"
185.191.171.9 - - [16/Apr/2026:21:34:32 +0000] "GET /shopping/products/1619919164 HTTP/1.1" 404 13186 "-" "Mozilla/5.0 (compatible; SemrushBot/7~bl; +http://www.semrush.com/bot.html)"
74.7.227.47 - - [16/Apr/2026:21:34:36 +0000] "GET /shop/pg/1652977 HTTP/1.1" 404 13206 "http://mail.elementalmill.com/shop/customer/bookmark.php?shopping/products/16211652977" "Mozilla/5.0 AppleWebKit/537.36 (KHTML, like Gecko; compatible; GPTBot/1.3; +https://openai.com/gptbot)"
185.191.171.15 - - [16/Apr/2026:21:34:37 +0000] "GET /shopping/products/1619948725 HTTP/1.1" 404 13186 "-" "Mozilla/5.0 (compatible; SemrushBot/7~bl; +http://www.semrush.com/bot.html)"
74.7.227.47 - - [16/Apr/2026:21:34:39 +0000] "GET /shop/pg/1619835806 HTTP/1.1" 404 13186 "http://www.elementalmill.com" "Mozilla/5.0 AppleWebKit/537.36 (KHTML, like Gecko; compatible; GPTBot/1.3; +https://openai.com/gptbot)"
85.208.96.211 - - [16/Apr/2026:21:34:42 +0000] "GET /shopping/products/1619992597 HTTP/1.1" 404 13186 "-" "Mozilla/5.0 (compatible; SemrushBot/7~bl; +http://www.semrush.com/bot.html)"
74.7.227.47 - - [16/Apr/2026:21:34:43 +0000] "GET /shop/pg/1702296 HTTP/1.1" 404 13206 "http://mail.elementalmill.com/shop/pg/1619561156" "Mozilla/5.0 AppleWebKit/537.36 (KHTML, like Gecko; compatible; GPTBot/1.3; +https://openai.com/gptbot)"
85.208.96.208 - - [16/Apr/2026:21:34:46 +0000] "GET /shopping/products/1619940757 HTTP/1.1" 404 13186 "-" "Mozilla/5.0 (compatible; SemrushBot/7~bl; +http://www.semrush.com/bot.html)"
74.7.227.47 - - [16/Apr/2026:21:34:51 +0000] "GET /shop/pg/1476646 HTTP/1.1" 404 13206 "http://mail.elementalmill.com/shop/pg/16211851741" "Mozilla/5.0 AppleWebKit/537.36 (KHTML, like Gecko; compatible; GPTBot/1.3; +https://openai.com/gptbot)"
74.7.227.151 - - [16/Apr/2026:21:34:56 +0000] "GET /shop/pg/2105493 HTTP/1.1" 301 839 "http://www.elementalmill.com/shopping/products/16222105493" "Mozilla/5.0 AppleWebKit/537.36 (KHTML, like Gecko; compatible; GPTBot/1.3; +https://openai.com/gptbot)"
185.191.171.11 - - [16/Apr/2026:21:35:01 +0000] "GET /shopping/products/1619930688 HTTP/1.1" 404 13186 "-" "Mozilla/5.0 (compatible; SemrushBot/7~bl; +http://www.semrush.com/bot.html)"
74.7.227.47 - - [16/Apr/2026:21:35:05 +0000] "GET /shop/pg/1714517 HTTP/1.1" 404 13206 "http://mail.elementalmill.com/shop/pg/16201498049" "Mozilla/5.0 AppleWebKit/537.36 (KHTML, like Gecko; compatible; GPTBot/1.3; +https://openai.com/gptbot)"
74.7.227.47 - - [16/Apr/2026:21:35:12 +0000] "GET /shop/pg/1345448 HTTP/1.1" 404 13206 "http://mail.elementalmill.com/shop/pg/16201128983" "Mozilla/5.0 AppleWebKit/537.36 (KHTML, like Gecko; compatible; GPTBot/1.3; +https://openai.com/gptbot)"
139.162.194.112 - - [16/Apr/2026:21:35:15 +0000] "POST /wp-cron.php?doing_wp_cron=1776375315.3390219211578369140625 HTTP/1.1" 404 13186 "-" "WordPress/6.9.1; https://elementalmill.com"
74.7.242.33 - - [16/Apr/2026:21:35:17 +0000] "GET /shop/pg/1464351 HTTP/1.1" 404 13206 "http://www.elementalmill.com.lab2454.com/shop/customer/bookmark.php?shopping/products/16201464351" "Mozilla/5.0 AppleWebKit/537.36 (KHTML, like Gecko; compatible; GPTBot/1.3; +https://openai.com/gptbot)"
74.7.227.151 - - [16/Apr/2026:21:35:17 +0000] "GET /shop/pg/1688076 HTTP/1.1" 301 839 "http://www.elementalmill.com/shopping/products/16211688076" "Mozilla/5.0 AppleWebKit/537.36 (KHTML, like Gecko; compatible; GPTBot/1.3; +https://openai.com/gptbot)"
74.7.227.47 - - [16/Apr/2026:21:35:19 +0000] "GET /shop/pg/1229208 HTTP/1.1" 404 13206 "http://mail.elementalmill.com/shop/pg/16211604299" "Mozilla/5.0 AppleWebKit/537.36 (KHTML, like Gecko; compatible; GPTBot/1.3; +https://openai.com/gptbot)"
74.7.227.47 - - [16/Apr/2026:21:35:26 +0000] "GET /shop/pg/1102428 HTTP/1.1" 404 13206 "http://mail.elementalmill.com/shopping/products/16201102428" "Mozilla/5.0 AppleWebKit/537.36 (KHTML, like Gecko; compatible; GPTBot/1.3; +https://openai.com/gptbot)"
74.7.227.47 - - [16/Apr/2026:21:35:32 +0000] "GET /shop/pg/1619873465 HTTP/1.1" 404 13186 "http://www.elementalmill.com" "Mozilla/5.0 AppleWebKit/537.36 (KHTML, like Gecko; compatible; GPTBot/1.3; +https://openai.com/gptbot)"
74.7.227.47 - - [16/Apr/2026:21:35:32 +0000] "GET /shop/pg/1383197 HTTP/1.1" 404 13206 "http://mail.elementalmill.com/shop/pg/16211758284" "Mozilla/5.0 AppleWebKit/537.36 (KHTML, like Gecko; compatible; GPTBot/1.3; +https://openai.com/gptbot)"
74.7.227.47 - - [16/Apr/2026:21:35:40 +0000] "GET /shop/pg/2417620 HTTP/1.1" 404 13206 "http://mail.elementalmill.com/shopping/products/16222417620" "Mozilla/5.0 AppleWebKit/537.36 (KHTML, like Gecko; compatible; GPTBot/1.3; +https://openai.com/gptbot)"
185.191.171.12 - - [16/Apr/2026:21:35:45 +0000] "GET /shopping/products/1619991813 HTTP/1.1" 404 13186 "-" "Mozilla/5.0 (compatible; SemrushBot/7~bl; +http://www.semrush.com/bot.html)"
74.7.227.47 - - [16/Apr/2026:21:35:46 +0000] "GET /shop/pg/1351980 HTTP/1.1" 404 13206 "http://mail.elementalmill.com/shop/pg/16211727074" "Mozilla/5.0 AppleWebKit/537.36 (KHTML, like Gecko; compatible; GPTBot/1.3; +https://openai.com/gptbot)"
74.7.227.47 - - [16/Apr/2026:21:35:53 +0000] "GET /shop/pg/1541167 HTTP/1.1" 404 13206 "http://mail.elementalmill.com/shop/customer/bookmark.php?shopping/products/16211541167" "Mozilla/5.0 AppleWebKit/537.36 (KHTML, like Gecko; compatible; GPTBot/1.3; +https://openai.com/gptbot)"
74.7.227.47 - - [16/Apr/2026:21:35:58 +0000] "GET /shop/pg/2112291 HTTP/1.1" 404 13206 "http://mail.elementalmill.com/shop/pg/1619971151" "Mozilla/5.0 AppleWebKit/537.36 (KHTML, like Gecko; compatible; GPTBot/1.3; +https://openai.com/gptbot)"
85.208.96.194 - - [16/Apr/2026:21:36:00 +0000] "GET /shop/pg/16222045172 HTTP/1.1" 404 13186 "-" "Mozilla/5.0 (compatible; SemrushBot/7~bl; +http://www.semrush.com/bot.html)"
74.7.227.47 - - [16/Apr/2026:21:36:04 +0000] "GET /shop/pg/1160724 HTTP/1.1" 404 13206 "http://mail.elementalmill.com/shop/pg/16211535821" "Mozilla/5.0 AppleWebKit/537.36 (KHTML, like Gecko; compatible; GPTBot/1.3; +https://openai.com/gptbot)"
185.191.171.12 - - [16/Apr/2026:21:36:07 +0000] "GET /shop/customer/22004446229 HTTP/1.1" 404 13186 "-" "Mozilla/5.0 (compatible; SemrushBot/7~bl; +http://www.semrush.com/bot.html)"
74.7.227.47 - - [16/Apr/2026:21:36:16 +0000] "GET /shop/pg/1350347 HTTP/1.1" 404 13206 "http://mail.elementalmill.com/shop/customer/bookmark.php?shopping/products/16201350347" "Mozilla/5.0 AppleWebKit/537.36 (KHTML, like Gecko; compatible; GPTBot/1.3; +https://openai.com/gptbot)"
185.191.171.12 - - [16/Apr/2026:21:36:17 +0000] "GET /shop/pg/1618369084 HTTP/1.1" 404 13186 "-" "Mozilla/5.0 (compatible; SemrushBot/7~bl; +http://www.semrush.com/bot.html)"
74.7.227.151 - - [16/Apr/2026:21:36:20 +0000] "GET /shop/pg/2155227 HTTP/1.1" 301 839 "http://www.elementalmill.com/shopping/products/16222155227" "Mozilla/5.0 AppleWebKit/537.36 (KHTML, like Gecko; compatible; GPTBot/1.3; +https://openai.com/gptbot)"
74.7.227.47 - - [16/Apr/2026:21:36:22 +0000] "GET /shop/pg/2143261 HTTP/1.1" 404 13206 "http://mail.elementalmill.com/shopping/products/16222143261" "Mozilla/5.0 AppleWebKit/537.36 (KHTML, like Gecko; compatible; GPTBot/1.3; +https://openai.com/gptbot)"
74.7.227.47 - - [16/Apr/2026:21:36:26 +0000] "GET /shop/pg/1618219304 HTTP/1.1" 404 13186 "http://www.elementalmill.com" "Mozilla/5.0 AppleWebKit/537.36 (KHTML, like Gecko; compatible; GPTBot/1.3; +https://openai.com/gptbot)"
185.191.171.11 - - [16/Apr/2026:21:36:26 +0000] "GET /shop/pg/447378 HTTP/1.1" 404 13186 "-" "Mozilla/5.0 (compatible; SemrushBot/7~bl; +http://www.semrush.com/bot.html)"
74.7.227.47 - - [16/Apr/2026:21:36:28 +0000] "GET /shop/pg/1489400 HTTP/1.1" 404 13206 "http://mail.elementalmill.com/shop/pg/16201272941" "Mozilla/5.0 AppleWebKit/537.36 (KHTML, like Gecko; compatible; GPTBot/1.3; +https://openai.com/gptbot)"
74.7.227.47 - - [16/Apr/2026:21:36:35 +0000] "GET /shop/pg/1319748 HTTP/1.1" 404 13206 "http://mail.elementalmill.com/shop/customer/bookmark.php?shopping/products/16201319748" "Mozilla/5.0 AppleWebKit/537.36 (KHTML, like Gecko; compatible; GPTBot/1.3; +https://openai.com/gptbot)"
185.191.171.9 - - [16/Apr/2026:21:36:40 +0000] "GET /shopping/products/1619996942 HTTP/1.1" 404 13186 "-" "Mozilla/5.0 (compatible; SemrushBot/7~bl; +http://www.semrush.com/bot.html)"
74.7.227.47 - - [16/Apr/2026:21:36:42 +0000] "GET /shop/pg/1671898 HTTP/1.1" 404 13206 "http://mail.elementalmill.com/shopping/products/16211671898" "Mozilla/5.0 AppleWebKit/537.36 (KHTML, like Gecko; compatible; GPTBot/1.3; +https://openai.com/gptbot)"
85.208.96.203 - - [16/Apr/2026:21:36:45 +0000] "GET /shopping/products/1619928812 HTTP/1.1" 404 13186 "-" "Mozilla/5.0 (compatible; SemrushBot/7~bl; +http://www.semrush.com/bot.html)"
185.191.171.3 - - [16/Apr/2026:21:36:55 +0000] "GET /shop/pg/16211655607 HTTP/1.1" 404 13186 "-" "Mozilla/5.0 (compatible; SemrushBot/7~bl; +http://www.semrush.com/bot.html)"
74.7.227.47 - - [16/Apr/2026:21:36:57 +0000] "GET /shop/pg/1627245 HTTP/1.1" 404 13206 "http://mail.elementalmill.com/shop/customer/bookmark.php?shopping/products/16211627245" "Mozilla/5.0 AppleWebKit/537.36 (KHTML, like Gecko; compatible; GPTBot/1.3; +https://openai.com/gptbot)"
85.208.96.198 - - [16/Apr/2026:21:36:59 +0000] "GET /shopping/products/1619960247 HTTP/1.1" 404 13186 "-" "Mozilla/5.0 (compatible; SemrushBot/7~bl; +http://www.semrush.com/bot.html)"
74.7.227.47 - - [16/Apr/2026:21:37:03 +0000] "GET /shop/pg/1630859 HTTP/1.1" 404 13206 "http://mail.elementalmill.com/shop/pg/16201414397" "Mozilla/5.0 AppleWebKit/537.36 (KHTML, like Gecko; compatible; GPTBot/1.3; +https://openai.com/gptbot)"
74.7.227.47 - - [16/Apr/2026:21:37:10 +0000] "GET /shop/pg/2364771 HTTP/1.1" 404 13206 "http://mail.elementalmill.com/shopping/products/16222364771" "Mozilla/5.0 AppleWebKit/537.36 (KHTML, like Gecko; compatible; GPTBot/1.3; +https://openai.com/gptbot)"
74.7.227.47 - - [16/Apr/2026:21:37:16 +0000] "GET /shop/pg/1590688 HTTP/1.1" 404 13206 "http://mail.elementalmill.com/shop/pg/16211965768" "Mozilla/5.0 AppleWebKit/537.36 (KHTML, like Gecko; compatible; GPTBot/1.3; +https://openai.com/gptbot)"
139.162.194.112 - - [16/Apr/2026:21:37:18 +0000] "POST /wp-cron.php?doing_wp_cron=1776375438.9055159091949462890625 HTTP/1.1" 404 13186 "-" "WordPress/6.9.1; https://elementalmill.com"
185.191.171.17 - - [16/Apr/2026:21:37:22 +0000] "GET /shopping/products/1619946082 HTTP/1.1" 404 13186 "-" "Mozilla/5.0 (compatible; SemrushBot/7~bl; +http://www.semrush.com/bot.html)"
74.7.227.47 - - [16/Apr/2026:21:37:22 +0000] "GET /shop/pg/1884269 HTTP/1.1" 404 13206 "http://mail.elementalmill.com/shopping/products/16211884269" "Mozilla/5.0 AppleWebKit/537.36 (KHTML, like Gecko; compatible; GPTBot/1.3; +https://openai.com/gptbot)"
74.7.227.47 - - [16/Apr/2026:21:37:29 +0000] "GET /shop/pg/1698755 HTTP/1.1" 404 13206 "http://mail.elementalmill.com/shop/customer/bookmark.php?shopping/products/16211698755" "Mozilla/5.0 AppleWebKit/537.36 (KHTML, like Gecko; compatible; GPTBot/1.3; +https://openai.com/gptbot)"
85.208.96.205 - - [16/Apr/2026:21:37:29 +0000] "GET /shopping/products/1619869697 HTTP/1.1" 404 13186 "-" "Mozilla/5.0 (compatible; SemrushBot/7~bl; +http://www.semrush.com/bot.html)"
74.7.242.33 - - [16/Apr/2026:21:37:31 +0000] "GET /shop/pg/1923702 HTTP/1.1" 404 13206 "http://www.elementalmill.com.lab2454.com/shop/customer/bookmark.php?shopping/products/16211923702" "Mozilla/5.0 AppleWebKit/537.36 (KHTML, like Gecko; compatible; GPTBot/1.3; +https://openai.com/gptbot)"
85.208.96.200 - - [16/Apr/2026:21:37:34 +0000] "GET /shop/pg/16222127951 HTTP/1.1" 404 13186 "-" "Mozilla/5.0 (compatible; SemrushBot/7~bl; +http://www.semrush.com/bot.html)"
74.7.227.47 - - [16/Apr/2026:21:37:36 +0000] "GET /shop/pg/1181963 HTTP/1.1" 404 13206 "http://mail.elementalmill.com/shopping/products/16201181963" "Mozilla/5.0 AppleWebKit/537.36 (KHTML, like Gecko; compatible; GPTBot/1.3; +https://openai.com/gptbot)"
74.7.242.33 - - [16/Apr/2026:21:37:40 +0000] "GET /shop/pg/1589512 HTTP/1.1" 404 13206 "http://www.elementalmill.com.lab2454.com/shop/customer/bookmark.php?shopping/products/16211589512" "Mozilla/5.0 AppleWebKit/537.36 (KHTML, like Gecko; compatible; GPTBot/1.3; +https://openai.com/gptbot)"
74.7.227.47 - - [16/Apr/2026:21:37:42 +0000] "GET /shop/pg/2089182 HTTP/1.1" 404 13206 "http://mail.elementalmill.com/shop/pg/1619948036" "Mozilla/5.0 AppleWebKit/537.36 (KHTML, like Gecko; compatible; GPTBot/1.3; +https://openai.com/gptbot)"
51.103.25.236 - - [16/Apr/2026:21:37:47 +0000] "GET /wp-content/plugins/hellopress/wp_filemanager.php HTTP/1.1" 404 66351 "-" "-"
51.103.25.236 - - [16/Apr/2026:21:37:50 +0000] "GET /file6.php HTTP/1.1" 404 66351 "-" "-"
51.103.25.236 - - [16/Apr/2026:21:37:53 +0000] "GET //sl.php HTTP/1.1" 301 1978 "-" "-"
51.103.25.236 - - [16/Apr/2026:21:37:57 +0000] "GET /sl.php HTTP/1.1" 404 66351 "-" "-"
74.7.227.47 - - [16/Apr/2026:21:38:02 +0000] "GET /shop/pg/2528578 HTTP/1.1" 404 13206 "http://mail.elementalmill.com/shop/customer/bookmark.php?shopping/products/16232528578" "Mozilla/5.0 AppleWebKit/537.36 (KHTML, like Gecko; compatible; GPTBot/1.3; +https://openai.com/gptbot)"
185.191.171.14 - - [16/Apr/2026:21:38:02 +0000] "GET /shopping/products/1619950227 HTTP/1.1" 404 13186 "-" "Mozilla/5.0 (compatible; SemrushBot/7~bl; +http://www.semrush.com/bot.html)"
51.103.25.236 - - [16/Apr/2026:21:38:03 +0000] "GET /flox.php HTTP/1.1" 404 66351 "-" "-"
51.103.25.236 - - [16/Apr/2026:21:38:06 +0000] "GET /mff.php HTTP/1.1" 404 66351 "-" "-"
74.7.227.47 - - [16/Apr/2026:21:38:07 +0000] "GET /shop/pg/1579653 HTTP/1.1" 404 13206 "http://mail.elementalmill.com/shop/pg/16211954738" "Mozilla/5.0 AppleWebKit/537.36 (KHTML, like Gecko; compatible; GPTBot/1.3; +https://openai.com/gptbot)"
74.7.242.33 - - [16/Apr/2026:21:38:08 +0000] "GET /shop/pg/1716873 HTTP/1.1" 404 13206 "http://www.elementalmill.com.lab2454.com/shopping/products/16211716873" "Mozilla/5.0 AppleWebKit/537.36 (KHTML, like Gecko; compatible; GPTBot/1.3; +https://openai.com/gptbot)"
51.103.25.236 - - [16/Apr/2026:21:38:09 +0000] "GET /aq.php HTTP/1.1" 404 66351 "-" "-"
74.7.227.47 - - [16/Apr/2026:21:38:11 +0000] "GET /shop/pg/1618205277 HTTP/1.1" 404 13186 "http://www.elementalmill.com" "Mozilla/5.0 AppleWebKit/537.36 (KHTML, like Gecko; compatible; GPTBot/1.3; +https://openai.com/gptbot)"
51.103.25.236 - - [16/Apr/2026:21:38:12 +0000] "GET //filemanger2.php HTTP/1.1" 301 1978 "-" "-"
51.103.25.236 - - [16/Apr/2026:21:38:15 +0000] "GET /filemanger2.php HTTP/1.1" 404 66351 "-" "-"
51.103.25.236 - - [16/Apr/2026:21:38:17 +0000] "GET /dx.php HTTP/1.1" 404 66351 "-" "-"
74.7.227.47 - - [16/Apr/2026:21:38:20 +0000] "GET /shop/pg/2194210 HTTP/1.1" 404 13206 "http://mail.elementalmill.com/shop/customer/bookmark.php?shopping/products/16222194210" "Mozilla/5.0 AppleWebKit/537.36 (KHTML, like Gecko; compatible; GPTBot/1.3; +https://openai.com/gptbot)"
139.162.194.112 - - [16/Apr/2026:21:38:20 +0000] "POST /wp-cron.php?doing_wp_cron=1776375500.0557479858398437500000 HTTP/1.1" 404 13186 "-" "WordPress/6.9.1; https://elementalmill.com"
52.167.144.172 - - [16/Apr/2026:21:38:21 +0000] "GET /shop/88964244042.html HTTP/1.1" 200 27875 "-" "Mozilla/5.0 AppleWebKit/537.36 (KHTML, like Gecko; compatible; bingbot/2.0; +http://www.bing.com/bingbot.htm) Chrome/116.0.1938.76 Safari/537.36"
51.103.25.236 - - [16/Apr/2026:21:38:21 +0000] "GET /wp-vn1.php HTTP/1.1" 404 66351 "-" "-"
52.167.144.172 - - [16/Apr/2026:21:38:23 +0000] "GET /shop/888814747467.html HTTP/1.1" 200 27200 "-" "Mozilla/5.0 AppleWebKit/537.36 (KHTML, like Gecko; compatible; bingbot/2.0; +http://www.bing.com/bingbot.htm) Chrome/116.0.1938.76 Safari/537.36"
85.208.96.193 - - [16/Apr/2026:21:38:22 +0000] "GET /shop/pg/16201061888 HTTP/1.1" 404 13186 "-" "Mozilla/5.0 (compatible; SemrushBot/7~bl; +http://www.semrush.com/bot.html)"
52.167.144.172 - - [16/Apr/2026:21:38:24 +0000] "GET /shop/890910817167.html HTTP/1.1" 200 27742 "-" "Mozilla/5.0 AppleWebKit/537.36 (KHTML, like Gecko; compatible; bingbot/2.0; +http://www.bing.com/bingbot.htm) Chrome/116.0.1938.76 Safari/537.36"
51.103.25.236 - - [16/Apr/2026:21:38:24 +0000] "GET /ewp.php HTTP/1.1" 404 66351 "-" "-"
74.7.227.47 - - [16/Apr/2026:21:38:25 +0000] "GET /shop/pg/1550563 HTTP/1.1" 404 13206 "http://mail.elementalmill.com/shop/pg/16201334109" "Mozilla/5.0 AppleWebKit/537.36 (KHTML, like Gecko; compatible; GPTBot/1.3; +https://openai.com/gptbot)"
51.103.25.236 - - [16/Apr/2026:21:38:26 +0000] "GET /kikikoko.php HTTP/1.1" 404 66351 "-" "-"
85.208.96.195 - - [16/Apr/2026:21:38:26 +0000] "GET /shopping/products/1619931717 HTTP/1.1" 404 13186 "-" "Mozilla/5.0 (compatible; SemrushBot/7~bl; +http://www.semrush.com/bot.html)"
51.103.25.236 - - [16/Apr/2026:21:38:28 +0000] "GET //nwflm.php HTTP/1.1" 301 1978 "-" "-"
51.103.25.236 - - [16/Apr/2026:21:38:31 +0000] "GET /nwflm.php HTTP/1.1" 404 66351 "-" "-"
185.191.171.3 - - [16/Apr/2026:21:38:31 +0000] "GET /shopping/products/1619962463 HTTP/1.1" 404 13186 "-" "Mozilla/5.0 (compatible; SemrushBot/7~bl; +http://www.semrush.com/bot.html)"
74.7.227.47 - - [16/Apr/2026:21:38:32 +0000] "GET /shop/pg/1633423 HTTP/1.1" 404 13206 "http://mail.elementalmill.com/shop/customer/bookmark.php?shopping/products/16211633423" "Mozilla/5.0 AppleWebKit/537.36 (KHTML, like Gecko; compatible; GPTBot/1.3; +https://openai.com/gptbot)"
51.103.25.236 - - [16/Apr/2026:21:38:35 +0000] "GET /dx.php HTTP/1.1" 404 66351 "-" "-"
74.7.227.47 - - [16/Apr/2026:21:38:37 +0000] "GET /shop/pg/1619854093 HTTP/1.1" 404 13186 "http://www.elementalmill.com" "Mozilla/5.0 AppleWebKit/537.36 (KHTML, like Gecko; compatible; GPTBot/1.3; +https://openai.com/gptbot)"
51.103.25.236 - - [16/Apr/2026:21:38:38 +0000] "GET /xff.php HTTP/1.1" 404 66351 "-" "-"
74.7.227.47 - - [16/Apr/2026:21:38:39 +0000] "GET /shop/pg/1685162 HTTP/1.1" 404 13206 "http://mail.elementalmill.com/shop/pg/16201468688" "Mozilla/5.0 AppleWebKit/537.36 (KHTML, like Gecko; compatible; GPTBot/1.3; +https://openai.com/gptbot)"
51.103.25.236 - - [16/Apr/2026:21:38:41 +0000] "GET /lupo.php HTTP/1.1" 404 66351 "-" "-"
185.191.171.6 - - [16/Apr/2026:21:38:44 +0000] "GET /shopping/products/1619951908 HTTP/1.1" 404 13186 "-" "Mozilla/5.0 (compatible; SemrushBot/7~bl; +http://www.semrush.com/bot.html)"
51.103.25.236 - - [16/Apr/2026:21:38:45 +0000] "GET /awa.php HTTP/1.1" 404 66351 "-" "-"
74.7.227.47 - - [16/Apr/2026:21:38:46 +0000] "GET /shop/pg/1278207 HTTP/1.1" 404 13206 "http://mail.elementalmill.com/shop/pg/16211653310" "Mozilla/5.0 AppleWebKit/537.36 (KHTML, like Gecko; compatible; GPTBot/1.3; +https://openai.com/gptbot)"
51.103.25.236 - - [16/Apr/2026:21:38:48 +0000] "GET /sadcut1.php HTTP/1.1" 404 66351 "-" "-"
85.208.96.206 - - [16/Apr/2026:21:38:51 +0000] "GET /shop/pg/1323809 HTTP/1.1" 404 13186 "-" "Mozilla/5.0 (compatible; SemrushBot/7~bl; +http://www.semrush.com/bot.html)"
51.103.25.236 - - [16/Apr/2026:21:38:51 +0000] "GET /popo.php HTTP/1.1" 404 66351 "-" "-"
74.7.227.47 - - [16/Apr/2026:21:38:53 +0000] "GET /shop/pg/1057425 HTTP/1.1" 404 13206 "http://mail.elementalmill.com/shopping/products/16201057425" "Mozilla/5.0 AppleWebKit/537.36 (KHTML, like Gecko; compatible; GPTBot/1.3; +https://openai.com/gptbot)"
51.103.25.236 - - [16/Apr/2026:21:38:54 +0000] "GET /water.php HTTP/1.1" 404 66351 "-" "-"
85.208.96.196 - - [16/Apr/2026:21:38:55 +0000] "GET /shopping/products/1619981212 HTTP/1.1" 404 13186 "-" "Mozilla/5.0 (compatible; SemrushBot/7~bl; +http://www.semrush.com/bot.html)"
74.7.227.47 - - [16/Apr/2026:21:38:59 +0000] "GET /shop/pg/2126800 HTTP/1.1" 404 13206 "http://mail.elementalmill.com/shop/customer/bookmark.php?shopping/products/16222126800" "Mozilla/5.0 AppleWebKit/537.36 (KHTML, like Gecko; compatible; GPTBot/1.3; +https://openai.com/gptbot)"
51.103.25.236 - - [16/Apr/2026:21:39:00 +0000] "GET /ggb.php HTTP/1.1" 404 66351 "-" "-"
85.208.96.199 - - [16/Apr/2026:21:39:01 +0000] "GET /shopping/products/1619998401 HTTP/1.1" 404 13186 "-" "Mozilla/5.0 (compatible; SemrushBot/7~bl; +http://www.semrush.com/bot.html)"
51.103.25.236 - - [16/Apr/2026:21:39:03 +0000] "GET /13.php HTTP/1.1" 404 66351 "-" "-"
74.7.227.47 - - [16/Apr/2026:21:39:05 +0000] "GET /shop/pg/1695385 HTTP/1.1" 404 13206 "http://mail.elementalmill.com/shop/customer/bookmark.php?shopping/products/16211695385" "Mozilla/5.0 AppleWebKit/537.36 (KHTML, like Gecko; compatible; GPTBot/1.3; +https://openai.com/gptbot)"
51.103.25.236 - - [16/Apr/2026:21:39:06 +0000] "GET /wert.php HTTP/1.1" 404 66351 "-" "-"
51.103.25.236 - - [16/Apr/2026:21:39:09 +0000] "GET /11.php HTTP/1.1" 404 66351 "-" "-"
51.103.25.236 - - [16/Apr/2026:21:39:11 +0000] "GET /p.php HTTP/1.1" 404 66351 "-" "-"
51.103.25.236 - - [16/Apr/2026:21:39:14 +0000] "GET /oij98gy.php HTTP/1.1" 404 66351 "-" "-"
51.103.25.236 - - [16/Apr/2026:21:39:16 +0000] "GET /bthil.php HTTP/1.1" 404 66351 "-" "-"
74.7.227.47 - - [16/Apr/2026:21:39:18 +0000] "GET /shop/pg/1665564 HTTP/1.1" 404 13206 "http://mail.elementalmill.com/shop/pg/16201449097" "Mozilla/5.0 AppleWebKit/537.36 (KHTML, like Gecko; compatible; GPTBot/1.3; +https://openai.com/gptbot)"
51.103.25.236 - - [16/Apr/2026:21:39:18 +0000] "GET /turkshell.php HTTP/1.1" 404 66351 "-" "-"
139.162.194.112 - - [16/Apr/2026:21:39:20 +0000] "POST /wp-cron.php?doing_wp_cron=1776375560.2852630615234375000000 HTTP/1.1" 404 13186 "-" "WordPress/6.9.1; https://elementalmill.com"
139.162.194.112 - - [16/Apr/2026:21:39:20 +0000] "POST /wp-cron.php?doing_wp_cron=1776375560.9192380905151367187500 HTTP/1.1" 404 13186 "-" "WordPress/6.9.1; https://elementalmill.com"
51.103.25.236 - - [16/Apr/2026:21:39:22 +0000] "GET /tea.php HTTP/1.1" 404 66351 "-" "-"
51.103.25.236 - - [16/Apr/2026:21:39:24 +0000] "GET /seo.php HTTP/1.1" 404 66351 "-" "-"
51.103.25.236 - - [16/Apr/2026:21:39:27 +0000] "GET /7.php HTTP/1.1" 404 66351 "-" "-"
51.103.25.236 - - [16/Apr/2026:21:39:29 +0000] "GET /8.php HTTP/1.1" 404 66351 "-" "-"
74.7.227.47 - - [16/Apr/2026:21:39:30 +0000] "GET /shop/pg/1773911 HTTP/1.1" 404 13206 "http://mail.elementalmill.com/shopping/products/16211773911" "Mozilla/5.0 AppleWebKit/537.36 (KHTML, like Gecko; compatible; GPTBot/1.3; +https://openai.com/gptbot)"
51.103.25.236 - - [16/Apr/2026:21:39:32 +0000] "GET /1.php HTTP/1.1" 404 66351 "-" "-"
51.103.25.236 - - [16/Apr/2026:21:39:34 +0000] "GET /2.php HTTP/1.1" 404 66351 "-" "-"
51.103.25.236 - - [16/Apr/2026:21:39:36 +0000] "GET /3.php HTTP/1.1" 404 66351 "-" "-"
51.103.25.236 - - [16/Apr/2026:21:39:38 +0000] "GET /4.php HTTP/1.1" 404 66351 "-" "-"
51.103.25.236 - - [16/Apr/2026:21:39:40 +0000] "GET /5.php HTTP/1.1" 404 66351 "-" "-"
74.7.227.47 - - [16/Apr/2026:21:39:42 +0000] "GET /shop/pg/1716366 HTTP/1.1" 404 13206 "http://mail.elementalmill.com/shop/pg/16201499887" "Mozilla/5.0 AppleWebKit/537.36 (KHTML, like Gecko; compatible; GPTBot/1.3; +https://openai.com/gptbot)"
51.103.25.236 - - [16/Apr/2026:21:39:43 +0000] "GET /6.php HTTP/1.1" 404 66351 "-" "-"
51.103.25.236 - - [16/Apr/2026:21:39:45 +0000] "GET /9.php HTTP/1.1" 404 66351 "-" "-"
85.208.96.205 - - [16/Apr/2026:21:39:46 +0000] "GET /shopping/products/1619864124 HTTP/1.1" 404 13186 "-" "Mozilla/5.0 (compatible; SemrushBot/7~bl; +http://www.semrush.com/bot.html)"
74.7.227.47 - - [16/Apr/2026:21:39:48 +0000] "GET /shop/pg/1175718 HTTP/1.1" 404 13206 "http://mail.elementalmill.com/shopping/products/16201175718" "Mozilla/5.0 AppleWebKit/537.36 (KHTML, like Gecko; compatible; GPTBot/1.3; +https://openai.com/gptbot)"
51.103.25.236 - - [16/Apr/2026:21:39:48 +0000] "GET /10.php HTTP/1.1" 404 66351 "-" "-"
51.103.25.236 - - [16/Apr/2026:21:39:52 +0000] "GET /.mopj.php HTTP/1.1" 404 66351 "-" "-"
74.7.227.47 - - [16/Apr/2026:21:39:56 +0000] "GET /shop/pg/1463817 HTTP/1.1" 404 13206 "http://mail.elementalmill.com/shopping/products/16201463817" "Mozilla/5.0 AppleWebKit/537.36 (KHTML, like Gecko; compatible; GPTBot/1.3; +https://openai.com/gptbot)"
51.103.25.236 - - [16/Apr/2026:21:39:56 +0000] "GET /100.php HTTP/1.1" 404 66351 "-" "-"
51.103.25.236 - - [16/Apr/2026:21:39:59 +0000] "GET /nano.php HTTP/1.1" 404 66351 "-" "-"
51.103.25.236 - - [16/Apr/2026:21:40:02 +0000] "GET /f35_S.php HTTP/1.1" 404 66351 "-" "-"
74.7.227.47 - - [16/Apr/2026:21:40:02 +0000] "GET /shop/pg/1614516 HTTP/1.1" 404 13206 "http://mail.elementalmill.com/shop/pg/16201398049" "Mozilla/5.0 AppleWebKit/537.36 (KHTML, like Gecko; compatible; GPTBot/1.3; +https://openai.com/gptbot)"
85.208.96.201 - - [16/Apr/2026:21:40:04 +0000] "GET /shopping/products/1619940398 HTTP/1.1" 404 13186 "-" "Mozilla/5.0 (compatible; SemrushBot/7~bl; +http://www.semrush.com/bot.html)"
51.103.25.236 - - [16/Apr/2026:21:40:05 +0000] "GET /2026w.php HTTP/1.1" 404 66351 "-" "-"
51.103.25.236 - - [16/Apr/2026:21:40:08 +0000] "GET /111.php HTTP/1.1" 404 66351 "-" "-"
74.7.227.47 - - [16/Apr/2026:21:40:10 +0000] "GET /shop/pg/1619796 HTTP/1.1" 404 13206 "http://mail.elementalmill.com/shop/pg/16211994875" "Mozilla/5.0 AppleWebKit/537.36 (KHTML, like Gecko; compatible; GPTBot/1.3; +https://openai.com/gptbot)"
51.103.25.236 - - [16/Apr/2026:21:40:11 +0000] "GET /wp1.php HTTP/1.1" 404 66351 "-" "-"
51.103.25.236 - - [16/Apr/2026:21:40:14 +0000] "GET /aligk.php HTTP/1.1" 404 66351 "-" "-"
74.7.227.47 - - [16/Apr/2026:21:40:17 +0000] "GET /shop/pg/1675169 HTTP/1.1" 404 13206 "http://mail.elementalmill.com/shop/pg/16201458710" "Mozilla/5.0 AppleWebKit/537.36 (KHTML, like Gecko; compatible; GPTBot/1.3; +https://openai.com/gptbot)"
51.103.25.236 - - [16/Apr/2026:21:40:17 +0000] "GET /byrgo.php HTTP/1.1" 404 66351 "-" "-"
139.162.194.112 - - [16/Apr/2026:21:40:21 +0000] "POST /wp-cron.php?doing_wp_cron=1776375621.0627529621124267578125 HTTP/1.1" 404 13186 "-" "WordPress/6.9.1; https://elementalmill.com"
51.103.25.236 - - [16/Apr/2026:21:40:22 +0000] "GET //xwpg.php HTTP/1.1" 301 1978 "-" "-"
51.103.25.236 - - [16/Apr/2026:21:40:25 +0000] "GET /xwpg.php HTTP/1.1" 404 66351 "-" "-"
185.191.171.7 - - [16/Apr/2026:21:40:27 +0000] "GET /shopping/products/1619948168 HTTP/1.1" 404 13186 "-" "Mozilla/5.0 (compatible; SemrushBot/7~bl; +http://www.semrush.com/bot.html)"
51.103.25.236 - - [16/Apr/2026:21:40:29 +0000] "GET /ass.php HTTP/1.1" 404 66351 "-" "-"
51.103.25.236 - - [16/Apr/2026:21:40:34 +0000] "GET //about.php HTTP/1.1" 200 349 "-" "-"
85.208.96.206 - - [16/Apr/2026:21:40:32 +0000] "GET /shopping/products/1619970156 HTTP/1.1" 404 13186 "-" "Mozilla/5.0 (compatible; SemrushBot/7~bl; +http://www.semrush.com/bot.html)"
74.7.227.47 - - [16/Apr/2026:21:40:33 +0000] "GET /shop/pg/1595406 HTTP/1.1" 404 13206 "http://mail.elementalmill.com/shop/pg/16201378936" "Mozilla/5.0 AppleWebKit/537.36 (KHTML, like Gecko; compatible; GPTBot/1.3; +https://openai.com/gptbot)"
51.103.25.236 - - [16/Apr/2026:21:40:35 +0000] "GET /no18.php HTTP/1.1" 404 66351 "-" "-"
85.208.96.207 - - [16/Apr/2026:21:40:37 +0000] "GET /shopping/products/1619929194 HTTP/1.1" 404 13186 "-" "Mozilla/5.0 (compatible; SemrushBot/7~bl; +http://www.semrush.com/bot.html)"
51.103.25.236 - - [16/Apr/2026:21:40:39 +0000] "GET /fine.php HTTP/1.1" 404 66351 "-" "-"
74.7.227.47 - - [16/Apr/2026:21:40:39 +0000] "GET /shop/pg/2437868 HTTP/1.1" 404 13206 "http://mail.elementalmill.com/shopping/products/16222437868" "Mozilla/5.0 AppleWebKit/537.36 (KHTML, like Gecko; compatible; GPTBot/1.3; +https://openai.com/gptbot)"
85.208.96.206 - - [16/Apr/2026:21:40:42 +0000] "GET /shopping/products/1619993077 HTTP/1.1" 404 13186 "-" "Mozilla/5.0 (compatible; SemrushBot/7~bl; +http://www.semrush.com/bot.html)"
51.103.25.236 - - [16/Apr/2026:21:40:42 +0000] "GET /zample.php HTTP/1.1" 404 66351 "-" "-"
51.103.25.236 - - [16/Apr/2026:21:40:45 +0000] "GET /hplfuns.php HTTP/1.1" 404 66351 "-" "-"
74.7.227.47 - - [16/Apr/2026:21:40:45 +0000] "GET /shop/pg/1654676 HTTP/1.1" 404 13206 "http://mail.elementalmill.com/shop/pg/16201438217" "Mozilla/5.0 AppleWebKit/537.36 (KHTML, like Gecko; compatible; GPTBot/1.3; +https://openai.com/gptbot)"
51.103.25.236 - - [16/Apr/2026:21:40:47 +0000] "GET /xa.php HTTP/1.1" 404 66351 "-" "-"
185.191.171.7 - - [16/Apr/2026:21:40:48 +0000] "GET /shopping/products/1619870654 HTTP/1.1" 404 13186 "-" "Mozilla/5.0 (compatible; SemrushBot/7~bl; +http://www.semrush.com/bot.html)"
51.103.25.236 - - [16/Apr/2026:21:40:51 +0000] "GET //admin.php HTTP/1.1" 301 1978 "-" "-"
74.7.227.47 - - [16/Apr/2026:21:40:51 +0000] "GET /shop/pg/1693669 HTTP/1.1" 404 13206 "http://mail.elementalmill.com/shopping/products/16211693669" "Mozilla/5.0 AppleWebKit/537.36 (KHTML, like Gecko; compatible; GPTBot/1.3; +https://openai.com/gptbot)"
51.103.25.236 - - [16/Apr/2026:21:40:53 +0000] "GET /admin.php HTTP/1.1" 404 66351 "-" "-"
74.7.227.151 - - [16/Apr/2026:21:40:55 +0000] "GET /shop/pg/1573316 HTTP/1.1" 301 839 "http://www.elementalmill.com/shop/customer/bookmark.php?shopping/products/16211573316" "Mozilla/5.0 AppleWebKit/537.36 (KHTML, like Gecko; compatible; GPTBot/1.3; +https://openai.com/gptbot)"
85.208.96.198 - - [16/Apr/2026:21:40:55 +0000] "GET /shopping/products/1619944099 HTTP/1.1" 404 13186 "-" "Mozilla/5.0 (compatible; SemrushBot/7~bl; +http://www.semrush.com/bot.html)"
51.103.25.236 - - [16/Apr/2026:21:40:57 +0000] "GET /inege.php HTTP/1.1" 404 66351 "-" "-"
74.7.227.47 - - [16/Apr/2026:21:40:57 +0000] "GET /shop/pg/1014545 HTTP/1.1" 404 13206 "http://mail.elementalmill.com/shopping/products/16201014545" "Mozilla/5.0 AppleWebKit/537.36 (KHTML, like Gecko; compatible; GPTBot/1.3; +https://openai.com/gptbot)"
51.103.25.236 - - [16/Apr/2026:21:41:00 +0000] "GET /fe5.php HTTP/1.1" 404 66351 "-" "-"
85.208.96.197 - - [16/Apr/2026:21:41:01 +0000] "GET /shop/pg/905050 HTTP/1.1" 404 13186 "-" "Mozilla/5.0 (compatible; SemrushBot/7~bl; +http://www.semrush.com/bot.html)"
51.103.25.236 - - [16/Apr/2026:21:41:04 +0000] "GET /uuu.php HTTP/1.1" 404 66351 "-" "-"
74.7.227.47 - - [16/Apr/2026:21:41:05 +0000] "GET /shop/pg/1002296 HTTP/1.1" 404 13206 "http://mail.elementalmill.com/shop/pg/16232560496" "Mozilla/5.0 AppleWebKit/537.36 (KHTML, like Gecko; compatible; GPTBot/1.3; +https://openai.com/gptbot)"
51.103.25.236 - - [16/Apr/2026:21:41:07 +0000] "GET /sf.php HTTP/1.1" 404 66351 "-" "-"
51.103.25.236 - - [16/Apr/2026:21:41:11 +0000] "GET /no1.php HTTP/1.1" 404 66351 "-" "-"
74.7.227.47 - - [16/Apr/2026:21:41:12 +0000] "GET /shop/pg/1816682 HTTP/1.1" 404 13206 "http://mail.elementalmill.com/shopping/products/16211816682" "Mozilla/5.0 AppleWebKit/537.36 (KHTML, like Gecko; compatible; GPTBot/1.3; +https://openai.com/gptbot)"
51.103.25.236 - - [16/Apr/2026:21:41:15 +0000] "GET /w2025.php HTTP/1.1" 404 66351 "-" "-"
51.103.25.236 - - [16/Apr/2026:21:41:19 +0000] "GET /fvvff.php HTTP/1.1" 404 66351 "-" "-"
74.7.227.47 - - [16/Apr/2026:21:41:21 +0000] "GET /shop/pg/2417152 HTTP/1.1" 404 13206 "http://mail.elementalmill.com/shop/customer/bookmark.php?shopping/products/16222417152" "Mozilla/5.0 AppleWebKit/537.36 (KHTML, like Gecko; compatible; GPTBot/1.3; +https://openai.com/gptbot)"
185.191.171.7 - - [16/Apr/2026:21:41:23 +0000] "GET /shopping/products/1619949485 HTTP/1.1" 404 13186 "-" "Mozilla/5.0 (compatible; SemrushBot/7~bl; +http://www.semrush.com/bot.html)"
139.162.194.112 - - [16/Apr/2026:21:41:24 +0000] "POST /wp-cron.php?doing_wp_cron=1776375684.1755399703979492187500 HTTP/1.1" 404 13186 "-" "WordPress/6.9.1; https://elementalmill.com"
51.103.25.236 - - [16/Apr/2026:21:41:25 +0000] "GET /a2.php HTTP/1.1" 404 66351 "-" "-"
74.7.227.47 - - [16/Apr/2026:21:41:30 +0000] "GET /shop/pg/1345090 HTTP/1.1" 404 13206 "http://mail.elementalmill.com/shopping/products/16201345090" "Mozilla/5.0 AppleWebKit/537.36 (KHTML, like Gecko; compatible; GPTBot/1.3; +https://openai.com/gptbot)"
51.103.25.236 - - [16/Apr/2026:21:41:30 +0000] "GET //edit.php HTTP/1.1" 301 1978 "-" "-"
51.103.25.236 - - [16/Apr/2026:21:41:33 +0000] "GET /edit.php HTTP/1.1" 404 66351 "-" "-"
51.103.25.236 - - [16/Apr/2026:21:41:38 +0000] "GET /ioxi-o.php HTTP/1.1" 404 66351 "-" "-"
51.103.25.236 - - [16/Apr/2026:21:41:42 +0000] "GET /wp-content/admin.php HTTP/1.1" 404 66351 "-" "-"
51.103.25.236 - - [16/Apr/2026:21:41:44 +0000] "GET /66.php HTTP/1.1" 404 66351 "-" "-"
51.103.25.236 - - [16/Apr/2026:21:41:47 +0000] "GET /a5.php HTTP/1.1" 404 66351 "-" "-"
185.191.171.7 - - [16/Apr/2026:21:41:49 +0000] "GET /shop/pg/1618170433 HTTP/1.1" 404 13186 "-" "Mozilla/5.0 (compatible; SemrushBot/7~bl; +http://www.semrush.com/bot.html)"
74.7.227.47 - - [16/Apr/2026:21:41:49 +0000] "GET /shop/pg/2433458 HTTP/1.1" 404 13206 "http://mail.elementalmill.com/shopping/products/16222433458" "Mozilla/5.0 AppleWebKit/537.36 (KHTML, like Gecko; compatible; GPTBot/1.3; +https://openai.com/gptbot)"
40.77.167.68 - - [16/Apr/2026:21:41:52 +0000] "GET /shop/889934395288.html HTTP/1.1" 200 28299 "-" "Mozilla/5.0 AppleWebKit/537.36 (KHTML, like Gecko; compatible; bingbot/2.0; +http://www.bing.com/bingbot.htm) Chrome/116.0.1938.76 Safari/537.36"
74.7.243.209 - - [16/Apr/2026:21:41:50 +0000] "GET /shopping/products/16201490035 HTTP/1.1" 404 13206 "http://elementalmill.com.lab2454.com/shopping/products/16232547252" "Mozilla/5.0 AppleWebKit/537.36 (KHTML, like Gecko; compatible; GPTBot/1.3; +https://openai.com/gptbot)"
51.103.25.236 - - [16/Apr/2026:21:41:51 +0000] "GET /ol.php HTTP/1.1" 404 66351 "-" "-"
51.103.25.236 - - [16/Apr/2026:21:41:54 +0000] "GET //f6.php HTTP/1.1" 301 1978 "-" "-"
85.208.96.202 - - [16/Apr/2026:21:41:53 +0000] "GET /shopping/products/1619862463 HTTP/1.1" 404 13186 "-" "Mozilla/5.0 (compatible; SemrushBot/7~bl; +http://www.semrush.com/bot.html)"
74.7.227.47 - - [16/Apr/2026:21:41:56 +0000] "GET /shop/pg/1515942 HTTP/1.1" 404 13206 "http://mail.elementalmill.com/shop/pg/16201299469" "Mozilla/5.0 AppleWebKit/537.36 (KHTML, like Gecko; compatible; GPTBot/1.3; +https://openai.com/gptbot)"
51.103.25.236 - - [16/Apr/2026:21:41:57 +0000] "GET /f6.php HTTP/1.1" 404 66351 "-" "-"
52.167.144.219 - - [16/Apr/2026:21:41:59 +0000] "GET /shop/888858046575.html HTTP/1.1" 200 26902 "-" "Mozilla/5.0 AppleWebKit/537.36 (KHTML, like Gecko; compatible; bingbot/2.0; +http://www.bing.com/bingbot.htm) Chrome/116.0.1938.76 Safari/537.36"
51.103.25.236 - - [16/Apr/2026:21:42:00 +0000] "GET //inputs.php HTTP/1.1" 301 1978 "-" "-"
74.7.227.47 - - [16/Apr/2026:21:42:03 +0000] "GET /shop/pg/1871346 HTTP/1.1" 404 13206 "http://mail.elementalmill.com/shopping/products/16211871346" "Mozilla/5.0 AppleWebKit/537.36 (KHTML, like Gecko; compatible; GPTBot/1.3; +https://openai.com/gptbot)"
51.103.25.236 - - [16/Apr/2026:21:42:03 +0000] "GET /inputs.php HTTP/1.1" 404 66351 "-" "-"
185.191.171.19 - - [16/Apr/2026:21:42:06 +0000] "GET /shopping/products/1619964421 HTTP/1.1" 404 13186 "-" "Mozilla/5.0 (compatible; SemrushBot/7~bl; +http://www.semrush.com/bot.html)"
74.7.227.47 - - [16/Apr/2026:21:42:06 +0000] "GET /shop/pg/1618375805 HTTP/1.1" 404 13186 "http://www.elementalmill.com" "Mozilla/5.0 AppleWebKit/537.36 (KHTML, like Gecko; compatible; GPTBot/1.3; +https://openai.com/gptbot)"
51.103.25.236 - - [16/Apr/2026:21:42:07 +0000] "GET /style.php HTTP/1.1" 404 66351 "-" "-"
74.7.227.47 - - [16/Apr/2026:21:42:11 +0000] "GET /shop/pg/2206201 HTTP/1.1" 404 13206 "http://mail.elementalmill.com/shopping/products/16222206201" "Mozilla/5.0 AppleWebKit/537.36 (KHTML, like Gecko; compatible; GPTBot/1.3; +https://openai.com/gptbot)"
51.103.25.236 - - [16/Apr/2026:21:42:11 +0000] "GET //aa.php HTTP/1.1" 301 1978 "-" "-"
51.103.25.236 - - [16/Apr/2026:21:42:14 +0000] "GET /aa.php HTTP/1.1" 404 66351 "-" "-"
74.7.227.47 - - [16/Apr/2026:21:42:17 +0000] "GET /shop/pg/1605815 HTTP/1.1" 404 13206 "http://mail.elementalmill.com/shop/pg/16211980905" "Mozilla/5.0 AppleWebKit/537.36 (KHTML, like Gecko; compatible; GPTBot/1.3; +https://openai.com/gptbot)"
51.103.25.236 - - [16/Apr/2026:21:42:18 +0000] "GET //av.php HTTP/1.1" 301 1978 "-" "-"
51.103.25.236 - - [16/Apr/2026:21:42:22 +0000] "GET /av.php HTTP/1.1" 404 66351 "-" "-"
74.7.227.151 - - [16/Apr/2026:21:42:22 +0000] "GET /shop/pg/2093517 HTTP/1.1" 301 839 "http://www.elementalmill.com/shop/pg/1619952368" "Mozilla/5.0 AppleWebKit/537.36 (KHTML, like Gecko; compatible; GPTBot/1.3; +https://openai.com/gptbot)"
139.162.194.112 - - [16/Apr/2026:21:42:25 +0000] "POST /wp-cron.php?doing_wp_cron=1776375745.0354449748992919921875 HTTP/1.1" 404 13186 "-" "WordPress/6.9.1; https://elementalmill.com"
74.7.227.47 - - [16/Apr/2026:21:42:23 +0000] "GET /shop/pg/1681758 HTTP/1.1" 404 13206 "http://mail.elementalmill.com/shop/pg/16201465303" "Mozilla/5.0 AppleWebKit/537.36 (KHTML, like Gecko; compatible; GPTBot/1.3; +https://openai.com/gptbot)"
139.162.194.112 - - [16/Apr/2026:21:42:25 +0000] "POST /wp-cron.php?doing_wp_cron=1776375745.0468530654907226562500 HTTP/1.1" 404 13186 "-" "WordPress/6.9.1; https://elementalmill.com"
185.191.171.8 - - [16/Apr/2026:21:42:25 +0000] "GET /shopping/products/1619960251 HTTP/1.1" 404 13186 "-" "Mozilla/5.0 (compatible; SemrushBot/7~bl; +http://www.semrush.com/bot.html)"
139.162.194.112 - - [16/Apr/2026:21:42:28 +0000] "POST /wp-cron.php?doing_wp_cron=1776375748.0913701057434082031250 HTTP/1.1" 404 13186 "-" "WordPress/6.9.1; https://elementalmill.com"
51.103.25.236 - - [16/Apr/2026:21:42:28 +0000] "GET /wp-admin/css/bolt.php HTTP/1.1" 404 58439 "-" "-"
185.191.171.13 - - [16/Apr/2026:21:42:31 +0000] "GET /shopping/products/1619988278 HTTP/1.1" 404 13186 "-" "Mozilla/5.0 (compatible; SemrushBot/7~bl; +http://www.semrush.com/bot.html)"
74.7.227.47 - - [16/Apr/2026:21:42:31 +0000] "GET /shop/pg/2151309 HTTP/1.1" 404 13206 "http://mail.elementalmill.com/shopping/products/16222151309" "Mozilla/5.0 AppleWebKit/537.36 (KHTML, like Gecko; compatible; GPTBot/1.3; +https://openai.com/gptbot)"
51.103.25.236 - - [16/Apr/2026:21:42:32 +0000] "GET /bless4.php HTTP/1.1" 404 66351 "-" "-"
85.208.96.200 - - [16/Apr/2026:21:42:36 +0000] "GET /shop/pg/16211538059 HTTP/1.1" 404 13186 "-" "Mozilla/5.0 (compatible; SemrushBot/7~bl; +http://www.semrush.com/bot.html)"
51.103.25.236 - - [16/Apr/2026:21:42:36 +0000] "GET /wp-act.php HTTP/1.1" 404 66351 "-" "-"
74.7.227.47 - - [16/Apr/2026:21:42:38 +0000] "GET /shop/pg/1200912 HTTP/1.1" 404 13206 "http://mail.elementalmill.com/shop/pg/16211576012" "Mozilla/5.0 AppleWebKit/537.36 (KHTML, like Gecko; compatible; GPTBot/1.3; +https://openai.com/gptbot)"
51.103.25.236 - - [16/Apr/2026:21:42:39 +0000] "GET /xqq.php HTTP/1.1" 404 66351 "-" "-"
51.103.25.236 - - [16/Apr/2026:21:42:41 +0000] "GET /plss3.php HTTP/1.1" 404 66351 "-" "-"
51.103.25.236 - - [16/Apr/2026:21:42:44 +0000] "GET /aaa.php?p= HTTP/1.1" 301 1978 "-" "-"
74.7.227.47 - - [16/Apr/2026:21:42:44 +0000] "GET /shop/pg/2185741 HTTP/1.1" 404 13206 "http://mail.elementalmill.com/shop/customer/bookmark.php?shopping/products/16222185741" "Mozilla/5.0 AppleWebKit/537.36 (KHTML, like Gecko; compatible; GPTBot/1.3; +https://openai.com/gptbot)"
85.208.96.203 - - [16/Apr/2026:21:42:45 +0000] "GET /shopping/products/1619950732 HTTP/1.1" 404 13186 "-" "Mozilla/5.0 (compatible; SemrushBot/7~bl; +http://www.semrush.com/bot.html)"
51.103.25.236 - - [16/Apr/2026:21:42:47 +0000] "GET /aaa.php HTTP/1.1" 404 66351 "-" "-"
51.103.25.236 - - [16/Apr/2026:21:42:51 +0000] "GET /classwithtostring.php?p= HTTP/1.1" 301 1978 "-" "-"
74.7.227.47 - - [16/Apr/2026:21:42:51 +0000] "GET /shop/pg/2010276 HTTP/1.1" 404 13206 "http://mail.elementalmill.com/shop/customer/bookmark.php?shopping/products/16222010276" "Mozilla/5.0 AppleWebKit/537.36 (KHTML, like Gecko; compatible; GPTBot/1.3; +https://openai.com/gptbot)"
51.103.25.236 - - [16/Apr/2026:21:42:53 +0000] "GET /classwithtostring.php HTTP/1.1" 404 66351 "-" "-"
51.103.25.236 - - [16/Apr/2026:21:42:57 +0000] "GET /wp-content/themes/index.php HTTP/1.1" 301 1978 "-" "-"
74.7.227.47 - - [16/Apr/2026:21:42:57 +0000] "GET /shop/pg/1068778 HTTP/1.1" 404 13206 "http://mail.elementalmill.com/shopping/products/16201068778" "Mozilla/5.0 AppleWebKit/537.36 (KHTML, like Gecko; compatible; GPTBot/1.3; +https://openai.com/gptbot)"
85.208.96.207 - - [16/Apr/2026:21:42:57 +0000] "GET /shop/pg/16201393083 HTTP/1.1" 404 13186 "-" "Mozilla/5.0 (compatible; SemrushBot/7~bl; +http://www.semrush.com/bot.html)"
51.103.25.236 - - [16/Apr/2026:21:43:03 +0000] "GET /wp-content/themes/ HTTP/1.1" 404 66351 "-" "-"
85.208.96.200 - - [16/Apr/2026:21:43:05 +0000] "GET /shop/pg/16222058332 HTTP/1.1" 404 13186 "-" "Mozilla/5.0 (compatible; SemrushBot/7~bl; +http://www.semrush.com/bot.html)"
51.103.25.236 - - [16/Apr/2026:21:43:06 +0000] "GET /tinyfilemanager.php?p= HTTP/1.1" 301 1978 "-" "-"
51.103.25.236 - - [16/Apr/2026:21:43:09 +0000] "GET /tinyfilemanager.php HTTP/1.1" 404 66351 "-" "-"
85.208.96.208 - - [16/Apr/2026:21:43:09 +0000] "GET /shopping/products/1619981305 HTTP/1.1" 404 13186 "-" "Mozilla/5.0 (compatible; SemrushBot/7~bl; +http://www.semrush.com/bot.html)"
74.7.227.47 - - [16/Apr/2026:21:43:10 +0000] "GET /shop/pg/2352919 HTTP/1.1" 404 13206 "http://mail.elementalmill.com/shop/customer/bookmark.php?shopping/products/16222352919" "Mozilla/5.0 AppleWebKit/537.36 (KHTML, like Gecko; compatible; GPTBot/1.3; +https://openai.com/gptbot)"
51.103.25.236 - - [16/Apr/2026:21:43:13 +0000] "GET /wp-update.php HTTP/1.1" 404 66351 "-" "-"
51.103.25.236 - - [16/Apr/2026:21:43:16 +0000] "GET /sbhu.php HTTP/1.1" 404 66351 "-" "-"
74.7.227.47 - - [16/Apr/2026:21:43:16 +0000] "GET /shop/pg/1148806 HTTP/1.1" 404 13206 "http://mail.elementalmill.com/shop/pg/16211523904" "Mozilla/5.0 AppleWebKit/537.36 (KHTML, like Gecko; compatible; GPTBot/1.3; +https://openai.com/gptbot)"
51.103.25.236 - - [16/Apr/2026:21:43:19 +0000] "GET /wp-blog.php HTTP/1.1" 404 66351 "-" "-"
51.103.25.236 - - [16/Apr/2026:21:43:22 +0000] "GET //wp-includes/js/jquery/ HTTP/1.1" 301 1978 "-" "-"
74.7.227.47 - - [16/Apr/2026:21:43:23 +0000] "GET /shop/pg/2646279 HTTP/1.1" 404 13206 "http://mail.elementalmill.com/shopping/products/16232646279" "Mozilla/5.0 AppleWebKit/537.36 (KHTML, like Gecko; compatible; GPTBot/1.3; +https://openai.com/gptbot)"
51.103.25.236 - - [16/Apr/2026:21:43:25 +0000] "GET /wp-includes/js/jquery/ HTTP/1.1" 404 66351 "-" "-"
51.103.25.236 - - [16/Apr/2026:21:43:28 +0000] "GET //wp-content/admin.php HTTP/1.1" 301 1978 "-" "-"
