52.167.144.219 - - [16/Apr/2026:21:43:29 +0000] "GET /shop/88953655541.html HTTP/1.1" 200 27084 "-" "Mozilla/5.0 AppleWebKit/537.36 (KHTML, like Gecko; compatible; bingbot/2.0; +http://www.bing.com/bingbot.htm) Chrome/116.0.1938.76 Safari/537.36"
74.7.227.47 - - [16/Apr/2026:21:43:29 +0000] "GET /shop/pg/2131511 HTTP/1.1" 404 13206 "http://mail.elementalmill.com/shopping/products/16222131511" "Mozilla/5.0 AppleWebKit/537.36 (KHTML, like Gecko; compatible; GPTBot/1.3; +https://openai.com/gptbot)"
52.167.144.219 - - [16/Apr/2026:21:43:30 +0000] "GET /shop/88985017418.html HTTP/1.1" 200 28801 "-" "Mozilla/5.0 AppleWebKit/537.36 (KHTML, like Gecko; compatible; bingbot/2.0; +http://www.bing.com/bingbot.htm) Chrome/116.0.1938.76 Safari/537.36"
51.103.25.236 - - [16/Apr/2026:21:43:30 +0000] "GET /wp-content/admin.php HTTP/1.1" 404 66351 "-" "-"
74.7.242.33 - - [16/Apr/2026:21:43:30 +0000] "GET /shop/pg/1349103 HTTP/1.1" 404 13206 "http://www.elementalmill.com.lab2454.com/shop/customer/bookmark.php?shopping/products/16201349103" "Mozilla/5.0 AppleWebKit/537.36 (KHTML, like Gecko; compatible; GPTBot/1.3; +https://openai.com/gptbot)"
51.103.25.236 - - [16/Apr/2026:21:43:34 +0000] "GET /ms-edit.php HTTP/1.1" 404 66351 "-" "-"
74.7.227.47 - - [16/Apr/2026:21:43:35 +0000] "GET /shop/pg/2177076 HTTP/1.1" 404 13206 "http://mail.elementalmill.com/shop/customer/bookmark.php?shopping/products/16222177076" "Mozilla/5.0 AppleWebKit/537.36 (KHTML, like Gecko; compatible; GPTBot/1.3; +https://openai.com/gptbot)"
51.103.25.236 - - [16/Apr/2026:21:43:37 +0000] "GET //adminfuns.php HTTP/1.1" 301 1978 "-" "-"
51.103.25.236 - - [16/Apr/2026:21:43:40 +0000] "GET /adminfuns.php HTTP/1.1" 404 66351 "-" "-"
74.7.227.47 - - [16/Apr/2026:21:43:41 +0000] "GET /shop/pg/1411378 HTTP/1.1" 404 13206 "http://mail.elementalmill.com/shop/pg/16211786464" "Mozilla/5.0 AppleWebKit/537.36 (KHTML, like Gecko; compatible; GPTBot/1.3; +https://openai.com/gptbot)"
51.103.25.236 - - [16/Apr/2026:21:43:43 +0000] "GET /goods.php HTTP/1.1" 404 66351 "-" "-"
74.7.227.151 - - [16/Apr/2026:21:43:45 +0000] "GET /shop/pg/1204717 HTTP/1.1" 301 839 "http://www.elementalmill.com/shopping/products/16201204717" "Mozilla/5.0 AppleWebKit/537.36 (KHTML, like Gecko; compatible; GPTBot/1.3; +https://openai.com/gptbot)"
51.103.25.236 - - [16/Apr/2026:21:43:46 +0000] "GET /ms-edit.php HTTP/1.1" 404 66351 "-" "-"
74.7.227.47 - - [16/Apr/2026:21:43:48 +0000] "GET /shop/pg/1496474 HTTP/1.1" 404 13206 "http://mail.elementalmill.com/shopping/products/16201496474" "Mozilla/5.0 AppleWebKit/537.36 (KHTML, like Gecko; compatible; GPTBot/1.3; +https://openai.com/gptbot)"
85.208.96.194 - - [16/Apr/2026:21:43:49 +0000] "GET /shopping/products/1619949290 HTTP/1.1" 404 13186 "-" "Mozilla/5.0 (compatible; SemrushBot/7~bl; +http://www.semrush.com/bot.html)"
52.167.144.172 - - [16/Apr/2026:21:43:51 +0000] "GET /shop/88974693732.html HTTP/1.1" 200 27162 "-" "Mozilla/5.0 AppleWebKit/537.36 (KHTML, like Gecko; compatible; bingbot/2.0; +http://www.bing.com/bingbot.htm) Chrome/116.0.1938.76 Safari/537.36"
51.103.25.236 - - [16/Apr/2026:21:43:50 +0000] "GET /222.php HTTP/1.1" 404 66351 "-" "-"
52.167.144.172 - - [16/Apr/2026:21:43:53 +0000] "GET /shop/88974533719.html HTTP/1.1" 200 27882 "-" "Mozilla/5.0 AppleWebKit/537.36 (KHTML, like Gecko; compatible; bingbot/2.0; +http://www.bing.com/bingbot.htm) Chrome/116.0.1938.76 Safari/537.36"
51.103.25.236 - - [16/Apr/2026:21:43:54 +0000] "GET //cgi-bin/index.php HTTP/1.1" 301 1978 "-" "-"
74.7.227.47 - - [16/Apr/2026:21:43:54 +0000] "GET /shop/pg/1870748 HTTP/1.1" 404 13206 "http://mail.elementalmill.com/shopping/products/16211870748" "Mozilla/5.0 AppleWebKit/537.36 (KHTML, like Gecko; compatible; GPTBot/1.3; +https://openai.com/gptbot)"
51.103.25.236 - - [16/Apr/2026:21:43:57 +0000] "GET /cgi-bin/ HTTP/1.1" 404 66351 "-" "-"
74.7.242.33 - - [16/Apr/2026:21:43:59 +0000] "GET /shop/pg/2298526 HTTP/1.1" 404 13206 "http://www.elementalmill.com.lab2454.com/shop/customer/bookmark.php?shopping/products/16222298526" "Mozilla/5.0 AppleWebKit/537.36 (KHTML, like Gecko; compatible; GPTBot/1.3; +https://openai.com/gptbot)"
51.103.25.236 - - [16/Apr/2026:21:44:01 +0000] "GET /fff.php HTTP/1.1" 404 66351 "-" "-"
74.7.227.47 - - [16/Apr/2026:21:44:01 +0000] "GET /shop/pg/2187388 HTTP/1.1" 404 13206 "http://mail.elementalmill.com/shopping/products/16222187388" "Mozilla/5.0 AppleWebKit/537.36 (KHTML, like Gecko; compatible; GPTBot/1.3; +https://openai.com/gptbot)"
51.103.25.236 - - [16/Apr/2026:21:44:04 +0000] "GET /wp-content/ HTTP/1.1" 404 66351 "-" "-"
51.103.25.236 - - [16/Apr/2026:21:44:08 +0000] "GET /we.php HTTP/1.1" 404 66351 "-" "-"
51.103.25.236 - - [16/Apr/2026:21:44:11 +0000] "GET /alpha.php HTTP/1.1" 404 66351 "-" "-"
85.208.96.197 - - [16/Apr/2026:21:44:14 +0000] "GET /shop/pg/16222050622 HTTP/1.1" 404 13186 "-" "Mozilla/5.0 (compatible; SemrushBot/7~bl; +http://www.semrush.com/bot.html)"
51.103.25.236 - - [16/Apr/2026:21:44:14 +0000] "GET /makeasmtp.php?p= HTTP/1.1" 301 1978 "-" "-"
74.7.227.47 - - [16/Apr/2026:21:44:15 +0000] "GET /shop/pg/2064096 HTTP/1.1" 404 13206 "http://mail.elementalmill.com/shop/customer/bookmark.php?shopping/products/16222064096" "Mozilla/5.0 AppleWebKit/537.36 (KHTML, like Gecko; compatible; GPTBot/1.3; +https://openai.com/gptbot)"
51.103.25.236 - - [16/Apr/2026:21:44:17 +0000] "GET /makeasmtp.php HTTP/1.1" 404 66351 "-" "-"
74.7.242.33 - - [16/Apr/2026:21:44:18 +0000] "GET /shop/pg/1986880 HTTP/1.1" 404 13206 "http://www.elementalmill.com.lab2454.com/shopping/products/16211986880" "Mozilla/5.0 AppleWebKit/537.36 (KHTML, like Gecko; compatible; GPTBot/1.3; +https://openai.com/gptbot)"
51.103.25.236 - - [16/Apr/2026:21:44:21 +0000] "GET /wp-michan.php HTTP/1.1" 404 66351 "-" "-"
74.7.227.47 - - [16/Apr/2026:21:44:22 +0000] "GET /shop/pg/1445372 HTTP/1.1" 404 13206 "http://mail.elementalmill.com/shopping/products/16201445372" "Mozilla/5.0 AppleWebKit/537.36 (KHTML, like Gecko; compatible; GPTBot/1.3; +https://openai.com/gptbot)"
51.103.25.236 - - [16/Apr/2026:21:44:25 +0000] "GET /wp-the.php HTTP/1.1" 404 66351 "-" "-"
139.162.194.112 - - [16/Apr/2026:21:44:28 +0000] "POST /wp-cron.php?doing_wp_cron=1776375868.8647708892822265625000 HTTP/1.1" 404 13186 "-" "WordPress/6.9.1; https://elementalmill.com"
85.208.96.204 - - [16/Apr/2026:21:44:28 +0000] "GET /shop/pg/604757 HTTP/1.1" 404 13186 "-" "Mozilla/5.0 (compatible; SemrushBot/7~bl; +http://www.semrush.com/bot.html)"
51.103.25.236 - - [16/Apr/2026:21:44:30 +0000] "GET //wp-includes/css/dist/ HTTP/1.1" 301 1978 "-" "-"
74.7.227.47 - - [16/Apr/2026:21:44:32 +0000] "GET /shop/pg/1476312 HTTP/1.1" 404 13206 "http://mail.elementalmill.com/shop/pg/16201259845" "Mozilla/5.0 AppleWebKit/537.36 (KHTML, like Gecko; compatible; GPTBot/1.3; +https://openai.com/gptbot)"
139.162.194.112 - - [16/Apr/2026:21:44:32 +0000] "POST /wp-cron.php?doing_wp_cron=1776375872.3625810146331787109375 HTTP/1.1" 404 13186 "-" "WordPress/6.9.1; https://elementalmill.com"
51.103.25.236 - - [16/Apr/2026:21:44:35 +0000] "GET /wp-includes/css/dist/ HTTP/1.1" 404 66351 "-" "-"
85.208.96.199 - - [16/Apr/2026:21:44:34 +0000] "GET /shopping/products/1619919420 HTTP/1.1" 404 13186 "-" "Mozilla/5.0 (compatible; SemrushBot/7~bl; +http://www.semrush.com/bot.html)"
51.103.25.236 - - [16/Apr/2026:21:44:39 +0000] "GET /BDKR28WP.php HTTP/1.1" 404 66351 "-" "-"
74.7.227.47 - - [16/Apr/2026:21:44:39 +0000] "GET /shop/pg/1583016 HTTP/1.1" 404 13206 "http://mail.elementalmill.com/shopping/products/16211583016" "Mozilla/5.0 AppleWebKit/537.36 (KHTML, like Gecko; compatible; GPTBot/1.3; +https://openai.com/gptbot)"
85.208.96.200 - - [16/Apr/2026:21:44:40 +0000] "GET /shopping/products/1619988459 HTTP/1.1" 404 13186 "-" "Mozilla/5.0 (compatible; SemrushBot/7~bl; +http://www.semrush.com/bot.html)"
51.103.25.236 - - [16/Apr/2026:21:44:42 +0000] "GET //wp-includes/l10n/ HTTP/1.1" 301 1978 "-" "-"
74.7.227.47 - - [16/Apr/2026:21:44:44 +0000] "GET /shop/pg/1619753265 HTTP/1.1" 404 13186 "http://www.elementalmill.com" "Mozilla/5.0 AppleWebKit/537.36 (KHTML, like Gecko; compatible; GPTBot/1.3; +https://openai.com/gptbot)"
51.103.25.236 - - [16/Apr/2026:21:44:45 +0000] "GET /wp-includes/l10n/ HTTP/1.1" 404 66351 "-" "-"
185.191.171.14 - - [16/Apr/2026:21:44:45 +0000] "GET /shopping/products/1619954802 HTTP/1.1" 404 13186 "-" "Mozilla/5.0 (compatible; SemrushBot/7~bl; +http://www.semrush.com/bot.html)"
74.7.227.151 - - [16/Apr/2026:21:44:47 +0000] "GET /shop/pg/2452732 HTTP/1.1" 301 839 "http://www.elementalmill.com/shopping/products/16222452732" "Mozilla/5.0 AppleWebKit/537.36 (KHTML, like Gecko; compatible; GPTBot/1.3; +https://openai.com/gptbot)"
74.7.227.47 - - [16/Apr/2026:21:44:46 +0000] "GET /shop/pg/1944748 HTTP/1.1" 404 13206 "http://mail.elementalmill.com/shopping/products/16211944748" "Mozilla/5.0 AppleWebKit/537.36 (KHTML, like Gecko; compatible; GPTBot/1.3; +https://openai.com/gptbot)"
51.103.25.236 - - [16/Apr/2026:21:44:47 +0000] "GET /wen.php HTTP/1.1" 404 66351 "-" "-"
185.191.171.8 - - [16/Apr/2026:21:44:49 +0000] "GET /shopping/products/1619952342 HTTP/1.1" 404 13186 "-" "Mozilla/5.0 (compatible; SemrushBot/7~bl; +http://www.semrush.com/bot.html)"
51.103.25.236 - - [16/Apr/2026:21:44:51 +0000] "GET /wp.php HTTP/1.1" 404 66351 "-" "-"
51.103.25.236 - - [16/Apr/2026:21:44:54 +0000] "GET /wp-admin/js/fi.php HTTP/1.1" 404 58439 "-" "-"
74.7.227.47 - - [16/Apr/2026:21:44:54 +0000] "GET /shop/pg/1717371 HTTP/1.1" 404 13206 "http://mail.elementalmill.com/shop/pg/16201500916" "Mozilla/5.0 AppleWebKit/537.36 (KHTML, like Gecko; compatible; GPTBot/1.3; +https://openai.com/gptbot)"
185.191.171.14 - - [16/Apr/2026:21:44:55 +0000] "GET /shopping/products/1619943668 HTTP/1.1" 404 13186 "-" "Mozilla/5.0 (compatible; SemrushBot/7~bl; +http://www.semrush.com/bot.html)"
51.103.25.236 - - [16/Apr/2026:21:44:57 +0000] "GET /fe5.php HTTP/1.1" 404 66351 "-" "-"
51.103.25.236 - - [16/Apr/2026:21:45:01 +0000] "GET //wp-content/uploads/2021/02/index.php HTTP/1.1" 301 1978 "-" "-"
51.103.25.236 - - [16/Apr/2026:21:45:03 +0000] "GET /wp-content/uploads/2021/02/ HTTP/1.1" 404 66351 "-" "-"
51.103.25.236 - - [16/Apr/2026:21:45:08 +0000] "GET /av.php HTTP/1.1" 404 66351 "-" "-"
74.7.227.151 - - [16/Apr/2026:21:45:09 +0000] "GET /shop/pg/1321649 HTTP/1.1" 301 839 "http://www.elementalmill.com/shopping/products/16201321649" "Mozilla/5.0 AppleWebKit/537.36 (KHTML, like Gecko; compatible; GPTBot/1.3; +https://openai.com/gptbot)"
85.208.96.210 - - [16/Apr/2026:21:45:10 +0000] "GET /shopping/products/1619934539 HTTP/1.1" 404 13186 "-" "Mozilla/5.0 (compatible; SemrushBot/7~bl; +http://www.semrush.com/bot.html)"
51.103.25.236 - - [16/Apr/2026:21:45:12 +0000] "GET /abcd.php HTTP/1.1" 404 66351 "-" "-"
51.103.25.236 - - [16/Apr/2026:21:45:17 +0000] "GET /fi.php HTTP/1.1" 404 66351 "-" "-"
74.7.227.47 - - [16/Apr/2026:21:45:18 +0000] "GET /shop/pg/2609426 HTTP/1.1" 404 13206 "http://mail.elementalmill.com/shopping/products/16232609426" "Mozilla/5.0 AppleWebKit/537.36 (KHTML, like Gecko; compatible; GPTBot/1.3; +https://openai.com/gptbot)"
51.103.25.236 - - [16/Apr/2026:21:45:21 +0000] "GET //a1.php HTTP/1.1" 301 1978 "-" "-"
51.103.25.236 - - [16/Apr/2026:21:45:24 +0000] "GET /a1.php HTTP/1.1" 404 66351 "-" "-"
74.7.227.47 - - [16/Apr/2026:21:45:25 +0000] "GET /shop/pg/1192730 HTTP/1.1" 404 13206 "http://mail.elementalmill.com/shop/pg/16211567817" "Mozilla/5.0 AppleWebKit/537.36 (KHTML, like Gecko; compatible; GPTBot/1.3; +https://openai.com/gptbot)"
185.191.171.3 - - [16/Apr/2026:21:45:25 +0000] "GET /shopping/products/1619862687 HTTP/1.1" 404 13186 "-" "Mozilla/5.0 (compatible; SemrushBot/7~bl; +http://www.semrush.com/bot.html)"
51.103.25.236 - - [16/Apr/2026:21:45:26 +0000] "GET /update/f35.php HTTP/1.1" 404 66351 "-" "-"
74.7.227.151 - - [16/Apr/2026:21:45:30 +0000] "GET /shop/pg/2550923 HTTP/1.1" 301 839 "http://www.elementalmill.com/shopping/products/16232550923" "Mozilla/5.0 AppleWebKit/537.36 (KHTML, like Gecko; compatible; GPTBot/1.3; +https://openai.com/gptbot)"
51.103.25.236 - - [16/Apr/2026:21:45:30 +0000] "GET /wp-includes/Text/Diff/Engine/about.php HTTP/1.1" 404 66351 "-" "-"
74.7.227.47 - - [16/Apr/2026:21:45:32 +0000] "GET /shop/pg/1601670 HTTP/1.1" 404 13206 "http://mail.elementalmill.com/shop/pg/16201385209" "Mozilla/5.0 AppleWebKit/537.36 (KHTML, like Gecko; compatible; GPTBot/1.3; +https://openai.com/gptbot)"
139.162.194.112 - - [16/Apr/2026:21:45:33 +0000] "POST /wp-cron.php?doing_wp_cron=1776375933.3802449703216552734375 HTTP/1.1" 404 13186 "-" "WordPress/6.9.1; https://elementalmill.com"
139.162.194.112 - - [16/Apr/2026:21:45:33 +0000] "POST /wp-cron.php?doing_wp_cron=1776375933.3391909599304199218750 HTTP/1.1" 404 13186 "-" "WordPress/6.9.1; https://elementalmill.com"
51.103.25.236 - - [16/Apr/2026:21:45:34 +0000] "GET /f35.php HTTP/1.1" 404 66351 "-" "-"
139.162.194.112 - - [16/Apr/2026:21:45:35 +0000] "POST /wp-cron.php?doing_wp_cron=1776375935.3797850608825683593750 HTTP/1.1" 404 13186 "-" "WordPress/6.9.1; https://elementalmill.com"
51.103.25.236 - - [16/Apr/2026:21:45:38 +0000] "GET //wp-includes/css/index.php?p= HTTP/1.1" 301 1978 "-" "-"
74.7.227.47 - - [16/Apr/2026:21:45:39 +0000] "GET /shop/pg/2516582 HTTP/1.1" 404 13206 "http://mail.elementalmill.com/shop/customer/bookmark.php?shopping/products/16232516582" "Mozilla/5.0 AppleWebKit/537.36 (KHTML, like Gecko; compatible; GPTBot/1.3; +https://openai.com/gptbot)"
51.103.25.236 - - [16/Apr/2026:21:45:41 +0000] "GET /wp-includes/css/ HTTP/1.1" 404 66351 "-" "-"
51.103.25.236 - - [16/Apr/2026:21:45:44 +0000] "GET /wp-includes/SimplePie/ HTTP/1.1" 404 66351 "-" "-"
74.7.227.47 - - [16/Apr/2026:21:45:45 +0000] "GET /shop/pg/2255637 HTTP/1.1" 404 13206 "http://mail.elementalmill.com/shop/customer/bookmark.php?shopping/products/16222255637" "Mozilla/5.0 AppleWebKit/537.36 (KHTML, like Gecko; compatible; GPTBot/1.3; +https://openai.com/gptbot)"
51.103.25.236 - - [16/Apr/2026:21:45:47 +0000] "GET /prv8.php HTTP/1.1" 404 66351 "-" "-"
51.103.25.236 - - [16/Apr/2026:21:45:51 +0000] "GET /k.php HTTP/1.1" 404 66351 "-" "-"
74.7.227.47 - - [16/Apr/2026:21:45:52 +0000] "GET /shop/pg/1504760 HTTP/1.1" 404 13206 "http://mail.elementalmill.com/shop/pg/16201288289" "Mozilla/5.0 AppleWebKit/537.36 (KHTML, like Gecko; compatible; GPTBot/1.3; +https://openai.com/gptbot)"
51.103.25.236 - - [16/Apr/2026:21:45:55 +0000] "GET /dev.php HTTP/1.1" 404 66351 "-" "-"
51.103.25.236 - - [16/Apr/2026:21:45:58 +0000] "GET /bal.php HTTP/1.1" 404 66351 "-" "-"
74.7.227.47 - - [16/Apr/2026:21:46:01 +0000] "GET /shop/pg/1379032 HTTP/1.1" 404 13206 "http://mail.elementalmill.com/shop/customer/bookmark.php?shopping/products/16201379032" "Mozilla/5.0 AppleWebKit/537.36 (KHTML, like Gecko; compatible; GPTBot/1.3; +https://openai.com/gptbot)"
51.103.25.236 - - [16/Apr/2026:21:46:02 +0000] "GET /in.php HTTP/1.1" 404 66351 "-" "-"
74.7.227.47 - - [16/Apr/2026:21:46:03 +0000] "GET /shop/pg/1619693874 HTTP/1.1" 404 13186 "http://www.elementalmill.com" "Mozilla/5.0 AppleWebKit/537.36 (KHTML, like Gecko; compatible; GPTBot/1.3; +https://openai.com/gptbot)"
51.103.25.236 - - [16/Apr/2026:21:46:06 +0000] "GET /gssdd.php HTTP/1.1" 404 66351 "-" "-"
185.191.171.4 - - [16/Apr/2026:21:46:08 +0000] "GET /shop/pg/16211737920 HTTP/1.1" 404 13186 "-" "Mozilla/5.0 (compatible; SemrushBot/7~bl; +http://www.semrush.com/bot.html)"
51.103.25.236 - - [16/Apr/2026:21:46:10 +0000] "GET /motu.php HTTP/1.1" 404 66351 "-" "-"
74.7.227.47 - - [16/Apr/2026:21:46:12 +0000] "GET /shop/pg/1314417 HTTP/1.1" 404 13206 "http://mail.elementalmill.com/shop/pg/16211689505" "Mozilla/5.0 AppleWebKit/537.36 (KHTML, like Gecko; compatible; GPTBot/1.3; +https://openai.com/gptbot)"
185.191.171.13 - - [16/Apr/2026:21:46:14 +0000] "GET /shopping/products/1619989428 HTTP/1.1" 404 13186 "-" "Mozilla/5.0 (compatible; SemrushBot/7~bl; +http://www.semrush.com/bot.html)"
51.103.25.236 - - [16/Apr/2026:21:46:13 +0000] "GET /bs1.php HTTP/1.1" 404 66351 "-" "-"
185.191.171.2 - - [16/Apr/2026:21:46:15 +0000] "GET /robots.txt HTTP/1.1" 200 885 "-" "Mozilla/5.0 (compatible; SemrushBot/7~bl; +http://www.semrush.com/bot.html)"
51.103.25.236 - - [16/Apr/2026:21:46:18 +0000] "GET /bengi.php HTTP/1.1" 404 66351 "-" "-"
185.191.171.4 - - [16/Apr/2026:21:46:20 +0000] "GET /shopping/products/1619946709 HTTP/1.1" 404 13186 "-" "Mozilla/5.0 (compatible; SemrushBot/7~bl; +http://www.semrush.com/bot.html)"
74.7.227.47 - - [16/Apr/2026:21:46:21 +0000] "GET /shop/pg/1331787 HTTP/1.1" 404 13206 "http://mail.elementalmill.com/shop/customer/bookmark.php?shopping/products/16201331787" "Mozilla/5.0 AppleWebKit/537.36 (KHTML, like Gecko; compatible; GPTBot/1.3; +https://openai.com/gptbot)"
51.103.25.236 - - [16/Apr/2026:21:46:21 +0000] "GET /wp-content/plugins/pwnd/as.php HTTP/1.1" 404 66351 "-" "-"
85.208.96.195 - - [16/Apr/2026:21:46:24 +0000] "GET /shop/pg/607415 HTTP/1.1" 404 13186 "-" "Mozilla/5.0 (compatible; SemrushBot/7~bl; +http://www.semrush.com/bot.html)"
51.103.25.236 - - [16/Apr/2026:21:46:25 +0000] "GET /axx.php HTTP/1.1" 404 66351 "-" "-"
51.103.25.236 - - [16/Apr/2026:21:46:28 +0000] "GET /alfashell.php HTTP/1.1" 404 66351 "-" "-"
74.7.227.47 - - [16/Apr/2026:21:46:28 +0000] "GET /shop/pg/1618234029 HTTP/1.1" 404 13186 "http://www.elementalmill.com" "Mozilla/5.0 AppleWebKit/537.36 (KHTML, like Gecko; compatible; GPTBot/1.3; +https://openai.com/gptbot)"
51.103.25.236 - - [16/Apr/2026:21:46:30 +0000] "GET /gettest.php HTTP/1.1" 404 66351 "-" "-"
185.191.171.19 - - [16/Apr/2026:21:46:32 +0000] "GET /shopping/products/1619920301 HTTP/1.1" 404 13186 "-" "Mozilla/5.0 (compatible; SemrushBot/7~bl; +http://www.semrush.com/bot.html)"
51.103.25.236 - - [16/Apr/2026:21:46:33 +0000] "GET /acp.php HTTP/1.1" 404 66351 "-" "-"
74.7.227.47 - - [16/Apr/2026:21:46:33 +0000] "GET /shop/pg/1490804 HTTP/1.1" 404 13206 "http://mail.elementalmill.com/shop/pg/16201274345" "Mozilla/5.0 AppleWebKit/537.36 (KHTML, like Gecko; compatible; GPTBot/1.3; +https://openai.com/gptbot)"
139.162.194.112 - - [16/Apr/2026:21:46:36 +0000] "POST /wp-cron.php?doing_wp_cron=1776375995.9899570941925048828125 HTTP/1.1" 404 13186 "-" "WordPress/6.9.1; https://elementalmill.com"
139.162.194.112 - - [16/Apr/2026:21:46:36 +0000] "POST /wp-cron.php?doing_wp_cron=1776375996.9553720951080322265625 HTTP/1.1" 404 13186 "-" "WordPress/6.9.1; https://elementalmill.com"
51.103.25.236 - - [16/Apr/2026:21:46:37 +0000] "GET /file48.php HTTP/1.1" 404 66351 "-" "-"
74.7.227.47 - - [16/Apr/2026:21:46:40 +0000] "GET /shop/pg/1727512 HTTP/1.1" 404 13206 "http://mail.elementalmill.com/shopping/products/16211727512" "Mozilla/5.0 AppleWebKit/537.36 (KHTML, like Gecko; compatible; GPTBot/1.3; +https://openai.com/gptbot)"
51.103.25.236 - - [16/Apr/2026:21:46:41 +0000] "GET /g.php HTTP/1.1" 404 66351 "-" "-"
51.103.25.236 - - [16/Apr/2026:21:46:43 +0000] "GET /wp-content/ HTTP/1.1" 404 66351 "-" "-"
85.208.96.208 - - [16/Apr/2026:21:46:46 +0000] "GET /shopping/products/1619943353 HTTP/1.1" 404 13186 "-" "Mozilla/5.0 (compatible; SemrushBot/7~bl; +http://www.semrush.com/bot.html)"
51.103.25.236 - - [16/Apr/2026:21:46:46 +0000] "GET /simple.php HTTP/1.1" 404 66351 "-" "-"
74.7.227.47 - - [16/Apr/2026:21:46:46 +0000] "GET /shop/pg/1781932 HTTP/1.1" 404 13206 "http://mail.elementalmill.com/shopping/products/16211781932" "Mozilla/5.0 AppleWebKit/537.36 (KHTML, like Gecko; compatible; GPTBot/1.3; +https://openai.com/gptbot)"
51.103.25.236 - - [16/Apr/2026:21:46:49 +0000] "GET /ew.php HTTP/1.1" 404 66351 "-" "-"
51.103.25.236 - - [16/Apr/2026:21:46:51 +0000] "GET /file21.php HTTP/1.1" 404 66351 "-" "-"
185.191.171.10 - - [16/Apr/2026:21:46:51 +0000] "GET /shop/pg/16222039036 HTTP/1.1" 404 13186 "-" "Mozilla/5.0 (compatible; SemrushBot/7~bl; +http://www.semrush.com/bot.html)"
74.7.227.151 - - [16/Apr/2026:21:46:53 +0000] "GET /shop/pg/2093156 HTTP/1.1" 301 839 "http://www.elementalmill.com/shopping/products/16222093156" "Mozilla/5.0 AppleWebKit/537.36 (KHTML, like Gecko; compatible; GPTBot/1.3; +https://openai.com/gptbot)"
74.7.227.47 - - [16/Apr/2026:21:46:53 +0000] "GET /shop/pg/1629667 HTTP/1.1" 404 13206 "http://mail.elementalmill.com/shop/customer/bookmark.php?shopping/products/16211629667" "Mozilla/5.0 AppleWebKit/537.36 (KHTML, like Gecko; compatible; GPTBot/1.3; +https://openai.com/gptbot)"
51.103.25.236 - - [16/Apr/2026:21:46:54 +0000] "GET /class19.php HTTP/1.1" 404 66351 "-" "-"
74.7.227.47 - - [16/Apr/2026:21:46:56 +0000] "GET /shop/pg/1618376084 HTTP/1.1" 404 13186 "http://www.elementalmill.com" "Mozilla/5.0 AppleWebKit/537.36 (KHTML, like Gecko; compatible; GPTBot/1.3; +https://openai.com/gptbot)"
51.103.25.236 - - [16/Apr/2026:21:46:58 +0000] "GET /class20.php HTTP/1.1" 404 66351 "-" "-"
74.7.227.47 - - [16/Apr/2026:21:47:00 +0000] "GET /shop/pg/1331241 HTTP/1.1" 404 13206 "http://mail.elementalmill.com/shop/pg/16211706341" "Mozilla/5.0 AppleWebKit/537.36 (KHTML, like Gecko; compatible; GPTBot/1.3; +https://openai.com/gptbot)"
51.103.25.236 - - [16/Apr/2026:21:47:01 +0000] "GET /file18.php HTTP/1.1" 404 66351 "-" "-"
85.208.96.196 - - [16/Apr/2026:21:47:01 +0000] "GET /shopping/products/1619934162 HTTP/1.1" 404 13186 "-" "Mozilla/5.0 (compatible; SemrushBot/7~bl; +http://www.semrush.com/bot.html)"
74.7.243.209 - - [16/Apr/2026:21:47:04 +0000] "GET /shopping/products/16232598769 HTTP/1.1" 404 13206 "http://elementalmill.com.lab2454.com/shopping/products/16201323106" "Mozilla/5.0 AppleWebKit/537.36 (KHTML, like Gecko; compatible; GPTBot/1.3; +https://openai.com/gptbot)"
51.103.25.236 - - [16/Apr/2026:21:47:05 +0000] "GET /vee.php HTTP/1.1" 404 66351 "-" "-"
185.191.171.16 - - [16/Apr/2026:21:47:06 +0000] "GET /shop/pg/256837 HTTP/1.1" 404 13186 "-" "Mozilla/5.0 (compatible; SemrushBot/7~bl; +http://www.semrush.com/bot.html)"
74.7.227.47 - - [16/Apr/2026:21:47:07 +0000] "GET /shop/pg/1493509 HTTP/1.1" 404 13206 "http://mail.elementalmill.com/shop/pg/16211868601" "Mozilla/5.0 AppleWebKit/537.36 (KHTML, like Gecko; compatible; GPTBot/1.3; +https://openai.com/gptbot)"
51.103.25.236 - - [16/Apr/2026:21:47:10 +0000] "GET /cabs.php HTTP/1.1" 404 66351 "-" "-"
185.191.171.16 - - [16/Apr/2026:21:47:13 +0000] "GET /shop/pg/1618324662 HTTP/1.1" 404 13186 "-" "Mozilla/5.0 (compatible; SemrushBot/7~bl; +http://www.semrush.com/bot.html)"
51.103.25.236 - - [16/Apr/2026:21:47:15 +0000] "GET /xwx1.php HTTP/1.1" 404 66351 "-" "-"
74.7.227.47 - - [16/Apr/2026:21:47:16 +0000] "GET /shop/pg/1258617 HTTP/1.1" 404 13206 "http://mail.elementalmill.com/shop/pg/16211633714" "Mozilla/5.0 AppleWebKit/537.36 (KHTML, like Gecko; compatible; GPTBot/1.3; +https://openai.com/gptbot)"
51.103.25.236 - - [16/Apr/2026:21:47:20 +0000] "GET /x1da.php HTTP/1.1" 404 66351 "-" "-"
51.103.25.236 - - [16/Apr/2026:21:47:24 +0000] "GET /jp.php HTTP/1.1" 404 66351 "-" "-"
74.7.227.47 - - [16/Apr/2026:21:47:24 +0000] "GET /shop/pg/1812633 HTTP/1.1" 404 13206 "http://mail.elementalmill.com/shop/pg/16191004617" "Mozilla/5.0 AppleWebKit/537.36 (KHTML, like Gecko; compatible; GPTBot/1.3; +https://openai.com/gptbot)"
51.103.25.236 - - [16/Apr/2026:21:47:28 +0000] "GET /chosen.php HTTP/1.1" 404 66351 "-" "-"
74.7.227.47 - - [16/Apr/2026:21:47:31 +0000] "GET /shop/pg/1600922 HTTP/1.1" 404 13206 "http://mail.elementalmill.com/shop/pg/16201384457" "Mozilla/5.0 AppleWebKit/537.36 (KHTML, like Gecko; compatible; GPTBot/1.3; +https://openai.com/gptbot)"
74.7.227.47 - - [16/Apr/2026:21:47:37 +0000] "GET /shop/pg/2072384 HTTP/1.1" 404 13206 "http://mail.elementalmill.com/shopping/products/16222072384" "Mozilla/5.0 AppleWebKit/537.36 (KHTML, like Gecko; compatible; GPTBot/1.3; +https://openai.com/gptbot)"
74.7.227.47 - - [16/Apr/2026:21:47:47 +0000] "GET /shop/pg/1618260752 HTTP/1.1" 404 13186 "http://www.elementalmill.com" "Mozilla/5.0 AppleWebKit/537.36 (KHTML, like Gecko; compatible; GPTBot/1.3; +https://openai.com/gptbot)"
74.7.242.33 - - [16/Apr/2026:21:47:48 +0000] "GET /shop/pg/1312507 HTTP/1.1" 404 13206 "http://www.elementalmill.com.lab2454.com/shop/customer/bookmark.php?shopping/products/16201312507" "Mozilla/5.0 AppleWebKit/537.36 (KHTML, like Gecko; compatible; GPTBot/1.3; +https://openai.com/gptbot)"
74.7.227.47 - - [16/Apr/2026:21:47:49 +0000] "GET /shop/pg/2083030 HTTP/1.1" 404 13206 "http://mail.elementalmill.com/shop/customer/bookmark.php?shopping/products/16222083030" "Mozilla/5.0 AppleWebKit/537.36 (KHTML, like Gecko; compatible; GPTBot/1.3; +https://openai.com/gptbot)"
185.191.171.13 - - [16/Apr/2026:21:47:49 +0000] "GET /shop/pg/16222060649 HTTP/1.1" 404 13186 "-" "Mozilla/5.0 (compatible; SemrushBot/7~bl; +http://www.semrush.com/bot.html)"
74.7.227.47 - - [16/Apr/2026:21:47:55 +0000] "GET /shop/pg/1308795 HTTP/1.1" 404 13206 "http://mail.elementalmill.com/shop/pg/1307640" "Mozilla/5.0 AppleWebKit/537.36 (KHTML, like Gecko; compatible; GPTBot/1.3; +https://openai.com/gptbot)"
74.7.227.47 - - [16/Apr/2026:21:48:02 +0000] "GET /shop/pg/1448622 HTTP/1.1" 404 13206 "http://mail.elementalmill.com/shop/pg/16201232167" "Mozilla/5.0 AppleWebKit/537.36 (KHTML, like Gecko; compatible; GPTBot/1.3; +https://openai.com/gptbot)"
74.7.227.47 - - [16/Apr/2026:21:48:08 +0000] "GET /shop/pg/1966997 HTTP/1.1" 404 13206 "http://mail.elementalmill.com/shopping/products/16211966997" "Mozilla/5.0 AppleWebKit/537.36 (KHTML, like Gecko; compatible; GPTBot/1.3; +https://openai.com/gptbot)"
74.7.242.33 - - [16/Apr/2026:21:48:18 +0000] "GET /shop/pg/2368045 HTTP/1.1" 404 13206 "http://www.elementalmill.com.lab2454.com/shopping/products/16222368045" "Mozilla/5.0 AppleWebKit/537.36 (KHTML, like Gecko; compatible; GPTBot/1.3; +https://openai.com/gptbot)"
185.191.171.10 - - [16/Apr/2026:21:48:23 +0000] "GET /shopping/products/1619956770 HTTP/1.1" 404 13186 "-" "Mozilla/5.0 (compatible; SemrushBot/7~bl; +http://www.semrush.com/bot.html)"
74.7.227.47 - - [16/Apr/2026:21:48:27 +0000] "GET /shop/pg/1692001 HTTP/1.1" 404 13206 "http://mail.elementalmill.com/shopping/products/16211692001" "Mozilla/5.0 AppleWebKit/537.36 (KHTML, like Gecko; compatible; GPTBot/1.3; +https://openai.com/gptbot)"
185.191.171.12 - - [16/Apr/2026:21:48:28 +0000] "GET /shop/pg/282488 HTTP/1.1" 404 13186 "-" "Mozilla/5.0 (compatible; SemrushBot/7~bl; +http://www.semrush.com/bot.html)"
74.7.227.47 - - [16/Apr/2026:21:48:34 +0000] "GET /shop/pg/2212105 HTTP/1.1" 404 13206 "http://mail.elementalmill.com/shopping/products/16222212105" "Mozilla/5.0 AppleWebKit/537.36 (KHTML, like Gecko; compatible; GPTBot/1.3; +https://openai.com/gptbot)"
185.191.171.16 - - [16/Apr/2026:21:48:38 +0000] "GET /shopping/products/1619980816 HTTP/1.1" 404 13186 "-" "Mozilla/5.0 (compatible; SemrushBot/7~bl; +http://www.semrush.com/bot.html)"
74.7.227.47 - - [16/Apr/2026:21:48:40 +0000] "GET /shop/pg/1618329592 HTTP/1.1" 404 13186 "http://www.elementalmill.com" "Mozilla/5.0 AppleWebKit/537.36 (KHTML, like Gecko; compatible; GPTBot/1.3; +https://openai.com/gptbot)"
74.7.227.47 - - [16/Apr/2026:21:48:41 +0000] "GET /shop/pg/1419319 HTTP/1.1" 404 13206 "http://mail.elementalmill.com/shop/pg/16211794408" "Mozilla/5.0 AppleWebKit/537.36 (KHTML, like Gecko; compatible; GPTBot/1.3; +https://openai.com/gptbot)"
185.191.171.2 - - [16/Apr/2026:21:48:45 +0000] "GET /shop/pg/2061962 HTTP/1.1" 404 13186 "-" "Mozilla/5.0 (compatible; SemrushBot/7~bl; +http://www.semrush.com/bot.html)"
74.7.227.47 - - [16/Apr/2026:21:48:49 +0000] "GET /shop/pg/1239578 HTTP/1.1" 404 13206 "http://mail.elementalmill.com/shop/customer/bookmark.php?shopping/products/16201239578" "Mozilla/5.0 AppleWebKit/537.36 (KHTML, like Gecko; compatible; GPTBot/1.3; +https://openai.com/gptbot)"
185.191.171.15 - - [16/Apr/2026:21:48:52 +0000] "GET /shopping/products/1619980429 HTTP/1.1" 404 13186 "-" "Mozilla/5.0 (compatible; SemrushBot/7~bl; +http://www.semrush.com/bot.html)"
74.7.227.47 - - [16/Apr/2026:21:48:56 +0000] "GET /shop/pg/1490054 HTTP/1.1" 404 13206 "http://mail.elementalmill.com/shop/pg/16201273592" "Mozilla/5.0 AppleWebKit/537.36 (KHTML, like Gecko; compatible; GPTBot/1.3; +https://openai.com/gptbot)"
185.191.171.6 - - [16/Apr/2026:21:48:58 +0000] "GET /shopping/products/1619953903 HTTP/1.1" 404 13186 "-" "Mozilla/5.0 (compatible; SemrushBot/7~bl; +http://www.semrush.com/bot.html)"
85.208.96.202 - - [16/Apr/2026:21:49:03 +0000] "GET /shop/pg/16222046098 HTTP/1.1" 404 13186 "-" "Mozilla/5.0 (compatible; SemrushBot/7~bl; +http://www.semrush.com/bot.html)"
185.191.171.10 - - [16/Apr/2026:21:49:15 +0000] "GET /shopping/products/1619853603 HTTP/1.1" 404 13186 "-" "Mozilla/5.0 (compatible; SemrushBot/7~bl; +http://www.semrush.com/bot.html)"
74.7.227.47 - - [16/Apr/2026:21:49:19 +0000] "GET /shop/pg/1120936 HTTP/1.1" 404 13206 "http://mail.elementalmill.com/shopping/products/16201120936" "Mozilla/5.0 AppleWebKit/537.36 (KHTML, like Gecko; compatible; GPTBot/1.3; +https://openai.com/gptbot)"
85.208.96.201 - - [16/Apr/2026:21:49:26 +0000] "GET /shop/pg/1618184527 HTTP/1.1" 404 13186 "-" "Mozilla/5.0 (compatible; SemrushBot/7~bl; +http://www.semrush.com/bot.html)"
74.7.227.47 - - [16/Apr/2026:21:49:27 +0000] "GET /shop/pg/2309487 HTTP/1.1" 404 13206 "http://mail.elementalmill.com/shopping/products/16222309487" "Mozilla/5.0 AppleWebKit/537.36 (KHTML, like Gecko; compatible; GPTBot/1.3; +https://openai.com/gptbot)"
74.7.227.47 - - [16/Apr/2026:21:49:32 +0000] "GET /shop/pg/1618493768 HTTP/1.1" 404 13186 "http://www.elementalmill.com" "Mozilla/5.0 AppleWebKit/537.36 (KHTML, like Gecko; compatible; GPTBot/1.3; +https://openai.com/gptbot)"
74.7.227.47 - - [16/Apr/2026:21:49:34 +0000] "GET /shop/pg/2431849 HTTP/1.1" 404 13206 "http://mail.elementalmill.com/shopping/products/16222431849" "Mozilla/5.0 AppleWebKit/537.36 (KHTML, like Gecko; compatible; GPTBot/1.3; +https://openai.com/gptbot)"
74.7.227.47 - - [16/Apr/2026:21:49:40 +0000] "GET /shop/pg/1264171 HTTP/1.1" 404 13206 "http://mail.elementalmill.com/shop/pg/16201047714" "Mozilla/5.0 AppleWebKit/537.36 (KHTML, like Gecko; compatible; GPTBot/1.3; +https://openai.com/gptbot)"
139.162.194.112 - - [16/Apr/2026:21:49:43 +0000] "POST /wp-cron.php?doing_wp_cron=1776376183.0941829681396484375000 HTTP/1.1" 404 13186 "-" "WordPress/6.9.1; https://elementalmill.com"
74.7.242.33 - - [16/Apr/2026:21:49:52 +0000] "GET /shop/pg/1614410 HTTP/1.1" 404 13206 "http://www.elementalmill.com.lab2454.com/shopping/products/16211614410" "Mozilla/5.0 AppleWebKit/537.36 (KHTML, like Gecko; compatible; GPTBot/1.3; +https://openai.com/gptbot)"
74.7.227.47 - - [16/Apr/2026:21:49:58 +0000] "GET /shop/pg/1284981 HTTP/1.1" 404 13206 "http://mail.elementalmill.com/shopping/products/16201284981" "Mozilla/5.0 AppleWebKit/537.36 (KHTML, like Gecko; compatible; GPTBot/1.3; +https://openai.com/gptbot)"
74.7.227.47 - - [16/Apr/2026:21:50:12 +0000] "GET /shop/pg/1378898 HTTP/1.1" 404 13206 "http://mail.elementalmill.com/shopping/products/16201378898" "Mozilla/5.0 AppleWebKit/537.36 (KHTML, like Gecko; compatible; GPTBot/1.3; +https://openai.com/gptbot)"
74.7.227.47 - - [16/Apr/2026:21:50:18 +0000] "GET /shop/pg/1814774 HTTP/1.1" 404 13206 "http://mail.elementalmill.com/shopping/products/16211814774" "Mozilla/5.0 AppleWebKit/537.36 (KHTML, like Gecko; compatible; GPTBot/1.3; +https://openai.com/gptbot)"
185.191.171.4 - - [16/Apr/2026:21:50:21 +0000] "GET /shop/pg/1618263853 HTTP/1.1" 404 13186 "-" "Mozilla/5.0 (compatible; SemrushBot/7~bl; +http://www.semrush.com/bot.html)"
74.7.227.47 - - [16/Apr/2026:21:50:26 +0000] "GET /shop/pg/1204419 HTTP/1.1" 404 13206 "http://mail.elementalmill.com/shop/pg/16211579498" "Mozilla/5.0 AppleWebKit/537.36 (KHTML, like Gecko; compatible; GPTBot/1.3; +https://openai.com/gptbot)"
85.208.96.193 - - [16/Apr/2026:21:50:26 +0000] "GET /shop/pg/16222034356 HTTP/1.1" 404 13186 "-" "Mozilla/5.0 (compatible; SemrushBot/7~bl; +http://www.semrush.com/bot.html)"
74.7.242.33 - - [16/Apr/2026:21:50:29 +0000] "GET /shop/pg/2328874 HTTP/1.1" 404 13206 "http://www.elementalmill.com.lab2454.com/shopping/products/16222328874" "Mozilla/5.0 AppleWebKit/537.36 (KHTML, like Gecko; compatible; GPTBot/1.3; +https://openai.com/gptbot)"
185.191.171.9 - - [16/Apr/2026:21:50:30 +0000] "GET /shopping/products/1619938789 HTTP/1.1" 404 13186 "-" "Mozilla/5.0 (compatible; SemrushBot/7~bl; +http://www.semrush.com/bot.html)"
74.7.227.47 - - [16/Apr/2026:21:50:32 +0000] "GET /shop/pg/2641839 HTTP/1.1" 404 13206 "http://mail.elementalmill.com/shop/customer/bookmark.php?shopping/products/16232641839" "Mozilla/5.0 AppleWebKit/537.36 (KHTML, like Gecko; compatible; GPTBot/1.3; +https://openai.com/gptbot)"
85.208.96.195 - - [16/Apr/2026:21:50:35 +0000] "GET /shopping/products/1619971105 HTTP/1.1" 404 13186 "-" "Mozilla/5.0 (compatible; SemrushBot/7~bl; +http://www.semrush.com/bot.html)"
74.7.227.47 - - [16/Apr/2026:21:50:38 +0000] "GET /shop/pg/1272483 HTTP/1.1" 404 13206 "http://mail.elementalmill.com/shop/pg/16201056028" "Mozilla/5.0 AppleWebKit/537.36 (KHTML, like Gecko; compatible; GPTBot/1.3; +https://openai.com/gptbot)"
185.191.171.2 - - [16/Apr/2026:21:50:38 +0000] "GET /shopping/products/1619974869 HTTP/1.1" 404 13186 "-" "Mozilla/5.0 (compatible; SemrushBot/7~bl; +http://www.semrush.com/bot.html)"
74.7.227.151 - - [16/Apr/2026:21:50:44 +0000] "GET /shop/pg/1534052 HTTP/1.1" 301 839 "http://www.elementalmill.com/shopping/products/16211534052" "Mozilla/5.0 AppleWebKit/537.36 (KHTML, like Gecko; compatible; GPTBot/1.3; +https://openai.com/gptbot)"
74.7.227.47 - - [16/Apr/2026:21:50:44 +0000] "GET /shop/pg/2047205 HTTP/1.1" 404 13206 "http://mail.elementalmill.com/shop/customer/bookmark.php?shopping/products/16222047205" "Mozilla/5.0 AppleWebKit/537.36 (KHTML, like Gecko; compatible; GPTBot/1.3; +https://openai.com/gptbot)"
139.162.194.112 - - [16/Apr/2026:21:50:46 +0000] "POST /wp-cron.php?doing_wp_cron=1776376246.8489379882812500000000 HTTP/1.1" 404 13186 "-" "WordPress/6.9.1; https://elementalmill.com"
139.162.194.112 - - [16/Apr/2026:21:50:46 +0000] "POST /wp-cron.php?doing_wp_cron=1776376246.9126689434051513671875 HTTP/1.1" 404 13186 "-" "WordPress/6.9.1; https://elementalmill.com"
85.208.96.195 - - [16/Apr/2026:21:50:49 +0000] "GET /shop/pg/1618305796 HTTP/1.1" 404 13186 "-" "Mozilla/5.0 (compatible; SemrushBot/7~bl; +http://www.semrush.com/bot.html)"
74.7.227.47 - - [16/Apr/2026:21:50:49 +0000] "GET /shop/pg/1619930628 HTTP/1.1" 404 13186 "http://www.elementalmill.com" "Mozilla/5.0 AppleWebKit/537.36 (KHTML, like Gecko; compatible; GPTBot/1.3; +https://openai.com/gptbot)"
74.7.227.47 - - [16/Apr/2026:21:50:50 +0000] "GET /shop/pg/1722793 HTTP/1.1" 404 13206 "http://mail.elementalmill.com/shopping/products/16211722793" "Mozilla/5.0 AppleWebKit/537.36 (KHTML, like Gecko; compatible; GPTBot/1.3; +https://openai.com/gptbot)"
74.7.227.47 - - [16/Apr/2026:21:50:56 +0000] "GET /shop/pg/1236452 HTTP/1.1" 404 13206 "http://mail.elementalmill.com/shop/pg/16211611548" "Mozilla/5.0 AppleWebKit/537.36 (KHTML, like Gecko; compatible; GPTBot/1.3; +https://openai.com/gptbot)"
185.191.171.7 - - [16/Apr/2026:21:51:04 +0000] "GET /shop/pg/16211653800 HTTP/1.1" 404 13186 "-" "Mozilla/5.0 (compatible; SemrushBot/7~bl; +http://www.semrush.com/bot.html)"
74.7.227.151 - - [16/Apr/2026:21:51:05 +0000] "GET /shop/pg/1670536 HTTP/1.1" 301 839 "http://www.elementalmill.com/shopping/products/16211670536" "Mozilla/5.0 AppleWebKit/537.36 (KHTML, like Gecko; compatible; GPTBot/1.3; +https://openai.com/gptbot)"
185.191.171.4 - - [16/Apr/2026:21:51:08 +0000] "GET /shopping/products/1619934891 HTTP/1.1" 404 13186 "-" "Mozilla/5.0 (compatible; SemrushBot/7~bl; +http://www.semrush.com/bot.html)"
74.7.227.47 - - [16/Apr/2026:21:51:08 +0000] "GET /shop/pg/1422073 HTTP/1.1" 404 13206 "http://mail.elementalmill.com/shop/customer/bookmark.php?shopping/products/16201422073" "Mozilla/5.0 AppleWebKit/537.36 (KHTML, like Gecko; compatible; GPTBot/1.3; +https://openai.com/gptbot)"
185.191.171.3 - - [16/Apr/2026:21:51:15 +0000] "GET /shopping/products/1619951080 HTTP/1.1" 404 13186 "-" "Mozilla/5.0 (compatible; SemrushBot/7~bl; +http://www.semrush.com/bot.html)"
185.191.171.8 - - [16/Apr/2026:21:51:20 +0000] "GET /shopping/products/1619961723 HTTP/1.1" 404 13186 "-" "Mozilla/5.0 (compatible; SemrushBot/7~bl; +http://www.semrush.com/bot.html)"
74.7.227.47 - - [16/Apr/2026:21:51:30 +0000] "GET /shop/pg/1231637 HTTP/1.1" 404 13206 "http://mail.elementalmill.com/shop/pg/16201015184" "Mozilla/5.0 AppleWebKit/537.36 (KHTML, like Gecko; compatible; GPTBot/1.3; +https://openai.com/gptbot)"
74.7.227.47 - - [16/Apr/2026:21:51:35 +0000] "GET /shop/pg/2420115 HTTP/1.1" 404 13206 "http://mail.elementalmill.com/shop/customer/bookmark.php?shopping/products/16222420115" "Mozilla/5.0 AppleWebKit/537.36 (KHTML, like Gecko; compatible; GPTBot/1.3; +https://openai.com/gptbot)"
74.7.227.151 - - [16/Apr/2026:21:51:47 +0000] "GET /shop/pg/1152882 HTTP/1.1" 301 839 "http://www.elementalmill.com/shopping/products/16201152882" "Mozilla/5.0 AppleWebKit/537.36 (KHTML, like Gecko; compatible; GPTBot/1.3; +https://openai.com/gptbot)"
74.7.243.209 - - [16/Apr/2026:21:51:46 +0000] "GET /shopping/products/16201304723 HTTP/1.1" 404 13206 "http://elementalmill.com.lab2454.com/shopping/products/16211736978" "Mozilla/5.0 AppleWebKit/537.36 (KHTML, like Gecko; compatible; GPTBot/1.3; +https://openai.com/gptbot)"
74.7.227.47 - - [16/Apr/2026:21:51:48 +0000] "GET /shop/pg/1403711 HTTP/1.1" 404 13206 "http://mail.elementalmill.com/shop/pg/16211778801" "Mozilla/5.0 AppleWebKit/537.36 (KHTML, like Gecko; compatible; GPTBot/1.3; +https://openai.com/gptbot)"
139.162.194.112 - - [16/Apr/2026:21:51:48 +0000] "POST /wp-cron.php?doing_wp_cron=1776376308.8837831020355224609375 HTTP/1.1" 404 13186 "-" "WordPress/6.9.1; https://elementalmill.com"
185.191.171.3 - - [16/Apr/2026:21:51:52 +0000] "GET /shopping/products/1619945018 HTTP/1.1" 404 13186 "-" "Mozilla/5.0 (compatible; SemrushBot/7~bl; +http://www.semrush.com/bot.html)"
74.7.227.47 - - [16/Apr/2026:21:51:54 +0000] "GET /shop/pg/1648938 HTTP/1.1" 404 13206 "http://mail.elementalmill.com/shop/pg/16201432477" "Mozilla/5.0 AppleWebKit/537.36 (KHTML, like Gecko; compatible; GPTBot/1.3; +https://openai.com/gptbot)"
74.7.227.47 - - [16/Apr/2026:21:52:00 +0000] "GET /shop/pg/2014459 HTTP/1.1" 404 13206 "http://mail.elementalmill.com/shop/customer/bookmark.php?shopping/products/16222014459" "Mozilla/5.0 AppleWebKit/537.36 (KHTML, like Gecko; compatible; GPTBot/1.3; +https://openai.com/gptbot)"
74.7.227.47 - - [16/Apr/2026:21:52:06 +0000] "GET /shop/pg/1223307 HTTP/1.1" 404 13206 "http://mail.elementalmill.com/shop/pg/16211598401" "Mozilla/5.0 AppleWebKit/537.36 (KHTML, like Gecko; compatible; GPTBot/1.3; +https://openai.com/gptbot)"
74.7.227.47 - - [16/Apr/2026:21:52:12 +0000] "GET /shop/pg/1647034 HTTP/1.1" 404 13206 "http://mail.elementalmill.com/shop/customer/bookmark.php?shopping/products/16211647034" "Mozilla/5.0 AppleWebKit/537.36 (KHTML, like Gecko; compatible; GPTBot/1.3; +https://openai.com/gptbot)"
85.208.96.203 - - [16/Apr/2026:21:52:18 +0000] "GET /shopping/products/1619989013 HTTP/1.1" 404 13186 "-" "Mozilla/5.0 (compatible; SemrushBot/7~bl; +http://www.semrush.com/bot.html)"
74.7.227.47 - - [16/Apr/2026:21:52:18 +0000] "GET /shop/pg/2268696 HTTP/1.1" 404 13206 "http://mail.elementalmill.com/shopping/products/16222268696" "Mozilla/5.0 AppleWebKit/537.36 (KHTML, like Gecko; compatible; GPTBot/1.3; +https://openai.com/gptbot)"
185.191.171.17 - - [16/Apr/2026:21:52:29 +0000] "GET /shop/pg/16222045588 HTTP/1.1" 404 13186 "-" "Mozilla/5.0 (compatible; SemrushBot/7~bl; +http://www.semrush.com/bot.html)"
74.7.227.47 - - [16/Apr/2026:21:52:30 +0000] "GET /shop/pg/1815610 HTTP/1.1" 404 13206 "http://mail.elementalmill.com/shopping/products/16211815610" "Mozilla/5.0 AppleWebKit/537.36 (KHTML, like Gecko; compatible; GPTBot/1.3; +https://openai.com/gptbot)"
74.7.227.47 - - [16/Apr/2026:21:52:36 +0000] "GET /shop/pg/1584072 HTTP/1.1" 404 13206 "http://mail.elementalmill.com/shop/pg/16201367599" "Mozilla/5.0 AppleWebKit/537.36 (KHTML, like Gecko; compatible; GPTBot/1.3; +https://openai.com/gptbot)"
185.191.171.8 - - [16/Apr/2026:21:52:41 +0000] "GET /shopping/products/1619936043 HTTP/1.1" 404 13186 "-" "Mozilla/5.0 (compatible; SemrushBot/7~bl; +http://www.semrush.com/bot.html)"
74.7.227.47 - - [16/Apr/2026:21:52:42 +0000] "GET /shop/pg/1061241 HTTP/1.1" 404 13206 "http://mail.elementalmill.com/shop/pg/16222027890" "Mozilla/5.0 AppleWebKit/537.36 (KHTML, like Gecko; compatible; GPTBot/1.3; +https://openai.com/gptbot)"
74.7.227.47 - - [16/Apr/2026:21:52:49 +0000] "GET /shop/pg/1719527 HTTP/1.1" 404 13206 "http://mail.elementalmill.com/shop/pg/16201503074" "Mozilla/5.0 AppleWebKit/537.36 (KHTML, like Gecko; compatible; GPTBot/1.3; +https://openai.com/gptbot)"
139.162.194.112 - - [16/Apr/2026:21:52:52 +0000] "POST /wp-cron.php?doing_wp_cron=1776376372.1800360679626464843750 HTTP/1.1" 404 13186 "-" "WordPress/6.9.1; https://elementalmill.com"
74.7.227.47 - - [16/Apr/2026:21:52:55 +0000] "GET /shop/pg/1241376 HTTP/1.1" 404 13206 "http://mail.elementalmill.com/shop/customer/bookmark.php?shopping/products/16201241376" "Mozilla/5.0 AppleWebKit/537.36 (KHTML, like Gecko; compatible; GPTBot/1.3; +https://openai.com/gptbot)"
85.208.96.197 - - [16/Apr/2026:21:52:56 +0000] "GET /shopping/products/1619941455 HTTP/1.1" 404 13186 "-" "Mozilla/5.0 (compatible; SemrushBot/7~bl; +http://www.semrush.com/bot.html)"
185.191.171.8 - - [16/Apr/2026:21:53:00 +0000] "GET /shop/pg/250600 HTTP/1.1" 404 13186 "-" "Mozilla/5.0 (compatible; SemrushBot/7~bl; +http://www.semrush.com/bot.html)"
74.7.227.47 - - [16/Apr/2026:21:53:02 +0000] "GET /shop/pg/1236810 HTTP/1.1" 404 13206 "http://mail.elementalmill.com/shop/pg/16211611907" "Mozilla/5.0 AppleWebKit/537.36 (KHTML, like Gecko; compatible; GPTBot/1.3; +https://openai.com/gptbot)"
74.7.227.47 - - [16/Apr/2026:21:53:03 +0000] "GET /shop/pg/1619675487 HTTP/1.1" 404 13186 "http://www.elementalmill.com" "Mozilla/5.0 AppleWebKit/537.36 (KHTML, like Gecko; compatible; GPTBot/1.3; +https://openai.com/gptbot)"
185.191.171.15 - - [16/Apr/2026:21:53:05 +0000] "GET /shop/pg/1459138 HTTP/1.1" 404 13186 "-" "Mozilla/5.0 (compatible; SemrushBot/7~bl; +http://www.semrush.com/bot.html)"
74.7.227.47 - - [16/Apr/2026:21:53:10 +0000] "GET /shop/pg/1403518 HTTP/1.1" 404 13206 "http://mail.elementalmill.com/shop/customer/bookmark.php?shopping/products/16201403518" "Mozilla/5.0 AppleWebKit/537.36 (KHTML, like Gecko; compatible; GPTBot/1.3; +https://openai.com/gptbot)"
85.208.96.197 - - [16/Apr/2026:21:53:10 +0000] "GET /shop/pg/16201013373 HTTP/1.1" 404 13186 "-" "Mozilla/5.0 (compatible; SemrushBot/7~bl; +http://www.semrush.com/bot.html)"
85.208.96.206 - - [16/Apr/2026:21:53:16 +0000] "GET /shop/pg/2094297 HTTP/1.1" 404 13186 "-" "Mozilla/5.0 (compatible; SemrushBot/7~bl; +http://www.semrush.com/bot.html)"
74.7.227.47 - - [16/Apr/2026:21:53:17 +0000] "GET /shop/pg/1239165 HTTP/1.1" 404 13206 "http://mail.elementalmill.com/shopping/products/16201239165" "Mozilla/5.0 AppleWebKit/537.36 (KHTML, like Gecko; compatible; GPTBot/1.3; +https://openai.com/gptbot)"
74.7.243.209 - - [16/Apr/2026:21:53:21 +0000] "GET /shopping/products/16196145534 HTTP/1.1" 404 13206 "http://elementalmill.com.lab2454.com/sitemap399.xml" "Mozilla/5.0 AppleWebKit/537.36 (KHTML, like Gecko; compatible; GPTBot/1.3; +https://openai.com/gptbot)"
74.7.227.47 - - [16/Apr/2026:21:53:24 +0000] "GET /shop/pg/1791757 HTTP/1.1" 404 13206 "http://mail.elementalmill.com/shopping/products/16211791757" "Mozilla/5.0 AppleWebKit/537.36 (KHTML, like Gecko; compatible; GPTBot/1.3; +https://openai.com/gptbot)"
85.208.96.203 - - [16/Apr/2026:21:53:29 +0000] "GET /shopping/products/1619928232 HTTP/1.1" 404 13186 "-" "Mozilla/5.0 (compatible; SemrushBot/7~bl; +http://www.semrush.com/bot.html)"
74.7.227.47 - - [16/Apr/2026:21:53:38 +0000] "GET /shop/pg/1340213 HTTP/1.1" 404 13206 "http://mail.elementalmill.com/shop/pg/16211715309" "Mozilla/5.0 AppleWebKit/537.36 (KHTML, like Gecko; compatible; GPTBot/1.3; +https://openai.com/gptbot)"
74.7.227.47 - - [16/Apr/2026:21:53:44 +0000] "GET /shop/pg/2584234 HTTP/1.1" 404 13206 "http://mail.elementalmill.com/shopping/products/16232584234" "Mozilla/5.0 AppleWebKit/537.36 (KHTML, like Gecko; compatible; GPTBot/1.3; +https://openai.com/gptbot)"
74.7.227.47 - - [16/Apr/2026:21:53:55 +0000] "GET /shop/pg/1618379754 HTTP/1.1" 404 13186 "http://www.elementalmill.com" "Mozilla/5.0 AppleWebKit/537.36 (KHTML, like Gecko; compatible; GPTBot/1.3; +https://openai.com/gptbot)"
74.7.227.47 - - [16/Apr/2026:21:53:56 +0000] "GET /shop/pg/2617096 HTTP/1.1" 404 13206 "http://mail.elementalmill.com/shop/customer/bookmark.php?crsirefo_hidden=0219d3605c2e10d51c688f939542ce4335d5a8dcccdeb9746951d1e0aede9bab&goods=2503256" "Mozilla/5.0 AppleWebKit/537.36 (KHTML, like Gecko; compatible; GPTBot/1.3; +https://openai.com/gptbot)"
74.7.227.47 - - [16/Apr/2026:21:54:02 +0000] "GET /shop/pg/2270542 HTTP/1.1" 404 13206 "http://mail.elementalmill.com/shop/customer/bookmark.php?shopping/products/16222270542" "Mozilla/5.0 AppleWebKit/537.36 (KHTML, like Gecko; compatible; GPTBot/1.3; +https://openai.com/gptbot)"
74.7.227.47 - - [16/Apr/2026:21:54:08 +0000] "GET /shop/pg/1614605 HTTP/1.1" 404 13206 "http://mail.elementalmill.com/shop/pg/16201398143" "Mozilla/5.0 AppleWebKit/537.36 (KHTML, like Gecko; compatible; GPTBot/1.3; +https://openai.com/gptbot)"
74.7.227.151 - - [16/Apr/2026:21:54:14 +0000] "GET /shop/pg/1212214 HTTP/1.1" 301 839 "http://www.elementalmill.com/shopping/products/16201212214" "Mozilla/5.0 AppleWebKit/537.36 (KHTML, like Gecko; compatible; GPTBot/1.3; +https://openai.com/gptbot)"
74.7.227.47 - - [16/Apr/2026:21:54:15 +0000] "GET /shop/pg/2464629 HTTP/1.1" 404 13206 "http://mail.elementalmill.com/shop/customer/bookmark.php?shopping/products/16222464629" "Mozilla/5.0 AppleWebKit/537.36 (KHTML, like Gecko; compatible; GPTBot/1.3; +https://openai.com/gptbot)"
74.7.227.47 - - [16/Apr/2026:21:54:24 +0000] "GET /shop/pg/1919927 HTTP/1.1" 404 13206 "http://mail.elementalmill.com/shop/customer/bookmark.php?shopping/products/16211919927" "Mozilla/5.0 AppleWebKit/537.36 (KHTML, like Gecko; compatible; GPTBot/1.3; +https://openai.com/gptbot)"
85.208.96.202 - - [16/Apr/2026:21:54:28 +0000] "GET /shopping/products/1619947323 HTTP/1.1" 404 13186 "-" "Mozilla/5.0 (compatible; SemrushBot/7~bl; +http://www.semrush.com/bot.html)"
85.208.96.207 - - [16/Apr/2026:21:54:35 +0000] "GET /shopping/products/1619951000 HTTP/1.1" 404 13186 "-" "Mozilla/5.0 (compatible; SemrushBot/7~bl; +http://www.semrush.com/bot.html)"
74.7.227.47 - - [16/Apr/2026:21:54:36 +0000] "GET /shop/pg/2276980 HTTP/1.1" 404 13206 "http://mail.elementalmill.com/shopping/products/16222276980" "Mozilla/5.0 AppleWebKit/537.36 (KHTML, like Gecko; compatible; GPTBot/1.3; +https://openai.com/gptbot)"
85.208.96.205 - - [16/Apr/2026:21:54:40 +0000] "GET /shopping/products/1619938066 HTTP/1.1" 404 13186 "-" "Mozilla/5.0 (compatible; SemrushBot/7~bl; +http://www.semrush.com/bot.html)"
74.7.227.47 - - [16/Apr/2026:21:54:43 +0000] "GET /shop/pg/1299546 HTTP/1.1" 404 13206 "http://mail.elementalmill.com/shop/pg/16201083091" "Mozilla/5.0 AppleWebKit/537.36 (KHTML, like Gecko; compatible; GPTBot/1.3; +https://openai.com/gptbot)"
85.208.96.194 - - [16/Apr/2026:21:54:45 +0000] "GET /shopping/products/1619966372 HTTP/1.1" 404 13186 "-" "Mozilla/5.0 (compatible; SemrushBot/7~bl; +http://www.semrush.com/bot.html)"
185.191.171.19 - - [16/Apr/2026:21:54:49 +0000] "GET /shop/pg/11373 HTTP/1.1" 404 13186 "-" "Mozilla/5.0 (compatible; SemrushBot/7~bl; +http://www.semrush.com/bot.html)"
74.7.227.47 - - [16/Apr/2026:21:54:50 +0000] "GET /shop/pg/1299361 HTTP/1.1" 404 13206 "http://mail.elementalmill.com/shopping/products/16201299361" "Mozilla/5.0 AppleWebKit/537.36 (KHTML, like Gecko; compatible; GPTBot/1.3; +https://openai.com/gptbot)"
139.162.194.112 - - [16/Apr/2026:21:54:53 +0000] "POST /wp-cron.php?doing_wp_cron=1776376493.1524090766906738281250 HTTP/1.1" 404 13186 "-" "WordPress/6.9.1; https://elementalmill.com"
139.162.194.112 - - [16/Apr/2026:21:54:53 +0000] "POST /wp-cron.php?doing_wp_cron=1776376493.2200961112976074218750 HTTP/1.1" 404 13186 "-" "WordPress/6.9.1; https://elementalmill.com"
74.7.227.151 - - [16/Apr/2026:21:54:56 +0000] "GET /shop/pg/2385956 HTTP/1.1" 301 839 "http://www.elementalmill.com/shop/customer/bookmark.php?shopping/products/16222385956" "Mozilla/5.0 AppleWebKit/537.36 (KHTML, like Gecko; compatible; GPTBot/1.3; +https://openai.com/gptbot)"
74.7.227.47 - - [16/Apr/2026:21:54:56 +0000] "GET /shop/pg/1682069 HTTP/1.1" 404 13206 "http://mail.elementalmill.com/shop/pg/16201465598" "Mozilla/5.0 AppleWebKit/537.36 (KHTML, like Gecko; compatible; GPTBot/1.3; +https://openai.com/gptbot)"
85.208.96.193 - - [16/Apr/2026:21:54:58 +0000] "GET /shopping/products/1619912627 HTTP/1.1" 404 13186 "-" "Mozilla/5.0 (compatible; SemrushBot/7~bl; +http://www.semrush.com/bot.html)"
185.191.171.16 - - [16/Apr/2026:21:55:04 +0000] "GET /shopping/products/1619961735 HTTP/1.1" 404 13186 "-" "Mozilla/5.0 (compatible; SemrushBot/7~bl; +http://www.semrush.com/bot.html)"
185.191.171.15 - - [16/Apr/2026:21:55:09 +0000] "GET /shopping/products/1619986880 HTTP/1.1" 404 13186 "-" "Mozilla/5.0 (compatible; SemrushBot/7~bl; +http://www.semrush.com/bot.html)"
74.7.227.47 - - [16/Apr/2026:21:55:09 +0000] "GET /shop/pg/2012236 HTTP/1.1" 404 13206 "http://mail.elementalmill.com/shop/customer/bookmark.php?shopping/products/16222012236" "Mozilla/5.0 AppleWebKit/537.36 (KHTML, like Gecko; compatible; GPTBot/1.3; +https://openai.com/gptbot)"
85.208.96.199 - - [16/Apr/2026:21:55:36 +0000] "GET /shop/pg/1432316 HTTP/1.1" 404 13186 "-" "Mozilla/5.0 (compatible; SemrushBot/7~bl; +http://www.semrush.com/bot.html)"
74.7.227.151 - - [16/Apr/2026:21:55:38 +0000] "GET /shop/pg/1696895 HTTP/1.1" 301 839 "http://www.elementalmill.com/shopping/products/16211696895" "Mozilla/5.0 AppleWebKit/537.36 (KHTML, like Gecko; compatible; GPTBot/1.3; +https://openai.com/gptbot)"
