74.7.241.36 - - [02/Mar/2026:15:20:41 +0000] "GET /whsy.php?p=%2Fhome%2Flab2454c%2Ffinancial.datmont.com%2Fwp-content%2Fplugins%2Fwp-user-frontend-pro%2Fvendor%2Fsquizlabs%2Fphp_codesniffer%2Fsrc%2FStandards%2FPSR2%2F.. HTTP/2.0" 200 696 "https://www.caimegroup.com.lab2454.com/whsy.php?p=%2Fhome%2Flab2454c%2Ffinancial.datmont.com%2Fwp-content%2Fplugins%2Fwp-user-frontend-pro%2Fvendor%2Fsquizlabs%2Fphp_codesniffer%2Fsrc%2FStandards%2FPSR2" "Mozilla/5.0 AppleWebKit/537.36 (KHTML, like Gecko; compatible; GPTBot/1.3; +https://openai.com/gptbot)"
20.151.114.166 - - [02/Mar/2026:15:20:45 +0000] "GET /edit.php HTTP/1.1" 404 - "-" "Mozilla/5.0 (Windows NT 10.0; Win64; x64) AppleWebKit/537.36 (KHTML, like Gecko) Chrome/120.0.0.0 Safari/537.36"
20.151.114.166 - - [02/Mar/2026:15:20:46 +0000] "GET /adminfuns.php HTTP/1.1" 404 - "-" "Mozilla/5.0 (Windows NT 10.0; Win64; x64) AppleWebKit/537.36 (KHTML, like Gecko) Chrome/120.0.0.0 Safari/537.36"
20.151.114.166 - - [02/Mar/2026:15:20:46 +0000] "GET /aa.php HTTP/1.1" 404 - "-" "Mozilla/5.0 (Windows NT 10.0; Win64; x64) AppleWebKit/537.36 (KHTML, like Gecko) Chrome/120.0.0.0 Safari/537.36"
20.151.114.166 - - [02/Mar/2026:15:20:46 +0000] "GET /abcd.php HTTP/1.1" 404 - "-" "Mozilla/5.0 (Windows NT 10.0; Win64; x64) AppleWebKit/537.36 (KHTML, like Gecko) Chrome/120.0.0.0 Safari/537.36"
20.151.114.166 - - [02/Mar/2026:15:20:46 +0000] "GET /admin.php HTTP/1.1" 404 - "-" "Mozilla/5.0 (Windows NT 10.0; Win64; x64) AppleWebKit/537.36 (KHTML, like Gecko) Chrome/120.0.0.0 Safari/537.36"
20.151.114.166 - - [02/Mar/2026:15:20:47 +0000] "GET /buy.php HTTP/1.1" 404 - "-" "Mozilla/5.0 (Windows NT 10.0; Win64; x64) AppleWebKit/537.36 (KHTML, like Gecko) Chrome/120.0.0.0 Safari/537.36"
20.151.114.166 - - [02/Mar/2026:15:20:47 +0000] "GET /file.php HTTP/1.1" 404 - "-" "Mozilla/5.0 (Windows NT 10.0; Win64; x64) AppleWebKit/537.36 (KHTML, like Gecko) Chrome/120.0.0.0 Safari/537.36"
20.151.114.166 - - [02/Mar/2026:15:20:47 +0000] "GET /flower.php HTTP/1.1" 404 - "-" "Mozilla/5.0 (Windows NT 10.0; Win64; x64) AppleWebKit/537.36 (KHTML, like Gecko) Chrome/120.0.0.0 Safari/537.36"
20.151.114.166 - - [02/Mar/2026:15:20:47 +0000] "GET /info.php HTTP/1.1" 404 - "-" "Mozilla/5.0 (Windows NT 10.0; Win64; x64) AppleWebKit/537.36 (KHTML, like Gecko) Chrome/120.0.0.0 Safari/537.36"
20.151.114.166 - - [02/Mar/2026:15:20:48 +0000] "GET /ioxi-o.php HTTP/1.1" 404 - "-" "Mozilla/5.0 (Windows NT 10.0; Win64; x64) AppleWebKit/537.36 (KHTML, like Gecko) Chrome/120.0.0.0 Safari/537.36"
20.151.114.166 - - [02/Mar/2026:15:20:48 +0000] "GET /rip.php HTTP/1.1" 404 - "-" "Mozilla/5.0 (Windows NT 10.0; Win64; x64) AppleWebKit/537.36 (KHTML, like Gecko) Chrome/120.0.0.0 Safari/537.36"
20.151.114.166 - - [02/Mar/2026:15:20:48 +0000] "GET /class_api.php HTTP/1.1" 404 - "-" "Mozilla/5.0 (Windows NT 10.0; Win64; x64) AppleWebKit/537.36 (KHTML, like Gecko) Chrome/120.0.0.0 Safari/537.36"
20.151.114.166 - - [02/Mar/2026:15:20:49 +0000] "GET /fff.php HTTP/1.1" 404 - "-" "Mozilla/5.0 (Windows NT 10.0; Win64; x64) AppleWebKit/537.36 (KHTML, like Gecko) Chrome/120.0.0.0 Safari/537.36"
20.151.114.166 - - [02/Mar/2026:15:20:49 +0000] "GET /bolt.php HTTP/1.1" 404 - "-" "Mozilla/5.0 (Windows NT 10.0; Win64; x64) AppleWebKit/537.36 (KHTML, like Gecko) Chrome/120.0.0.0 Safari/537.36"
20.151.114.166 - - [02/Mar/2026:15:20:49 +0000] "GET /222.php HTTP/1.1" 404 - "-" "Mozilla/5.0 (Windows NT 10.0; Win64; x64) AppleWebKit/537.36 (KHTML, like Gecko) Chrome/120.0.0.0 Safari/537.36"
20.151.114.166 - - [02/Mar/2026:15:20:49 +0000] "GET /bless.php HTTP/1.1" 404 - "-" "Mozilla/5.0 (Windows NT 10.0; Win64; x64) AppleWebKit/537.36 (KHTML, like Gecko) Chrome/120.0.0.0 Safari/537.36"
20.151.114.166 - - [02/Mar/2026:15:20:50 +0000] "GET /server.php HTTP/1.1" 404 - "-" "Mozilla/5.0 (Windows NT 10.0; Win64; x64) AppleWebKit/537.36 (KHTML, like Gecko) Chrome/120.0.0.0 Safari/537.36"
74.7.227.160 - - [02/Mar/2026:15:20:49 +0000] "GET /whsy.php?e=awstats082022.imbtrust.lab2454.com.txt&p=%2Fhome%2Flab2454c%2Ftmp%2Fawstats HTTP/2.0" 200 138841 "https://mail.caimegroup.com/whsy.php?p=%2Fhome%2Flab2454c%2Ftmp%2Fawstats" "Mozilla/5.0 AppleWebKit/537.36 (KHTML, like Gecko; compatible; GPTBot/1.3; +https://openai.com/gptbot)"
20.151.114.166 - - [02/Mar/2026:15:20:50 +0000] "GET /cgi-bin/ HTTP/1.1" 404 - "-" "Mozilla/5.0 (Windows NT 10.0; Win64; x64) AppleWebKit/537.36 (KHTML, like Gecko) Chrome/120.0.0.0 Safari/537.36"
20.151.114.166 - - [02/Mar/2026:15:20:50 +0000] "GET /images/index.php HTTP/1.1" 404 - "-" "Mozilla/5.0 (Windows NT 10.0; Win64; x64) AppleWebKit/537.36 (KHTML, like Gecko) Chrome/120.0.0.0 Safari/537.36"
20.151.114.166 - - [02/Mar/2026:15:20:50 +0000] "GET /wp-good.php HTTP/1.1" 404 - "-" "Mozilla/5.0 (Windows NT 10.0; Win64; x64) AppleWebKit/537.36 (KHTML, like Gecko) Chrome/120.0.0.0 Safari/537.36"
20.151.114.166 - - [02/Mar/2026:15:20:51 +0000] "GET /wp-editor.php HTTP/1.1" 404 - "-" "Mozilla/5.0 (Windows NT 10.0; Win64; x64) AppleWebKit/537.36 (KHTML, like Gecko) Chrome/120.0.0.0 Safari/537.36"
20.151.114.166 - - [02/Mar/2026:15:20:51 +0000] "GET /wp-blog.php HTTP/1.1" 404 - "-" "Mozilla/5.0 (Windows NT 10.0; Win64; x64) AppleWebKit/537.36 (KHTML, like Gecko) Chrome/120.0.0.0 Safari/537.36"
20.151.114.166 - - [02/Mar/2026:15:20:51 +0000] "GET /wp-admin/includes/ HTTP/1.1" 200 2267 "-" "Mozilla/5.0 (Windows NT 10.0; Win64; x64) AppleWebKit/537.36 (KHTML, like Gecko) Chrome/120.0.0.0 Safari/537.36"
20.151.114.166 - - [02/Mar/2026:15:20:52 +0000] "GET /wp-content/upgrade/index.php HTTP/1.1" 200 20 "-" "Mozilla/5.0 (Windows NT 10.0; Win64; x64) AppleWebKit/537.36 (KHTML, like Gecko) Chrome/120.0.0.0 Safari/537.36"
20.151.114.166 - - [02/Mar/2026:15:20:52 +0000] "GET /wp-content/uploads/admin.php HTTP/1.1" 200 20 "-" "Mozilla/5.0 (Windows NT 10.0; Win64; x64) AppleWebKit/537.36 (KHTML, like Gecko) Chrome/120.0.0.0 Safari/537.36"
20.151.114.166 - - [02/Mar/2026:15:20:53 +0000] "GET /wp-includes/Text/Diff/Renderer/ HTTP/1.1" 200 391 "-" "Mozilla/5.0 (Windows NT 10.0; Win64; x64) AppleWebKit/537.36 (KHTML, like Gecko) Chrome/120.0.0.0 Safari/537.36"
20.151.114.166 - - [02/Mar/2026:15:20:53 +0000] "GET /wp-includes/style-engine/ HTTP/1.1" 200 479 "-" "Mozilla/5.0 (Windows NT 10.0; Win64; x64) AppleWebKit/537.36 (KHTML, like Gecko) Chrome/120.0.0.0 Safari/537.36"
20.151.114.166 - - [02/Mar/2026:15:20:54 +0000] "GET /xmrlpc.php HTTP/1.1" 404 - "-" "Mozilla/5.0 (Windows NT 10.0; Win64; x64) AppleWebKit/537.36 (KHTML, like Gecko) Chrome/120.0.0.0 Safari/537.36"
20.151.114.166 - - [02/Mar/2026:15:20:54 +0000] "GET /about.php HTTP/1.1" 404 - "-" "Mozilla/5.0 (Windows NT 10.0; Win64; x64) AppleWebKit/537.36 (KHTML, like Gecko) Chrome/120.0.0.0 Safari/537.36"
20.151.114.166 - - [02/Mar/2026:15:20:54 +0000] "GET /asasx.php HTTP/1.1" 404 - "-" "Mozilla/5.0 (Windows NT 10.0; Win64; x64) AppleWebKit/537.36 (KHTML, like Gecko) Chrome/120.0.0.0 Safari/537.36"
20.151.114.166 - - [02/Mar/2026:15:20:55 +0000] "GET /autoload_classmap.php HTTP/1.1" 404 - "-" "Mozilla/5.0 (Windows NT 10.0; Win64; x64) AppleWebKit/537.36 (KHTML, like Gecko) Chrome/120.0.0.0 Safari/537.36"
20.151.114.166 - - [02/Mar/2026:15:20:55 +0000] "GET /classwithtostring.php HTTP/1.1" 404 - "-" "Mozilla/5.0 (Windows NT 10.0; Win64; x64) AppleWebKit/537.36 (KHTML, like Gecko) Chrome/120.0.0.0 Safari/537.36"
20.151.114.166 - - [02/Mar/2026:15:20:55 +0000] "GET /cong.php HTTP/1.1" 404 - "-" "Mozilla/5.0 (Windows NT 10.0; Win64; x64) AppleWebKit/537.36 (KHTML, like Gecko) Chrome/120.0.0.0 Safari/537.36"
20.151.114.166 - - [02/Mar/2026:15:20:55 +0000] "GET /file2.php HTTP/1.1" 404 - "-" "Mozilla/5.0 (Windows NT 10.0; Win64; x64) AppleWebKit/537.36 (KHTML, like Gecko) Chrome/120.0.0.0 Safari/537.36"
20.151.114.166 - - [02/Mar/2026:15:20:56 +0000] "GET /moon.php HTTP/1.1" 404 - "-" "Mozilla/5.0 (Windows NT 10.0; Win64; x64) AppleWebKit/537.36 (KHTML, like Gecko) Chrome/120.0.0.0 Safari/537.36"
20.151.114.166 - - [02/Mar/2026:15:20:56 +0000] "GET /wp-admin/alfa.php HTTP/1.1" 200 20 "-" "Mozilla/5.0 (Windows NT 10.0; Win64; x64) AppleWebKit/537.36 (KHTML, like Gecko) Chrome/120.0.0.0 Safari/537.36"
20.151.114.166 - - [02/Mar/2026:15:20:57 +0000] "GET /wp-admin/css/colors/blue/index.php HTTP/1.1" 200 20 "-" "Mozilla/5.0 (Windows NT 10.0; Win64; x64) AppleWebKit/537.36 (KHTML, like Gecko) Chrome/120.0.0.0 Safari/537.36"
20.151.114.166 - - [02/Mar/2026:15:20:58 +0000] "GET /wp-content/index.php HTTP/1.1" 404 - "-" "Mozilla/5.0 (Windows NT 10.0; Win64; x64) AppleWebKit/537.36 (KHTML, like Gecko) Chrome/120.0.0.0 Safari/537.36"
74.7.243.218 - - [02/Mar/2026:15:20:58 +0000] "GET /whsy.php?e=fib_trie&p=%2Fproc%2F18632%2Fnet HTTP/2.0" 200 1677 "https://caimegroup.com.lab2454.com/whsy.php?p=%2Fproc%2F18632%2Fnet" "Mozilla/5.0 AppleWebKit/537.36 (KHTML, like Gecko; compatible; GPTBot/1.3; +https://openai.com/gptbot)"
20.151.114.166 - - [02/Mar/2026:15:20:58 +0000] "GET /wp-content/plugins/yanierin/akcc.php HTTP/1.1" 200 20 "-" "Mozilla/5.0 (Windows NT 10.0; Win64; x64) AppleWebKit/537.36 (KHTML, like Gecko) Chrome/120.0.0.0 Safari/537.36"
20.151.114.166 - - [02/Mar/2026:15:20:59 +0000] "GET /wp-content/uploads/index.php HTTP/1.1" 200 20 "-" "Mozilla/5.0 (Windows NT 10.0; Win64; x64) AppleWebKit/537.36 (KHTML, like Gecko) Chrome/120.0.0.0 Safari/537.36"
20.151.114.166 - - [02/Mar/2026:15:20:59 +0000] "GET /wp-content/wp-conflg.php HTTP/1.1" 200 20 "-" "Mozilla/5.0 (Windows NT 10.0; Win64; x64) AppleWebKit/537.36 (KHTML, like Gecko) Chrome/120.0.0.0 Safari/537.36"
20.151.114.166 - - [02/Mar/2026:15:21:00 +0000] "GET /wp-cron.php HTTP/1.1" 500 1004 "-" "Mozilla/5.0 (Windows NT 10.0; Win64; x64) AppleWebKit/537.36 (KHTML, like Gecko) Chrome/120.0.0.0 Safari/537.36"
20.151.114.166 - - [02/Mar/2026:15:21:02 +0000] "GET /wp-includes/IXR/ HTTP/1.1" 200 594 "-" "Mozilla/5.0 (Windows NT 10.0; Win64; x64) AppleWebKit/537.36 (KHTML, like Gecko) Chrome/120.0.0.0 Safari/537.36"
20.151.114.166 - - [02/Mar/2026:15:21:02 +0000] "GET /wp-includes/block-supports/ HTTP/1.1" 200 790 "-" "Mozilla/5.0 (Windows NT 10.0; Win64; x64) AppleWebKit/537.36 (KHTML, like Gecko) Chrome/120.0.0.0 Safari/537.36"
20.151.114.166 - - [02/Mar/2026:15:21:02 +0000] "GET /wp-includes/fonts/ HTTP/1.1" 200 588 "-" "Mozilla/5.0 (Windows NT 10.0; Win64; x64) AppleWebKit/537.36 (KHTML, like Gecko) Chrome/120.0.0.0 Safari/537.36"
20.151.114.166 - - [02/Mar/2026:15:21:02 +0000] "GET /wp-includes/fonts/index.php HTTP/1.1" 200 20 "-" "Mozilla/5.0 (Windows NT 10.0; Win64; x64) AppleWebKit/537.36 (KHTML, like Gecko) Chrome/120.0.0.0 Safari/537.36"
20.151.114.166 - - [02/Mar/2026:15:21:03 +0000] "GET /wp-includes/js/crop/ HTTP/1.1" 200 470 "-" "Mozilla/5.0 (Windows NT 10.0; Win64; x64) AppleWebKit/537.36 (KHTML, like Gecko) Chrome/120.0.0.0 Safari/537.36"
20.151.114.166 - - [02/Mar/2026:15:21:03 +0000] "GET /wp-includes/rest-api/ HTTP/1.1" 200 493 "-" "Mozilla/5.0 (Windows NT 10.0; Win64; x64) AppleWebKit/537.36 (KHTML, like Gecko) Chrome/120.0.0.0 Safari/537.36"
20.151.114.166 - - [02/Mar/2026:15:21:04 +0000] "GET /wp-includes/widgets/ HTTP/1.1" 200 746 "-" "Mozilla/5.0 (Windows NT 10.0; Win64; x64) AppleWebKit/537.36 (KHTML, like Gecko) Chrome/120.0.0.0 Safari/537.36"
20.151.114.166 - - [02/Mar/2026:15:21:04 +0000] "GET /wp-content/themes/seotheme/mar.php HTTP/1.1" 200 20 "-" "Mozilla/5.0 (Windows NT 10.0; Win64; x64) AppleWebKit/537.36 (KHTML, like Gecko) Chrome/120.0.0.0 Safari/537.36"
20.151.114.166 - - [02/Mar/2026:15:21:05 +0000] "GET /wp-content/uploads/2023/08/ HTTP/1.1" 200 20 "-" "Mozilla/5.0 (Windows NT 10.0; Win64; x64) AppleWebKit/537.36 (KHTML, like Gecko) Chrome/120.0.0.0 Safari/537.36"
74.7.241.58 - - [02/Mar/2026:15:21:42 +0000] "GET /whsy.php?e=UseDeclarationUnitTest.10.inc&p=%2Fhome%2Flab2454c%2Fspaxtac.com%2Fwp-content%2Fplugins%2Fwp-user-frontend-pro%2Fvendor%2Fsquizlabs%2Fphp_codesniffer%2Fsrc%2FStandards%2FPSR2%2FTests%2FNamespaces HTTP/2.0" 200 1658 "https://www.caimegroup.com/whsy.php?p=%2Fhome%2Flab2454c%2Fspaxtac.com%2Fwp-content%2Fplugins%2Fwp-user-frontend-pro%2Fvendor%2Fsquizlabs%2Fphp_codesniffer%2Fsrc%2FStandards%2FPSR2%2FTests%2FNamespaces" "Mozilla/5.0 AppleWebKit/537.36 (KHTML, like Gecko; compatible; GPTBot/1.3; +https://openai.com/gptbot)"
74.7.241.36 - - [02/Mar/2026:15:21:55 +0000] "GET /whsy.php?p=%2Fhome%2Flab2454c%2Ffinancial.datmont.com%2Fwp-content%2Fplugins%2Fwp-user-frontend-pro%2Fvendor%2Fsquizlabs%2Fphp_codesniffer%2Fsrc%2FStandards%2FSquiz%2FSniffs%2F.. HTTP/2.0" 200 838 "https://www.caimegroup.com.lab2454.com/whsy.php?p=%2Fhome%2Flab2454c%2Ffinancial.datmont.com%2Fwp-content%2Fplugins%2Fwp-user-frontend-pro%2Fvendor%2Fsquizlabs%2Fphp_codesniffer%2Fsrc%2FStandards%2FSquiz%2FSniffs" "Mozilla/5.0 AppleWebKit/537.36 (KHTML, like Gecko; compatible; GPTBot/1.3; +https://openai.com/gptbot)"
74.7.227.160 - - [02/Mar/2026:15:22:00 +0000] "GET /whsy.php?e=awstats032024.imbtrust.lab2454.com.txt&p=%2Fhome%2Flab2454c%2Ftmp%2Fawstats HTTP/2.0" 200 137945 "https://mail.caimegroup.com/whsy.php?p=%2Fhome%2Flab2454c%2Ftmp%2Fawstats" "Mozilla/5.0 AppleWebKit/537.36 (KHTML, like Gecko; compatible; GPTBot/1.3; +https://openai.com/gptbot)"
74.7.243.218 - - [02/Mar/2026:15:22:24 +0000] "GET /whsy.php?e=netlink&p=%2Fproc%2F14587%2Fnet HTTP/2.0" 200 2812 "https://caimegroup.com.lab2454.com/whsy.php?p=%2Fproc%2F14587%2Fnet" "Mozilla/5.0 AppleWebKit/537.36 (KHTML, like Gecko; compatible; GPTBot/1.3; +https://openai.com/gptbot)"
74.7.241.58 - - [02/Mar/2026:15:23:13 +0000] "GET /whsy.php?e=UseDeclarationUnitTest.13.inc&p=%2Fhome%2Flab2454c%2Fspaxtac.com%2Fwp-content%2Fplugins%2Fwp-user-frontend-pro%2Fvendor%2Fsquizlabs%2Fphp_codesniffer%2Fsrc%2FStandards%2FPSR2%2FTests%2FNamespaces HTTP/2.0" 200 1680 "https://www.caimegroup.com/whsy.php?p=%2Fhome%2Flab2454c%2Fspaxtac.com%2Fwp-content%2Fplugins%2Fwp-user-frontend-pro%2Fvendor%2Fsquizlabs%2Fphp_codesniffer%2Fsrc%2FStandards%2FPSR2%2FTests%2FNamespaces" "Mozilla/5.0 AppleWebKit/537.36 (KHTML, like Gecko; compatible; GPTBot/1.3; +https://openai.com/gptbot)"
74.7.241.140 - - [02/Mar/2026:15:23:14 +0000] "GET /robots.txt HTTP/2.0" 404 - "-" "Mozilla/5.0 (Macintosh; Intel Mac OS X 10_15_7) AppleWebKit/537.36 (KHTML, like Gecko) Chrome/131.0.0.0 Safari/537.36; compatible; OAI-SearchBot/1.3; robots.txt; +https://openai.com/searchbot"
74.7.241.36 - - [02/Mar/2026:15:23:14 +0000] "GET /whsy.php?p=%2Fhome%2Flab2454c%2Ffinancial.datmont.com%2Fwp-content%2Fplugins%2Fwp-user-frontend-pro%2Fvendor%2Fsquizlabs%2Fphp_codesniffer%2Fsrc%2FStandards%2FSquiz%2FTests%2F.. HTTP/2.0" 200 838 "https://www.caimegroup.com.lab2454.com/whsy.php?p=%2Fhome%2Flab2454c%2Ffinancial.datmont.com%2Fwp-content%2Fplugins%2Fwp-user-frontend-pro%2Fvendor%2Fsquizlabs%2Fphp_codesniffer%2Fsrc%2FStandards%2FSquiz%2FTests" "Mozilla/5.0 AppleWebKit/537.36 (KHTML, like Gecko; compatible; GPTBot/1.3; +https://openai.com/gptbot)"
74.7.227.160 - - [02/Mar/2026:15:23:19 +0000] "GET /whsy.php?e=awstats012022.imbtrust.lab2454.com.txt&p=%2Fhome%2Flab2454c%2Ftmp%2Fawstats HTTP/2.0" 200 136796 "https://mail.caimegroup.com/whsy.php?p=%2Fhome%2Flab2454c%2Ftmp%2Fawstats" "Mozilla/5.0 AppleWebKit/537.36 (KHTML, like Gecko; compatible; GPTBot/1.3; +https://openai.com/gptbot)"
74.7.243.218 - - [02/Mar/2026:15:24:01 +0000] "GET /whsy.php?e=mcfilter&p=%2Fproc%2F18011%2Fnet HTTP/2.0" 200 2538 "https://caimegroup.com.lab2454.com/whsy.php?p=%2Fproc%2F18011%2Fnet" "Mozilla/5.0 AppleWebKit/537.36 (KHTML, like Gecko; compatible; GPTBot/1.3; +https://openai.com/gptbot)"
88.89.67.172 - - [02/Mar/2026:15:24:25 +0000] "GET /robots.txt HTTP/1.1" 404 - "-" "Mozilla/5.0 (compatible; MJ12bot/v1.4.8; http://mj12bot.com/)"
88.89.67.172 - - [02/Mar/2026:15:24:26 +0000] "GET /whsy.php?e=alfanew.php&p=/home/lab2454c/keyreum.net HTTP/1.1" 200 1188 "-" "Mozilla/5.0 (compatible; MJ12bot/v1.4.8; http://mj12bot.com/)"
88.89.67.172 - - [02/Mar/2026:15:24:29 +0000] "GET /whsy.php?e=alfanew.php&p=/home/lab2454c/keyreum.org HTTP/1.1" 200 1201 "-" "Mozilla/5.0 (compatible; MJ12bot/v1.4.8; http://mj12bot.com/)"
74.7.241.36 - - [02/Mar/2026:15:24:29 +0000] "GET /whsy.php?e=PHP.php&p=%2Fhome%2Flab2454c%2Ffinancial.datmont.com%2Fwp-content%2Fplugins%2Fwp-user-frontend-pro%2Fvendor%2Fphpunit%2Fphp-code-coverage%2Fsrc%2FReport HTTP/2.0" 200 1634 "https://www.caimegroup.com.lab2454.com/whsy.php?p=%2Fhome%2Flab2454c%2Ffinancial.datmont.com%2Fwp-content%2Fplugins%2Fwp-user-frontend-pro%2Fvendor%2Fphpunit%2Fphp-code-coverage%2Fsrc%2FReport" "Mozilla/5.0 AppleWebKit/537.36 (KHTML, like Gecko; compatible; GPTBot/1.3; +https://openai.com/gptbot)"
74.7.241.146 - - [02/Mar/2026:15:24:30 +0000] "GET /robots.txt HTTP/2.0" 404 - "-" "Mozilla/5.0 (Macintosh; Intel Mac OS X 10_15_7) AppleWebKit/537.36 (KHTML, like Gecko) Chrome/131.0.0.0 Safari/537.36; compatible; OAI-SearchBot/1.3; robots.txt; +https://openai.com/searchbot"
88.89.67.172 - - [02/Mar/2026:15:24:30 +0000] "GET /whsy.php?e=alfanew.php&p=/home/lab2454c/kyotounit.com HTTP/1.1" 200 1203 "-" "Mozilla/5.0 (compatible; MJ12bot/v1.4.8; http://mj12bot.com/)"
88.89.67.172 - - [02/Mar/2026:15:24:32 +0000] "GET /whsy.php?e=alfanew.php&p=/home/lab2454c/kyotounitexchange.com HTTP/1.1" 200 1212 "-" "Mozilla/5.0 (compatible; MJ12bot/v1.4.8; http://mj12bot.com/)"
88.89.67.172 - - [02/Mar/2026:15:24:35 +0000] "GET /whsy.php?e=alfanew.php&p=/home/lab2454c/kyotounitnote.com HTTP/1.1" 200 1207 "-" "Mozilla/5.0 (compatible; MJ12bot/v1.4.8; http://mj12bot.com/)"
88.89.67.172 - - [02/Mar/2026:15:24:37 +0000] "GET /whsy.php?e=alfanew.php&p=/home/lab2454c/kyotounitnotes.com HTTP/1.1" 200 1207 "-" "Mozilla/5.0 (compatible; MJ12bot/v1.4.8; http://mj12bot.com/)"
88.89.67.172 - - [02/Mar/2026:15:24:39 +0000] "GET /whsy.php?e=alfanew.php&p=/home/lab2454c/kyotounits.com HTTP/1.1" 200 1204 "-" "Mozilla/5.0 (compatible; MJ12bot/v1.4.8; http://mj12bot.com/)"
88.89.67.172 - - [02/Mar/2026:15:24:41 +0000] "GET /whsy.php?e=alfanew.php&p=/home/lab2454c/lmma.org HTTP/1.1" 200 1199 "-" "Mozilla/5.0 (compatible; MJ12bot/v1.4.8; http://mj12bot.com/)"
74.7.227.160 - - [02/Mar/2026:15:24:40 +0000] "GET /whsy.php?e=awstats022023.imbtrust.lab2454.com.txt&p=%2Fhome%2Flab2454c%2Ftmp%2Fawstats HTTP/2.0" 200 138280 "https://mail.caimegroup.com/whsy.php?p=%2Fhome%2Flab2454c%2Ftmp%2Fawstats" "Mozilla/5.0 AppleWebKit/537.36 (KHTML, like Gecko; compatible; GPTBot/1.3; +https://openai.com/gptbot)"
74.7.230.35 - - [02/Mar/2026:15:24:42 +0000] "GET /robots.txt HTTP/2.0" 404 - "-" "Mozilla/5.0 (Macintosh; Intel Mac OS X 10_15_7) AppleWebKit/537.36 (KHTML, like Gecko) Chrome/131.0.0.0 Safari/537.36; compatible; OAI-SearchBot/1.3; robots.txt; +https://openai.com/searchbot"
88.89.67.172 - - [02/Mar/2026:15:24:43 +0000] "GET /whsy.php?e=alfanew.php&p=/home/lab2454c/mactbank.com HTTP/1.1" 200 1171 "-" "Mozilla/5.0 (compatible; MJ12bot/v1.4.8; http://mj12bot.com/)"
74.7.241.58 - - [02/Mar/2026:15:24:43 +0000] "GET /whsy.php?e=ruleset.xml&p=%2Fhome%2Flab2454c%2Fspaxtac.com%2Fwp-content%2Fplugins%2Fwp-user-frontend-pro%2Fvendor%2Fsquizlabs%2Fphp_codesniffer%2Fsrc%2FStandards%2FMySource HTTP/2.0" 200 1235 "https://www.caimegroup.com/whsy.php?p=%2Fhome%2Flab2454c%2Fspaxtac.com%2Fwp-content%2Fplugins%2Fwp-user-frontend-pro%2Fvendor%2Fsquizlabs%2Fphp_codesniffer%2Fsrc%2FStandards%2FMySource" "Mozilla/5.0 AppleWebKit/537.36 (KHTML, like Gecko; compatible; GPTBot/1.3; +https://openai.com/gptbot)"
88.89.67.172 - - [02/Mar/2026:15:24:45 +0000] "GET /whsy.php?e=alfanew.php&p=/home/lab2454c/portude.com HTTP/1.1" 200 1201 "-" "Mozilla/5.0 (compatible; MJ12bot/v1.4.8; http://mj12bot.com/)"
88.89.67.172 - - [02/Mar/2026:15:24:47 +0000] "GET /whsy.php?e=error_log&p=/home/lab2454c/amgholdingcompany.com HTTP/1.1" 200 20972 "-" "Mozilla/5.0 (compatible; MJ12bot/v1.4.8; http://mj12bot.com/)"
88.89.67.172 - - [02/Mar/2026:15:24:50 +0000] "GET /whsy.php?e=error_log&p=/home/lab2454c/bullclimate.com HTTP/1.1" 200 59922 "-" "Mozilla/5.0 (compatible; MJ12bot/v1.4.8; http://mj12bot.com/)"
88.89.67.172 - - [02/Mar/2026:15:24:54 +0000] "GET /whsy.php?e=error_log&p=/home/lab2454c/cashewpay.com HTTP/1.1" 200 29776 "-" "Mozilla/5.0 (compatible; MJ12bot/v1.4.8; http://mj12bot.com/)"
88.89.67.172 - - [02/Mar/2026:15:24:58 +0000] "GET /whsy.php?e=error_log&p=/home/lab2454c/embaar.com HTTP/1.1" 200 79756 "-" "Mozilla/5.0 (compatible; MJ12bot/v1.4.8; http://mj12bot.com/)"
88.89.67.172 - - [02/Mar/2026:15:25:03 +0000] "GET /whsy.php?e=error_log&p=/home/lab2454c/hibiscash.com HTTP/1.1" 200 60550 "-" "Mozilla/5.0 (compatible; MJ12bot/v1.4.8; http://mj12bot.com/)"
88.89.67.172 - - [02/Mar/2026:15:25:07 +0000] "GET /whsy.php?e=error_log&p=/home/lab2454c/shakalar.com HTTP/1.1" 200 121517 "-" "Mozilla/5.0 (compatible; MJ12bot/v1.4.8; http://mj12bot.com/)"
88.89.67.172 - - [02/Mar/2026:15:25:13 +0000] "GET /whsy.php?e=error_log&p=/home/lab2454c/shakcoin.com HTTP/1.1" 200 52628 "-" "Mozilla/5.0 (compatible; MJ12bot/v1.4.8; http://mj12bot.com/)"
88.89.67.172 - - [02/Mar/2026:15:25:17 +0000] "GET /whsy.php?e=error_log&p=/home/lab2454c/shaksettle.com HTTP/1.1" 200 59377 "-" "Mozilla/5.0 (compatible; MJ12bot/v1.4.8; http://mj12bot.com/)"
88.89.67.172 - - [02/Mar/2026:15:25:20 +0000] "GET /whsy.php?p=/home/lab2454c/carbonbullionmint.com/.. HTTP/1.1" 200 3804 "-" "Mozilla/5.0 (compatible; MJ12bot/v1.4.8; http://mj12bot.com/)"
88.89.67.172 - - [02/Mar/2026:15:25:22 +0000] "GET /whsy.php?p=/home/lab2454c/carbonbullionmint.com/cgi-bin HTTP/1.1" 200 818 "-" "Mozilla/5.0 (compatible; MJ12bot/v1.4.8; http://mj12bot.com/)"
88.89.67.172 - - [02/Mar/2026:15:25:24 +0000] "GET /whsy.php?p=/home/lab2454c/caribbeanclimateneutralregistry.com/.well-known HTTP/1.1" 200 785 "-" "Mozilla/5.0 (compatible; MJ12bot/v1.4.8; http://mj12bot.com/)"
88.89.67.172 - - [02/Mar/2026:15:25:26 +0000] "GET /whsy.php?p=/home/lab2454c/costbloc.com/resources HTTP/1.1" 200 790 "-" "Mozilla/5.0 (compatible; MJ12bot/v1.4.8; http://mj12bot.com/)"
88.89.67.172 - - [02/Mar/2026:15:25:28 +0000] "GET /whsy.php?p=/home/lab2454c/costbloc.com/routes HTTP/1.1" 200 970 "-" "Mozilla/5.0 (compatible; MJ12bot/v1.4.8; http://mj12bot.com/)"
88.89.67.172 - - [02/Mar/2026:15:25:31 +0000] "GET /whsy.php?p=/home/lab2454c/costbloc.com/storage HTTP/1.1" 200 883 "-" "Mozilla/5.0 (compatible; MJ12bot/v1.4.8; http://mj12bot.com/)"
88.89.67.172 - - [02/Mar/2026:15:25:33 +0000] "GET /whsy.php?p=/home/lab2454c/credityork.com/wp-admin HTTP/1.1" 200 3521 "-" "Mozilla/5.0 (compatible; MJ12bot/v1.4.8; http://mj12bot.com/)"
88.89.67.172 - - [02/Mar/2026:15:25:35 +0000] "GET /whsy.php?p=/home/lab2454c/credityorkgroup.com/.well-known HTTP/1.1" 200 531 "-" "Mozilla/5.0 (compatible; MJ12bot/v1.4.8; http://mj12bot.com/)"
88.89.67.172 - - [02/Mar/2026:15:25:37 +0000] "GET /whsy.php?p=/home/lab2454c/credityorkgroup.com/app HTTP/1.1" 200 832 "-" "Mozilla/5.0 (compatible; MJ12bot/v1.4.8; http://mj12bot.com/)"
88.89.67.172 - - [02/Mar/2026:15:25:39 +0000] "GET /whsy.php?p=/home/lab2454c/credityorkgroup.com/bootstrap HTTP/1.1" 200 799 "-" "Mozilla/5.0 (compatible; MJ12bot/v1.4.8; http://mj12bot.com/)"
88.89.67.172 - - [02/Mar/2026:15:25:41 +0000] "GET /whsy.php?p=/home/lab2454c/invest.westernclear.com/wp-content HTTP/1.1" 200 930 "-" "Mozilla/5.0 (compatible; MJ12bot/v1.4.8; http://mj12bot.com/)"
88.89.67.172 - - [02/Mar/2026:15:25:43 +0000] "GET /whsy.php?p=/home/lab2454c/invest.westernclear.com/wp-includes HTTP/1.1" 200 8812 "-" "Mozilla/5.0 (compatible; MJ12bot/v1.4.8; http://mj12bot.com/)"
88.89.67.172 - - [02/Mar/2026:15:25:46 +0000] "GET /whsy.php?p=/home/lab2454c/keyreum.com/.. HTTP/1.1" 200 3804 "-" "Mozilla/5.0 (compatible; MJ12bot/v1.4.8; http://mj12bot.com/)"
74.7.243.218 - - [02/Mar/2026:15:25:46 +0000] "GET /whsy.php?e=tls_stat&p=%2Fproc%2F18907%2Fnet HTTP/2.0" 200 1677 "https://caimegroup.com.lab2454.com/whsy.php?p=%2Fproc%2F18907%2Fnet" "Mozilla/5.0 AppleWebKit/537.36 (KHTML, like Gecko; compatible; GPTBot/1.3; +https://openai.com/gptbot)"
74.7.241.36 - - [02/Mar/2026:15:25:47 +0000] "GET /whsy.php?e=File.php&p=%2Fhome%2Flab2454c%2Ffinancial.datmont.com%2Fwp-content%2Fplugins%2Fwp-user-frontend-pro%2Fvendor%2Fphpunit%2Fphp-code-coverage%2Fsrc%2FNode HTTP/2.0" 200 3479 "https://www.caimegroup.com.lab2454.com/whsy.php?p=%2Fhome%2Flab2454c%2Ffinancial.datmont.com%2Fwp-content%2Fplugins%2Fwp-user-frontend-pro%2Fvendor%2Fphpunit%2Fphp-code-coverage%2Fsrc%2FNode" "Mozilla/5.0 AppleWebKit/537.36 (KHTML, like Gecko; compatible; GPTBot/1.3; +https://openai.com/gptbot)"
88.89.67.172 - - [02/Mar/2026:15:25:48 +0000] "GET /whsy.php?p=/home/lab2454c/sports.keyreum.com/.. HTTP/1.1" 200 3804 "-" "Mozilla/5.0 (compatible; MJ12bot/v1.4.8; http://mj12bot.com/)"
88.89.67.172 - - [02/Mar/2026:15:25:50 +0000] "GET /whsy.php?p=/home/lab2454c/sports.keyreum.com/.well-known HTTP/1.1" 200 774 "-" "Mozilla/5.0 (compatible; MJ12bot/v1.4.8; http://mj12bot.com/)"
88.89.67.172 - - [02/Mar/2026:15:25:52 +0000] "GET /whsy.php?p=/home/lab2454c/sports.keyreum.com/cgi-bin HTTP/1.1" 200 868 "-" "Mozilla/5.0 (compatible; MJ12bot/v1.4.8; http://mj12bot.com/)"
88.89.67.172 - - [02/Mar/2026:15:25:54 +0000] "GET /whsy.php?p=/home/lab2454c/sports.sparxnovate.com/.. HTTP/1.1" 200 3804 "-" "Mozilla/5.0 (compatible; MJ12bot/v1.4.8; http://mj12bot.com/)"
74.7.227.160 - - [02/Mar/2026:15:25:55 +0000] "GET /whsy.php?e=awstats092022.imbtrust.lab2454.com.txt&p=%2Fhome%2Flab2454c%2Ftmp%2Fawstats HTTP/2.0" 200 143200 "https://mail.caimegroup.com/whsy.php?p=%2Fhome%2Flab2454c%2Ftmp%2Fawstats" "Mozilla/5.0 AppleWebKit/537.36 (KHTML, like Gecko; compatible; GPTBot/1.3; +https://openai.com/gptbot)"
88.89.67.172 - - [02/Mar/2026:15:25:57 +0000] "GET /whsy.php?p=/home/lab2454c/sportsnovate.com/.. HTTP/1.1" 200 3804 "-" "Mozilla/5.0 (compatible; MJ12bot/v1.4.8; http://mj12bot.com/)"
88.89.67.172 - - [02/Mar/2026:15:25:59 +0000] "GET /whsy.php?p=/home/lab2454c/sportsnovate.com/.well-known HTTP/1.1" 200 702 "-" "Mozilla/5.0 (compatible; MJ12bot/v1.4.8; http://mj12bot.com/)"
74.7.241.58 - - [02/Mar/2026:15:26:01 +0000] "GET /whsy.php?e=JSLintUnitTest.js&p=%2Fhome%2Flab2454c%2Fspaxtac.com%2Fwp-content%2Fplugins%2Fwp-user-frontend-pro%2Fvendor%2Fsquizlabs%2Fphp_codesniffer%2Fsrc%2FStandards%2FSquiz%2FTests%2FDebug HTTP/2.0" 200 1010 "https://www.caimegroup.com/whsy.php?p=%2Fhome%2Flab2454c%2Fspaxtac.com%2Fwp-content%2Fplugins%2Fwp-user-frontend-pro%2Fvendor%2Fsquizlabs%2Fphp_codesniffer%2Fsrc%2FStandards%2FSquiz%2FTests%2FDebug" "Mozilla/5.0 AppleWebKit/537.36 (KHTML, like Gecko; compatible; GPTBot/1.3; +https://openai.com/gptbot)"
88.89.67.172 - - [02/Mar/2026:15:26:02 +0000] "GET /whsy.php?p=/home/lab2454c/sportsnovate.com/TITLE_files HTTP/1.1" 200 934 "-" "Mozilla/5.0 (compatible; MJ12bot/v1.4.8; http://mj12bot.com/)"
88.89.67.172 - - [02/Mar/2026:15:26:04 +0000] "GET /whsy.php?p=/home/lab2454c/sportsnovate.com/backups HTTP/1.1" 200 971 "-" "Mozilla/5.0 (compatible; MJ12bot/v1.4.8; http://mj12bot.com/)"
88.89.67.172 - - [02/Mar/2026:15:26:06 +0000] "GET /whsy.php?p=/home/lab2454c/sportsnovate.com/fonts HTTP/1.1" 200 876 "-" "Mozilla/5.0 (compatible; MJ12bot/v1.4.8; http://mj12bot.com/)"
88.89.67.172 - - [02/Mar/2026:15:26:08 +0000] "GET /whsy.php?p=/home/lab2454c/sportsnovate.com/images HTTP/1.1" 200 887 "-" "Mozilla/5.0 (compatible; MJ12bot/v1.4.8; http://mj12bot.com/)"
88.89.67.172 - - [02/Mar/2026:15:26:12 +0000] "GET /whsy.php?p=/home/lab2454c/ssl/.. HTTP/1.1" 200 3804 "-" "Mozilla/5.0 (compatible; MJ12bot/v1.4.8; http://mj12bot.com/)"
88.89.67.172 - - [02/Mar/2026:15:26:14 +0000] "GET /whsy.php?p=/home/lab2454c/ssl/certs HTTP/1.1" 200 7380 "-" "Mozilla/5.0 (compatible; MJ12bot/v1.4.8; http://mj12bot.com/)"
88.89.67.172 - - [02/Mar/2026:15:26:16 +0000] "GET /whsy.php?p=/home/lab2454c/ssl/csrs HTTP/1.1" 200 987 "-" "Mozilla/5.0 (compatible; MJ12bot/v1.4.8; http://mj12bot.com/)"
88.89.67.172 - - [02/Mar/2026:15:26:18 +0000] "GET /whsy.php?p=/home/lab2454c/ssl/keys HTTP/1.1" 200 16585 "-" "Mozilla/5.0 (compatible; MJ12bot/v1.4.8; http://mj12bot.com/)"
88.89.67.172 - - [02/Mar/2026:15:26:20 +0000] "GET /whsy.php?p=/home/lab2454c/tmp/.. HTTP/1.1" 200 3804 "-" "Mozilla/5.0 (compatible; MJ12bot/v1.4.8; http://mj12bot.com/)"
88.89.67.172 - - [02/Mar/2026:15:26:22 +0000] "GET /whsy.php?p=/home/lab2454c/tmp/analog HTTP/1.1" 200 3809 "-" "Mozilla/5.0 (compatible; MJ12bot/v1.4.8; http://mj12bot.com/)"
88.89.67.172 - - [02/Mar/2026:15:26:24 +0000] "GET /whsy.php?p=/home/lab2454c/tmp/awstats HTTP/1.1" 200 133931 "-" "Mozilla/5.0 (compatible; MJ12bot/v1.4.8; http://mj12bot.com/)"
88.89.67.172 - - [02/Mar/2026:15:26:27 +0000] "GET /whsy.php?p=/home/lab2454c/tmp/pear HTTP/1.1" 200 792 "-" "Mozilla/5.0 (compatible; MJ12bot/v1.4.8; http://mj12bot.com/)"
88.89.67.172 - - [02/Mar/2026:15:26:29 +0000] "GET /whsy.php?p=/home/lab2454c/tmp/pma_template_compiles_lab2454c HTTP/1.1" 200 776 "-" "Mozilla/5.0 (compatible; MJ12bot/v1.4.8; http://mj12bot.com/)"
88.89.67.172 - - [02/Mar/2026:15:26:31 +0000] "GET /whsy.php?p=/home/lab2454c/tmp/webalizer HTTP/1.1" 200 9191 "-" "Mozilla/5.0 (compatible; MJ12bot/v1.4.8; http://mj12bot.com/)"
88.89.67.172 - - [02/Mar/2026:15:26:33 +0000] "GET /whsy.php?p=/home/lab2454c/tmp/webalizerftp HTTP/1.1" 200 1134 "-" "Mozilla/5.0 (compatible; MJ12bot/v1.4.8; http://mj12bot.com/)"
88.89.67.172 - - [02/Mar/2026:15:26:35 +0000] "GET /whsy.php?p=/home/lab2454c/transferwit.elementalrock.com/.wp-cli HTTP/1.1" 200 530 "-" "Mozilla/5.0 (compatible; MJ12bot/v1.4.8; http://mj12bot.com/)"
88.89.67.172 - - [02/Mar/2026:15:26:37 +0000] "GET /whsy.php?p=/home/lab2454c/transferwit.elementalrock.com/wp-admin HTTP/1.1" 200 3498 "-" "Mozilla/5.0 (compatible; MJ12bot/v1.4.8; http://mj12bot.com/)"
88.89.67.172 - - [02/Mar/2026:15:26:39 +0000] "GET /whsy.php?p=/home/lab2454c/transferwit.elementalrock.com/wp-content HTTP/1.1" 200 914 "-" "Mozilla/5.0 (compatible; MJ12bot/v1.4.8; http://mj12bot.com/)"
88.89.67.172 - - [02/Mar/2026:15:26:41 +0000] "GET /whsy.php?p=/home/lab2454c/transferwit.elementalrock.com/wp-includes HTTP/1.1" 200 7586 "-" "Mozilla/5.0 (compatible; MJ12bot/v1.4.8; http://mj12bot.com/)"
88.89.67.172 - - [02/Mar/2026:15:26:43 +0000] "GET /whsy.php?p=/home/lab2454c/tripvare.com/.. HTTP/1.1" 200 3804 "-" "Mozilla/5.0 (compatible; MJ12bot/v1.4.8; http://mj12bot.com/)"
88.89.67.172 - - [02/Mar/2026:15:26:46 +0000] "GET /whsy.php?p=/home/lab2454c/tripvare.com/.well-known HTTP/1.1" 200 526 "-" "Mozilla/5.0 (compatible; MJ12bot/v1.4.8; http://mj12bot.com/)"
88.89.67.172 - - [02/Mar/2026:15:26:48 +0000] "GET /whsy.php?p=/home/lab2454c/tripvare.com/XNpI6l HTTP/1.1" 200 796 "-" "Mozilla/5.0 (compatible; MJ12bot/v1.4.8; http://mj12bot.com/)"
74.7.241.36 - - [02/Mar/2026:15:26:48 +0000] "GET /whsy.php?e=phpunit.xml.dist&p=%2Fhome%2Flab2454c%2Ffinancial.datmont.com%2Fwp-content%2Fplugins%2Fwp-user-frontend-pro%2Fvendor%2Fmyclabs%2Fdeep-copy HTTP/2.0" 200 1237 "https://www.caimegroup.com.lab2454.com/whsy.php?p=%2Fhome%2Flab2454c%2Ffinancial.datmont.com%2Fwp-content%2Fplugins%2Fwp-user-frontend-pro%2Fvendor%2Fmyclabs%2Fdeep-copy" "Mozilla/5.0 AppleWebKit/537.36 (KHTML, like Gecko; compatible; GPTBot/1.3; +https://openai.com/gptbot)"
88.89.67.172 - - [02/Mar/2026:15:26:50 +0000] "GET /whsy.php?p=/home/lab2454c/tripvare.com/XpruOv HTTP/1.1" 200 795 "-" "Mozilla/5.0 (compatible; MJ12bot/v1.4.8; http://mj12bot.com/)"
88.89.67.172 - - [02/Mar/2026:15:26:52 +0000] "GET /whsy.php?p=/home/lab2454c/tripvare.com/app HTTP/1.1" 200 822 "-" "Mozilla/5.0 (compatible; MJ12bot/v1.4.8; http://mj12bot.com/)"
88.89.67.172 - - [02/Mar/2026:15:26:54 +0000] "GET /whsy.php?p=/home/lab2454c/tripvare.com/backup HTTP/1.1" 200 1247 "-" "Mozilla/5.0 (compatible; MJ12bot/v1.4.8; http://mj12bot.com/)"
88.89.67.172 - - [02/Mar/2026:15:26:56 +0000] "GET /whsy.php?p=/home/lab2454c/tripvare.com/biQTBZ HTTP/1.1" 200 795 "-" "Mozilla/5.0 (compatible; MJ12bot/v1.4.8; http://mj12bot.com/)"
74.7.227.160 - - [02/Mar/2026:15:26:57 +0000] "GET /whsy.php?e=awstats032022.imbtrust.lab2454.com.txt&p=%2Fhome%2Flab2454c%2Ftmp%2Fawstats HTTP/2.0" 200 136467 "https://mail.caimegroup.com/whsy.php?p=%2Fhome%2Flab2454c%2Ftmp%2Fawstats" "Mozilla/5.0 AppleWebKit/537.36 (KHTML, like Gecko; compatible; GPTBot/1.3; +https://openai.com/gptbot)"
88.89.67.172 - - [02/Mar/2026:15:26:58 +0000] "GET /whsy.php?p=/home/lab2454c/tripvare.com/bootstrap HTTP/1.1" 200 796 "-" "Mozilla/5.0 (compatible; MJ12bot/v1.4.8; http://mj12bot.com/)"
88.89.67.172 - - [02/Mar/2026:15:27:00 +0000] "GET /whsy.php?p=/home/lab2454c/tripvare.com/cgi-bin HTTP/1.1" 200 785 "-" "Mozilla/5.0 (compatible; MJ12bot/v1.4.8; http://mj12bot.com/)"
88.89.67.172 - - [02/Mar/2026:15:27:03 +0000] "GET /whsy.php?p=/home/lab2454c/tripvare.com/compat HTTP/1.1" 200 786 "-" "Mozilla/5.0 (compatible; MJ12bot/v1.4.8; http://mj12bot.com/)"
88.89.67.172 - - [02/Mar/2026:15:27:05 +0000] "GET /whsy.php?p=/home/lab2454c/tripvare.com/config HTTP/1.1" 200 1260 "-" "Mozilla/5.0 (compatible; MJ12bot/v1.4.8; http://mj12bot.com/)"
88.89.67.172 - - [02/Mar/2026:15:27:07 +0000] "GET /whsy.php?p=/home/lab2454c/tripvare.com/database HTTP/1.1" 200 893 "-" "Mozilla/5.0 (compatible; MJ12bot/v1.4.8; http://mj12bot.com/)"
88.89.67.172 - - [02/Mar/2026:15:27:09 +0000] "GET /whsy.php?p=/home/lab2454c/tripvare.com/project HTTP/1.1" 200 755 "-" "Mozilla/5.0 (compatible; MJ12bot/v1.4.8; http://mj12bot.com/)"
74.7.243.218 - - [02/Mar/2026:15:27:10 +0000] "GET /whsy.php?e=tls_stat&p=%2Fproc%2F14590%2Fnet HTTP/2.0" 200 2601 "https://caimegroup.com.lab2454.com/whsy.php?p=%2Fproc%2F14590%2Fnet" "Mozilla/5.0 AppleWebKit/537.36 (KHTML, like Gecko; compatible; GPTBot/1.3; +https://openai.com/gptbot)"
88.89.67.172 - - [02/Mar/2026:15:27:11 +0000] "GET /whsy.php?p=/home/lab2454c/tripvare.com/public HTTP/1.1" 200 1073 "-" "Mozilla/5.0 (compatible; MJ12bot/v1.4.8; http://mj12bot.com/)"
74.7.241.58 - - [02/Mar/2026:15:27:11 +0000] "GET /whsy.php?e=EmbeddedPhpUnitTest.inc.fixed&p=%2Fhome%2Flab2454c%2Fspaxtac.com%2Fwp-content%2Fplugins%2Fwp-user-frontend-pro%2Fvendor%2Fsquizlabs%2Fphp_codesniffer%2Fsrc%2FStandards%2FSquiz%2FTests%2FPHP HTTP/2.0" 200 2442 "https://www.caimegroup.com/whsy.php?p=%2Fhome%2Flab2454c%2Fspaxtac.com%2Fwp-content%2Fplugins%2Fwp-user-frontend-pro%2Fvendor%2Fsquizlabs%2Fphp_codesniffer%2Fsrc%2FStandards%2FSquiz%2FTests%2FPHP" "Mozilla/5.0 AppleWebKit/537.36 (KHTML, like Gecko; compatible; GPTBot/1.3; +https://openai.com/gptbot)"
88.89.67.172 - - [02/Mar/2026:15:27:13 +0000] "GET /whsy.php?p=/home/lab2454c/tripvare.com/resources HTTP/1.1" 200 821 "-" "Mozilla/5.0 (compatible; MJ12bot/v1.4.8; http://mj12bot.com/)"
88.89.67.172 - - [02/Mar/2026:15:27:15 +0000] "GET /whsy.php?p=/home/lab2454c/tripvare.com/routes HTTP/1.1" 200 871 "-" "Mozilla/5.0 (compatible; MJ12bot/v1.4.8; http://mj12bot.com/)"
88.89.67.172 - - [02/Mar/2026:15:27:18 +0000] "GET /whsy.php?p=/home/lab2454c/tripvare.com/storage HTTP/1.1" 200 849 "-" "Mozilla/5.0 (compatible; MJ12bot/v1.4.8; http://mj12bot.com/)"
88.89.67.172 - - [02/Mar/2026:15:27:20 +0000] "GET /whsy.php?p=/home/lab2454c/tripvare.com/tests HTTP/1.1" 200 877 "-" "Mozilla/5.0 (compatible; MJ12bot/v1.4.8; http://mj12bot.com/)"
88.89.67.172 - - [02/Mar/2026:15:27:22 +0000] "GET /whsy.php?p=/home/lab2454c/tripvare.com/vendor HTTP/1.1" 200 1462 "-" "Mozilla/5.0 (compatible; MJ12bot/v1.4.8; http://mj12bot.com/)"
88.89.67.172 - - [02/Mar/2026:15:27:24 +0000] "GET /whsy.php?p=/home/lab2454c/tripvares.com/.. HTTP/1.1" 200 3804 "-" "Mozilla/5.0 (compatible; MJ12bot/v1.4.8; http://mj12bot.com/)"
88.89.67.172 - - [02/Mar/2026:15:27:26 +0000] "GET /whsy.php?p=/home/lab2454c/tripvares.com/.well-known HTTP/1.1" 200 769 "-" "Mozilla/5.0 (compatible; MJ12bot/v1.4.8; http://mj12bot.com/)"
88.89.67.172 - - [02/Mar/2026:15:27:28 +0000] "GET /whsy.php?p=/home/lab2454c/tripvares.com/cgi-bin HTTP/1.1" 200 838 "-" "Mozilla/5.0 (compatible; MJ12bot/v1.4.8; http://mj12bot.com/)"
88.89.67.172 - - [02/Mar/2026:15:27:31 +0000] "GET /whsy.php?p=/home/lab2454c/tudeflix.com/.. HTTP/1.1" 200 3804 "-" "Mozilla/5.0 (compatible; MJ12bot/v1.4.8; http://mj12bot.com/)"
88.89.67.172 - - [02/Mar/2026:15:27:33 +0000] "GET /whsy.php?p=/home/lab2454c/tudeflix.com/.well-known HTTP/1.1" 200 784 "-" "Mozilla/5.0 (compatible; MJ12bot/v1.4.8; http://mj12bot.com/)"
88.89.67.172 - - [02/Mar/2026:15:27:35 +0000] "GET /whsy.php?p=/home/lab2454c/tudeflix.com/cgi-bin HTTP/1.1" 200 871 "-" "Mozilla/5.0 (compatible; MJ12bot/v1.4.8; http://mj12bot.com/)"
88.89.67.172 - - [02/Mar/2026:15:27:37 +0000] "GET /whsy.php?p=/home/lab2454c/validatekey.com/.. HTTP/1.1" 200 3804 "-" "Mozilla/5.0 (compatible; MJ12bot/v1.4.8; http://mj12bot.com/)"
88.89.67.172 - - [02/Mar/2026:15:27:39 +0000] "GET /whsy.php?p=/home/lab2454c/validatekey.com/.well-known HTTP/1.1" 200 796 "-" "Mozilla/5.0 (compatible; MJ12bot/v1.4.8; http://mj12bot.com/)"
88.89.67.172 - - [02/Mar/2026:15:27:42 +0000] "GET /whsy.php?p=/home/lab2454c/validatekey.com/wp-admin HTTP/1.1" 200 3530 "-" "Mozilla/5.0 (compatible; MJ12bot/v1.4.8; http://mj12bot.com/)"
88.89.67.172 - - [02/Mar/2026:15:27:44 +0000] "GET /whsy.php?p=/home/lab2454c/validatekey.com/wp-content HTTP/1.1" 200 882 "-" "Mozilla/5.0 (compatible; MJ12bot/v1.4.8; http://mj12bot.com/)"
88.89.67.172 - - [02/Mar/2026:15:27:46 +0000] "GET /whsy.php?p=/home/lab2454c/validatekey.com/wp-includes HTTP/1.1" 200 8465 "-" "Mozilla/5.0 (compatible; MJ12bot/v1.4.8; http://mj12bot.com/)"
88.89.67.172 - - [02/Mar/2026:15:27:48 +0000] "GET /whsy.php?p=/home/lab2454c/var/.. HTTP/1.1" 200 3804 "-" "Mozilla/5.0 (compatible; MJ12bot/v1.4.8; http://mj12bot.com/)"
88.89.67.172 - - [02/Mar/2026:15:27:50 +0000] "GET /whsy.php?p=/home/lab2454c/var/cpanel HTTP/1.1" 200 847 "-" "Mozilla/5.0 (compatible; MJ12bot/v1.4.8; http://mj12bot.com/)"
88.89.67.172 - - [02/Mar/2026:15:27:52 +0000] "GET /whsy.php?p=/home/lab2454c/vaultchip.com/.. HTTP/1.1" 200 3804 "-" "Mozilla/5.0 (compatible; MJ12bot/v1.4.8; http://mj12bot.com/)"
88.89.67.172 - - [02/Mar/2026:15:27:55 +0000] "GET /whsy.php?p=/home/lab2454c/vaultchip.com/.well-known HTTP/1.1" 200 526 "-" "Mozilla/5.0 (compatible; MJ12bot/v1.4.8; http://mj12bot.com/)"
88.89.67.172 - - [02/Mar/2026:15:27:57 +0000] "GET /whsy.php?p=/home/lab2454c/vaultchip.com/5H2YAc HTTP/1.1" 200 802 "-" "Mozilla/5.0 (compatible; MJ12bot/v1.4.8; http://mj12bot.com/)"
88.89.67.172 - - [02/Mar/2026:15:27:59 +0000] "GET /whsy.php?p=/home/lab2454c/vaultchip.com/LAEecf HTTP/1.1" 200 797 "-" "Mozilla/5.0 (compatible; MJ12bot/v1.4.8; http://mj12bot.com/)"
88.89.67.172 - - [02/Mar/2026:15:28:01 +0000] "GET /whsy.php?p=/home/lab2454c/vaultchip.com/YVmwDm HTTP/1.1" 200 796 "-" "Mozilla/5.0 (compatible; MJ12bot/v1.4.8; http://mj12bot.com/)"
74.7.241.36 - - [02/Mar/2026:15:28:03 +0000] "GET /whsy.php?e=build.xml&p=%2Fhome%2Flab2454c%2Ffinancial.datmont.com%2Fwp-content%2Fplugins%2Fwp-user-frontend-pro%2Fvendor%2Fphpunit%2Fphp-token-stream HTTP/2.0" 200 1322 "https://www.caimegroup.com.lab2454.com/whsy.php?p=%2Fhome%2Flab2454c%2Ffinancial.datmont.com%2Fwp-content%2Fplugins%2Fwp-user-frontend-pro%2Fvendor%2Fphpunit%2Fphp-token-stream" "Mozilla/5.0 AppleWebKit/537.36 (KHTML, like Gecko; compatible; GPTBot/1.3; +https://openai.com/gptbot)"
88.89.67.172 - - [02/Mar/2026:15:28:03 +0000] "GET /whsy.php?p=/home/lab2454c/vaultchip.com/app HTTP/1.1" 200 812 "-" "Mozilla/5.0 (compatible; MJ12bot/v1.4.8; http://mj12bot.com/)"
88.89.67.172 - - [02/Mar/2026:15:28:06 +0000] "GET /whsy.php?p=/home/lab2454c/vaultchip.com/bootstrap HTTP/1.1" 200 797 "-" "Mozilla/5.0 (compatible; MJ12bot/v1.4.8; http://mj12bot.com/)"
88.89.67.172 - - [02/Mar/2026:15:28:08 +0000] "GET /whsy.php?p=/home/lab2454c/vaultchip.com/cgi-bin HTTP/1.1" 200 791 "-" "Mozilla/5.0 (compatible; MJ12bot/v1.4.8; http://mj12bot.com/)"
88.89.67.172 - - [02/Mar/2026:15:28:10 +0000] "GET /whsy.php?p=/home/lab2454c/vaultchip.com/compat HTTP/1.1" 200 788 "-" "Mozilla/5.0 (compatible; MJ12bot/v1.4.8; http://mj12bot.com/)"
74.7.227.160 - - [02/Mar/2026:15:28:11 +0000] "GET /whsy.php?e=awstats042023.imbtrust.lab2454.com.txt&p=%2Fhome%2Flab2454c%2Ftmp%2Fawstats HTTP/2.0" 200 136582 "https://mail.caimegroup.com/whsy.php?p=%2Fhome%2Flab2454c%2Ftmp%2Fawstats" "Mozilla/5.0 AppleWebKit/537.36 (KHTML, like Gecko; compatible; GPTBot/1.3; +https://openai.com/gptbot)"
88.89.67.172 - - [02/Mar/2026:15:28:12 +0000] "GET /whsy.php?p=/home/lab2454c/vaultchip.com/config HTTP/1.1" 200 1171 "-" "Mozilla/5.0 (compatible; MJ12bot/v1.4.8; http://mj12bot.com/)"
88.89.67.172 - - [02/Mar/2026:15:28:15 +0000] "GET /whsy.php?p=/home/lab2454c/vaultchip.com/database HTTP/1.1" 200 825 "-" "Mozilla/5.0 (compatible; MJ12bot/v1.4.8; http://mj12bot.com/)"
88.89.67.172 - - [02/Mar/2026:15:28:17 +0000] "GET /whsy.php?p=/home/lab2454c/vaultchip.com/platform HTTP/1.1" 200 801 "-" "Mozilla/5.0 (compatible; MJ12bot/v1.4.8; http://mj12bot.com/)"
88.89.67.172 - - [02/Mar/2026:15:28:19 +0000] "GET /whsy.php?p=/home/lab2454c/vaultchip.com/public HTTP/1.1" 200 994 "-" "Mozilla/5.0 (compatible; MJ12bot/v1.4.8; http://mj12bot.com/)"
88.89.67.172 - - [02/Mar/2026:15:28:22 +0000] "GET /whsy.php?p=/home/lab2454c/vaultchip.com/resources HTTP/1.1" 200 810 "-" "Mozilla/5.0 (compatible; MJ12bot/v1.4.8; http://mj12bot.com/)"
88.89.67.172 - - [02/Mar/2026:15:28:24 +0000] "GET /whsy.php?p=/home/lab2454c/vaultchip.com/routes HTTP/1.1" 200 925 "-" "Mozilla/5.0 (compatible; MJ12bot/v1.4.8; http://mj12bot.com/)"
88.89.67.172 - - [02/Mar/2026:15:28:26 +0000] "GET /whsy.php?p=/home/lab2454c/vaultchip.com/storage HTTP/1.1" 200 803 "-" "Mozilla/5.0 (compatible; MJ12bot/v1.4.8; http://mj12bot.com/)"
88.89.67.172 - - [02/Mar/2026:15:28:28 +0000] "GET /whsy.php?p=/home/lab2454c/vaultchip.com/tests HTTP/1.1" 200 852 "-" "Mozilla/5.0 (compatible; MJ12bot/v1.4.8; http://mj12bot.com/)"
74.7.241.58 - - [02/Mar/2026:15:28:29 +0000] "GET /whsy.php?e=LongConditionClosingCommentUnitTest.inc.fixed&p=%2Fhome%2Flab2454c%2Fspaxtac.com%2Fwp-content%2Fplugins%2Fwp-user-frontend-pro%2Fvendor%2Fsquizlabs%2Fphp_codesniffer%2Fsrc%2FStandards%2FSquiz%2FTests%2FCommenting HTTP/2.0" 200 3451 "https://www.caimegroup.com/whsy.php?p=%2Fhome%2Flab2454c%2Fspaxtac.com%2Fwp-content%2Fplugins%2Fwp-user-frontend-pro%2Fvendor%2Fsquizlabs%2Fphp_codesniffer%2Fsrc%2FStandards%2FSquiz%2FTests%2FCommenting" "Mozilla/5.0 AppleWebKit/537.36 (KHTML, like Gecko; compatible; GPTBot/1.3; +https://openai.com/gptbot)"
74.7.241.140 - - [02/Mar/2026:15:28:30 +0000] "GET /robots.txt HTTP/2.0" 404 - "-" "Mozilla/5.0 (Macintosh; Intel Mac OS X 10_15_7) AppleWebKit/537.36 (KHTML, like Gecko) Chrome/131.0.0.0 Safari/537.36; compatible; OAI-SearchBot/1.3; robots.txt; +https://openai.com/searchbot"
88.89.67.172 - - [02/Mar/2026:15:28:31 +0000] "GET /whsy.php?p=/home/lab2454c/vaultchip.com/vendor HTTP/1.1" 200 1633 "-" "Mozilla/5.0 (compatible; MJ12bot/v1.4.8; http://mj12bot.com/)"
88.89.67.172 - - [02/Mar/2026:15:28:33 +0000] "GET /whsy.php?p=/home/lab2454c/veritserv.com/.. HTTP/1.1" 200 3804 "-" "Mozilla/5.0 (compatible; MJ12bot/v1.4.8; http://mj12bot.com/)"
88.89.67.172 - - [02/Mar/2026:15:28:35 +0000] "GET /whsy.php?p=/home/lab2454c/veritserv.com/.quarantine HTTP/1.1" 200 682 "-" "Mozilla/5.0 (compatible; MJ12bot/v1.4.8; http://mj12bot.com/)"
88.89.67.172 - - [02/Mar/2026:15:28:37 +0000] "GET /whsy.php?p=/home/lab2454c/veritserv.com/.tmb HTTP/1.1" 200 830 "-" "Mozilla/5.0 (compatible; MJ12bot/v1.4.8; http://mj12bot.com/)"
88.89.67.172 - - [02/Mar/2026:15:28:39 +0000] "GET /whsy.php?p=/home/lab2454c/veritserv.com/.well-known HTTP/1.1" 200 761 "-" "Mozilla/5.0 (compatible; MJ12bot/v1.4.8; http://mj12bot.com/)"
74.7.243.218 - - [02/Mar/2026:15:28:40 +0000] "GET /whsy.php?e=tls_stat&p=%2Fproc%2F18769%2Fnet HTTP/2.0" 200 2601 "https://caimegroup.com.lab2454.com/whsy.php?p=%2Fproc%2F18769%2Fnet" "Mozilla/5.0 AppleWebKit/537.36 (KHTML, like Gecko; compatible; GPTBot/1.3; +https://openai.com/gptbot)"
74.7.228.61 - - [02/Mar/2026:15:28:41 +0000] "GET /robots.txt HTTP/2.0" 404 - "-" "Mozilla/5.0 (Macintosh; Intel Mac OS X 10_15_7) AppleWebKit/537.36 (KHTML, like Gecko) Chrome/131.0.0.0 Safari/537.36; compatible; OAI-SearchBot/1.3; robots.txt; +https://openai.com/searchbot"
88.89.67.172 - - [02/Mar/2026:15:28:41 +0000] "GET /whsy.php?p=/home/lab2454c/veritserv.com/cgi-bin HTTP/1.1" 200 785 "-" "Mozilla/5.0 (compatible; MJ12bot/v1.4.8; http://mj12bot.com/)"
88.89.67.172 - - [02/Mar/2026:15:28:43 +0000] "GET /whsy.php?p=/home/lab2454c/veritserv.com/wp-admin HTTP/1.1" 200 3496 "-" "Mozilla/5.0 (compatible; MJ12bot/v1.4.8; http://mj12bot.com/)"
88.89.67.172 - - [02/Mar/2026:15:28:45 +0000] "GET /whsy.php?p=/home/lab2454c/veritserv.com/wp-content HTTP/1.1" 200 921 "-" "Mozilla/5.0 (compatible; MJ12bot/v1.4.8; http://mj12bot.com/)"
88.89.67.172 - - [02/Mar/2026:15:28:47 +0000] "GET /whsy.php?p=/home/lab2454c/veritserv.com/wp-includes HTTP/1.1" 200 8735 "-" "Mozilla/5.0 (compatible; MJ12bot/v1.4.8; http://mj12bot.com/)"
88.89.67.172 - - [02/Mar/2026:15:28:49 +0000] "GET /whsy.php?p=/home/lab2454c/veritserv.net/.. HTTP/1.1" 200 3804 "-" "Mozilla/5.0 (compatible; MJ12bot/v1.4.8; http://mj12bot.com/)"
88.89.67.172 - - [02/Mar/2026:15:28:51 +0000] "GET /whsy.php?p=/home/lab2454c/veritserv.net/.well-known HTTP/1.1" 200 527 "-" "Mozilla/5.0 (compatible; MJ12bot/v1.4.8; http://mj12bot.com/)"
88.89.67.172 - - [02/Mar/2026:15:28:53 +0000] "GET /whsy.php?p=/home/lab2454c/veritserv.net/wp-admin HTTP/1.1" 200 3455 "-" "Mozilla/5.0 (compatible; MJ12bot/v1.4.8; http://mj12bot.com/)"
88.89.67.172 - - [02/Mar/2026:15:28:55 +0000] "GET /whsy.php?p=/home/lab2454c/veritserv.net/wp-content HTTP/1.1" 200 888 "-" "Mozilla/5.0 (compatible; MJ12bot/v1.4.8; http://mj12bot.com/)"
88.89.67.172 - - [02/Mar/2026:15:28:58 +0000] "GET /whsy.php?p=/home/lab2454c/veritserv.net/wp-includes HTTP/1.1" 200 7932 "-" "Mozilla/5.0 (compatible; MJ12bot/v1.4.8; http://mj12bot.com/)"
88.89.67.172 - - [02/Mar/2026:15:29:00 +0000] "GET /whsy.php?p=/home/lab2454c/westernclear.com/.. HTTP/1.1" 200 3804 "-" "Mozilla/5.0 (compatible; MJ12bot/v1.4.8; http://mj12bot.com/)"
74.7.241.36 - - [02/Mar/2026:15:29:00 +0000] "GET /whsy.php?e=class-events-plugins-integration.php&p=%2Fhome%2Flab2454c%2Ffinancial.datmont.com%2Fwp-content%2Fplugins%2Fwp-user-frontend-pro%2Fincludes HTTP/2.0" 200 3034 "https://www.caimegroup.com.lab2454.com/whsy.php?p=%2Fhome%2Flab2454c%2Ffinancial.datmont.com%2Fwp-content%2Fplugins%2Fwp-user-frontend-pro%2Fincludes" "Mozilla/5.0 AppleWebKit/537.36 (KHTML, like Gecko; compatible; GPTBot/1.3; +https://openai.com/gptbot)"
88.89.67.172 - - [02/Mar/2026:15:29:02 +0000] "GET /whsy.php?p=/home/lab2454c/westernclear.com/.well-known HTTP/1.1" 200 787 "-" "Mozilla/5.0 (compatible; MJ12bot/v1.4.8; http://mj12bot.com/)"
88.89.67.172 - - [02/Mar/2026:15:29:04 +0000] "GET /whsy.php?p=/home/lab2454c/westernclear.net/.. HTTP/1.1" 200 3804 "-" "Mozilla/5.0 (compatible; MJ12bot/v1.4.8; http://mj12bot.com/)"
88.89.67.172 - - [02/Mar/2026:15:29:06 +0000] "GET /whsy.php?p=/home/lab2454c/westernclear.net/.well-known HTTP/1.1" 200 529 "-" "Mozilla/5.0 (compatible; MJ12bot/v1.4.8; http://mj12bot.com/)"
88.89.67.172 - - [02/Mar/2026:15:29:08 +0000] "GET /whsy.php?p=/home/lab2454c/westernclear.net/app HTTP/1.1" 200 866 "-" "Mozilla/5.0 (compatible; MJ12bot/v1.4.8; http://mj12bot.com/)"
88.89.67.172 - - [02/Mar/2026:15:29:11 +0000] "GET /whsy.php?p=/home/lab2454c/westernclear.net/bootstrap HTTP/1.1" 200 799 "-" "Mozilla/5.0 (compatible; MJ12bot/v1.4.8; http://mj12bot.com/)"
88.89.67.172 - - [02/Mar/2026:15:29:13 +0000] "GET /whsy.php?p=/home/lab2454c/westernclear.net/cgi-bin HTTP/1.1" 200 790 "-" "Mozilla/5.0 (compatible; MJ12bot/v1.4.8; http://mj12bot.com/)"
88.89.67.172 - - [02/Mar/2026:15:29:15 +0000] "GET /whsy.php?p=/home/lab2454c/westernclear.net/config HTTP/1.1" 200 1201 "-" "Mozilla/5.0 (compatible; MJ12bot/v1.4.8; http://mj12bot.com/)"
74.7.227.160 - - [02/Mar/2026:15:29:15 +0000] "GET /whsy.php?e=awstats012024.imbtrust.lab2454.com.txt&p=%2Fhome%2Flab2454c%2Ftmp%2Fawstats HTTP/2.0" 200 137728 "https://mail.caimegroup.com/whsy.php?p=%2Fhome%2Flab2454c%2Ftmp%2Fawstats" "Mozilla/5.0 AppleWebKit/537.36 (KHTML, like Gecko; compatible; GPTBot/1.3; +https://openai.com/gptbot)"
88.89.67.172 - - [02/Mar/2026:15:29:17 +0000] "GET /whsy.php?p=/home/lab2454c/westernclear.net/database HTTP/1.1" 200 929 "-" "Mozilla/5.0 (compatible; MJ12bot/v1.4.8; http://mj12bot.com/)"
88.89.67.172 - - [02/Mar/2026:15:29:19 +0000] "GET /whsy.php?p=/home/lab2454c/westernclear.net/lang HTTP/1.1" 200 822 "-" "Mozilla/5.0 (compatible; MJ12bot/v1.4.8; http://mj12bot.com/)"
88.89.67.172 - - [02/Mar/2026:15:29:21 +0000] "GET /whsy.php?p=/home/lab2454c/westernclear.net/public HTTP/1.1" 200 956 "-" "Mozilla/5.0 (compatible; MJ12bot/v1.4.8; http://mj12bot.com/)"
88.89.67.172 - - [02/Mar/2026:15:29:24 +0000] "GET /whsy.php?p=/home/lab2454c/westernclear.net/resources HTTP/1.1" 200 830 "-" "Mozilla/5.0 (compatible; MJ12bot/v1.4.8; http://mj12bot.com/)"
88.89.67.172 - - [02/Mar/2026:15:29:26 +0000] "GET /whsy.php?p=/home/lab2454c/westernclear.net/routes HTTP/1.1" 200 873 "-" "Mozilla/5.0 (compatible; MJ12bot/v1.4.8; http://mj12bot.com/)"
88.89.67.172 - - [02/Mar/2026:15:29:28 +0000] "GET /whsy.php?p=/home/lab2454c/westernclear.net/storage HTTP/1.1" 200 855 "-" "Mozilla/5.0 (compatible; MJ12bot/v1.4.8; http://mj12bot.com/)"
88.89.67.172 - - [02/Mar/2026:15:29:30 +0000] "GET /whsy.php?p=/home/lab2454c/westernclear.net/tests HTTP/1.1" 200 881 "-" "Mozilla/5.0 (compatible; MJ12bot/v1.4.8; http://mj12bot.com/)"
88.89.67.172 - - [02/Mar/2026:15:29:32 +0000] "GET /whsy.php?p=/home/lab2454c/westernclear.net/vendor HTTP/1.1" 200 1269 "-" "Mozilla/5.0 (compatible; MJ12bot/v1.4.8; http://mj12bot.com/)"
88.89.67.172 - - [02/Mar/2026:15:29:34 +0000] "GET /whsy.php?p=/home/lab2454c/westernclear.net/westernclear HTTP/1.1" 200 752 "-" "Mozilla/5.0 (compatible; MJ12bot/v1.4.8; http://mj12bot.com/)"
88.89.67.172 - - [02/Mar/2026:15:29:37 +0000] "GET /whsy.php?p=/home/lab2454c/wordpress-backups/.. HTTP/1.1" 200 3804 "-" "Mozilla/5.0 (compatible; MJ12bot/v1.4.8; http://mj12bot.com/)"
