88.89.67.172 - - [02/Mar/2026:15:29:39 +0000] "GET /whsy.php?p=/home/lab2454c/worldcarboncapture.com/.. HTTP/1.1" 200 3804 "-" "Mozilla/5.0 (compatible; MJ12bot/v1.4.8; http://mj12bot.com/)"
88.89.67.172 - - [02/Mar/2026:15:29:41 +0000] "GET /whsy.php?p=/home/lab2454c/worldcarboncapture.com/.well-known HTTP/1.1" 200 773 "-" "Mozilla/5.0 (compatible; MJ12bot/v1.4.8; http://mj12bot.com/)"
88.89.67.172 - - [02/Mar/2026:15:29:43 +0000] "GET /whsy.php?p=/home/lab2454c/worldcarboncapture.com/cgi-bin HTTP/1.1" 200 841 "-" "Mozilla/5.0 (compatible; MJ12bot/v1.4.8; http://mj12bot.com/)"
88.89.67.172 - - [02/Mar/2026:15:29:45 +0000] "GET /whsy.php?p=/home/lab2454c/worldcarboncapture.org/.. HTTP/1.1" 200 3804 "-" "Mozilla/5.0 (compatible; MJ12bot/v1.4.8; http://mj12bot.com/)"
74.7.241.58 - - [02/Mar/2026:15:29:46 +0000] "GET /whsy.php?e=LongConditionClosingCommentUnitTest.js&p=%2Fhome%2Flab2454c%2Fspaxtac.com%2Fwp-content%2Fplugins%2Fwp-user-frontend-pro%2Fvendor%2Fsquizlabs%2Fphp_codesniffer%2Fsrc%2FStandards%2FSquiz%2FTests%2FCommenting HTTP/2.0" 200 2735 "https://www.caimegroup.com/whsy.php?p=%2Fhome%2Flab2454c%2Fspaxtac.com%2Fwp-content%2Fplugins%2Fwp-user-frontend-pro%2Fvendor%2Fsquizlabs%2Fphp_codesniffer%2Fsrc%2FStandards%2FSquiz%2FTests%2FCommenting" "Mozilla/5.0 AppleWebKit/537.36 (KHTML, like Gecko; compatible; GPTBot/1.3; +https://openai.com/gptbot)"
88.89.67.172 - - [02/Mar/2026:15:29:47 +0000] "GET /whsy.php?p=/home/lab2454c/worldcarboncapture.org/.well-known HTTP/1.1" 200 775 "-" "Mozilla/5.0 (compatible; MJ12bot/v1.4.8; http://mj12bot.com/)"
88.89.67.172 - - [02/Mar/2026:15:29:49 +0000] "GET /whsy.php?p=/home/lab2454c/worldcarboncapture.org/cgi-bin HTTP/1.1" 200 883 "-" "Mozilla/5.0 (compatible; MJ12bot/v1.4.8; http://mj12bot.com/)"
88.89.67.172 - - [02/Mar/2026:15:29:51 +0000] "GET /whsy.php?p=/home/lab2454c/wyntle.com/.. HTTP/1.1" 200 3804 "-" "Mozilla/5.0 (compatible; MJ12bot/v1.4.8; http://mj12bot.com/)"
88.89.67.172 - - [02/Mar/2026:15:29:54 +0000] "GET /whsy.php?p=/home/lab2454c/wyntle.com/.well-known HTTP/1.1" 200 794 "-" "Mozilla/5.0 (compatible; MJ12bot/v1.4.8; http://mj12bot.com/)"
88.89.67.172 - - [02/Mar/2026:15:29:56 +0000] "GET /whsy.php?p=/home/lab2454c/wyntle.com/cgi-bin HTTP/1.1" 200 873 "-" "Mozilla/5.0 (compatible; MJ12bot/v1.4.8; http://mj12bot.com/)"
88.89.67.172 - - [02/Mar/2026:15:29:58 +0000] "GET /wp-includes/?C=D;O=D HTTP/1.1" 200 5094 "-" "Mozilla/5.0 (compatible; MJ12bot/v1.4.8; http://mj12bot.com/)"
88.89.67.172 - - [02/Mar/2026:15:30:00 +0000] "GET /wp-includes/?C=M;O=D HTTP/1.1" 200 5116 "-" "Mozilla/5.0 (compatible; MJ12bot/v1.4.8; http://mj12bot.com/)"
74.7.243.218 - - [02/Mar/2026:15:30:01 +0000] "GET /whsy.php?e=tls_stat&p=%2Fproc%2F31067%2Fnet HTTP/2.0" 200 2601 "https://caimegroup.com.lab2454.com/whsy.php?p=%2Fproc%2F31067%2Fnet" "Mozilla/5.0 AppleWebKit/537.36 (KHTML, like Gecko; compatible; GPTBot/1.3; +https://openai.com/gptbot)"
88.89.67.172 - - [02/Mar/2026:15:30:01 +0000] "GET /wp-includes/?C=S;O=D HTTP/1.1" 200 5125 "-" "Mozilla/5.0 (compatible; MJ12bot/v1.4.8; http://mj12bot.com/)"
88.89.67.172 - - [02/Mar/2026:15:30:03 +0000] "GET /wp-includes/ID3/?C=D;O=D HTTP/1.1" 200 709 "-" "Mozilla/5.0 (compatible; MJ12bot/v1.4.8; http://mj12bot.com/)"
88.89.67.172 - - [02/Mar/2026:15:30:05 +0000] "GET /wp-includes/ID3/?C=M;O=D HTTP/1.1" 200 721 "-" "Mozilla/5.0 (compatible; MJ12bot/v1.4.8; http://mj12bot.com/)"
88.89.67.172 - - [02/Mar/2026:15:30:06 +0000] "GET /wp-includes/ID3/?C=S;O=D HTTP/1.1" 200 721 "-" "Mozilla/5.0 (compatible; MJ12bot/v1.4.8; http://mj12bot.com/)"
74.7.241.36 - - [02/Mar/2026:15:30:06 +0000] "GET /whsy.php?p=%2Fhome%2Flab2454c%2Ffinancial.datmont.com%2Fwp-content%2Fplugins%2Fwp-user-frontend-pro%2Fvendor%2Fphpunit%2Fphpunit%2Fsrc%2F.. HTTP/2.0" 200 1028 "https://www.caimegroup.com.lab2454.com/whsy.php?p=%2Fhome%2Flab2454c%2Ffinancial.datmont.com%2Fwp-content%2Fplugins%2Fwp-user-frontend-pro%2Fvendor%2Fphpunit%2Fphpunit%2Fsrc" "Mozilla/5.0 AppleWebKit/537.36 (KHTML, like Gecko; compatible; GPTBot/1.3; +https://openai.com/gptbot)"
74.7.241.146 - - [02/Mar/2026:15:30:07 +0000] "GET /robots.txt HTTP/2.0" 404 - "-" "Mozilla/5.0 (Macintosh; Intel Mac OS X 10_15_7) AppleWebKit/537.36 (KHTML, like Gecko) Chrome/131.0.0.0 Safari/537.36; compatible; OAI-SearchBot/1.3; robots.txt; +https://openai.com/searchbot"
88.89.67.172 - - [02/Mar/2026:15:30:08 +0000] "GET /wp-includes/IXR/?C=D;O=D HTTP/1.1" 200 596 "-" "Mozilla/5.0 (compatible; MJ12bot/v1.4.8; http://mj12bot.com/)"
88.89.67.172 - - [02/Mar/2026:15:30:10 +0000] "GET /wp-includes/IXR/?C=M;O=D HTTP/1.1" 200 591 "-" "Mozilla/5.0 (compatible; MJ12bot/v1.4.8; http://mj12bot.com/)"
88.89.67.172 - - [02/Mar/2026:15:30:11 +0000] "GET /wp-includes/IXR/?C=S;O=D HTTP/1.1" 200 595 "-" "Mozilla/5.0 (compatible; MJ12bot/v1.4.8; http://mj12bot.com/)"
88.89.67.172 - - [02/Mar/2026:15:30:13 +0000] "GET /wp-includes/Requests/src/?C=D;O=A HTTP/1.1" 200 809 "-" "Mozilla/5.0 (compatible; MJ12bot/v1.4.8; http://mj12bot.com/)"
88.89.67.172 - - [02/Mar/2026:15:30:14 +0000] "GET /wp-includes/Requests/src/?C=M;O=A HTTP/1.1" 200 810 "-" "Mozilla/5.0 (compatible; MJ12bot/v1.4.8; http://mj12bot.com/)"
88.89.67.172 - - [02/Mar/2026:15:30:16 +0000] "GET /wp-includes/Requests/src/?C=N;O=D HTTP/1.1" 200 803 "-" "Mozilla/5.0 (compatible; MJ12bot/v1.4.8; http://mj12bot.com/)"
88.89.67.172 - - [02/Mar/2026:15:30:18 +0000] "GET /wp-includes/Requests/src/?C=S;O=A HTTP/1.1" 200 804 "-" "Mozilla/5.0 (compatible; MJ12bot/v1.4.8; http://mj12bot.com/)"
74.7.227.160 - - [02/Mar/2026:15:30:18 +0000] "GET /whsy.php?e=awstats062022.imbtrust.lab2454.com.txt&p=%2Fhome%2Flab2454c%2Ftmp%2Fawstats HTTP/2.0" 200 137672 "https://mail.caimegroup.com/whsy.php?p=%2Fhome%2Flab2454c%2Ftmp%2Fawstats" "Mozilla/5.0 AppleWebKit/537.36 (KHTML, like Gecko; compatible; GPTBot/1.3; +https://openai.com/gptbot)"
74.7.230.35 - - [02/Mar/2026:15:30:20 +0000] "GET /robots.txt HTTP/2.0" 404 - "-" "Mozilla/5.0 (Macintosh; Intel Mac OS X 10_15_7) AppleWebKit/537.36 (KHTML, like Gecko) Chrome/131.0.0.0 Safari/537.36; compatible; OAI-SearchBot/1.3; robots.txt; +https://openai.com/searchbot"
88.89.67.172 - - [02/Mar/2026:15:30:19 +0000] "GET /wp-includes/Requests/src/Auth.php HTTP/1.1" 200 20 "-" "Mozilla/5.0 (compatible; MJ12bot/v1.4.8; http://mj12bot.com/)"
88.89.67.172 - - [02/Mar/2026:15:30:22 +0000] "GET /wp-includes/Requests/src/Autoload.php HTTP/1.1" 200 20 "-" "Mozilla/5.0 (compatible; MJ12bot/v1.4.8; http://mj12bot.com/)"
88.89.67.172 - - [02/Mar/2026:15:30:24 +0000] "GET /wp-includes/Requests/src/Capability.php HTTP/1.1" 200 20 "-" "Mozilla/5.0 (compatible; MJ12bot/v1.4.8; http://mj12bot.com/)"
88.89.67.172 - - [02/Mar/2026:15:30:26 +0000] "GET /wp-includes/Requests/src/Cookie.php HTTP/1.1" 200 20 "-" "Mozilla/5.0 (compatible; MJ12bot/v1.4.8; http://mj12bot.com/)"
88.89.67.172 - - [02/Mar/2026:15:30:28 +0000] "GET /wp-includes/Requests/src/Exception.php HTTP/1.1" 200 20 "-" "Mozilla/5.0 (compatible; MJ12bot/v1.4.8; http://mj12bot.com/)"
88.89.67.172 - - [02/Mar/2026:15:30:31 +0000] "GET /wp-includes/Requests/src/HookManager.php HTTP/1.1" 200 20 "-" "Mozilla/5.0 (compatible; MJ12bot/v1.4.8; http://mj12bot.com/)"
88.89.67.172 - - [02/Mar/2026:15:30:33 +0000] "GET /wp-includes/Requests/src/Hooks.php HTTP/1.1" 500 20 "-" "Mozilla/5.0 (compatible; MJ12bot/v1.4.8; http://mj12bot.com/)"
88.89.67.172 - - [02/Mar/2026:15:30:35 +0000] "GET /wp-includes/Requests/src/IdnaEncoder.php HTTP/1.1" 200 20 "-" "Mozilla/5.0 (compatible; MJ12bot/v1.4.8; http://mj12bot.com/)"
88.89.67.172 - - [02/Mar/2026:15:30:37 +0000] "GET /wp-includes/Requests/src/Ipv6.php HTTP/1.1" 200 20 "-" "Mozilla/5.0 (compatible; MJ12bot/v1.4.8; http://mj12bot.com/)"
88.89.67.172 - - [02/Mar/2026:15:30:39 +0000] "GET /wp-includes/Requests/src/Iri.php HTTP/1.1" 200 20 "-" "Mozilla/5.0 (compatible; MJ12bot/v1.4.8; http://mj12bot.com/)"
88.89.67.172 - - [02/Mar/2026:15:30:41 +0000] "GET /wp-includes/Requests/src/Port.php HTTP/1.1" 200 20 "-" "Mozilla/5.0 (compatible; MJ12bot/v1.4.8; http://mj12bot.com/)"
88.89.67.172 - - [02/Mar/2026:15:30:44 +0000] "GET /wp-includes/Requests/src/Proxy.php HTTP/1.1" 200 20 "-" "Mozilla/5.0 (compatible; MJ12bot/v1.4.8; http://mj12bot.com/)"
88.89.67.172 - - [02/Mar/2026:15:30:46 +0000] "GET /wp-includes/Requests/src/Requests.php HTTP/1.1" 200 20 "-" "Mozilla/5.0 (compatible; MJ12bot/v1.4.8; http://mj12bot.com/)"
88.89.67.172 - - [02/Mar/2026:15:30:48 +0000] "GET /wp-includes/Requests/src/Response.php HTTP/1.1" 200 20 "-" "Mozilla/5.0 (compatible; MJ12bot/v1.4.8; http://mj12bot.com/)"
88.89.67.172 - - [02/Mar/2026:15:30:50 +0000] "GET /wp-includes/Requests/src/Session.php HTTP/1.1" 200 20 "-" "Mozilla/5.0 (compatible; MJ12bot/v1.4.8; http://mj12bot.com/)"
88.89.67.172 - - [02/Mar/2026:15:30:52 +0000] "GET /wp-includes/SimplePie/src/?C=N;O=D HTTP/1.1" 200 827 "-" "Mozilla/5.0 (compatible; MJ12bot/v1.4.8; http://mj12bot.com/)"
88.89.67.172 - - [02/Mar/2026:15:30:54 +0000] "GET /wp-includes/SimplePie/src/Author.php HTTP/1.1" 200 20 "-" "Mozilla/5.0 (compatible; MJ12bot/v1.4.8; http://mj12bot.com/)"
88.89.67.172 - - [02/Mar/2026:15:30:56 +0000] "GET /wp-includes/SimplePie/src/Caption.php HTTP/1.1" 200 20 "-" "Mozilla/5.0 (compatible; MJ12bot/v1.4.8; http://mj12bot.com/)"
88.89.67.172 - - [02/Mar/2026:15:30:58 +0000] "GET /wp-includes/SimplePie/src/Category.php HTTP/1.1" 200 20 "-" "Mozilla/5.0 (compatible; MJ12bot/v1.4.8; http://mj12bot.com/)"
74.7.241.58 - - [02/Mar/2026:15:30:59 +0000] "GET /whsy.php?e=ControlSignatureUnitTest.inc&p=%2Fhome%2Flab2454c%2Fspaxtac.com%2Fwp-content%2Fplugins%2Fwp-user-frontend-pro%2Fvendor%2Fsquizlabs%2Fphp_codesniffer%2Fsrc%2FStandards%2FSquiz%2FTests%2FControlStructures HTTP/2.0" 200 2609 "https://www.caimegroup.com/whsy.php?p=%2Fhome%2Flab2454c%2Fspaxtac.com%2Fwp-content%2Fplugins%2Fwp-user-frontend-pro%2Fvendor%2Fsquizlabs%2Fphp_codesniffer%2Fsrc%2FStandards%2FSquiz%2FTests%2FControlStructures" "Mozilla/5.0 AppleWebKit/537.36 (KHTML, like Gecko; compatible; GPTBot/1.3; +https://openai.com/gptbot)"
88.89.67.172 - - [02/Mar/2026:15:31:00 +0000] "GET /wp-includes/SimplePie/src/Copyright.php HTTP/1.1" 200 20 "-" "Mozilla/5.0 (compatible; MJ12bot/v1.4.8; http://mj12bot.com/)"
88.89.67.172 - - [02/Mar/2026:15:31:02 +0000] "GET /wp-includes/SimplePie/src/Credit.php HTTP/1.1" 200 20 "-" "Mozilla/5.0 (compatible; MJ12bot/v1.4.8; http://mj12bot.com/)"
88.89.67.172 - - [02/Mar/2026:15:31:04 +0000] "GET /wp-includes/SimplePie/src/Enclosure.php HTTP/1.1" 200 20 "-" "Mozilla/5.0 (compatible; MJ12bot/v1.4.8; http://mj12bot.com/)"
88.89.67.172 - - [02/Mar/2026:15:31:06 +0000] "GET /wp-includes/SimplePie/src/Exception.php HTTP/1.1" 200 20 "-" "Mozilla/5.0 (compatible; MJ12bot/v1.4.8; http://mj12bot.com/)"
88.89.67.172 - - [02/Mar/2026:15:31:08 +0000] "GET /wp-includes/SimplePie/src/File.php HTTP/1.1" 500 20 "-" "Mozilla/5.0 (compatible; MJ12bot/v1.4.8; http://mj12bot.com/)"
88.89.67.172 - - [02/Mar/2026:15:31:11 +0000] "GET /wp-includes/SimplePie/src/Gzdecode.php HTTP/1.1" 200 20 "-" "Mozilla/5.0 (compatible; MJ12bot/v1.4.8; http://mj12bot.com/)"
88.89.67.172 - - [02/Mar/2026:15:31:13 +0000] "GET /wp-includes/SimplePie/src/IRI.php HTTP/1.1" 200 20 "-" "Mozilla/5.0 (compatible; MJ12bot/v1.4.8; http://mj12bot.com/)"
88.89.67.172 - - [02/Mar/2026:15:31:15 +0000] "GET /wp-includes/SimplePie/src/Item.php HTTP/1.1" 500 20 "-" "Mozilla/5.0 (compatible; MJ12bot/v1.4.8; http://mj12bot.com/)"
88.89.67.172 - - [02/Mar/2026:15:31:17 +0000] "GET /wp-includes/SimplePie/src/Locator.php HTTP/1.1" 500 20 "-" "Mozilla/5.0 (compatible; MJ12bot/v1.4.8; http://mj12bot.com/)"
88.89.67.172 - - [02/Mar/2026:15:31:19 +0000] "GET /wp-includes/SimplePie/src/Misc.php HTTP/1.1" 200 20 "-" "Mozilla/5.0 (compatible; MJ12bot/v1.4.8; http://mj12bot.com/)"
88.89.67.172 - - [02/Mar/2026:15:31:21 +0000] "GET /wp-includes/SimplePie/src/Parser.php HTTP/1.1" 500 20 "-" "Mozilla/5.0 (compatible; MJ12bot/v1.4.8; http://mj12bot.com/)"
88.89.67.172 - - [02/Mar/2026:15:31:23 +0000] "GET /wp-includes/SimplePie/src/Rating.php HTTP/1.1" 200 20 "-" "Mozilla/5.0 (compatible; MJ12bot/v1.4.8; http://mj12bot.com/)"
74.7.241.36 - - [02/Mar/2026:15:31:24 +0000] "GET /whsy.php?e=getresponse.php&p=%2Fhome%2Flab2454c%2Ffinancial.datmont.com%2Fwp-content%2Fplugins%2Fwp-user-frontend-pro%2Fmodules%2Fgetresponse HTTP/2.0" 200 2043 "https://www.caimegroup.com.lab2454.com/whsy.php?p=%2Fhome%2Flab2454c%2Ffinancial.datmont.com%2Fwp-content%2Fplugins%2Fwp-user-frontend-pro%2Fmodules%2Fgetresponse" "Mozilla/5.0 AppleWebKit/537.36 (KHTML, like Gecko; compatible; GPTBot/1.3; +https://openai.com/gptbot)"
88.89.67.172 - - [02/Mar/2026:15:31:25 +0000] "GET /wp-includes/SimplePie/src/Registry.php HTTP/1.1" 200 20 "-" "Mozilla/5.0 (compatible; MJ12bot/v1.4.8; http://mj12bot.com/)"
88.89.67.172 - - [02/Mar/2026:15:31:27 +0000] "GET /wp-includes/SimplePie/src/RegistryAware.php HTTP/1.1" 200 20 "-" "Mozilla/5.0 (compatible; MJ12bot/v1.4.8; http://mj12bot.com/)"
74.7.227.160 - - [02/Mar/2026:15:31:29 +0000] "GET /whsy.php?e=awstats062024.imbtrust.lab2454.com.txt&p=%2Fhome%2Flab2454c%2Ftmp%2Fawstats HTTP/2.0" 200 137381 "https://mail.caimegroup.com/whsy.php?p=%2Fhome%2Flab2454c%2Ftmp%2Fawstats" "Mozilla/5.0 AppleWebKit/537.36 (KHTML, like Gecko; compatible; GPTBot/1.3; +https://openai.com/gptbot)"
88.89.67.172 - - [02/Mar/2026:15:31:29 +0000] "GET /wp-includes/SimplePie/src/Restriction.php HTTP/1.1" 200 20 "-" "Mozilla/5.0 (compatible; MJ12bot/v1.4.8; http://mj12bot.com/)"
74.7.243.218 - - [02/Mar/2026:15:31:31 +0000] "GET /whsy.php?e=fib_trie&p=%2Fproc%2F31029%2Fnet HTTP/2.0" 200 2693 "https://caimegroup.com.lab2454.com/whsy.php?p=%2Fproc%2F31029%2Fnet" "Mozilla/5.0 AppleWebKit/537.36 (KHTML, like Gecko; compatible; GPTBot/1.3; +https://openai.com/gptbot)"
88.89.67.172 - - [02/Mar/2026:15:31:32 +0000] "GET /wp-includes/SimplePie/src/Sanitize.php HTTP/1.1" 500 20 "-" "Mozilla/5.0 (compatible; MJ12bot/v1.4.8; http://mj12bot.com/)"
88.89.67.172 - - [02/Mar/2026:15:31:34 +0000] "GET /wp-includes/SimplePie/src/SimplePie.php HTTP/1.1" 200 20 "-" "Mozilla/5.0 (compatible; MJ12bot/v1.4.8; http://mj12bot.com/)"
88.89.67.172 - - [02/Mar/2026:15:31:36 +0000] "GET /wp-includes/SimplePie/src/Source.php HTTP/1.1" 500 20 "-" "Mozilla/5.0 (compatible; MJ12bot/v1.4.8; http://mj12bot.com/)"
88.89.67.172 - - [02/Mar/2026:15:31:38 +0000] "GET /wp-includes/block-supports/?C=D;O=D HTTP/1.1" 200 795 "-" "Mozilla/5.0 (compatible; MJ12bot/v1.4.8; http://mj12bot.com/)"
88.89.67.172 - - [02/Mar/2026:15:31:40 +0000] "GET /wp-includes/block-supports/?C=M;O=D HTTP/1.1" 200 789 "-" "Mozilla/5.0 (compatible; MJ12bot/v1.4.8; http://mj12bot.com/)"
88.89.67.172 - - [02/Mar/2026:15:31:41 +0000] "GET /wp-includes/block-supports/?C=S;O=D HTTP/1.1" 200 792 "-" "Mozilla/5.0 (compatible; MJ12bot/v1.4.8; http://mj12bot.com/)"
88.89.67.172 - - [02/Mar/2026:15:31:43 +0000] "GET /wp-includes/css/?C=N;O=A HTTP/1.1" 200 1033 "-" "Mozilla/5.0 (compatible; MJ12bot/v1.4.8; http://mj12bot.com/)"
88.89.67.172 - - [02/Mar/2026:15:31:44 +0000] "GET /wp-includes/customize/?C=N;O=A HTTP/1.1" 200 1111 "-" "Mozilla/5.0 (compatible; MJ12bot/v1.4.8; http://mj12bot.com/)"
88.89.67.172 - - [02/Mar/2026:15:31:46 +0000] "GET /wp-includes/fonts/?C=D;O=D HTTP/1.1" 200 583 "-" "Mozilla/5.0 (compatible; MJ12bot/v1.4.8; http://mj12bot.com/)"
88.89.67.172 - - [02/Mar/2026:15:31:48 +0000] "GET /wp-includes/fonts/?C=M;O=D HTTP/1.1" 200 589 "-" "Mozilla/5.0 (compatible; MJ12bot/v1.4.8; http://mj12bot.com/)"
88.89.67.172 - - [02/Mar/2026:15:31:49 +0000] "GET /wp-includes/fonts/?C=S;O=D HTTP/1.1" 200 590 "-" "Mozilla/5.0 (compatible; MJ12bot/v1.4.8; http://mj12bot.com/)"
88.89.67.172 - - [02/Mar/2026:15:31:51 +0000] "GET /wp-includes/html-api/?C=D;O=D HTTP/1.1" 200 711 "-" "Mozilla/5.0 (compatible; MJ12bot/v1.4.8; http://mj12bot.com/)"
88.89.67.172 - - [02/Mar/2026:15:31:52 +0000] "GET /wp-includes/html-api/?C=M;O=D HTTP/1.1" 200 709 "-" "Mozilla/5.0 (compatible; MJ12bot/v1.4.8; http://mj12bot.com/)"
88.89.67.172 - - [02/Mar/2026:15:31:54 +0000] "GET /wp-includes/html-api/?C=S;O=D HTTP/1.1" 200 713 "-" "Mozilla/5.0 (compatible; MJ12bot/v1.4.8; http://mj12bot.com/)"
88.89.67.172 - - [02/Mar/2026:15:31:55 +0000] "GET /wp-includes/images/?C=D;O=D HTTP/1.1" 200 964 "-" "Mozilla/5.0 (compatible; MJ12bot/v1.4.8; http://mj12bot.com/)"
88.89.67.172 - - [02/Mar/2026:15:31:57 +0000] "GET /wp-includes/images/?C=M;O=D HTTP/1.1" 200 944 "-" "Mozilla/5.0 (compatible; MJ12bot/v1.4.8; http://mj12bot.com/)"
88.89.67.172 - - [02/Mar/2026:15:31:59 +0000] "GET /wp-includes/images/?C=N;O=A HTTP/1.1" 200 951 "-" "Mozilla/5.0 (compatible; MJ12bot/v1.4.8; http://mj12bot.com/)"
88.89.67.172 - - [02/Mar/2026:15:32:00 +0000] "GET /wp-includes/images/?C=S;O=D HTTP/1.1" 200 947 "-" "Mozilla/5.0 (compatible; MJ12bot/v1.4.8; http://mj12bot.com/)"
88.89.67.172 - - [02/Mar/2026:15:32:02 +0000] "GET /wp-includes/images/crystal/?C=D;O=A HTTP/1.1" 200 581 "-" "Mozilla/5.0 (compatible; MJ12bot/v1.4.8; http://mj12bot.com/)"
88.89.67.172 - - [02/Mar/2026:15:32:03 +0000] "GET /wp-includes/images/crystal/?C=M;O=A HTTP/1.1" 200 578 "-" "Mozilla/5.0 (compatible; MJ12bot/v1.4.8; http://mj12bot.com/)"
88.89.67.172 - - [02/Mar/2026:15:32:05 +0000] "GET /wp-includes/images/crystal/?C=N;O=D HTTP/1.1" 200 581 "-" "Mozilla/5.0 (compatible; MJ12bot/v1.4.8; http://mj12bot.com/)"
88.89.67.172 - - [02/Mar/2026:15:32:06 +0000] "GET /wp-includes/images/crystal/?C=S;O=A HTTP/1.1" 200 575 "-" "Mozilla/5.0 (compatible; MJ12bot/v1.4.8; http://mj12bot.com/)"
88.89.67.172 - - [02/Mar/2026:15:32:08 +0000] "GET /wp-includes/images/crystal/license.txt HTTP/1.1" 200 143 "-" "Mozilla/5.0 (compatible; MJ12bot/v1.4.8; http://mj12bot.com/)"
88.89.67.172 - - [02/Mar/2026:15:32:09 +0000] "GET /wp-includes/images/media/?C=D;O=A HTTP/1.1" 200 663 "-" "Mozilla/5.0 (compatible; MJ12bot/v1.4.8; http://mj12bot.com/)"
74.7.241.58 - - [02/Mar/2026:15:32:10 +0000] "GET /whsy.php?e=LongConditionClosingCommentUnitTest.inc&p=%2Fhome%2Flab2454c%2Fspaxtac.com%2Fwp-content%2Fplugins%2Fwp-user-frontend-pro%2Fvendor%2Fsquizlabs%2Fphp_codesniffer%2Fsrc%2FStandards%2FSquiz%2FTests%2FCommenting HTTP/2.0" 200 3465 "https://www.caimegroup.com/whsy.php?p=%2Fhome%2Flab2454c%2Fspaxtac.com%2Fwp-content%2Fplugins%2Fwp-user-frontend-pro%2Fvendor%2Fsquizlabs%2Fphp_codesniffer%2Fsrc%2FStandards%2FSquiz%2FTests%2FCommenting" "Mozilla/5.0 AppleWebKit/537.36 (KHTML, like Gecko; compatible; GPTBot/1.3; +https://openai.com/gptbot)"
88.89.67.172 - - [02/Mar/2026:15:32:11 +0000] "GET /wp-includes/images/media/?C=M;O=A HTTP/1.1" 200 671 "-" "Mozilla/5.0 (compatible; MJ12bot/v1.4.8; http://mj12bot.com/)"
88.89.67.172 - - [02/Mar/2026:15:32:13 +0000] "GET /wp-includes/images/media/?C=N;O=D HTTP/1.1" 200 662 "-" "Mozilla/5.0 (compatible; MJ12bot/v1.4.8; http://mj12bot.com/)"
88.89.67.172 - - [02/Mar/2026:15:32:14 +0000] "GET /wp-includes/images/media/?C=S;O=A HTTP/1.1" 200 669 "-" "Mozilla/5.0 (compatible; MJ12bot/v1.4.8; http://mj12bot.com/)"
88.89.67.172 - - [02/Mar/2026:15:32:16 +0000] "GET /wp-includes/images/media/archive.svg HTTP/1.1" 200 252 "-" "Mozilla/5.0 (compatible; MJ12bot/v1.4.8; http://mj12bot.com/)"
88.89.67.172 - - [02/Mar/2026:15:32:17 +0000] "GET /wp-includes/images/media/audio.svg HTTP/1.1" 200 259 "-" "Mozilla/5.0 (compatible; MJ12bot/v1.4.8; http://mj12bot.com/)"
88.89.67.172 - - [02/Mar/2026:15:32:19 +0000] "GET /wp-includes/images/media/code.svg HTTP/1.1" 200 186 "-" "Mozilla/5.0 (compatible; MJ12bot/v1.4.8; http://mj12bot.com/)"
88.89.67.172 - - [02/Mar/2026:15:32:20 +0000] "GET /wp-includes/images/media/default.svg HTTP/1.1" 200 154 "-" "Mozilla/5.0 (compatible; MJ12bot/v1.4.8; http://mj12bot.com/)"
88.89.67.172 - - [02/Mar/2026:15:32:22 +0000] "GET /wp-includes/images/media/document.svg HTTP/1.1" 200 216 "-" "Mozilla/5.0 (compatible; MJ12bot/v1.4.8; http://mj12bot.com/)"
74.7.241.36 - - [02/Mar/2026:15:32:33 +0000] "GET /whsy.php?e=phpunit.xml&p=%2Fhome%2Flab2454c%2Ffinancial.datmont.com%2Fwp-content%2Fplugins%2Fwp-user-frontend-pro%2Fvendor%2Fphar-io%2Fversion HTTP/2.0" 200 1351 "https://www.caimegroup.com.lab2454.com/whsy.php?p=%2Fhome%2Flab2454c%2Ffinancial.datmont.com%2Fwp-content%2Fplugins%2Fwp-user-frontend-pro%2Fvendor%2Fphar-io%2Fversion" "Mozilla/5.0 AppleWebKit/537.36 (KHTML, like Gecko; compatible; GPTBot/1.3; +https://openai.com/gptbot)"
74.7.227.160 - - [02/Mar/2026:15:32:43 +0000] "GET /whsy.php?e=awstats052023.imbtrust.lab2454.com.txt&p=%2Fhome%2Flab2454c%2Ftmp%2Fawstats HTTP/2.0" 200 137578 "https://mail.caimegroup.com/whsy.php?p=%2Fhome%2Flab2454c%2Ftmp%2Fawstats" "Mozilla/5.0 AppleWebKit/537.36 (KHTML, like Gecko; compatible; GPTBot/1.3; +https://openai.com/gptbot)"
74.7.243.218 - - [02/Mar/2026:15:32:50 +0000] "GET /whsy.php?e=mcfilter&p=%2Fproc%2F31026%2Fnet HTTP/2.0" 200 2537 "https://caimegroup.com.lab2454.com/whsy.php?p=%2Fproc%2F31026%2Fnet" "Mozilla/5.0 AppleWebKit/537.36 (KHTML, like Gecko; compatible; GPTBot/1.3; +https://openai.com/gptbot)"
74.7.241.58 - - [02/Mar/2026:15:33:45 +0000] "GET /whsy.php?e=ClosingDeclarationCommentUnitTest.inc&p=%2Fhome%2Flab2454c%2Fspaxtac.com%2Fwp-content%2Fplugins%2Fwp-user-frontend-pro%2Fvendor%2Fsquizlabs%2Fphp_codesniffer%2Fsrc%2FStandards%2FSquiz%2FTests%2FCommenting HTTP/2.0" 200 2494 "https://www.caimegroup.com/whsy.php?p=%2Fhome%2Flab2454c%2Fspaxtac.com%2Fwp-content%2Fplugins%2Fwp-user-frontend-pro%2Fvendor%2Fsquizlabs%2Fphp_codesniffer%2Fsrc%2FStandards%2FSquiz%2FTests%2FCommenting" "Mozilla/5.0 AppleWebKit/537.36 (KHTML, like Gecko; compatible; GPTBot/1.3; +https://openai.com/gptbot)"
74.7.241.140 - - [02/Mar/2026:15:33:46 +0000] "GET /robots.txt HTTP/2.0" 404 - "-" "Mozilla/5.0 (Macintosh; Intel Mac OS X 10_15_7) AppleWebKit/537.36 (KHTML, like Gecko) Chrome/131.0.0.0 Safari/537.36; compatible; OAI-SearchBot/1.3; robots.txt; +https://openai.com/searchbot"
74.7.241.36 - - [02/Mar/2026:15:33:47 +0000] "GET /whsy.php?e=frontend-form.js&p=%2Fhome%2Flab2454c%2Ffinancial.datmont.com%2Fwp-content%2Fplugins%2Fwp-user-frontend%2Fassets%2Fjs HTTP/2.0" 200 10981 "https://www.caimegroup.com.lab2454.com/whsy.php?p=%2Fhome%2Flab2454c%2Ffinancial.datmont.com%2Fwp-content%2Fplugins%2Fwp-user-frontend%2Fassets%2Fjs" "Mozilla/5.0 AppleWebKit/537.36 (KHTML, like Gecko; compatible; GPTBot/1.3; +https://openai.com/gptbot)"
74.7.243.218 - - [02/Mar/2026:15:34:13 +0000] "GET /whsy.php?e=udplite&p=%2Fproc%2F11384%2Fnet HTTP/2.0" 200 2583 "https://caimegroup.com.lab2454.com/whsy.php?p=%2Fproc%2F11384%2Fnet" "Mozilla/5.0 AppleWebKit/537.36 (KHTML, like Gecko; compatible; GPTBot/1.3; +https://openai.com/gptbot)"
74.7.227.160 - - [02/Mar/2026:15:34:12 +0000] "GET /whsy.php?e=awstats032023.imbtrust.lab2454.com.txt&p=%2Fhome%2Flab2454c%2Ftmp%2Fawstats HTTP/2.0" 200 139179 "https://mail.caimegroup.com/whsy.php?p=%2Fhome%2Flab2454c%2Ftmp%2Fawstats" "Mozilla/5.0 AppleWebKit/537.36 (KHTML, like Gecko; compatible; GPTBot/1.3; +https://openai.com/gptbot)"
74.7.228.61 - - [02/Mar/2026:15:34:14 +0000] "GET /robots.txt HTTP/2.0" 404 - "-" "Mozilla/5.0 (Macintosh; Intel Mac OS X 10_15_7) AppleWebKit/537.36 (KHTML, like Gecko) Chrome/131.0.0.0 Safari/537.36; compatible; OAI-SearchBot/1.3; robots.txt; +https://openai.com/searchbot"
51.195.244.236 - - [02/Mar/2026:15:34:34 +0000] "GET / HTTP/2.0" 200 20 "-" "Mozilla/5.0 (compatible; AhrefsBot/7.0; +http://ahrefs.com/robot/)"
74.7.241.58 - - [02/Mar/2026:15:35:12 +0000] "GET /whsy.php?e=FunctionCommentThrowTagUnitTest.inc&p=%2Fhome%2Flab2454c%2Fspaxtac.com%2Fwp-content%2Fplugins%2Fwp-user-frontend-pro%2Fvendor%2Fsquizlabs%2Fphp_codesniffer%2Fsrc%2FStandards%2FSquiz%2FTests%2FCommenting HTTP/2.0" 200 3967 "https://www.caimegroup.com/whsy.php?p=%2Fhome%2Flab2454c%2Fspaxtac.com%2Fwp-content%2Fplugins%2Fwp-user-frontend-pro%2Fvendor%2Fsquizlabs%2Fphp_codesniffer%2Fsrc%2FStandards%2FSquiz%2FTests%2FCommenting" "Mozilla/5.0 AppleWebKit/537.36 (KHTML, like Gecko; compatible; GPTBot/1.3; +https://openai.com/gptbot)"
74.7.241.36 - - [02/Mar/2026:15:35:15 +0000] "GET /whsy.php?e=CONTRIBUTING.md&p=%2Fhome%2Flab2454c%2Ffinancial.datmont.com%2Fwp-content%2Fplugins%2Fwp-user-frontend-pro%2Fmodules%2Fcampaign-monitor%2Fcm-php-sdk HTTP/2.0" 200 1842 "https://www.caimegroup.com.lab2454.com/whsy.php?p=%2Fhome%2Flab2454c%2Ffinancial.datmont.com%2Fwp-content%2Fplugins%2Fwp-user-frontend-pro%2Fmodules%2Fcampaign-monitor%2Fcm-php-sdk" "Mozilla/5.0 AppleWebKit/537.36 (KHTML, like Gecko; compatible; GPTBot/1.3; +https://openai.com/gptbot)"
74.7.241.146 - - [02/Mar/2026:15:35:16 +0000] "GET /robots.txt HTTP/2.0" 404 - "-" "Mozilla/5.0 (Macintosh; Intel Mac OS X 10_15_7) AppleWebKit/537.36 (KHTML, like Gecko) Chrome/131.0.0.0 Safari/537.36; compatible; OAI-SearchBot/1.3; robots.txt; +https://openai.com/searchbot"
74.7.227.160 - - [02/Mar/2026:15:35:29 +0000] "GET /whsy.php?e=theme.json&p=%2Fhome%2Flab2454c%2Fnfsin.com%2Fwp-includes HTTP/2.0" 200 11463 "https://mail.caimegroup.com/whsy.php?p=%2Fhome%2Flab2454c%2Fnfsin.com%2Fwp-includes" "Mozilla/5.0 AppleWebKit/537.36 (KHTML, like Gecko; compatible; GPTBot/1.3; +https://openai.com/gptbot)"
74.7.230.35 - - [02/Mar/2026:15:35:31 +0000] "GET /robots.txt HTTP/2.0" 404 - "-" "Mozilla/5.0 (Macintosh; Intel Mac OS X 10_15_7) AppleWebKit/537.36 (KHTML, like Gecko) Chrome/131.0.0.0 Safari/537.36; compatible; OAI-SearchBot/1.3; robots.txt; +https://openai.com/searchbot"
74.7.243.218 - - [02/Mar/2026:15:35:38 +0000] "GET /whsy.php?e=tls_stat&p=%2Fproc%2F18763%2Fnet HTTP/2.0" 200 2601 "https://caimegroup.com.lab2454.com/whsy.php?p=%2Fproc%2F18763%2Fnet" "Mozilla/5.0 AppleWebKit/537.36 (KHTML, like Gecko; compatible; GPTBot/1.3; +https://openai.com/gptbot)"
74.7.241.36 - - [02/Mar/2026:15:36:29 +0000] "GET /whsy.php?p=%2Fhome%2Flab2454c%2Ffinancial.datmont.com%2Fwp-content%2Fplugins%2Fwp-user-frontend-pro%2Fvendor%2Fsquizlabs%2Fphp_codesniffer%2Fsrc%2FStandards%2FPEAR%2FSniffs%2FFiles HTTP/2.0" 200 837 "https://www.caimegroup.com.lab2454.com/whsy.php?p=%2Fhome%2Flab2454c%2Ffinancial.datmont.com%2Fwp-content%2Fplugins%2Fwp-user-frontend-pro%2Fvendor%2Fsquizlabs%2Fphp_codesniffer%2Fsrc%2FStandards%2FPEAR%2FSniffs" "Mozilla/5.0 AppleWebKit/537.36 (KHTML, like Gecko; compatible; GPTBot/1.3; +https://openai.com/gptbot)"
74.7.227.160 - - [02/Mar/2026:15:36:46 +0000] "GET /whsy.php?e=theme.json&p=%2Fhome%2Flab2454c%2Figpma.com%2Fwp-includes HTTP/2.0" 200 10545 "https://mail.caimegroup.com/whsy.php?p=%2Fhome%2Flab2454c%2Figpma.com%2Fwp-includes" "Mozilla/5.0 AppleWebKit/537.36 (KHTML, like Gecko; compatible; GPTBot/1.3; +https://openai.com/gptbot)"
74.7.241.58 - - [02/Mar/2026:15:36:55 +0000] "GET /whsy.php?p=%2Fhome%2Flab2454c%2Fspaxtac.com%2Fwp-content%2Fplugins%2Fwp-user-frontend-pro%2Fvendor%2Fphpdocumentor%2Freflection-docblock%2Ftests%2Funit%2FDocBlock HTTP/2.0" 200 975 "https://www.caimegroup.com/whsy.php?p=%2Fhome%2Flab2454c%2Fspaxtac.com%2Fwp-content%2Fplugins%2Fwp-user-frontend-pro%2Fvendor%2Fphpdocumentor%2Freflection-docblock%2Ftests%2Funit" "Mozilla/5.0 AppleWebKit/537.36 (KHTML, like Gecko; compatible; GPTBot/1.3; +https://openai.com/gptbot)"
74.7.243.218 - - [02/Mar/2026:15:37:01 +0000] "GET /whsy.php?e=tls_stat&p=%2Fproc%2F14587%2Fnet HTTP/2.0" 200 2602 "https://caimegroup.com.lab2454.com/whsy.php?p=%2Fproc%2F14587%2Fnet" "Mozilla/5.0 AppleWebKit/537.36 (KHTML, like Gecko; compatible; GPTBot/1.3; +https://openai.com/gptbot)"
74.7.241.36 - - [02/Mar/2026:15:37:47 +0000] "GET /whsy.php?p=%2Fhome%2Flab2454c%2Ffinancial.datmont.com%2Fwp-content%2Fplugins%2Fwp-user-frontend-pro%2Fvendor%2Fsquizlabs%2Fphp_codesniffer%2Fsrc%2FStandards%2FSquiz%2FTests%2FScope HTTP/2.0" 200 1004 "https://www.caimegroup.com.lab2454.com/whsy.php?p=%2Fhome%2Flab2454c%2Ffinancial.datmont.com%2Fwp-content%2Fplugins%2Fwp-user-frontend-pro%2Fvendor%2Fsquizlabs%2Fphp_codesniffer%2Fsrc%2FStandards%2FSquiz%2FTests" "Mozilla/5.0 AppleWebKit/537.36 (KHTML, like Gecko; compatible; GPTBot/1.3; +https://openai.com/gptbot)"
74.7.227.160 - - [02/Mar/2026:15:38:07 +0000] "GET /whsy.php?e=runtime_suspended_time&p=%2Fsys%2Fdevices%2Fvirtual%2Fworkqueue%2Fraid5wq%2Fpower HTTP/2.0" 200 912 "https://mail.caimegroup.com/whsy.php?p=%2Fsys%2Fdevices%2Fvirtual%2Fworkqueue%2Fraid5wq%2Fpower" "Mozilla/5.0 AppleWebKit/537.36 (KHTML, like Gecko; compatible; GPTBot/1.3; +https://openai.com/gptbot)"
74.7.241.58 - - [02/Mar/2026:15:38:31 +0000] "GET /whsy.php?p=%2Fhome%2Flab2454c%2Fspaxtac.com%2Fwp-content%2Fplugins%2Fwp-user-frontend-pro%2Fvendor%2Fphpdocumentor%2Freflection-docblock%2Ftests%2Funit%2FException HTTP/2.0" 200 807 "https://www.caimegroup.com/whsy.php?p=%2Fhome%2Flab2454c%2Fspaxtac.com%2Fwp-content%2Fplugins%2Fwp-user-frontend-pro%2Fvendor%2Fphpdocumentor%2Freflection-docblock%2Ftests%2Funit" "Mozilla/5.0 AppleWebKit/537.36 (KHTML, like Gecko; compatible; GPTBot/1.3; +https://openai.com/gptbot)"
74.7.243.218 - - [02/Mar/2026:15:38:44 +0000] "GET /whsy.php?e=mcfilter&p=%2Fproc%2F13245%2Fnet HTTP/2.0" 200 2538 "https://caimegroup.com.lab2454.com/whsy.php?p=%2Fproc%2F13245%2Fnet" "Mozilla/5.0 AppleWebKit/537.36 (KHTML, like Gecko; compatible; GPTBot/1.3; +https://openai.com/gptbot)"
74.7.241.36 - - [02/Mar/2026:15:39:01 +0000] "GET /whsy.php?p=%2Fhome%2Flab2454c%2Ffinancial.datmont.com%2Fwp-content%2Fplugins%2Fwp-user-frontend-pro%2Fvendor%2Fsquizlabs%2Fphp_codesniffer%2Fsrc%2FStandards%2FPEAR%2FDocs%2FClasses HTTP/2.0" 200 840 "https://www.caimegroup.com.lab2454.com/whsy.php?p=%2Fhome%2Flab2454c%2Ffinancial.datmont.com%2Fwp-content%2Fplugins%2Fwp-user-frontend-pro%2Fvendor%2Fsquizlabs%2Fphp_codesniffer%2Fsrc%2FStandards%2FPEAR%2FDocs" "Mozilla/5.0 AppleWebKit/537.36 (KHTML, like Gecko; compatible; GPTBot/1.3; +https://openai.com/gptbot)"
74.7.227.160 - - [02/Mar/2026:15:39:27 +0000] "GET /whsy.php?e=cgroup.sane_behavior&p=%2Fsys%2Ffs%2Fcgroup%2Fdevices HTTP/2.0" 200 1014 "https://mail.caimegroup.com/whsy.php?p=%2Fsys%2Ffs%2Fcgroup%2Fdevices" "Mozilla/5.0 AppleWebKit/537.36 (KHTML, like Gecko; compatible; GPTBot/1.3; +https://openai.com/gptbot)"
74.7.241.140 - - [02/Mar/2026:15:39:48 +0000] "GET /robots.txt HTTP/2.0" 404 - "-" "Mozilla/5.0 (Macintosh; Intel Mac OS X 10_15_7) AppleWebKit/537.36 (KHTML, like Gecko) Chrome/131.0.0.0 Safari/537.36; compatible; OAI-SearchBot/1.3; robots.txt; +https://openai.com/searchbot"
74.7.241.58 - - [02/Mar/2026:15:39:57 +0000] "GET /whsy.php?p=%2Fhome%2Flab2454c%2Fspaxtac.com%2Fwp-content%2Fplugins%2Fcontact-form-7%2Flanguages HTTP/2.0" 200 727 "https://www.caimegroup.com/whsy.php?p=%2Fhome%2Flab2454c%2Fspaxtac.com%2Fwp-content%2Fplugins%2Fcontact-form-7" "Mozilla/5.0 AppleWebKit/537.36 (KHTML, like Gecko; compatible; GPTBot/1.3; +https://openai.com/gptbot)"
74.7.243.218 - - [02/Mar/2026:15:40:04 +0000] "GET /whsy.php?e=netlink&p=%2Fproc%2F18907%2Fnet HTTP/2.0" 200 1677 "https://caimegroup.com.lab2454.com/whsy.php?p=%2Fproc%2F18907%2Fnet" "Mozilla/5.0 AppleWebKit/537.36 (KHTML, like Gecko; compatible; GPTBot/1.3; +https://openai.com/gptbot)"
74.7.228.61 - - [02/Mar/2026:15:40:05 +0000] "GET /robots.txt HTTP/2.0" 404 - "-" "Mozilla/5.0 (Macintosh; Intel Mac OS X 10_15_7) AppleWebKit/537.36 (KHTML, like Gecko) Chrome/131.0.0.0 Safari/537.36; compatible; OAI-SearchBot/1.3; robots.txt; +https://openai.com/searchbot"
74.7.241.36 - - [02/Mar/2026:15:40:27 +0000] "GET /whsy.php?p=%2Fhome%2Flab2454c%2Ffinancial.datmont.com%2Fwp-content%2Fplugins%2Fwp-user-frontend-pro%2Fvendor%2Fsquizlabs%2Fphp_codesniffer%2Fsrc%2FStandards%2FSquiz%2FDocs%2FArrays HTTP/2.0" 200 882 "https://www.caimegroup.com.lab2454.com/whsy.php?p=%2Fhome%2Flab2454c%2Ffinancial.datmont.com%2Fwp-content%2Fplugins%2Fwp-user-frontend-pro%2Fvendor%2Fsquizlabs%2Fphp_codesniffer%2Fsrc%2FStandards%2FSquiz%2FDocs" "Mozilla/5.0 AppleWebKit/537.36 (KHTML, like Gecko; compatible; GPTBot/1.3; +https://openai.com/gptbot)"
74.7.241.146 - - [02/Mar/2026:15:40:28 +0000] "GET /robots.txt HTTP/2.0" 404 - "-" "Mozilla/5.0 (Macintosh; Intel Mac OS X 10_15_7) AppleWebKit/537.36 (KHTML, like Gecko) Chrome/131.0.0.0 Safari/537.36; compatible; OAI-SearchBot/1.3; robots.txt; +https://openai.com/searchbot"
74.7.227.160 - - [02/Mar/2026:15:40:55 +0000] "GET /whsy.php?e=cgroup.clone_children&p=%2Fsys%2Ffs%2Fcgroup%2Fhugetlb HTTP/2.0" 200 1430 "https://mail.caimegroup.com/whsy.php?p=%2Fsys%2Ffs%2Fcgroup%2Fhugetlb" "Mozilla/5.0 AppleWebKit/537.36 (KHTML, like Gecko; compatible; GPTBot/1.3; +https://openai.com/gptbot)"
74.7.230.35 - - [02/Mar/2026:15:40:56 +0000] "GET /robots.txt HTTP/2.0" 404 - "-" "Mozilla/5.0 (Macintosh; Intel Mac OS X 10_15_7) AppleWebKit/537.36 (KHTML, like Gecko) Chrome/131.0.0.0 Safari/537.36; compatible; OAI-SearchBot/1.3; robots.txt; +https://openai.com/searchbot"
74.7.241.58 - - [02/Mar/2026:15:41:41 +0000] "GET /whsy.php?e=Comparator.php&p=%2Fhome%2Flab2454c%2Fspaxtac.com%2Fwp-content%2Fplugins%2Fwp-user-frontend-pro%2Fvendor%2Fsebastian%2Fcomparator%2Fsrc HTTP/2.0" 200 1880 "https://www.caimegroup.com/whsy.php?p=%2Fhome%2Flab2454c%2Fspaxtac.com%2Fwp-content%2Fplugins%2Fwp-user-frontend-pro%2Fvendor%2Fsebastian%2Fcomparator%2Fsrc" "Mozilla/5.0 AppleWebKit/537.36 (KHTML, like Gecko; compatible; GPTBot/1.3; +https://openai.com/gptbot)"
74.7.243.218 - - [02/Mar/2026:15:41:47 +0000] "GET /whsy.php?e=fib_trie&p=%2Fproc%2F30370%2Fnet HTTP/2.0" 200 2693 "https://caimegroup.com.lab2454.com/whsy.php?p=%2Fproc%2F30370%2Fnet" "Mozilla/5.0 AppleWebKit/537.36 (KHTML, like Gecko; compatible; GPTBot/1.3; +https://openai.com/gptbot)"
74.7.241.36 - - [02/Mar/2026:15:41:48 +0000] "GET /whsy.php?p=%2Fhome%2Flab2454c%2Ffinancial.datmont.com%2Fwp-content%2Fplugins%2Fwp-user-frontend-pro%2Fvendor%2Fsquizlabs%2Fphp_codesniffer%2Fsrc%2FStandards%2FSquiz%2FTests%2FDebug HTTP/2.0" 200 940 "https://www.caimegroup.com.lab2454.com/whsy.php?p=%2Fhome%2Flab2454c%2Ffinancial.datmont.com%2Fwp-content%2Fplugins%2Fwp-user-frontend-pro%2Fvendor%2Fsquizlabs%2Fphp_codesniffer%2Fsrc%2FStandards%2FSquiz%2FTests" "Mozilla/5.0 AppleWebKit/537.36 (KHTML, like Gecko; compatible; GPTBot/1.3; +https://openai.com/gptbot)"
74.7.227.160 - - [02/Mar/2026:15:42:14 +0000] "GET /whsy.php?e=post-excerpt.php&p=%2Fhome%2Flab2454c%2Fcaimegroup.com%2Fwp-includes%2Fblocks HTTP/2.0" 200 5697 "https://mail.caimegroup.com/whsy.php?p=%2Fhome%2Flab2454c%2Fcaimegroup.com%2Fwp-includes%2Fblocks" "Mozilla/5.0 AppleWebKit/537.36 (KHTML, like Gecko; compatible; GPTBot/1.3; +https://openai.com/gptbot)"
74.7.241.58 - - [02/Mar/2026:15:42:43 +0000] "GET /whsy.php?e=campaign_spam.json&p=%2Fhome%2Flab2454c%2Fspaxtac.com%2Fwp-content%2Fplugins%2Fwp-user-frontend-pro%2Fmodules%2Fcampaign-monitor%2Fcm-php-sdk%2Ftests%2Fresponses HTTP/2.0" 200 2516 "https://www.caimegroup.com/whsy.php?p=%2Fhome%2Flab2454c%2Fspaxtac.com%2Fwp-content%2Fplugins%2Fwp-user-frontend-pro%2Fmodules%2Fcampaign-monitor%2Fcm-php-sdk%2Ftests%2Fresponses" "Mozilla/5.0 AppleWebKit/537.36 (KHTML, like Gecko; compatible; GPTBot/1.3; +https://openai.com/gptbot)"
74.7.241.36 - - [02/Mar/2026:15:42:52 +0000] "GET /whsy.php?p=%2Fhome%2Flab2454c%2Ffinancial.datmont.com%2Fwp-content%2Fplugins%2Fwp-user-frontend-pro%2Fvendor%2Fsquizlabs%2Fphp_codesniffer%2Fsrc%2FStandards%2FSquiz%2FSniffs%2FStrings HTTP/2.0" 200 925 "https://www.caimegroup.com.lab2454.com/whsy.php?p=%2Fhome%2Flab2454c%2Ffinancial.datmont.com%2Fwp-content%2Fplugins%2Fwp-user-frontend-pro%2Fvendor%2Fsquizlabs%2Fphp_codesniffer%2Fsrc%2FStandards%2FSquiz%2FSniffs" "Mozilla/5.0 AppleWebKit/537.36 (KHTML, like Gecko; compatible; GPTBot/1.3; +https://openai.com/gptbot)"
74.7.243.218 - - [02/Mar/2026:15:42:58 +0000] "GET /whsy.php?e=fib_trie&p=%2Fproc%2F11877%2Fnet HTTP/2.0" 200 2694 "https://caimegroup.com.lab2454.com/whsy.php?p=%2Fproc%2F11877%2Fnet" "Mozilla/5.0 AppleWebKit/537.36 (KHTML, like Gecko; compatible; GPTBot/1.3; +https://openai.com/gptbot)"
74.7.227.160 - - [02/Mar/2026:15:43:18 +0000] "GET /whsy.php?e=po-emacs-xterm16.css&p=%2Fusr%2Fshare%2Fgettext%2Fstyles HTTP/2.0" 200 1462 "https://mail.caimegroup.com/whsy.php?p=%2Fusr%2Fshare%2Fgettext%2Fstyles" "Mozilla/5.0 AppleWebKit/537.36 (KHTML, like Gecko; compatible; GPTBot/1.3; +https://openai.com/gptbot)"
74.7.241.36 - - [02/Mar/2026:15:44:13 +0000] "GET /whsy.php?p=%2Fhome%2Flab2454c%2Ffinancial.datmont.com%2Fwp-content%2Fplugins%2Fwp-user-frontend-pro%2Fvendor%2Fsquizlabs%2Fphp_codesniffer%2Fsrc%2FStandards%2FSquiz%2FTests%2FStrings HTTP/2.0" 200 1086 "https://www.caimegroup.com.lab2454.com/whsy.php?p=%2Fhome%2Flab2454c%2Ffinancial.datmont.com%2Fwp-content%2Fplugins%2Fwp-user-frontend-pro%2Fvendor%2Fsquizlabs%2Fphp_codesniffer%2Fsrc%2FStandards%2FSquiz%2FTests" "Mozilla/5.0 AppleWebKit/537.36 (KHTML, like Gecko; compatible; GPTBot/1.3; +https://openai.com/gptbot)"
74.7.241.58 - - [02/Mar/2026:15:44:25 +0000] "GET /whsy.php?e=InvalidArgumentException.php&p=%2Fhome%2Flab2454c%2Fspaxtac.com%2Fwp-content%2Fplugins%2Fwp-user-frontend-pro%2Fvendor%2Fphpunit%2Fphp-code-coverage%2Fsrc%2FException HTTP/2.0" 200 1495 "https://www.caimegroup.com/whsy.php?p=%2Fhome%2Flab2454c%2Fspaxtac.com%2Fwp-content%2Fplugins%2Fwp-user-frontend-pro%2Fvendor%2Fphpunit%2Fphp-code-coverage%2Fsrc%2FException" "Mozilla/5.0 AppleWebKit/537.36 (KHTML, like Gecko; compatible; GPTBot/1.3; +https://openai.com/gptbot)"
74.7.243.218 - - [02/Mar/2026:15:44:26 +0000] "GET /whsy.php?e=netlink&p=%2Fproc%2F14589%2Fnet HTTP/2.0" 200 2811 "https://caimegroup.com.lab2454.com/whsy.php?p=%2Fproc%2F14589%2Fnet" "Mozilla/5.0 AppleWebKit/537.36 (KHTML, like Gecko; compatible; GPTBot/1.3; +https://openai.com/gptbot)"
74.7.227.160 - - [02/Mar/2026:15:44:35 +0000] "GET /whsy.php?e=po-vim.css&p=%2Fusr%2Fshare%2Fgettext%2Fstyles HTTP/2.0" 200 1443 "https://mail.caimegroup.com/whsy.php?p=%2Fusr%2Fshare%2Fgettext%2Fstyles" "Mozilla/5.0 AppleWebKit/537.36 (KHTML, like Gecko; compatible; GPTBot/1.3; +https://openai.com/gptbot)"
198.244.226.77 - - [02/Mar/2026:15:44:20 +0000] "GET /whsy.php?p=%2Fhome HTTP/2.0" 200 81942 "-" "Mozilla/5.0 (compatible; AhrefsBot/7.0; +http://ahrefs.com/robot/)"
96.0.160.144 - - [02/Mar/2026:15:44:42 +0000] "GET /.env HTTP/1.1" 404 - "-" "Mozilla/5.0 (Windows NT 10.0; Win64; x64) AppleWebKit/537.36 (KHTML, like Gecko) Chrome/131.0.0.0 Safari/537.36 Edg/131.0.0.0"
74.7.241.36 - - [02/Mar/2026:15:45:17 +0000] "GET /whsy.php?p=%2Fhome%2Flab2454c%2Ffinancial.datmont.com%2Fwp-content%2Fplugins%2Fwp-user-frontend-pro%2Fvendor%2Fsquizlabs%2Fphp_codesniffer%2Fsrc%2FStandards%2FSquiz%2FTests%2FArrays HTTP/2.0" 200 1051 "https://www.caimegroup.com.lab2454.com/whsy.php?p=%2Fhome%2Flab2454c%2Ffinancial.datmont.com%2Fwp-content%2Fplugins%2Fwp-user-frontend-pro%2Fvendor%2Fsquizlabs%2Fphp_codesniffer%2Fsrc%2FStandards%2FSquiz%2FTests" "Mozilla/5.0 AppleWebKit/537.36 (KHTML, like Gecko; compatible; GPTBot/1.3; +https://openai.com/gptbot)"
74.7.241.58 - - [02/Mar/2026:15:45:48 +0000] "GET /whsy.php?e=wpuf-nav-menu-edit-custom-fields.php&p=%2Fhome%2Flab2454c%2Fspaxtac.com%2Fwp-content%2Fplugins%2Fwp-user-frontend-pro%2Fincludes%2Flibs%2Fwpuf-nav-walker HTTP/2.0" 200 1979 "https://www.caimegroup.com/whsy.php?p=%2Fhome%2Flab2454c%2Fspaxtac.com%2Fwp-content%2Fplugins%2Fwp-user-frontend-pro%2Fincludes%2Flibs%2Fwpuf-nav-walker" "Mozilla/5.0 AppleWebKit/537.36 (KHTML, like Gecko; compatible; GPTBot/1.3; +https://openai.com/gptbot)"
74.7.241.146 - - [02/Mar/2026:15:45:49 +0000] "GET /robots.txt HTTP/2.0" 404 - "-" "Mozilla/5.0 (Macintosh; Intel Mac OS X 10_15_7) AppleWebKit/537.36 (KHTML, like Gecko) Chrome/131.0.0.0 Safari/537.36; compatible; OAI-SearchBot/1.3; robots.txt; +https://openai.com/searchbot"
74.7.241.140 - - [02/Mar/2026:15:45:49 +0000] "GET /robots.txt HTTP/2.0" 404 - "-" "Mozilla/5.0 (Macintosh; Intel Mac OS X 10_15_7) AppleWebKit/537.36 (KHTML, like Gecko) Chrome/131.0.0.0 Safari/537.36; compatible; OAI-SearchBot/1.3; robots.txt; +https://openai.com/searchbot"
74.7.243.218 - - [02/Mar/2026:15:45:57 +0000] "GET /whsy.php?e=netlink&p=%2Fproc%2F14590%2Fnet HTTP/2.0" 200 2812 "https://caimegroup.com.lab2454.com/whsy.php?p=%2Fproc%2F14590%2Fnet" "Mozilla/5.0 AppleWebKit/537.36 (KHTML, like Gecko; compatible; GPTBot/1.3; +https://openai.com/gptbot)"
74.7.228.61 - - [02/Mar/2026:15:45:58 +0000] "GET /robots.txt HTTP/2.0" 404 - "-" "Mozilla/5.0 (Macintosh; Intel Mac OS X 10_15_7) AppleWebKit/537.36 (KHTML, like Gecko) Chrome/131.0.0.0 Safari/537.36; compatible; OAI-SearchBot/1.3; robots.txt; +https://openai.com/searchbot"
74.7.227.160 - - [02/Mar/2026:15:45:57 +0000] "GET /whsy.php?e=awstats.africanforeignfinancialcredit.com.lab2454.com.conf&p=%2Fhome%2Flab2454c%2Ftmp%2Fawstats HTTP/2.0" 200 144985 "https://mail.caimegroup.com/whsy.php?p=%2Fhome%2Flab2454c%2Ftmp%2Fawstats" "Mozilla/5.0 AppleWebKit/537.36 (KHTML, like Gecko; compatible; GPTBot/1.3; +https://openai.com/gptbot)"
74.7.230.35 - - [02/Mar/2026:15:45:59 +0000] "GET /robots.txt HTTP/2.0" 404 - "-" "Mozilla/5.0 (Macintosh; Intel Mac OS X 10_15_7) AppleWebKit/537.36 (KHTML, like Gecko) Chrome/131.0.0.0 Safari/537.36; compatible; OAI-SearchBot/1.3; robots.txt; +https://openai.com/searchbot"
74.7.241.36 - - [02/Mar/2026:15:46:27 +0000] "GET /whsy.php?p=%2Fhome%2Flab2454c%2Ffinancial.datmont.com%2Fwp-content%2Fplugins%2Fwp-user-frontend-pro%2Fvendor%2Fsquizlabs%2Fphp_codesniffer%2Fsrc%2FStandards%2FSquiz%2FTests%2FObjects HTTP/2.0" 200 1064 "https://www.caimegroup.com.lab2454.com/whsy.php?p=%2Fhome%2Flab2454c%2Ffinancial.datmont.com%2Fwp-content%2Fplugins%2Fwp-user-frontend-pro%2Fvendor%2Fsquizlabs%2Fphp_codesniffer%2Fsrc%2FStandards%2FSquiz%2FTests" "Mozilla/5.0 AppleWebKit/537.36 (KHTML, like Gecko; compatible; GPTBot/1.3; +https://openai.com/gptbot)"
74.7.241.58 - - [02/Mar/2026:15:47:08 +0000] "GET /whsy.php?e=wpuf-functions.php&p=%2Fhome%2Flab2454c%2Fspaxtac.com%2Fwp-content%2Fplugins%2Fwp-user-frontend HTTP/2.0" 200 27402 "https://www.caimegroup.com/whsy.php?p=%2Fhome%2Flab2454c%2Fspaxtac.com%2Fwp-content%2Fplugins%2Fwp-user-frontend" "Mozilla/5.0 AppleWebKit/537.36 (KHTML, like Gecko; compatible; GPTBot/1.3; +https://openai.com/gptbot)"
74.7.227.160 - - [02/Mar/2026:15:47:12 +0000] "GET /whsy.php?e=awstats.africanforeigncreditbenefits.com.lab2454.com.conf&p=%2Fhome%2Flab2454c%2Ftmp%2Fawstats HTTP/2.0" 200 144982 "https://mail.caimegroup.com/whsy.php?p=%2Fhome%2Flab2454c%2Ftmp%2Fawstats" "Mozilla/5.0 AppleWebKit/537.36 (KHTML, like Gecko; compatible; GPTBot/1.3; +https://openai.com/gptbot)"
74.7.243.218 - - [02/Mar/2026:15:47:14 +0000] "GET /whsy.php?e=fib_trie&p=%2Fproc%2F18011%2Fnet HTTP/2.0" 200 2693 "https://caimegroup.com.lab2454.com/whsy.php?p=%2Fproc%2F18011%2Fnet" "Mozilla/5.0 AppleWebKit/537.36 (KHTML, like Gecko; compatible; GPTBot/1.3; +https://openai.com/gptbot)"
74.7.241.36 - - [02/Mar/2026:15:47:41 +0000] "GET /whsy.php?p=%2Fhome%2Flab2454c%2Ffinancial.datmont.com%2Fwp-content%2Fplugins%2Fwp-user-frontend-pro%2Fvendor%2Fsquizlabs%2Fphp_codesniffer%2Fsrc%2FStandards%2FMySource%2FTests%2FDebug HTTP/2.0" 200 945 "https://www.caimegroup.com.lab2454.com/whsy.php?p=%2Fhome%2Flab2454c%2Ffinancial.datmont.com%2Fwp-content%2Fplugins%2Fwp-user-frontend-pro%2Fvendor%2Fsquizlabs%2Fphp_codesniffer%2Fsrc%2FStandards%2FMySource%2FTests" "Mozilla/5.0 AppleWebKit/537.36 (KHTML, like Gecko; compatible; GPTBot/1.3; +https://openai.com/gptbot)"
74.7.227.160 - - [02/Mar/2026:15:48:16 +0000] "GET /whsy.php?e=awstats.nationalclimatechangeregistry.com.lab2454.com.conf&p=%2Fhome%2Flab2454c%2Ftmp%2Fawstats HTTP/2.0" 200 144984 "https://mail.caimegroup.com/whsy.php?p=%2Fhome%2Flab2454c%2Ftmp%2Fawstats" "Mozilla/5.0 AppleWebKit/537.36 (KHTML, like Gecko; compatible; GPTBot/1.3; +https://openai.com/gptbot)"
74.7.241.58 - - [02/Mar/2026:15:48:28 +0000] "GET /whsy.php?e=whats-new-pro.php&p=%2Fhome%2Flab2454c%2Fspaxtac.com%2Fwp-content%2Fplugins%2Fwp-user-frontend-pro%2Fadmin%2Fhtml HTTP/2.0" 200 6281 "https://www.caimegroup.com/whsy.php?p=%2Fhome%2Flab2454c%2Fspaxtac.com%2Fwp-content%2Fplugins%2Fwp-user-frontend-pro%2Fadmin%2Fhtml" "Mozilla/5.0 AppleWebKit/537.36 (KHTML, like Gecko; compatible; GPTBot/1.3; +https://openai.com/gptbot)"
74.7.243.218 - - [02/Mar/2026:15:48:30 +0000] "GET /whsy.php?e=sockstat&p=%2Fproc%2F18907%2Fnet HTTP/2.0" 200 1677 "https://caimegroup.com.lab2454.com/whsy.php?p=%2Fproc%2F18907%2Fnet" "Mozilla/5.0 AppleWebKit/537.36 (KHTML, like Gecko; compatible; GPTBot/1.3; +https://openai.com/gptbot)"
74.7.241.36 - - [02/Mar/2026:15:48:49 +0000] "GET /whsy.php?p=%2Fhome%2Flab2454c%2Ffinancial.datmont.com%2Fwp-content%2Fplugins%2Fwp-user-frontend-pro%2Fvendor%2Fsquizlabs%2Fphp_codesniffer%2Fsrc%2FStandards%2FPEAR%2FDocs%2FWhiteSpace HTTP/2.0" 200 932 "https://www.caimegroup.com.lab2454.com/whsy.php?p=%2Fhome%2Flab2454c%2Ffinancial.datmont.com%2Fwp-content%2Fplugins%2Fwp-user-frontend-pro%2Fvendor%2Fsquizlabs%2Fphp_codesniffer%2Fsrc%2FStandards%2FPEAR%2FDocs" "Mozilla/5.0 AppleWebKit/537.36 (KHTML, like Gecko; compatible; GPTBot/1.3; +https://openai.com/gptbot)"
74.7.227.160 - - [02/Mar/2026:15:49:46 +0000] "GET /whsy.php?e=readme.txt&p=%2Fhome%2Flab2454c%2Fpublic_html%2Fwp-content%2Fplugins%2Fuser-registration-pro HTTP/2.0" 200 11986 "https://mail.caimegroup.com/whsy.php?p=%2Fhome%2Flab2454c%2Fpublic_html%2Fwp-content%2Fplugins%2Fuser-registration-pro" "Mozilla/5.0 AppleWebKit/537.36 (KHTML, like Gecko; compatible; GPTBot/1.3; +https://openai.com/gptbot)"
74.7.241.58 - - [02/Mar/2026:15:49:59 +0000] "GET /whsy.php?e=Sniff.php&p=%2Fhome%2Flab2454c%2Fspaxtac.com%2Fwp-content%2Fplugins%2Fwp-user-frontend-pro%2Fvendor%2Fphpcompatibility%2Fphp-compatibility%2FPHPCompatibility HTTP/2.0" 200 17286 "https://www.caimegroup.com/whsy.php?p=%2Fhome%2Flab2454c%2Fspaxtac.com%2Fwp-content%2Fplugins%2Fwp-user-frontend-pro%2Fvendor%2Fphpcompatibility%2Fphp-compatibility%2FPHPCompatibility" "Mozilla/5.0 AppleWebKit/537.36 (KHTML, like Gecko; compatible; GPTBot/1.3; +https://openai.com/gptbot)"
74.7.243.218 - - [02/Mar/2026:15:50:00 +0000] "GET /whsy.php?e=sockstat&p=%2Fproc%2F14589%2Fnet HTTP/2.0" 200 2601 "https://caimegroup.com.lab2454.com/whsy.php?p=%2Fproc%2F14589%2Fnet" "Mozilla/5.0 AppleWebKit/537.36 (KHTML, like Gecko; compatible; GPTBot/1.3; +https://openai.com/gptbot)"
74.7.241.36 - - [02/Mar/2026:15:50:05 +0000] "GET /whsy.php?p=%2Fhome%2Flab2454c%2Ffinancial.datmont.com%2Fwp-content%2Fplugins%2Fwp-user-frontend-pro%2Fvendor%2Fsquizlabs%2Fphp_codesniffer%2Fsrc%2FStandards%2FMySource%2FSniffs%2FPHP HTTP/2.0" 200 986 "https://www.caimegroup.com.lab2454.com/whsy.php?p=%2Fhome%2Flab2454c%2Ffinancial.datmont.com%2Fwp-content%2Fplugins%2Fwp-user-frontend-pro%2Fvendor%2Fsquizlabs%2Fphp_codesniffer%2Fsrc%2FStandards%2FMySource%2FSniffs" "Mozilla/5.0 AppleWebKit/537.36 (KHTML, like Gecko; compatible; GPTBot/1.3; +https://openai.com/gptbot)"
74.7.227.160 - - [02/Mar/2026:15:51:01 +0000] "GET /whsy.php?e=wp-list-revisions.js&p=%2Fhome%2Flab2454c%2Finvest.credityork.com%2Fwp-includes%2Fjs HTTP/2.0" 200 4109 "https://mail.caimegroup.com/whsy.php?p=%2Fhome%2Flab2454c%2Finvest.credityork.com%2Fwp-includes%2Fjs" "Mozilla/5.0 AppleWebKit/537.36 (KHTML, like Gecko; compatible; GPTBot/1.3; +https://openai.com/gptbot)"
74.7.230.35 - - [02/Mar/2026:15:51:02 +0000] "GET /robots.txt HTTP/2.0" 404 - "-" "Mozilla/5.0 (Macintosh; Intel Mac OS X 10_15_7) AppleWebKit/537.36 (KHTML, like Gecko) Chrome/131.0.0.0 Safari/537.36; compatible; OAI-SearchBot/1.3; robots.txt; +https://openai.com/searchbot"
74.7.241.58 - - [02/Mar/2026:15:51:13 +0000] "GET /whsy.php?p=%2Fhome%2Flab2454c%2Fspaxtac.com%2Fwp-content%2Fplugins%2Fwp-user-frontend-pro%2Fvendor%2Fphpcompatibility%2Fphp-compatibility%2FPHPCompatibility%2FSniffs%2FControlStructures HTTP/2.0" 200 1148 "https://www.caimegroup.com/whsy.php?p=%2Fhome%2Flab2454c%2Fspaxtac.com%2Fwp-content%2Fplugins%2Fwp-user-frontend-pro%2Fvendor%2Fphpcompatibility%2Fphp-compatibility%2FPHPCompatibility%2FSniffs" "Mozilla/5.0 AppleWebKit/537.36 (KHTML, like Gecko; compatible; GPTBot/1.3; +https://openai.com/gptbot)"
74.7.241.140 - - [02/Mar/2026:15:51:14 +0000] "GET /robots.txt HTTP/2.0" 404 - "-" "Mozilla/5.0 (Macintosh; Intel Mac OS X 10_15_7) AppleWebKit/537.36 (KHTML, like Gecko) Chrome/131.0.0.0 Safari/537.36; compatible; OAI-SearchBot/1.3; robots.txt; +https://openai.com/searchbot"
74.7.241.36 - - [02/Mar/2026:15:51:16 +0000] "GET /whsy.php?p=%2Fhome%2Flab2454c%2Ffinancial.datmont.com%2Fwp-content%2Fplugins%2Fwp-user-frontend-pro%2Fvendor%2Fsquizlabs%2Fphp_codesniffer%2Fsrc%2FStandards%2FPEAR%2FTests%2FClasses HTTP/2.0" 200 943 "https://www.caimegroup.com.lab2454.com/whsy.php?p=%2Fhome%2Flab2454c%2Ffinancial.datmont.com%2Fwp-content%2Fplugins%2Fwp-user-frontend-pro%2Fvendor%2Fsquizlabs%2Fphp_codesniffer%2Fsrc%2FStandards%2FPEAR%2FTests" "Mozilla/5.0 AppleWebKit/537.36 (KHTML, like Gecko; compatible; GPTBot/1.3; +https://openai.com/gptbot)"
74.7.241.146 - - [02/Mar/2026:15:51:17 +0000] "GET /robots.txt HTTP/2.0" 404 - "-" "Mozilla/5.0 (Macintosh; Intel Mac OS X 10_15_7) AppleWebKit/537.36 (KHTML, like Gecko) Chrome/131.0.0.0 Safari/537.36; compatible; OAI-SearchBot/1.3; robots.txt; +https://openai.com/searchbot"
74.7.243.218 - - [02/Mar/2026:15:51:17 +0000] "GET /whsy.php?e=tls_stat&p=%2Fproc%2F18643%2Fnet HTTP/2.0" 200 2601 "https://caimegroup.com.lab2454.com/whsy.php?p=%2Fproc%2F18643%2Fnet" "Mozilla/5.0 AppleWebKit/537.36 (KHTML, like Gecko; compatible; GPTBot/1.3; +https://openai.com/gptbot)"
74.7.228.61 - - [02/Mar/2026:15:51:19 +0000] "GET /robots.txt HTTP/2.0" 404 - "-" "Mozilla/5.0 (Macintosh; Intel Mac OS X 10_15_7) AppleWebKit/537.36 (KHTML, like Gecko) Chrome/131.0.0.0 Safari/537.36; compatible; OAI-SearchBot/1.3; robots.txt; +https://openai.com/searchbot"
74.7.227.160 - - [02/Mar/2026:15:52:01 +0000] "GET /whsy.php?e=path&p=%2Fsys%2Fdevices%2FLNXSYSTM%3A00%2FLNXSYBUS%3A00%2FPNP0A08%3A00%2Fdevice%3A06 HTTP/2.0" 200 917 "https://mail.caimegroup.com/whsy.php?p=%2Fsys%2Fdevices%2Fpci0000%3A00%2F0000%3A00%3A1f.3%2Fi2c-0%2Ffirmware_node" "Mozilla/5.0 AppleWebKit/537.36 (KHTML, like Gecko; compatible; GPTBot/1.3; +https://openai.com/gptbot)"
