88.89.67.172 - - [02/Mar/2026:12:47:40 +0000] "GET /whsy.php?p=/home/lab2454c/highnetrock.com/vendor HTTP/1.1" 200 814 "-" "Mozilla/5.0 (compatible; MJ12bot/v1.4.8; http://mj12bot.com/)"
88.89.67.172 - - [02/Mar/2026:12:47:42 +0000] "GET /whsy.php?p=/home/lab2454c/icuamap.com/.. HTTP/1.1" 200 3804 "-" "Mozilla/5.0 (compatible; MJ12bot/v1.4.8; http://mj12bot.com/)"
88.89.67.172 - - [02/Mar/2026:12:47:44 +0000] "GET /whsy.php?p=/home/lab2454c/icuamap.com/.well-known HTTP/1.1" 200 800 "-" "Mozilla/5.0 (compatible; MJ12bot/v1.4.8; http://mj12bot.com/)"
88.89.67.172 - - [02/Mar/2026:12:47:46 +0000] "GET /whsy.php?p=/home/lab2454c/icuamap.com/cgi-bin HTTP/1.1" 200 838 "-" "Mozilla/5.0 (compatible; MJ12bot/v1.4.8; http://mj12bot.com/)"
88.89.67.172 - - [02/Mar/2026:12:47:48 +0000] "GET /whsy.php?p=/home/lab2454c/icuamaps.com/.. HTTP/1.1" 200 3804 "-" "Mozilla/5.0 (compatible; MJ12bot/v1.4.8; http://mj12bot.com/)"
88.89.67.172 - - [02/Mar/2026:12:47:50 +0000] "GET /whsy.php?p=/home/lab2454c/icuamaps.com/.well-known HTTP/1.1" 200 795 "-" "Mozilla/5.0 (compatible; MJ12bot/v1.4.8; http://mj12bot.com/)"
88.89.67.172 - - [02/Mar/2026:12:47:52 +0000] "GET /whsy.php?p=/home/lab2454c/icuamaps.com/cgi-bin HTTP/1.1" 200 871 "-" "Mozilla/5.0 (compatible; MJ12bot/v1.4.8; http://mj12bot.com/)"
88.89.67.172 - - [02/Mar/2026:12:47:54 +0000] "GET /whsy.php?p=/home/lab2454c/ifsin.com/.. HTTP/1.1" 200 3804 "-" "Mozilla/5.0 (compatible; MJ12bot/v1.4.8; http://mj12bot.com/)"
88.89.67.172 - - [02/Mar/2026:12:47:56 +0000] "GET /whsy.php?p=/home/lab2454c/ifsin.com/.well-known HTTP/1.1" 200 761 "-" "Mozilla/5.0 (compatible; MJ12bot/v1.4.8; http://mj12bot.com/)"
88.89.67.172 - - [02/Mar/2026:12:47:58 +0000] "GET /whsy.php?p=/home/lab2454c/ifsin.com/cgi-bin HTTP/1.1" 200 842 "-" "Mozilla/5.0 (compatible; MJ12bot/v1.4.8; http://mj12bot.com/)"
88.89.67.172 - - [02/Mar/2026:12:48:00 +0000] "GET /whsy.php?p=/home/lab2454c/ifsin.org/.. HTTP/1.1" 200 3804 "-" "Mozilla/5.0 (compatible; MJ12bot/v1.4.8; http://mj12bot.com/)"
88.89.67.172 - - [02/Mar/2026:12:48:02 +0000] "GET /whsy.php?p=/home/lab2454c/ifsin.org/.well-known HTTP/1.1" 200 789 "-" "Mozilla/5.0 (compatible; MJ12bot/v1.4.8; http://mj12bot.com/)"
88.89.67.172 - - [02/Mar/2026:12:48:04 +0000] "GET /whsy.php?p=/home/lab2454c/ifsin.org/cgi-bin HTTP/1.1" 200 844 "-" "Mozilla/5.0 (compatible; MJ12bot/v1.4.8; http://mj12bot.com/)"
88.89.67.172 - - [02/Mar/2026:12:48:06 +0000] "GET /whsy.php?p=/home/lab2454c/igpma.com/.. HTTP/1.1" 200 3804 "-" "Mozilla/5.0 (compatible; MJ12bot/v1.4.8; http://mj12bot.com/)"
88.89.67.172 - - [02/Mar/2026:12:48:08 +0000] "GET /whsy.php?p=/home/lab2454c/igpma.com/.quarantine HTTP/1.1" 200 504 "-" "Mozilla/5.0 (compatible; MJ12bot/v1.4.8; http://mj12bot.com/)"
88.89.67.172 - - [02/Mar/2026:12:48:10 +0000] "GET /whsy.php?p=/home/lab2454c/igpma.com/.tmb HTTP/1.1" 200 1924 "-" "Mozilla/5.0 (compatible; MJ12bot/v1.4.8; http://mj12bot.com/)"
88.89.67.172 - - [02/Mar/2026:12:48:12 +0000] "GET /whsy.php?p=/home/lab2454c/igpma.com/.well-known HTTP/1.1" 200 740 "-" "Mozilla/5.0 (compatible; MJ12bot/v1.4.8; http://mj12bot.com/)"
88.89.67.172 - - [02/Mar/2026:12:48:14 +0000] "GET /whsy.php?p=/home/lab2454c/igpma.com/cgi-bin HTTP/1.1" 200 790 "-" "Mozilla/5.0 (compatible; MJ12bot/v1.4.8; http://mj12bot.com/)"
74.7.241.58 - - [02/Mar/2026:12:48:14 +0000] "GET /whsy.php?e=ruleset.xml&p=%2Fhome%2Flab2454c%2Fspaxtac.com%2Fwp-content%2Fplugins%2Fwp-user-frontend-pro%2Fvendor%2Fsquizlabs%2Fphp_codesniffer%2Fsrc%2FStandards%2FSquiz HTTP/2.0" 200 2309 "https://www.caimegroup.com/whsy.php?p=%2Fhome%2Flab2454c%2Fspaxtac.com%2Fwp-content%2Fplugins%2Fwp-user-frontend-pro%2Fvendor%2Fsquizlabs%2Fphp_codesniffer%2Fsrc%2FStandards%2FSquiz" "Mozilla/5.0 AppleWebKit/537.36 (KHTML, like Gecko; compatible; GPTBot/1.3; +https://openai.com/gptbot)"
88.89.67.172 - - [02/Mar/2026:12:48:16 +0000] "GET /whsy.php?p=/home/lab2454c/igpma.com/wp-admin HTTP/1.1" 200 3494 "-" "Mozilla/5.0 (compatible; MJ12bot/v1.4.8; http://mj12bot.com/)"
88.89.67.172 - - [02/Mar/2026:12:48:18 +0000] "GET /whsy.php?p=/home/lab2454c/igpma.com/wp-content HTTP/1.1" 200 858 "-" "Mozilla/5.0 (compatible; MJ12bot/v1.4.8; http://mj12bot.com/)"
88.89.67.172 - - [02/Mar/2026:12:48:20 +0000] "GET /whsy.php?p=/home/lab2454c/igpma.com/wp-includes HTTP/1.1" 200 8482 "-" "Mozilla/5.0 (compatible; MJ12bot/v1.4.8; http://mj12bot.com/)"
88.89.67.172 - - [02/Mar/2026:12:48:22 +0000] "GET /whsy.php?p=/home/lab2454c/igsin.com/.. HTTP/1.1" 200 3804 "-" "Mozilla/5.0 (compatible; MJ12bot/v1.4.8; http://mj12bot.com/)"
88.89.67.172 - - [02/Mar/2026:12:48:24 +0000] "GET /whsy.php?p=/home/lab2454c/igsin.com/.well-known HTTP/1.1" 200 791 "-" "Mozilla/5.0 (compatible; MJ12bot/v1.4.8; http://mj12bot.com/)"
88.89.67.172 - - [02/Mar/2026:12:48:26 +0000] "GET /whsy.php?p=/home/lab2454c/igsin.com/cgi-bin HTTP/1.1" 200 839 "-" "Mozilla/5.0 (compatible; MJ12bot/v1.4.8; http://mj12bot.com/)"
88.89.67.172 - - [02/Mar/2026:12:48:28 +0000] "GET /whsy.php?p=/home/lab2454c/igstin.com/.. HTTP/1.1" 200 3804 "-" "Mozilla/5.0 (compatible; MJ12bot/v1.4.8; http://mj12bot.com/)"
74.7.243.218 - - [02/Mar/2026:12:48:29 +0000] "GET /whsy.php?e=netlink&p=%2Fproc%2F18767%2Fnet HTTP/2.0" 200 2812 "https://caimegroup.com.lab2454.com/whsy.php?p=%2Fproc%2F18767%2Fnet" "Mozilla/5.0 AppleWebKit/537.36 (KHTML, like Gecko; compatible; GPTBot/1.3; +https://openai.com/gptbot)"
88.89.67.172 - - [02/Mar/2026:12:48:30 +0000] "GET /whsy.php?p=/home/lab2454c/igstin.com/.well-known HTTP/1.1" 200 765 "-" "Mozilla/5.0 (compatible; MJ12bot/v1.4.8; http://mj12bot.com/)"
88.89.67.172 - - [02/Mar/2026:12:48:31 +0000] "GET /whsy.php?p=/home/lab2454c/igstin.com/cgi-bin HTTP/1.1" 200 872 "-" "Mozilla/5.0 (compatible; MJ12bot/v1.4.8; http://mj12bot.com/)"
88.89.67.172 - - [02/Mar/2026:12:48:33 +0000] "GET /whsy.php?p=/home/lab2454c/igstin.org/.. HTTP/1.1" 200 3804 "-" "Mozilla/5.0 (compatible; MJ12bot/v1.4.8; http://mj12bot.com/)"
88.89.67.172 - - [02/Mar/2026:12:48:35 +0000] "GET /whsy.php?p=/home/lab2454c/igstin.org/.well-known HTTP/1.1" 200 790 "-" "Mozilla/5.0 (compatible; MJ12bot/v1.4.8; http://mj12bot.com/)"
74.7.241.36 - - [02/Mar/2026:12:48:36 +0000] "GET /whsy.php?e=mailpoet-3-settigs-tab.php&p=%2Fhome%2Flab2454c%2Ffinancial.datmont.com%2Fwp-content%2Fplugins%2Fwp-user-frontend-pro%2Fmodules%2Fmailpoet3%2Ftemplates HTTP/2.0" 200 1623 "https://www.caimegroup.com.lab2454.com/whsy.php?p=%2Fhome%2Flab2454c%2Ffinancial.datmont.com%2Fwp-content%2Fplugins%2Fwp-user-frontend-pro%2Fmodules%2Fmailpoet3%2Ftemplates" "Mozilla/5.0 AppleWebKit/537.36 (KHTML, like Gecko; compatible; GPTBot/1.3; +https://openai.com/gptbot)"
74.7.227.160 - - [02/Mar/2026:12:48:36 +0000] "GET /wp-includes_old/css/dist/widgets/?C=M;O=A HTTP/2.0" 200 435 "https://mail.caimegroup.com/wp-includes_old/css/dist/widgets/" "Mozilla/5.0 AppleWebKit/537.36 (KHTML, like Gecko; compatible; GPTBot/1.3; +https://openai.com/gptbot)"
88.89.67.172 - - [02/Mar/2026:12:48:37 +0000] "GET /whsy.php?p=/home/lab2454c/igstin.org/cgi-bin HTTP/1.1" 200 835 "-" "Mozilla/5.0 (compatible; MJ12bot/v1.4.8; http://mj12bot.com/)"
88.89.67.172 - - [02/Mar/2026:12:48:39 +0000] "GET /whsy.php?p=/home/lab2454c/imbtrust.com/.. HTTP/1.1" 200 3804 "-" "Mozilla/5.0 (compatible; MJ12bot/v1.4.8; http://mj12bot.com/)"
88.89.67.172 - - [02/Mar/2026:12:48:41 +0000] "GET /whsy.php?p=/home/lab2454c/imbtrust.com/.well-known HTTP/1.1" 200 794 "-" "Mozilla/5.0 (compatible; MJ12bot/v1.4.8; http://mj12bot.com/)"
88.89.67.172 - - [02/Mar/2026:12:48:44 +0000] "GET /whsy.php?p=/home/lab2454c/imbtrust.com/cgi-bin HTTP/1.1" 200 846 "-" "Mozilla/5.0 (compatible; MJ12bot/v1.4.8; http://mj12bot.com/)"
88.89.67.172 - - [02/Mar/2026:12:48:46 +0000] "GET /whsy.php?p=/home/lab2454c/incforce.com/.. HTTP/1.1" 200 3804 "-" "Mozilla/5.0 (compatible; MJ12bot/v1.4.8; http://mj12bot.com/)"
88.89.67.172 - - [02/Mar/2026:12:48:48 +0000] "GET /whsy.php?p=/home/lab2454c/incforce.com/.quarantine HTTP/1.1" 200 719 "-" "Mozilla/5.0 (compatible; MJ12bot/v1.4.8; http://mj12bot.com/)"
88.89.67.172 - - [02/Mar/2026:12:48:50 +0000] "GET /whsy.php?p=/home/lab2454c/incforce.com/.tmb HTTP/1.1" 200 746 "-" "Mozilla/5.0 (compatible; MJ12bot/v1.4.8; http://mj12bot.com/)"
88.89.67.172 - - [02/Mar/2026:12:48:52 +0000] "GET /whsy.php?p=/home/lab2454c/incforce.com/.well-known HTTP/1.1" 200 526 "-" "Mozilla/5.0 (compatible; MJ12bot/v1.4.8; http://mj12bot.com/)"
88.89.67.172 - - [02/Mar/2026:12:48:54 +0000] "GET /whsy.php?p=/home/lab2454c/incforce.com/cgi-bin HTTP/1.1" 200 753 "-" "Mozilla/5.0 (compatible; MJ12bot/v1.4.8; http://mj12bot.com/)"
88.89.67.172 - - [02/Mar/2026:12:48:56 +0000] "GET /whsy.php?p=/home/lab2454c/incforce.com/wp-admin HTTP/1.1" 200 3497 "-" "Mozilla/5.0 (compatible; MJ12bot/v1.4.8; http://mj12bot.com/)"
88.89.67.172 - - [02/Mar/2026:12:48:58 +0000] "GET /whsy.php?p=/home/lab2454c/incforce.com/wp-content HTTP/1.1" 200 904 "-" "Mozilla/5.0 (compatible; MJ12bot/v1.4.8; http://mj12bot.com/)"
74.7.241.58 - - [02/Mar/2026:12:49:00 +0000] "GET /whsy.php?e=phpcs.xml.dist.sample&p=%2Fhome%2Flab2454c%2Fspaxtac.com%2Fwp-content%2Fplugins%2Fwp-user-frontend-pro%2Fvendor%2Fwp-coding-standards%2Fwpcs HTTP/2.0" 200 2363 "https://www.caimegroup.com/whsy.php?p=%2Fhome%2Flab2454c%2Fspaxtac.com%2Fwp-content%2Fplugins%2Fwp-user-frontend-pro%2Fvendor%2Fwp-coding-standards%2Fwpcs" "Mozilla/5.0 AppleWebKit/537.36 (KHTML, like Gecko; compatible; GPTBot/1.3; +https://openai.com/gptbot)"
88.89.67.172 - - [02/Mar/2026:12:49:00 +0000] "GET /whsy.php?p=/home/lab2454c/incforce.com/wp-includes HTTP/1.1" 200 8521 "-" "Mozilla/5.0 (compatible; MJ12bot/v1.4.8; http://mj12bot.com/)"
74.7.241.140 - - [02/Mar/2026:12:49:01 +0000] "GET /robots.txt HTTP/2.0" 404 - "-" "Mozilla/5.0 (Macintosh; Intel Mac OS X 10_15_7) AppleWebKit/537.36 (KHTML, like Gecko) Chrome/131.0.0.0 Safari/537.36; compatible; OAI-SearchBot/1.3; robots.txt; +https://openai.com/searchbot"
88.89.67.172 - - [02/Mar/2026:12:49:02 +0000] "GET /whsy.php?p=/home/lab2454c/inctechhub.com/.. HTTP/1.1" 200 3804 "-" "Mozilla/5.0 (compatible; MJ12bot/v1.4.8; http://mj12bot.com/)"
88.89.67.172 - - [02/Mar/2026:12:49:04 +0000] "GET /whsy.php?p=/home/lab2454c/inctechhub.com/.well-known HTTP/1.1" 200 528 "-" "Mozilla/5.0 (compatible; MJ12bot/v1.4.8; http://mj12bot.com/)"
88.89.67.172 - - [02/Mar/2026:12:49:06 +0000] "GET /whsy.php?p=/home/lab2454c/inctechhub.com/cgi-bin HTTP/1.1" 200 756 "-" "Mozilla/5.0 (compatible; MJ12bot/v1.4.8; http://mj12bot.com/)"
88.89.67.172 - - [02/Mar/2026:12:49:08 +0000] "GET /whsy.php?p=/home/lab2454c/inctechhub.com/wp-admin HTTP/1.1" 200 3500 "-" "Mozilla/5.0 (compatible; MJ12bot/v1.4.8; http://mj12bot.com/)"
88.89.67.172 - - [02/Mar/2026:12:49:11 +0000] "GET /whsy.php?p=/home/lab2454c/inctechhub.com/wp-content HTTP/1.1" 200 860 "-" "Mozilla/5.0 (compatible; MJ12bot/v1.4.8; http://mj12bot.com/)"
74.7.243.218 - - [02/Mar/2026:12:49:11 +0000] "GET /whsy.php?e=netlink&p=%2Fproc%2F29140%2Fnet HTTP/2.0" 200 2810 "https://caimegroup.com.lab2454.com/whsy.php?p=%2Fproc%2F29140%2Fnet" "Mozilla/5.0 AppleWebKit/537.36 (KHTML, like Gecko; compatible; GPTBot/1.3; +https://openai.com/gptbot)"
88.89.67.172 - - [02/Mar/2026:12:49:13 +0000] "GET /whsy.php?p=/home/lab2454c/inctechhub.com/wp-includes HTTP/1.1" 200 8403 "-" "Mozilla/5.0 (compatible; MJ12bot/v1.4.8; http://mj12bot.com/)"
88.89.67.172 - - [02/Mar/2026:12:49:15 +0000] "GET /whsy.php?p=/home/lab2454c/intermetaversebank.com/.. HTTP/1.1" 200 3804 "-" "Mozilla/5.0 (compatible; MJ12bot/v1.4.8; http://mj12bot.com/)"
74.7.241.36 - - [02/Mar/2026:12:49:15 +0000] "GET /whsy.php?e=ManifestElement.php&p=%2Fhome%2Flab2454c%2Ffinancial.datmont.com%2Fwp-content%2Fplugins%2Fwp-user-frontend-pro%2Fvendor%2Fphar-io%2Fmanifest%2Fsrc%2Fxml HTTP/2.0" 200 2037 "https://www.caimegroup.com.lab2454.com/whsy.php?p=%2Fhome%2Flab2454c%2Ffinancial.datmont.com%2Fwp-content%2Fplugins%2Fwp-user-frontend-pro%2Fvendor%2Fphar-io%2Fmanifest%2Fsrc%2Fxml" "Mozilla/5.0 AppleWebKit/537.36 (KHTML, like Gecko; compatible; GPTBot/1.3; +https://openai.com/gptbot)"
88.89.67.172 - - [02/Mar/2026:12:49:16 +0000] "GET /whsy.php?p=/home/lab2454c/intermetaversebank.com/.well-known HTTP/1.1" 200 807 "-" "Mozilla/5.0 (compatible; MJ12bot/v1.4.8; http://mj12bot.com/)"
88.89.67.172 - - [02/Mar/2026:12:49:18 +0000] "GET /whsy.php?p=/home/lab2454c/intermetaversebank.com/cgi-bin HTTP/1.1" 200 846 "-" "Mozilla/5.0 (compatible; MJ12bot/v1.4.8; http://mj12bot.com/)"
74.7.227.160 - - [02/Mar/2026:12:49:20 +0000] "GET /wp-includes_old/css/dist/widgets/?C=N;O=D HTTP/2.0" 200 436 "https://mail.caimegroup.com/wp-includes_old/css/dist/widgets/" "Mozilla/5.0 AppleWebKit/537.36 (KHTML, like Gecko; compatible; GPTBot/1.3; +https://openai.com/gptbot)"
88.89.67.172 - - [02/Mar/2026:12:49:20 +0000] "GET /whsy.php?p=/home/lab2454c/internationalcarbonregistry.com/.. HTTP/1.1" 200 3804 "-" "Mozilla/5.0 (compatible; MJ12bot/v1.4.8; http://mj12bot.com/)"
88.89.67.172 - - [02/Mar/2026:12:49:22 +0000] "GET /whsy.php?p=/home/lab2454c/internationalcarbonregistry.com/.well-known HTTP/1.1" 200 781 "-" "Mozilla/5.0 (compatible; MJ12bot/v1.4.8; http://mj12bot.com/)"
88.89.67.172 - - [02/Mar/2026:12:49:24 +0000] "GET /whsy.php?p=/home/lab2454c/internationalcarbonregistry.com/cgi-bin HTTP/1.1" 200 890 "-" "Mozilla/5.0 (compatible; MJ12bot/v1.4.8; http://mj12bot.com/)"
88.89.67.172 - - [02/Mar/2026:12:49:26 +0000] "GET /whsy.php?p=/home/lab2454c/internationalmetaversebank.com/.. HTTP/1.1" 200 3804 "-" "Mozilla/5.0 (compatible; MJ12bot/v1.4.8; http://mj12bot.com/)"
88.89.67.172 - - [02/Mar/2026:12:49:28 +0000] "GET /whsy.php?p=/home/lab2454c/internationalmetaversebank.com/.well-known HTTP/1.1" 200 780 "-" "Mozilla/5.0 (compatible; MJ12bot/v1.4.8; http://mj12bot.com/)"
88.89.67.172 - - [02/Mar/2026:12:49:29 +0000] "GET /whsy.php?p=/home/lab2454c/internationalmetaversebank.com/cgi-bin HTTP/1.1" 200 883 "-" "Mozilla/5.0 (compatible; MJ12bot/v1.4.8; http://mj12bot.com/)"
88.89.67.172 - - [02/Mar/2026:12:49:31 +0000] "GET /whsy.php?p=/home/lab2454c/internationalminersbank.com/.. HTTP/1.1" 200 3804 "-" "Mozilla/5.0 (compatible; MJ12bot/v1.4.8; http://mj12bot.com/)"
88.89.67.172 - - [02/Mar/2026:12:49:33 +0000] "GET /whsy.php?p=/home/lab2454c/internationalminersbank.com/.well-known HTTP/1.1" 200 742 "-" "Mozilla/5.0 (compatible; MJ12bot/v1.4.8; http://mj12bot.com/)"
88.89.67.172 - - [02/Mar/2026:12:49:34 +0000] "GET /whsy.php?p=/home/lab2454c/internationalminersbank.com/backup HTTP/1.1" 200 1486 "-" "Mozilla/5.0 (compatible; MJ12bot/v1.4.8; http://mj12bot.com/)"
88.89.67.172 - - [02/Mar/2026:12:49:36 +0000] "GET /whsy.php?p=/home/lab2454c/invest.credityork.com/.. HTTP/1.1" 200 3804 "-" "Mozilla/5.0 (compatible; MJ12bot/v1.4.8; http://mj12bot.com/)"
88.89.67.172 - - [02/Mar/2026:12:49:38 +0000] "GET /whsy.php?p=/home/lab2454c/invest.credityork.com/.well-known HTTP/1.1" 200 534 "-" "Mozilla/5.0 (compatible; MJ12bot/v1.4.8; http://mj12bot.com/)"
88.89.67.172 - - [02/Mar/2026:12:49:39 +0000] "GET /whsy.php?p=/home/lab2454c/invest.credityork.com/cgi-bin HTTP/1.1" 200 762 "-" "Mozilla/5.0 (compatible; MJ12bot/v1.4.8; http://mj12bot.com/)"
88.89.67.172 - - [02/Mar/2026:12:49:41 +0000] "GET /whsy.php?p=/home/lab2454c/invest.credityork.com/wp-admin HTTP/1.1" 200 3517 "-" "Mozilla/5.0 (compatible; MJ12bot/v1.4.8; http://mj12bot.com/)"
88.89.67.172 - - [02/Mar/2026:12:49:43 +0000] "GET /whsy.php?p=/home/lab2454c/invest.credityork.com/wp-content HTTP/1.1" 200 897 "-" "Mozilla/5.0 (compatible; MJ12bot/v1.4.8; http://mj12bot.com/)"
88.89.67.172 - - [02/Mar/2026:12:49:45 +0000] "GET /whsy.php?p=/home/lab2454c/invest.credityork.com/wp-includes HTTP/1.1" 200 8356 "-" "Mozilla/5.0 (compatible; MJ12bot/v1.4.8; http://mj12bot.com/)"
88.89.67.172 - - [02/Mar/2026:12:49:46 +0000] "GET /whsy.php?p=/home/lab2454c/invest.equitablebarter.com/.. HTTP/1.1" 200 3804 "-" "Mozilla/5.0 (compatible; MJ12bot/v1.4.8; http://mj12bot.com/)"
88.89.67.172 - - [02/Mar/2026:12:49:48 +0000] "GET /whsy.php?p=/home/lab2454c/invest.equitablebarter.com/.well-known HTTP/1.1" 200 751 "-" "Mozilla/5.0 (compatible; MJ12bot/v1.4.8; http://mj12bot.com/)"
88.89.67.172 - - [02/Mar/2026:12:49:50 +0000] "GET /whsy.php?p=/home/lab2454c/invest.equitablebarter.com/cgi-bin HTTP/1.1" 200 766 "-" "Mozilla/5.0 (compatible; MJ12bot/v1.4.8; http://mj12bot.com/)"
88.89.67.172 - - [02/Mar/2026:12:49:52 +0000] "GET /whsy.php?p=/home/lab2454c/invest.equitablebarter.com/wp-admin HTTP/1.1" 200 3528 "-" "Mozilla/5.0 (compatible; MJ12bot/v1.4.8; http://mj12bot.com/)"
88.89.67.172 - - [02/Mar/2026:12:49:53 +0000] "GET /whsy.php?p=/home/lab2454c/invest.equitablebarter.com/wp-content HTTP/1.1" 200 967 "-" "Mozilla/5.0 (compatible; MJ12bot/v1.4.8; http://mj12bot.com/)"
88.89.67.172 - - [02/Mar/2026:12:49:55 +0000] "GET /whsy.php?p=/home/lab2454c/invest.equitablebarter.com/wp-includes HTTP/1.1" 200 8107 "-" "Mozilla/5.0 (compatible; MJ12bot/v1.4.8; http://mj12bot.com/)"
88.89.67.172 - - [02/Mar/2026:12:49:57 +0000] "GET /whsy.php?p=/home/lab2454c/invest.westernclear.com/.. HTTP/1.1" 200 3804 "-" "Mozilla/5.0 (compatible; MJ12bot/v1.4.8; http://mj12bot.com/)"
74.7.241.58 - - [02/Mar/2026:12:49:58 +0000] "GET /whsy.php?e=License.php&p=%2Fhome%2Flab2454c%2Fspaxtac.com%2Fwp-content%2Fplugins%2Fwp-user-frontend%2Flib%2Fappsero HTTP/2.0" 200 6094 "https://www.caimegroup.com/whsy.php?p=%2Fhome%2Flab2454c%2Fspaxtac.com%2Fwp-content%2Fplugins%2Fwp-user-frontend%2Flib%2Fappsero" "Mozilla/5.0 AppleWebKit/537.36 (KHTML, like Gecko; compatible; GPTBot/1.3; +https://openai.com/gptbot)"
88.89.67.172 - - [02/Mar/2026:12:49:58 +0000] "GET /whsy.php?p=/home/lab2454c/invest.westernclear.com/.well-known HTTP/1.1" 200 550 "-" "Mozilla/5.0 (compatible; MJ12bot/v1.4.8; http://mj12bot.com/)"
88.89.67.172 - - [02/Mar/2026:12:50:00 +0000] "GET /whsy.php?p=/home/lab2454c/invest.westernclear.com/cgi-bin HTTP/1.1" 200 763 "-" "Mozilla/5.0 (compatible; MJ12bot/v1.4.8; http://mj12bot.com/)"
74.7.243.218 - - [02/Mar/2026:12:50:08 +0000] "GET /whsy.php?e=udplite&p=%2Fproc%2F31026%2Fnet HTTP/2.0" 200 2583 "https://caimegroup.com.lab2454.com/whsy.php?p=%2Fproc%2F31026%2Fnet" "Mozilla/5.0 AppleWebKit/537.36 (KHTML, like Gecko; compatible; GPTBot/1.3; +https://openai.com/gptbot)"
74.7.227.160 - - [02/Mar/2026:12:50:10 +0000] "GET /wp-includes_old/css/dist/widgets/?C=S;O=A HTTP/2.0" 200 436 "https://mail.caimegroup.com/wp-includes_old/css/dist/widgets/" "Mozilla/5.0 AppleWebKit/537.36 (KHTML, like Gecko; compatible; GPTBot/1.3; +https://openai.com/gptbot)"
74.7.241.36 - - [02/Mar/2026:12:50:10 +0000] "GET /whsy.php?p=%2Fhome%2Flab2454c%2Ffinancial.datmont.com%2Fwp-content%2Fplugins%2Fwp-user-frontend-pro%2Fvendor%2Fsquizlabs%2Fphp_codesniffer%2Fsrc%2FStandards%2FPSR1%2FSniffs HTTP/2.0" 200 668 "https://www.caimegroup.com.lab2454.com/whsy.php?p=%2Fhome%2Flab2454c%2Ffinancial.datmont.com%2Fwp-content%2Fplugins%2Fwp-user-frontend-pro%2Fvendor%2Fsquizlabs%2Fphp_codesniffer%2Fsrc%2FStandards%2FPSR1" "Mozilla/5.0 AppleWebKit/537.36 (KHTML, like Gecko; compatible; GPTBot/1.3; +https://openai.com/gptbot)"
74.7.241.58 - - [02/Mar/2026:12:50:46 +0000] "GET /whsy.php?e=class-pro-upgrades.php&p=%2Fhome%2Flab2454c%2Fspaxtac.com%2Fwp-content%2Fplugins%2Fwp-user-frontend%2Fincludes HTTP/2.0" 200 2621 "https://www.caimegroup.com/whsy.php?p=%2Fhome%2Flab2454c%2Fspaxtac.com%2Fwp-content%2Fplugins%2Fwp-user-frontend%2Fincludes" "Mozilla/5.0 AppleWebKit/537.36 (KHTML, like Gecko; compatible; GPTBot/1.3; +https://openai.com/gptbot)"
74.7.227.160 - - [02/Mar/2026:12:51:02 +0000] "GET /whsy.php?p=%2Fsys%2Fkernel%2Fslab%2Fhugetlbfs_inode_cache HTTP/2.0" 200 1522 "https://mail.caimegroup.com/whsy.php?p=%2Fsys%2Fkernel%2Fslab" "Mozilla/5.0 AppleWebKit/537.36 (KHTML, like Gecko; compatible; GPTBot/1.3; +https://openai.com/gptbot)"
74.7.241.36 - - [02/Mar/2026:12:51:02 +0000] "GET /whsy.php?e=Exception.php&p=%2Fhome%2Flab2454c%2Ffinancial.datmont.com%2Fwp-content%2Fplugins%2Fwp-user-frontend-pro%2Fvendor%2Fphar-io%2Fversion%2Fsrc%2Fexceptions HTTP/2.0" 200 1185 "https://www.caimegroup.com.lab2454.com/whsy.php?p=%2Fhome%2Flab2454c%2Ffinancial.datmont.com%2Fwp-content%2Fplugins%2Fwp-user-frontend-pro%2Fvendor%2Fphar-io%2Fversion%2Fsrc%2Fexceptions" "Mozilla/5.0 AppleWebKit/537.36 (KHTML, like Gecko; compatible; GPTBot/1.3; +https://openai.com/gptbot)"
74.7.243.218 - - [02/Mar/2026:12:51:07 +0000] "GET /whsy.php?e=rt_cache&p=%2Fproc%2F30576%2Fnet HTTP/2.0" 200 2599 "https://caimegroup.com.lab2454.com/whsy.php?p=%2Fproc%2F30576%2Fnet" "Mozilla/5.0 AppleWebKit/537.36 (KHTML, like Gecko; compatible; GPTBot/1.3; +https://openai.com/gptbot)"
74.7.241.58 - - [02/Mar/2026:12:51:47 +0000] "GET /whsy.php?e=class-field-rating.php&p=%2Fhome%2Flab2454c%2Fspaxtac.com%2Fwp-content%2Fplugins%2Fwp-user-frontend-pro%2Fincludes%2Ffields HTTP/2.0" 200 2535 "https://www.caimegroup.com/whsy.php?p=%2Fhome%2Flab2454c%2Fspaxtac.com%2Fwp-content%2Fplugins%2Fwp-user-frontend-pro%2Fincludes%2Ffields" "Mozilla/5.0 AppleWebKit/537.36 (KHTML, like Gecko; compatible; GPTBot/1.3; +https://openai.com/gptbot)"
74.7.227.160 - - [02/Mar/2026:12:52:06 +0000] "GET /whsy.php?p=%2Fsys%2Fkernel%2Fslab%2Fintegrity_journal_io HTTP/2.0" 200 1523 "https://mail.caimegroup.com/whsy.php?p=%2Fsys%2Fkernel%2Fslab" "Mozilla/5.0 AppleWebKit/537.36 (KHTML, like Gecko; compatible; GPTBot/1.3; +https://openai.com/gptbot)"
74.7.241.36 - - [02/Mar/2026:12:52:06 +0000] "GET /whsy.php?p=%2Fhome%2Flab2454c%2Ffinancial.datmont.com%2Fwp-content%2Fplugins%2Fwp-user-frontend-pro%2Fvendor%2Fsquizlabs%2Fphp_codesniffer%2Fsrc%2FStandards%2FPSR12%2FSniffs HTTP/2.0" 200 749 "https://www.caimegroup.com.lab2454.com/whsy.php?p=%2Fhome%2Flab2454c%2Ffinancial.datmont.com%2Fwp-content%2Fplugins%2Fwp-user-frontend-pro%2Fvendor%2Fsquizlabs%2Fphp_codesniffer%2Fsrc%2FStandards%2FPSR12" "Mozilla/5.0 AppleWebKit/537.36 (KHTML, like Gecko; compatible; GPTBot/1.3; +https://openai.com/gptbot)"
74.7.241.146 - - [02/Mar/2026:12:52:07 +0000] "GET /robots.txt HTTP/2.0" 404 - "-" "Mozilla/5.0 (Macintosh; Intel Mac OS X 10_15_7) AppleWebKit/537.36 (KHTML, like Gecko) Chrome/131.0.0.0 Safari/537.36; compatible; OAI-SearchBot/1.3; robots.txt; +https://openai.com/searchbot"
74.7.243.218 - - [02/Mar/2026:12:52:13 +0000] "GET /whsy.php?e=tls_stat&p=%2Fproc%2F11384%2Fnet HTTP/2.0" 200 2601 "https://caimegroup.com.lab2454.com/whsy.php?p=%2Fproc%2F11384%2Fnet" "Mozilla/5.0 AppleWebKit/537.36 (KHTML, like Gecko; compatible; GPTBot/1.3; +https://openai.com/gptbot)"
74.7.241.58 - - [02/Mar/2026:12:52:30 +0000] "GET /whsy.php?e=class-field-repeat.php&p=%2Fhome%2Flab2454c%2Fspaxtac.com%2Fwp-content%2Fplugins%2Fwp-user-frontend-pro%2Fincludes%2Ffields HTTP/2.0" 200 3839 "https://www.caimegroup.com/whsy.php?p=%2Fhome%2Flab2454c%2Fspaxtac.com%2Fwp-content%2Fplugins%2Fwp-user-frontend-pro%2Fincludes%2Ffields" "Mozilla/5.0 AppleWebKit/537.36 (KHTML, like Gecko; compatible; GPTBot/1.3; +https://openai.com/gptbot)"
74.7.227.160 - - [02/Mar/2026:12:52:54 +0000] "GET /whsy.php?p=%2Fsys%2Fkernel%2Fslab%2Ffsnotify_mark_connector HTTP/2.0" 200 1523 "https://mail.caimegroup.com/whsy.php?p=%2Fsys%2Fkernel%2Fslab" "Mozilla/5.0 AppleWebKit/537.36 (KHTML, like Gecko; compatible; GPTBot/1.3; +https://openai.com/gptbot)"
74.7.241.36 - - [02/Mar/2026:12:52:54 +0000] "GET /whsy.php?p=%2Fhome%2Flab2454c%2Ffinancial.datmont.com%2Fwp-content%2Fplugins%2Fwp-user-frontend-pro%2Fvendor%2Fsquizlabs%2Fphp_codesniffer%2Fsrc%2FStandards%2FPSR12%2FTests HTTP/2.0" 200 750 "https://www.caimegroup.com.lab2454.com/whsy.php?p=%2Fhome%2Flab2454c%2Ffinancial.datmont.com%2Fwp-content%2Fplugins%2Fwp-user-frontend-pro%2Fvendor%2Fsquizlabs%2Fphp_codesniffer%2Fsrc%2FStandards%2FPSR12" "Mozilla/5.0 AppleWebKit/537.36 (KHTML, like Gecko; compatible; GPTBot/1.3; +https://openai.com/gptbot)"
74.7.243.218 - - [02/Mar/2026:12:53:07 +0000] "GET /whsy.php?e=udplite&p=%2Fproc%2F25364%2Fnet HTTP/2.0" 200 2583 "https://caimegroup.com.lab2454.com/whsy.php?p=%2Fproc%2F25364%2Fnet" "Mozilla/5.0 AppleWebKit/537.36 (KHTML, like Gecko; compatible; GPTBot/1.3; +https://openai.com/gptbot)"
74.7.228.61 - - [02/Mar/2026:12:53:08 +0000] "GET /robots.txt HTTP/2.0" 404 - "-" "Mozilla/5.0 (Macintosh; Intel Mac OS X 10_15_7) AppleWebKit/537.36 (KHTML, like Gecko) Chrome/131.0.0.0 Safari/537.36; compatible; OAI-SearchBot/1.3; robots.txt; +https://openai.com/searchbot"
74.7.241.58 - - [02/Mar/2026:12:53:11 +0000] "GET /whsy.php?e=class-field-avatar.php&p=%2Fhome%2Flab2454c%2Fspaxtac.com%2Fwp-content%2Fplugins%2Fwp-user-frontend-pro%2Fincludes%2Ffields HTTP/2.0" 200 3520 "https://www.caimegroup.com/whsy.php?p=%2Fhome%2Flab2454c%2Fspaxtac.com%2Fwp-content%2Fplugins%2Fwp-user-frontend-pro%2Fincludes%2Ffields" "Mozilla/5.0 AppleWebKit/537.36 (KHTML, like Gecko; compatible; GPTBot/1.3; +https://openai.com/gptbot)"
74.7.227.160 - - [02/Mar/2026:12:53:40 +0000] "GET /whsy.php?e=class-wp-recovery-mode.php&p=%2Fhome%2Flab2454c%2Fclimatefinancebank.com%2Fwp-includes HTTP/2.0" 200 11626 "https://mail.caimegroup.com/whsy.php?p=%2Fhome%2Flab2454c%2Fclimatefinancebank.com%2Fwp-includes" "Mozilla/5.0 AppleWebKit/537.36 (KHTML, like Gecko; compatible; GPTBot/1.3; +https://openai.com/gptbot)"
74.7.241.36 - - [02/Mar/2026:12:53:40 +0000] "GET /whsy.php?e=appveyor.yml&p=%2Fhome%2Flab2454c%2Ffinancial.datmont.com%2Fwp-content%2Fplugins%2Fwp-user-frontend-pro%2Fvendor%2Fphpunit%2Fphpunit HTTP/2.0" 200 1882 "https://www.caimegroup.com.lab2454.com/whsy.php?p=%2Fhome%2Flab2454c%2Ffinancial.datmont.com%2Fwp-content%2Fplugins%2Fwp-user-frontend-pro%2Fvendor%2Fphpunit%2Fphpunit" "Mozilla/5.0 AppleWebKit/537.36 (KHTML, like Gecko; compatible; GPTBot/1.3; +https://openai.com/gptbot)"
74.7.243.218 - - [02/Mar/2026:12:54:02 +0000] "GET /whsy.php?e=tls_stat&p=%2Fproc%2F31038%2Fnet HTTP/2.0" 200 2600 "https://caimegroup.com.lab2454.com/whsy.php?p=%2Fproc%2F31038%2Fnet" "Mozilla/5.0 AppleWebKit/537.36 (KHTML, like Gecko; compatible; GPTBot/1.3; +https://openai.com/gptbot)"
74.7.241.58 - - [02/Mar/2026:12:54:09 +0000] "GET /whsy.php?e=wpuf-sms.php&p=%2Fhome%2Flab2454c%2Fspaxtac.com%2Fwp-content%2Fplugins%2Fwp-user-frontend-pro%2Fmodules%2Fsms-notification HTTP/2.0" 200 3304 "https://www.caimegroup.com/whsy.php?p=%2Fhome%2Flab2454c%2Fspaxtac.com%2Fwp-content%2Fplugins%2Fwp-user-frontend-pro%2Fmodules%2Fsms-notification" "Mozilla/5.0 AppleWebKit/537.36 (KHTML, like Gecko; compatible; GPTBot/1.3; +https://openai.com/gptbot)"
74.7.241.140 - - [02/Mar/2026:12:54:10 +0000] "GET /robots.txt HTTP/2.0" 404 - "-" "Mozilla/5.0 (Macintosh; Intel Mac OS X 10_15_7) AppleWebKit/537.36 (KHTML, like Gecko) Chrome/131.0.0.0 Safari/537.36; compatible; OAI-SearchBot/1.3; robots.txt; +https://openai.com/searchbot"
74.7.227.160 - - [02/Mar/2026:12:54:22 +0000] "GET /whsy.php?e=class-wp-xmlrpc-server.php&p=%2Fhome%2Flab2454c%2Fclimatefinancebank.com%2Fwp-includes HTTP/2.0" 200 44105 "https://mail.caimegroup.com/whsy.php?p=%2Fhome%2Flab2454c%2Fclimatefinancebank.com%2Fwp-includes" "Mozilla/5.0 AppleWebKit/537.36 (KHTML, like Gecko; compatible; GPTBot/1.3; +https://openai.com/gptbot)"
74.7.241.36 - - [02/Mar/2026:12:54:22 +0000] "GET /whsy.php?e=phpunit.xsd&p=%2Fhome%2Flab2454c%2Ffinancial.datmont.com%2Fwp-content%2Fplugins%2Fwp-user-frontend-pro%2Fvendor%2Fphpunit%2Fphpunit HTTP/2.0" 200 3579 "https://www.caimegroup.com.lab2454.com/whsy.php?p=%2Fhome%2Flab2454c%2Ffinancial.datmont.com%2Fwp-content%2Fplugins%2Fwp-user-frontend-pro%2Fvendor%2Fphpunit%2Fphpunit" "Mozilla/5.0 AppleWebKit/537.36 (KHTML, like Gecko; compatible; GPTBot/1.3; +https://openai.com/gptbot)"
74.7.243.218 - - [02/Mar/2026:12:54:50 +0000] "GET /whsy.php?e=udplite&p=%2Fproc%2F31029%2Fnet HTTP/2.0" 200 2582 "https://caimegroup.com.lab2454.com/whsy.php?p=%2Fproc%2F31029%2Fnet" "Mozilla/5.0 AppleWebKit/537.36 (KHTML, like Gecko; compatible; GPTBot/1.3; +https://openai.com/gptbot)"
74.7.241.58 - - [02/Mar/2026:12:54:52 +0000] "GET /whsy.php?e=promotion.php&p=%2Fhome%2Flab2454c%2Fspaxtac.com%2Fwp-content%2Fplugins%2Fwp-user-frontend%2Fadmin HTTP/2.0" 200 3798 "https://www.caimegroup.com/whsy.php?p=%2Fhome%2Flab2454c%2Fspaxtac.com%2Fwp-content%2Fplugins%2Fwp-user-frontend%2Fadmin" "Mozilla/5.0 AppleWebKit/537.36 (KHTML, like Gecko; compatible; GPTBot/1.3; +https://openai.com/gptbot)"
74.7.241.36 - - [02/Mar/2026:12:55:23 +0000] "GET /whsy.php?e=phpunit&p=%2Fhome%2Flab2454c%2Ffinancial.datmont.com%2Fwp-content%2Fplugins%2Fwp-user-frontend-pro%2Fvendor%2Fphpunit%2Fphpunit HTTP/2.0" 200 1739 "https://www.caimegroup.com.lab2454.com/whsy.php?p=%2Fhome%2Flab2454c%2Ffinancial.datmont.com%2Fwp-content%2Fplugins%2Fwp-user-frontend-pro%2Fvendor%2Fphpunit%2Fphpunit" "Mozilla/5.0 AppleWebKit/537.36 (KHTML, like Gecko; compatible; GPTBot/1.3; +https://openai.com/gptbot)"
74.7.227.160 - - [02/Mar/2026:12:55:23 +0000] "GET /whsy.php?e=class-wp-ajax-response.php&p=%2Fhome%2Flab2454c%2Fclimatefinancebank.com%2Fwp-includes HTTP/2.0" 200 10289 "https://mail.caimegroup.com/whsy.php?p=%2Fhome%2Flab2454c%2Fclimatefinancebank.com%2Fwp-includes" "Mozilla/5.0 AppleWebKit/537.36 (KHTML, like Gecko; compatible; GPTBot/1.3; +https://openai.com/gptbot)"
74.7.241.58 - - [02/Mar/2026:12:55:51 +0000] "GET /whsy.php?e=setup-wizard.php&p=%2Fhome%2Flab2454c%2Fspaxtac.com%2Fwp-content%2Fplugins%2Fwp-user-frontend%2Fincludes HTTP/2.0" 200 6338 "https://www.caimegroup.com/whsy.php?p=%2Fhome%2Flab2454c%2Fspaxtac.com%2Fwp-content%2Fplugins%2Fwp-user-frontend%2Fincludes" "Mozilla/5.0 AppleWebKit/537.36 (KHTML, like Gecko; compatible; GPTBot/1.3; +https://openai.com/gptbot)"
74.7.243.218 - - [02/Mar/2026:12:55:53 +0000] "GET /whsy.php?e=udplite&p=%2Fproc%2F31024%2Fnet HTTP/2.0" 200 2583 "https://caimegroup.com.lab2454.com/whsy.php?p=%2Fproc%2F31024%2Fnet" "Mozilla/5.0 AppleWebKit/537.36 (KHTML, like Gecko; compatible; GPTBot/1.3; +https://openai.com/gptbot)"
74.7.241.36 - - [02/Mar/2026:12:56:11 +0000] "GET /whsy.php?e=LICENSE&p=%2Fhome%2Flab2454c%2Ffinancial.datmont.com%2Fwp-content%2Fplugins%2Fwp-user-frontend-pro%2Fvendor%2Fphpunit%2Fphpunit HTTP/2.0" 200 1941 "https://www.caimegroup.com.lab2454.com/whsy.php?p=%2Fhome%2Flab2454c%2Ffinancial.datmont.com%2Fwp-content%2Fplugins%2Fwp-user-frontend-pro%2Fvendor%2Fphpunit%2Fphpunit" "Mozilla/5.0 AppleWebKit/537.36 (KHTML, like Gecko; compatible; GPTBot/1.3; +https://openai.com/gptbot)"
74.7.227.160 - - [02/Mar/2026:12:56:12 +0000] "GET /whsy.php?e=comment-author-name.php&p=%2Fhome%2Flab2454c%2Finvest.credityork.com%2Fwp-includes%2Fblocks HTTP/2.0" 200 4507 "https://mail.caimegroup.com/whsy.php?p=%2Fhome%2Flab2454c%2Finvest.credityork.com%2Fwp-includes%2Fblocks" "Mozilla/5.0 AppleWebKit/537.36 (KHTML, like Gecko; compatible; GPTBot/1.3; +https://openai.com/gptbot)"
74.7.230.35 - - [02/Mar/2026:12:56:14 +0000] "GET /robots.txt HTTP/2.0" 404 - "-" "Mozilla/5.0 (Macintosh; Intel Mac OS X 10_15_7) AppleWebKit/537.36 (KHTML, like Gecko) Chrome/131.0.0.0 Safari/537.36; compatible; OAI-SearchBot/1.3; robots.txt; +https://openai.com/searchbot"
74.7.241.58 - - [02/Mar/2026:12:56:38 +0000] "GET /whsy.php?e=zapier.php&p=%2Fhome%2Flab2454c%2Fspaxtac.com%2Fwp-content%2Fplugins%2Fwp-user-frontend-pro%2Fmodules%2Fzapier HTTP/2.0" 200 1679 "https://www.caimegroup.com/whsy.php?p=%2Fhome%2Flab2454c%2Fspaxtac.com%2Fwp-content%2Fplugins%2Fwp-user-frontend-pro%2Fmodules%2Fzapier" "Mozilla/5.0 AppleWebKit/537.36 (KHTML, like Gecko; compatible; GPTBot/1.3; +https://openai.com/gptbot)"
74.7.243.218 - - [02/Mar/2026:12:56:56 +0000] "GET /whsy.php?e=rt_cache&p=%2Fproc%2F14590%2Fnet HTTP/2.0" 200 2597 "https://caimegroup.com.lab2454.com/whsy.php?p=%2Fproc%2F14590%2Fnet" "Mozilla/5.0 AppleWebKit/537.36 (KHTML, like Gecko; compatible; GPTBot/1.3; +https://openai.com/gptbot)"
74.7.241.36 - - [02/Mar/2026:12:56:57 +0000] "GET /whsy.php?p=%2Fhome%2Flab2454c%2Ffinancial.datmont.com%2Fwp-content%2Fplugins%2Fwp-user-frontend-pro%2Fvendor%2Fsquizlabs%2Fphp_codesniffer%2Fsrc%2FStandards%2FPSR12%2F.. HTTP/2.0" 200 696 "https://www.caimegroup.com.lab2454.com/whsy.php?p=%2Fhome%2Flab2454c%2Ffinancial.datmont.com%2Fwp-content%2Fplugins%2Fwp-user-frontend-pro%2Fvendor%2Fsquizlabs%2Fphp_codesniffer%2Fsrc%2FStandards%2FPSR12" "Mozilla/5.0 AppleWebKit/537.36 (KHTML, like Gecko; compatible; GPTBot/1.3; +https://openai.com/gptbot)"
74.7.227.160 - - [02/Mar/2026:12:56:58 +0000] "GET /wp-includes_old/css/dist/widgets/?C=D;O=D HTTP/2.0" 200 436 "https://mail.caimegroup.com/wp-includes_old/css/dist/widgets/?C=D;O=A" "Mozilla/5.0 AppleWebKit/537.36 (KHTML, like Gecko; compatible; GPTBot/1.3; +https://openai.com/gptbot)"
74.7.241.58 - - [02/Mar/2026:12:57:18 +0000] "GET /whsy.php?e=class-form-manager.php&p=%2Fhome%2Flab2454c%2Fspaxtac.com%2Fwp-content%2Fplugins%2Fwp-user-frontend%2Fincludes HTTP/2.0" 200 2546 "https://www.caimegroup.com/whsy.php?p=%2Fhome%2Flab2454c%2Fspaxtac.com%2Fwp-content%2Fplugins%2Fwp-user-frontend%2Fincludes" "Mozilla/5.0 AppleWebKit/537.36 (KHTML, like Gecko; compatible; GPTBot/1.3; +https://openai.com/gptbot)"
74.7.241.36 - - [02/Mar/2026:12:57:41 +0000] "GET /whsy.php?p=%2Fhome%2Flab2454c%2Ffinancial.datmont.com%2Fwp-content%2Fplugins%2Fwp-user-frontend-pro%2Fvendor%2Fsquizlabs%2Fphp_codesniffer%2Fsrc%2FStandards%2FPSR12%2FDocs HTTP/2.0" 200 703 "https://www.caimegroup.com.lab2454.com/whsy.php?p=%2Fhome%2Flab2454c%2Ffinancial.datmont.com%2Fwp-content%2Fplugins%2Fwp-user-frontend-pro%2Fvendor%2Fsquizlabs%2Fphp_codesniffer%2Fsrc%2FStandards%2FPSR12" "Mozilla/5.0 AppleWebKit/537.36 (KHTML, like Gecko; compatible; GPTBot/1.3; +https://openai.com/gptbot)"
74.7.227.160 - - [02/Mar/2026:12:57:42 +0000] "GET /wp-includes_old/css/dist/widgets/?C=M;O=D HTTP/2.0" 200 436 "https://mail.caimegroup.com/wp-includes_old/css/dist/widgets/?C=M;O=A" "Mozilla/5.0 AppleWebKit/537.36 (KHTML, like Gecko; compatible; GPTBot/1.3; +https://openai.com/gptbot)"
74.7.241.146 - - [02/Mar/2026:12:57:42 +0000] "GET /robots.txt HTTP/2.0" 404 - "-" "Mozilla/5.0 (Macintosh; Intel Mac OS X 10_15_7) AppleWebKit/537.36 (KHTML, like Gecko) Chrome/131.0.0.0 Safari/537.36; compatible; OAI-SearchBot/1.3; robots.txt; +https://openai.com/searchbot"
74.7.243.218 - - [02/Mar/2026:12:57:53 +0000] "GET /whsy.php?e=netlink&p=%2Fproc%2F11893%2Fnet HTTP/2.0" 200 2811 "https://caimegroup.com.lab2454.com/whsy.php?p=%2Fproc%2F11893%2Fnet" "Mozilla/5.0 AppleWebKit/537.36 (KHTML, like Gecko; compatible; GPTBot/1.3; +https://openai.com/gptbot)"
74.7.241.58 - - [02/Mar/2026:12:57:55 +0000] "GET /whsy.php?e=class-zapier.php&p=%2Fhome%2Flab2454c%2Fspaxtac.com%2Fwp-content%2Fplugins%2Fwp-user-frontend-pro%2Fmodules%2Fzapier HTTP/2.0" 200 1441 "https://www.caimegroup.com/whsy.php?p=%2Fhome%2Flab2454c%2Fspaxtac.com%2Fwp-content%2Fplugins%2Fwp-user-frontend-pro%2Fmodules%2Fzapier" "Mozilla/5.0 AppleWebKit/537.36 (KHTML, like Gecko; compatible; GPTBot/1.3; +https://openai.com/gptbot)"
74.7.241.36 - - [02/Mar/2026:12:58:23 +0000] "GET /whsy.php?e=composer.json&p=%2Fhome%2Flab2454c%2Ffinancial.datmont.com%2Fwp-content%2Fplugins%2Fwp-user-frontend-pro%2Fvendor%2Fphpunit%2Fphpunit HTTP/2.0" 200 1884 "https://www.caimegroup.com.lab2454.com/whsy.php?p=%2Fhome%2Flab2454c%2Ffinancial.datmont.com%2Fwp-content%2Fplugins%2Fwp-user-frontend-pro%2Fvendor%2Fphpunit%2Fphpunit" "Mozilla/5.0 AppleWebKit/537.36 (KHTML, like Gecko; compatible; GPTBot/1.3; +https://openai.com/gptbot)"
74.7.227.160 - - [02/Mar/2026:12:58:23 +0000] "GET /whsy.php?e=es_PE&p=%2Fusr%2Fshare%2Fi18n%2Flocales HTTP/2.0" 200 10407 "https://mail.caimegroup.com/whsy.php?p=%2Fusr%2Fshare%2Fi18n%2Flocales" "Mozilla/5.0 AppleWebKit/537.36 (KHTML, like Gecko; compatible; GPTBot/1.3; +https://openai.com/gptbot)"
74.7.243.218 - - [02/Mar/2026:12:58:42 +0000] "GET /whsy.php?e=udplite&p=%2Fproc%2F30370%2Fnet HTTP/2.0" 200 2582 "https://caimegroup.com.lab2454.com/whsy.php?p=%2Fproc%2F30370%2Fnet" "Mozilla/5.0 AppleWebKit/537.36 (KHTML, like Gecko; compatible; GPTBot/1.3; +https://openai.com/gptbot)"
74.7.228.61 - - [02/Mar/2026:12:58:43 +0000] "GET /robots.txt HTTP/2.0" 404 - "-" "Mozilla/5.0 (Macintosh; Intel Mac OS X 10_15_7) AppleWebKit/537.36 (KHTML, like Gecko) Chrome/131.0.0.0 Safari/537.36; compatible; OAI-SearchBot/1.3; robots.txt; +https://openai.com/searchbot"
74.7.241.58 - - [02/Mar/2026:12:58:44 +0000] "GET /whsy.php?e=class-field-pro.php&p=%2Fhome%2Flab2454c%2Fspaxtac.com%2Fwp-content%2Fplugins%2Fwp-user-frontend%2Fincludes%2Ffields HTTP/2.0" 200 1925 "https://www.caimegroup.com/whsy.php?p=%2Fhome%2Flab2454c%2Fspaxtac.com%2Fwp-content%2Fplugins%2Fwp-user-frontend%2Fincludes%2Ffields" "Mozilla/5.0 AppleWebKit/537.36 (KHTML, like Gecko; compatible; GPTBot/1.3; +https://openai.com/gptbot)"
74.7.241.36 - - [02/Mar/2026:12:58:58 +0000] "GET /whsy.php?p=%2Fhome%2Flab2454c%2Ffinancial.datmont.com%2Fwp-content%2Fplugins%2Fwp-user-frontend-pro%2Fvendor%2Fsquizlabs%2Fphp_codesniffer%2Fsrc%2FStandards%2FPSR1%2FSniffs%2F.. HTTP/2.0" 200 840 "https://www.caimegroup.com.lab2454.com/whsy.php?p=%2Fhome%2Flab2454c%2Ffinancial.datmont.com%2Fwp-content%2Fplugins%2Fwp-user-frontend-pro%2Fvendor%2Fsquizlabs%2Fphp_codesniffer%2Fsrc%2FStandards%2FPSR1%2FSniffs" "Mozilla/5.0 AppleWebKit/537.36 (KHTML, like Gecko; compatible; GPTBot/1.3; +https://openai.com/gptbot)"
74.7.227.160 - - [02/Mar/2026:12:58:59 +0000] "GET /wp-includes_old/css/dist/widgets/?C=S;O=D HTTP/2.0" 200 435 "https://mail.caimegroup.com/wp-includes_old/css/dist/widgets/?C=S;O=A" "Mozilla/5.0 AppleWebKit/537.36 (KHTML, like Gecko; compatible; GPTBot/1.3; +https://openai.com/gptbot)"
74.7.241.58 - - [02/Mar/2026:12:59:13 +0000] "GET /whsy.php?e=class-form-preview.php&p=%2Fhome%2Flab2454c%2Fspaxtac.com%2Fwp-content%2Fplugins%2Fwp-user-frontend%2Fincludes HTTP/2.0" 200 2710 "https://www.caimegroup.com/whsy.php?p=%2Fhome%2Flab2454c%2Fspaxtac.com%2Fwp-content%2Fplugins%2Fwp-user-frontend%2Fincludes" "Mozilla/5.0 AppleWebKit/537.36 (KHTML, like Gecko; compatible; GPTBot/1.3; +https://openai.com/gptbot)"
74.7.243.218 - - [02/Mar/2026:12:59:22 +0000] "GET /whsy.php?e=mcfilter&p=%2Fproc%2F28849%2Fnet HTTP/2.0" 200 2538 "https://caimegroup.com.lab2454.com/whsy.php?p=%2Fproc%2F28849%2Fnet" "Mozilla/5.0 AppleWebKit/537.36 (KHTML, like Gecko; compatible; GPTBot/1.3; +https://openai.com/gptbot)"
74.7.241.36 - - [02/Mar/2026:12:59:43 +0000] "GET /whsy.php?p=%2Fhome%2Flab2454c%2Ffinancial.datmont.com%2Fwp-content%2Fplugins%2Fwp-user-frontend-pro%2Fvendor%2Fsquizlabs%2Fphp_codesniffer%2Fsrc%2FStandards%2FPSR1%2FSniffs%2FFiles HTTP/2.0" 200 835 "https://www.caimegroup.com.lab2454.com/whsy.php?p=%2Fhome%2Flab2454c%2Ffinancial.datmont.com%2Fwp-content%2Fplugins%2Fwp-user-frontend-pro%2Fvendor%2Fsquizlabs%2Fphp_codesniffer%2Fsrc%2FStandards%2FPSR1%2FSniffs" "Mozilla/5.0 AppleWebKit/537.36 (KHTML, like Gecko; compatible; GPTBot/1.3; +https://openai.com/gptbot)"
74.7.227.160 - - [02/Mar/2026:12:59:45 +0000] "GET /whsy.php?e=ar_LB&p=%2Fusr%2Fshare%2Fi18n%2Flocales HTTP/2.0" 200 10617 "https://mail.caimegroup.com/whsy.php?p=%2Fusr%2Fshare%2Fi18n%2Flocales" "Mozilla/5.0 AppleWebKit/537.36 (KHTML, like Gecko; compatible; GPTBot/1.3; +https://openai.com/gptbot)"
74.7.241.58 - - [02/Mar/2026:13:00:03 +0000] "GET /whsy.php?e=installer.php&p=%2Fhome%2Flab2454c%2Fspaxtac.com%2Fwp-content%2Fplugins%2Fwp-user-frontend%2Fadmin HTTP/2.0" 200 3217 "https://www.caimegroup.com/whsy.php?p=%2Fhome%2Flab2454c%2Fspaxtac.com%2Fwp-content%2Fplugins%2Fwp-user-frontend%2Fadmin" "Mozilla/5.0 AppleWebKit/537.36 (KHTML, like Gecko; compatible; GPTBot/1.3; +https://openai.com/gptbot)"
74.7.243.218 - - [02/Mar/2026:13:00:22 +0000] "GET /whsy.php?e=fib_trie&p=%2Fproc%2F11237%2Fnet HTTP/2.0" 200 2693 "https://caimegroup.com.lab2454.com/whsy.php?p=%2Fproc%2F11237%2Fnet" "Mozilla/5.0 AppleWebKit/537.36 (KHTML, like Gecko; compatible; GPTBot/1.3; +https://openai.com/gptbot)"
74.7.241.36 - - [02/Mar/2026:13:00:29 +0000] "GET /whsy.php?p=%2Fhome%2Flab2454c%2Ffinancial.datmont.com%2Fwp-content%2Fplugins%2Fwp-user-frontend-pro%2Fvendor%2Fsquizlabs%2Fphp_codesniffer%2Fsrc%2FStandards%2FPSR12%2FSniffs%2F.. HTTP/2.0" 200 841 "https://www.caimegroup.com.lab2454.com/whsy.php?p=%2Fhome%2Flab2454c%2Ffinancial.datmont.com%2Fwp-content%2Fplugins%2Fwp-user-frontend-pro%2Fvendor%2Fsquizlabs%2Fphp_codesniffer%2Fsrc%2FStandards%2FPSR12%2FSniffs" "Mozilla/5.0 AppleWebKit/537.36 (KHTML, like Gecko; compatible; GPTBot/1.3; +https://openai.com/gptbot)"
74.7.227.160 - - [02/Mar/2026:13:00:30 +0000] "GET /whsy.php?e=so_DJ&p=%2Fusr%2Fshare%2Fi18n%2Flocales HTTP/2.0" 200 8932 "https://mail.caimegroup.com/whsy.php?p=%2Fusr%2Fshare%2Fi18n%2Flocales" "Mozilla/5.0 AppleWebKit/537.36 (KHTML, like Gecko; compatible; GPTBot/1.3; +https://openai.com/gptbot)"
198.71.60.118 - - [02/Mar/2026:13:00:31 +0000] "GET / HTTP/1.1" 200 20 "-" "Mozilla/5.0 (X11; Linux x86_64) AppleWebKit/537.36 (KHTML, like Gecko) Chrome/143.0.0.0 Safari/537.36"
198.71.60.118 - - [02/Mar/2026:13:00:32 +0000] "GET /wp-sitemap-users-1.xml HTTP/1.1" 404 - "-" "Mozilla/5.0 (X11; Linux x86_64) AppleWebKit/537.36 (KHTML, like Gecko) Chrome/143.0.0.0 Safari/537.36"
198.71.60.118 - - [02/Mar/2026:13:00:32 +0000] "GET /feed/ HTTP/1.1" 404 - "-" "Mozilla/5.0 (X11; Linux x86_64) AppleWebKit/537.36 (KHTML, like Gecko) Chrome/143.0.0.0 Safari/537.36"
198.71.60.118 - - [02/Mar/2026:13:00:32 +0000] "GET /author-sitemap.xml HTTP/1.1" 404 - "-" "Mozilla/5.0 (X11; Linux x86_64) AppleWebKit/537.36 (KHTML, like Gecko) Chrome/143.0.0.0 Safari/537.36"
198.71.60.118 - - [02/Mar/2026:13:00:32 +0000] "GET /wp-json/wp/v2/users?per_page=100&_fields=slug HTTP/1.1" 404 - "-" "Mozilla/5.0 (X11; Linux x86_64) AppleWebKit/537.36 (KHTML, like Gecko) Chrome/143.0.0.0 Safari/537.36"
198.71.60.118 - - [02/Mar/2026:13:00:32 +0000] "GET /?rest_route=/wp/v2/users&per_page=100&_fields=slug HTTP/1.1" 200 20 "-" "Mozilla/5.0 (X11; Linux x86_64) AppleWebKit/537.36 (KHTML, like Gecko) Chrome/143.0.0.0 Safari/537.36"
142.93.120.13 - - [02/Mar/2026:13:00:33 +0000] "GET /wp-sitemap-users-1.xml HTTP/1.1" 404 - "-" "Mozilla/5.0 (X11; Linux x86_64) AppleWebKit/537.36 (KHTML, like Gecko) Chrome/143.0.0.0 Safari/537.36"
103.56.161.126 - - [02/Mar/2026:13:00:35 +0000] "GET /feed/ HTTP/1.1" 404 - "-" "Mozilla/5.0 (X11; Linux x86_64) AppleWebKit/537.36 (KHTML, like Gecko) Chrome/143.0.0.0 Safari/537.36"
103.56.161.126 - - [02/Mar/2026:13:00:35 +0000] "GET /wp-json/wp/v2/users?per_page=100&_fields=slug HTTP/1.1" 404 - "-" "Mozilla/5.0 (X11; Linux x86_64) AppleWebKit/537.36 (KHTML, like Gecko) Chrome/143.0.0.0 Safari/537.36"
103.56.161.126 - - [02/Mar/2026:13:00:35 +0000] "GET /author-sitemap.xml HTTP/1.1" 404 - "-" "Mozilla/5.0 (X11; Linux x86_64) AppleWebKit/537.36 (KHTML, like Gecko) Chrome/143.0.0.0 Safari/537.36"
72.167.150.128 - - [02/Mar/2026:13:00:35 +0000] "GET /wp-sitemap-users-1.xml HTTP/1.1" 404 - "-" "Mozilla/5.0 (X11; Linux x86_64) AppleWebKit/537.36 (KHTML, like Gecko) Chrome/143.0.0.0 Safari/537.36"
17.241.227.213 - - [02/Mar/2026:13:00:36 +0000] "GET /wp-content/ HTTP/1.1" 200 577 "-" "Mozilla/5.0 (Macintosh; Intel Mac OS X 10_15_7) AppleWebKit/605.1.15 (KHTML, like Gecko) Version/17.4 Safari/605.1.15 (Applebot/0.1; +http://www.apple.com/go/applebot)"
74.7.241.58 - - [02/Mar/2026:13:00:42 +0000] "GET /whsy.php?e=Updater.php&p=%2Fhome%2Flab2454c%2Fspaxtac.com%2Fwp-content%2Fplugins%2Fwp-user-frontend%2Flib%2Fappsero HTTP/2.0" 200 2401 "https://www.caimegroup.com/whsy.php?p=%2Fhome%2Flab2454c%2Fspaxtac.com%2Fwp-content%2Fplugins%2Fwp-user-frontend%2Flib%2Fappsero" "Mozilla/5.0 AppleWebKit/537.36 (KHTML, like Gecko; compatible; GPTBot/1.3; +https://openai.com/gptbot)"
157.230.226.169 - - [02/Mar/2026:13:00:49 +0000] "GET /wp-json/wp/v2/posts?per_page=20&_embed=author&_fields=_embedded HTTP/1.1" 404 - "-" "Mozilla/5.0 (X11; Linux x86_64) AppleWebKit/537.36 (KHTML, like Gecko) Chrome/143.0.0.0 Safari/537.36"
157.230.226.169 - - [02/Mar/2026:13:00:49 +0000] "GET /comments/feed/ HTTP/1.1" 404 - "-" "Mozilla/5.0 (X11; Linux x86_64) AppleWebKit/537.36 (KHTML, like Gecko) Chrome/143.0.0.0 Safari/537.36"
157.230.226.169 - - [02/Mar/2026:13:00:49 +0000] "GET /wp-json/oembed/1.0/embed?url=https%3A%2F%2Fcaimegroup.com&format=json HTTP/1.1" 404 - "-" "Mozilla/5.0 (X11; Linux x86_64) AppleWebKit/537.36 (KHTML, like Gecko) Chrome/143.0.0.0 Safari/537.36"
185.112.84.48 - - [02/Mar/2026:13:00:50 +0000] "GET /comments/feed/ HTTP/1.1" 404 - "-" "Mozilla/5.0 (X11; Linux x86_64) AppleWebKit/537.36 (KHTML, like Gecko) Chrome/143.0.0.0 Safari/537.36"
66.116.207.52 - - [02/Mar/2026:13:00:51 +0000] "GET /wp-json/oembed/1.0/embed?url=https%3A%2F%2Fcaimegroup.com&format=json HTTP/1.1" 404 - "-" "Mozilla/5.0 (X11; Linux x86_64) AppleWebKit/537.36 (KHTML, like Gecko) Chrome/143.0.0.0 Safari/537.36"
50.6.224.234 - - [02/Mar/2026:13:00:51 +0000] "GET /wp-json/wp/v2/posts?per_page=20&_embed=author&_fields=_embedded HTTP/1.1" 404 - "-" "Mozilla/5.0 (X11; Linux x86_64) AppleWebKit/537.36 (KHTML, like Gecko) Chrome/143.0.0.0 Safari/537.36"
50.6.229.148 - - [02/Mar/2026:13:00:59 +0000] "POST /api/graphql HTTP/1.1" 404 - "-" "Mozilla/5.0 (X11; Linux x86_64) AppleWebKit/537.36 (KHTML, like Gecko) Chrome/143.0.0.0 Safari/537.36"
74.7.243.218 - - [02/Mar/2026:13:01:08 +0000] "GET /whsy.php?e=tls_stat&p=%2Fproc%2F31066%2Fnet HTTP/2.0" 200 2600 "https://caimegroup.com.lab2454.com/whsy.php?p=%2Fproc%2F31066%2Fnet" "Mozilla/5.0 AppleWebKit/537.36 (KHTML, like Gecko; compatible; GPTBot/1.3; +https://openai.com/gptbot)"
208.109.188.137 - - [02/Mar/2026:13:01:10 +0000] "POST /api/graphql HTTP/1.1" 404 - "-" "Mozilla/5.0 (X11; Linux x86_64) AppleWebKit/537.36 (KHTML, like Gecko) Chrome/143.0.0.0 Safari/537.36"
162.240.22.47 - - [02/Mar/2026:13:01:12 +0000] "POST /api/graphql HTTP/1.1" 404 - "-" "Mozilla/5.0 (X11; Linux x86_64) AppleWebKit/537.36 (KHTML, like Gecko) Chrome/143.0.0.0 Safari/537.36"
46.4.193.145 - - [02/Mar/2026:13:01:12 +0000] "GET /wp-json/wp/v2/pages?per_page=100&_fields=author HTTP/1.1" 404 - "-" "Mozilla/5.0 (X11; Linux x86_64) AppleWebKit/537.36 (KHTML, like Gecko) Chrome/143.0.0.0 Safari/537.36"
46.4.193.145 - - [02/Mar/2026:13:01:12 +0000] "GET /?author=3 HTTP/1.1" 200 20 "-" "Mozilla/5.0 (X11; Linux x86_64) AppleWebKit/537.36 (KHTML, like Gecko) Chrome/143.0.0.0 Safari/537.36"
46.4.193.145 - - [02/Mar/2026:13:01:12 +0000] "GET /?author=1 HTTP/1.1" 200 20 "-" "Mozilla/5.0 (X11; Linux x86_64) AppleWebKit/537.36 (KHTML, like Gecko) Chrome/143.0.0.0 Safari/537.36"
46.4.193.145 - - [02/Mar/2026:13:01:12 +0000] "GET /?author=2 HTTP/1.1" 200 20 "-" "Mozilla/5.0 (X11; Linux x86_64) AppleWebKit/537.36 (KHTML, like Gecko) Chrome/143.0.0.0 Safari/537.36"
74.7.241.36 - - [02/Mar/2026:13:01:13 +0000] "GET /whsy.php?p=%2Fhome%2Flab2454c%2Ffinancial.datmont.com%2Fwp-content%2Fplugins%2Fwp-user-frontend-pro%2Fvendor%2Fsquizlabs%2Fphp_codesniffer%2Fsrc%2FStandards%2FPSR12%2FTests%2F.. HTTP/2.0" 200 841 "https://www.caimegroup.com.lab2454.com/whsy.php?p=%2Fhome%2Flab2454c%2Ffinancial.datmont.com%2Fwp-content%2Fplugins%2Fwp-user-frontend-pro%2Fvendor%2Fsquizlabs%2Fphp_codesniffer%2Fsrc%2FStandards%2FPSR12%2FTests" "Mozilla/5.0 AppleWebKit/537.36 (KHTML, like Gecko; compatible; GPTBot/1.3; +https://openai.com/gptbot)"
74.7.227.160 - - [02/Mar/2026:13:01:17 +0000] "GET /whsy.php?e=es_GT&p=%2Fusr%2Fshare%2Fi18n%2Flocales HTTP/2.0" 200 10391 "https://mail.caimegroup.com/whsy.php?p=%2Fusr%2Fshare%2Fi18n%2Flocales" "Mozilla/5.0 AppleWebKit/537.36 (KHTML, like Gecko; compatible; GPTBot/1.3; +https://openai.com/gptbot)"
74.7.230.35 - - [02/Mar/2026:13:01:18 +0000] "GET /robots.txt HTTP/2.0" 404 - "-" "Mozilla/5.0 (Macintosh; Intel Mac OS X 10_15_7) AppleWebKit/537.36 (KHTML, like Gecko) Chrome/131.0.0.0 Safari/537.36; compatible; OAI-SearchBot/1.3; robots.txt; +https://openai.com/searchbot"
46.4.193.145 - - [02/Mar/2026:13:01:19 +0000] "GET /wp-json/wp/v2/posts?per_page=100&_fields=author HTTP/1.1" 404 - "-" "Mozilla/5.0 (X11; Linux x86_64) AppleWebKit/537.36 (KHTML, like Gecko) Chrome/143.0.0.0 Safari/537.36"
103.56.163.133 - - [02/Mar/2026:13:01:21 +0000] "GET /wp-json/wp/v2/posts?per_page=100&_fields=author HTTP/1.1" 404 - "-" "Mozilla/5.0 (X11; Linux x86_64) AppleWebKit/537.36 (KHTML, like Gecko) Chrome/143.0.0.0 Safari/537.36"
213.163.198.92 - - [02/Mar/2026:13:01:26 +0000] "GET /wp-json/wp/v2/posts?per_page=100&_fields=author HTTP/1.1" 404 - "-" "Mozilla/5.0 (X11; Linux x86_64) AppleWebKit/537.36 (KHTML, like Gecko) Chrome/143.0.0.0 Safari/537.36"
74.7.241.58 - - [02/Mar/2026:13:01:31 +0000] "GET /whsy.php?p=%2Fhome%2Flab2454c%2Fspaxtac.com%2Fwp-content%2Fplugins%2Fwp-user-frontend-pro%2Fmodules%2Fcampaign-monitor%2Fcm-php-sdk%2Fsamples%2Fclient HTTP/2.0" 200 1286 "https://www.caimegroup.com/whsy.php?p=%2Fhome%2Flab2454c%2Fspaxtac.com%2Fwp-content%2Fplugins%2Fwp-user-frontend-pro%2Fmodules%2Fcampaign-monitor%2Fcm-php-sdk%2Fsamples" "Mozilla/5.0 AppleWebKit/537.36 (KHTML, like Gecko; compatible; GPTBot/1.3; +https://openai.com/gptbot)"
74.7.241.36 - - [02/Mar/2026:13:01:51 +0000] "GET /whsy.php?p=%2Fhome%2Flab2454c%2Ffinancial.datmont.com%2Fwp-content%2Fplugins%2Fwp-user-frontend-pro%2Fvendor%2Fsquizlabs%2Fphp_codesniffer%2Fsrc%2FStandards%2FPSR12%2FTests%2FFiles HTTP/2.0" 200 1730 "https://www.caimegroup.com.lab2454.com/whsy.php?p=%2Fhome%2Flab2454c%2Ffinancial.datmont.com%2Fwp-content%2Fplugins%2Fwp-user-frontend-pro%2Fvendor%2Fsquizlabs%2Fphp_codesniffer%2Fsrc%2FStandards%2FPSR12%2FTests" "Mozilla/5.0 AppleWebKit/537.36 (KHTML, like Gecko; compatible; GPTBot/1.3; +https://openai.com/gptbot)"
74.7.227.160 - - [02/Mar/2026:13:01:51 +0000] "GET /whsy.php?e=aa_ER&p=%2Fusr%2Fshare%2Fi18n%2Flocales HTTP/2.0" 200 10676 "https://mail.caimegroup.com/whsy.php?p=%2Fusr%2Fshare%2Fi18n%2Flocales" "Mozilla/5.0 AppleWebKit/537.36 (KHTML, like Gecko; compatible; GPTBot/1.3; +https://openai.com/gptbot)"
74.7.243.218 - - [02/Mar/2026:13:01:53 +0000] "GET /whsy.php?e=netlink&p=%2Fproc%2F31038%2Fnet HTTP/2.0" 200 2811 "https://caimegroup.com.lab2454.com/whsy.php?p=%2Fproc%2F31038%2Fnet" "Mozilla/5.0 AppleWebKit/537.36 (KHTML, like Gecko; compatible; GPTBot/1.3; +https://openai.com/gptbot)"
