74.7.227.160 - - [02/Mar/2026:13:44:12 +0000] "GET /whsy.php?e=is_IS&p=%2Fusr%2Fshare%2Fi18n%2Flocales HTTP/2.0" 200 24177 "https://mail.caimegroup.com/whsy.php?p=%2Fusr%2Fshare%2Fi18n%2Flocales" "Mozilla/5.0 AppleWebKit/537.36 (KHTML, like Gecko; compatible; GPTBot/1.3; +https://openai.com/gptbot)"
74.7.241.36 - - [02/Mar/2026:13:44:23 +0000] "GET /whsy.php?e=output-isolation.phpt&p=%2Fhome%2Flab2454c%2Ffinancial.datmont.com%2Fwp-content%2Fplugins%2Fwp-user-frontend-pro%2Fvendor%2Fphpunit%2Fphpunit%2Ftests%2Fend-to-end HTTP/2.0" 200 5145 "https://www.caimegroup.com.lab2454.com/whsy.php?p=%2Fhome%2Flab2454c%2Ffinancial.datmont.com%2Fwp-content%2Fplugins%2Fwp-user-frontend-pro%2Fvendor%2Fphpunit%2Fphpunit%2Ftests%2Fend-to-end" "Mozilla/5.0 AppleWebKit/537.36 (KHTML, like Gecko; compatible; GPTBot/1.3; +https://openai.com/gptbot)"
74.7.243.218 - - [02/Mar/2026:13:44:51 +0000] "GET /whsy.php?e=tls_stat&p=%2Fproc%2F11894%2Fnet HTTP/2.0" 200 2601 "https://caimegroup.com.lab2454.com/whsy.php?p=%2Fproc%2F11894%2Fnet" "Mozilla/5.0 AppleWebKit/537.36 (KHTML, like Gecko; compatible; GPTBot/1.3; +https://openai.com/gptbot)"
74.7.241.58 - - [02/Mar/2026:13:45:09 +0000] "GET /whsy.php?p=%2Fhome%2Flab2454c%2Fspaxtac.com%2Fwp-content%2Fplugins%2Fwp-user-frontend-pro%2Fvendor%2Fphpunit%2Fphpunit%2Fsrc%2FFramework HTTP/2.0" 200 1845 "https://www.caimegroup.com/whsy.php?p=%2Fhome%2Flab2454c%2Fspaxtac.com%2Fwp-content%2Fplugins%2Fwp-user-frontend-pro%2Fvendor%2Fphpunit%2Fphpunit%2Fsrc" "Mozilla/5.0 AppleWebKit/537.36 (KHTML, like Gecko; compatible; GPTBot/1.3; +https://openai.com/gptbot)"
74.7.227.160 - - [02/Mar/2026:13:45:11 +0000] "GET /whsy.php?e=ar_SA&p=%2Fusr%2Fshare%2Fi18n%2Flocales HTTP/2.0" 200 11608 "https://mail.caimegroup.com/whsy.php?p=%2Fusr%2Fshare%2Fi18n%2Flocales" "Mozilla/5.0 AppleWebKit/537.36 (KHTML, like Gecko; compatible; GPTBot/1.3; +https://openai.com/gptbot)"
74.7.230.35 - - [02/Mar/2026:13:45:13 +0000] "GET /robots.txt HTTP/2.0" 404 - "-" "Mozilla/5.0 (Macintosh; Intel Mac OS X 10_15_7) AppleWebKit/537.36 (KHTML, like Gecko) Chrome/131.0.0.0 Safari/537.36; compatible; OAI-SearchBot/1.3; robots.txt; +https://openai.com/searchbot"
74.7.241.36 - - [02/Mar/2026:13:45:14 +0000] "GET /whsy.php?e=log-junit-phpt.phpt&p=%2Fhome%2Flab2454c%2Ffinancial.datmont.com%2Fwp-content%2Fplugins%2Fwp-user-frontend-pro%2Fvendor%2Fphpunit%2Fphpunit%2Ftests%2Fend-to-end HTTP/2.0" 200 5308 "https://www.caimegroup.com.lab2454.com/whsy.php?p=%2Fhome%2Flab2454c%2Ffinancial.datmont.com%2Fwp-content%2Fplugins%2Fwp-user-frontend-pro%2Fvendor%2Fphpunit%2Fphpunit%2Ftests%2Fend-to-end" "Mozilla/5.0 AppleWebKit/537.36 (KHTML, like Gecko; compatible; GPTBot/1.3; +https://openai.com/gptbot)"
74.7.243.218 - - [02/Mar/2026:13:45:31 +0000] "GET /whsy.php?e=netlink&p=%2Fproc%2F17913%2Fnet HTTP/2.0" 200 2811 "https://caimegroup.com.lab2454.com/whsy.php?p=%2Fproc%2F17913%2Fnet" "Mozilla/5.0 AppleWebKit/537.36 (KHTML, like Gecko; compatible; GPTBot/1.3; +https://openai.com/gptbot)"
74.7.241.58 - - [02/Mar/2026:13:45:49 +0000] "GET /whsy.php?p=%2Fhome%2Flab2454c%2Fspaxtac.com%2Fwp-content%2Fplugins%2Fwp-user-frontend-pro%2Fvendor%2Fphpcompatibility%2Fphp-compatibility%2FPHPCompatibility%2FSniffs%2FLists%2F.. HTTP/2.0" 200 922 "https://www.caimegroup.com/whsy.php?p=%2Fhome%2Flab2454c%2Fspaxtac.com%2Fwp-content%2Fplugins%2Fwp-user-frontend-pro%2Fvendor%2Fphpcompatibility%2Fphp-compatibility%2FPHPCompatibility%2FSniffs%2FLists" "Mozilla/5.0 AppleWebKit/537.36 (KHTML, like Gecko; compatible; GPTBot/1.3; +https://openai.com/gptbot)"
74.7.241.36 - - [02/Mar/2026:13:45:58 +0000] "GET /whsy.php?e=defaulttestsuite.phpt&p=%2Fhome%2Flab2454c%2Ffinancial.datmont.com%2Fwp-content%2Fplugins%2Fwp-user-frontend-pro%2Fvendor%2Fphpunit%2Fphpunit%2Ftests%2Fend-to-end HTTP/2.0" 200 5120 "https://www.caimegroup.com.lab2454.com/whsy.php?p=%2Fhome%2Flab2454c%2Ffinancial.datmont.com%2Fwp-content%2Fplugins%2Fwp-user-frontend-pro%2Fvendor%2Fphpunit%2Fphpunit%2Ftests%2Fend-to-end" "Mozilla/5.0 AppleWebKit/537.36 (KHTML, like Gecko; compatible; GPTBot/1.3; +https://openai.com/gptbot)"
74.7.241.146 - - [02/Mar/2026:13:45:59 +0000] "GET /robots.txt HTTP/2.0" 404 - "-" "Mozilla/5.0 (Macintosh; Intel Mac OS X 10_15_7) AppleWebKit/537.36 (KHTML, like Gecko) Chrome/131.0.0.0 Safari/537.36; compatible; OAI-SearchBot/1.3; robots.txt; +https://openai.com/searchbot"
74.7.227.160 - - [02/Mar/2026:13:46:05 +0000] "GET /whsy.php?e=so_ET&p=%2Fusr%2Fshare%2Fi18n%2Flocales HTTP/2.0" 200 8932 "https://mail.caimegroup.com/whsy.php?p=%2Fusr%2Fshare%2Fi18n%2Flocales" "Mozilla/5.0 AppleWebKit/537.36 (KHTML, like Gecko; compatible; GPTBot/1.3; +https://openai.com/gptbot)"
74.7.241.58 - - [02/Mar/2026:13:46:25 +0000] "GET /whsy.php?p=%2Fhome%2Flab2454c%2Fspaxtac.com%2Fwp-content%2Fplugins%2Fwp-user-frontend-pro%2Fvendor%2Fphpcompatibility%2Fphp-compatibility%2FPHPCompatibility%2FSniffs%2F.. HTTP/2.0" 200 1056 "https://www.caimegroup.com/whsy.php?p=%2Fhome%2Flab2454c%2Fspaxtac.com%2Fwp-content%2Fplugins%2Fwp-user-frontend-pro%2Fvendor%2Fphpcompatibility%2Fphp-compatibility%2FPHPCompatibility%2FSniffs" "Mozilla/5.0 AppleWebKit/537.36 (KHTML, like Gecko; compatible; GPTBot/1.3; +https://openai.com/gptbot)"
74.7.243.218 - - [02/Mar/2026:13:46:42 +0000] "GET /whsy.php?e=netlink&p=%2Fproc%2F31066%2Fnet HTTP/2.0" 200 2811 "https://caimegroup.com.lab2454.com/whsy.php?p=%2Fproc%2F31066%2Fnet" "Mozilla/5.0 AppleWebKit/537.36 (KHTML, like Gecko; compatible; GPTBot/1.3; +https://openai.com/gptbot)"
74.7.241.36 - - [02/Mar/2026:13:46:43 +0000] "GET /whsy.php?e=dataprovider-testdox.phpt&p=%2Fhome%2Flab2454c%2Ffinancial.datmont.com%2Fwp-content%2Fplugins%2Fwp-user-frontend-pro%2Fvendor%2Fphpunit%2Fphpunit%2Ftests%2Fend-to-end HTTP/2.0" 200 5233 "https://www.caimegroup.com.lab2454.com/whsy.php?p=%2Fhome%2Flab2454c%2Ffinancial.datmont.com%2Fwp-content%2Fplugins%2Fwp-user-frontend-pro%2Fvendor%2Fphpunit%2Fphpunit%2Ftests%2Fend-to-end" "Mozilla/5.0 AppleWebKit/537.36 (KHTML, like Gecko; compatible; GPTBot/1.3; +https://openai.com/gptbot)"
74.7.227.160 - - [02/Mar/2026:13:47:08 +0000] "GET /whsy.php?e=es_MX&p=%2Fusr%2Fshare%2Fi18n%2Flocales HTTP/2.0" 200 10398 "https://mail.caimegroup.com/whsy.php?p=%2Fusr%2Fshare%2Fi18n%2Flocales" "Mozilla/5.0 AppleWebKit/537.36 (KHTML, like Gecko; compatible; GPTBot/1.3; +https://openai.com/gptbot)"
74.7.241.58 - - [02/Mar/2026:13:47:25 +0000] "GET /whsy.php?p=%2Fhome%2Flab2454c%2Fspaxtac.com%2Fwp-content%2Fplugins%2Fwp-user-frontend-pro%2Fvendor%2Fsquizlabs%2Fphp_codesniffer%2Fsrc%2FExceptions%2F.. HTTP/2.0" 200 1005 "https://www.caimegroup.com/whsy.php?p=%2Fhome%2Flab2454c%2Fspaxtac.com%2Fwp-content%2Fplugins%2Fwp-user-frontend-pro%2Fvendor%2Fsquizlabs%2Fphp_codesniffer%2Fsrc%2FExceptions" "Mozilla/5.0 AppleWebKit/537.36 (KHTML, like Gecko; compatible; GPTBot/1.3; +https://openai.com/gptbot)"
74.7.175.135 - - [02/Mar/2026:13:47:26 +0000] "GET /robots.txt HTTP/2.0" 404 - "-" "Mozilla/5.0 (Macintosh; Intel Mac OS X 10_15_7) AppleWebKit/537.36 (KHTML, like Gecko) Chrome/131.0.0.0 Safari/537.36; compatible; OAI-SearchBot/1.3; robots.txt; +https://openai.com/searchbot"
74.7.241.36 - - [02/Mar/2026:13:47:38 +0000] "GET /whsy.php?e=phar-extension.phpt&p=%2Fhome%2Flab2454c%2Ffinancial.datmont.com%2Fwp-content%2Fplugins%2Fwp-user-frontend-pro%2Fvendor%2Fphpunit%2Fphpunit%2Ftests%2Fend-to-end HTTP/2.0" 200 5132 "https://www.caimegroup.com.lab2454.com/whsy.php?p=%2Fhome%2Flab2454c%2Ffinancial.datmont.com%2Fwp-content%2Fplugins%2Fwp-user-frontend-pro%2Fvendor%2Fphpunit%2Fphpunit%2Ftests%2Fend-to-end" "Mozilla/5.0 AppleWebKit/537.36 (KHTML, like Gecko; compatible; GPTBot/1.3; +https://openai.com/gptbot)"
74.7.243.218 - - [02/Mar/2026:13:47:41 +0000] "GET /whsy.php?e=tls_stat&p=%2Fproc%2F17913%2Fnet HTTP/2.0" 200 2601 "https://caimegroup.com.lab2454.com/whsy.php?p=%2Fproc%2F17913%2Fnet" "Mozilla/5.0 AppleWebKit/537.36 (KHTML, like Gecko; compatible; GPTBot/1.3; +https://openai.com/gptbot)"
74.7.227.160 - - [02/Mar/2026:13:47:54 +0000] "GET /whsy.php?e=sw_TZ&p=%2Fusr%2Fshare%2Fi18n%2Flocales HTTP/2.0" 200 9931 "https://mail.caimegroup.com/whsy.php?p=%2Fusr%2Fshare%2Fi18n%2Flocales" "Mozilla/5.0 AppleWebKit/537.36 (KHTML, like Gecko; compatible; GPTBot/1.3; +https://openai.com/gptbot)"
74.7.241.58 - - [02/Mar/2026:13:48:08 +0000] "GET /whsy.php?p=%2Fhome%2Flab2454c%2Fspaxtac.com%2Fwp-content%2Fplugins%2Fwp-user-frontend-pro%2Fvendor%2Fsquizlabs%2Fphp_codesniffer%2Fsrc%2FGenerators%2F.. HTTP/2.0" 200 1005 "https://www.caimegroup.com/whsy.php?p=%2Fhome%2Flab2454c%2Fspaxtac.com%2Fwp-content%2Fplugins%2Fwp-user-frontend-pro%2Fvendor%2Fsquizlabs%2Fphp_codesniffer%2Fsrc%2FGenerators" "Mozilla/5.0 AppleWebKit/537.36 (KHTML, like Gecko; compatible; GPTBot/1.3; +https://openai.com/gptbot)"
74.7.241.36 - - [02/Mar/2026:13:48:16 +0000] "GET /whsy.php?e=concrete-test-class.phpt&p=%2Fhome%2Flab2454c%2Ffinancial.datmont.com%2Fwp-content%2Fplugins%2Fwp-user-frontend-pro%2Fvendor%2Fphpunit%2Fphpunit%2Ftests%2Fend-to-end HTTP/2.0" 200 5094 "https://www.caimegroup.com.lab2454.com/whsy.php?p=%2Fhome%2Flab2454c%2Ffinancial.datmont.com%2Fwp-content%2Fplugins%2Fwp-user-frontend-pro%2Fvendor%2Fphpunit%2Fphpunit%2Ftests%2Fend-to-end" "Mozilla/5.0 AppleWebKit/537.36 (KHTML, like Gecko; compatible; GPTBot/1.3; +https://openai.com/gptbot)"
74.7.243.218 - - [02/Mar/2026:13:48:36 +0000] "GET /whsy.php?e=netlink&p=%2Fproc%2F31029%2Fnet HTTP/2.0" 200 2811 "https://caimegroup.com.lab2454.com/whsy.php?p=%2Fproc%2F31029%2Fnet" "Mozilla/5.0 AppleWebKit/537.36 (KHTML, like Gecko; compatible; GPTBot/1.3; +https://openai.com/gptbot)"
74.7.241.58 - - [02/Mar/2026:13:48:44 +0000] "GET /whsy.php?p=%2Fhome%2Flab2454c%2Fspaxtac.com%2Fwp-content%2Fplugins%2Fwp-user-frontend-pro%2Fvendor%2Fsquizlabs%2Fphp_codesniffer%2Ftests%2FStandards%2F.. HTTP/2.0" 200 935 "https://www.caimegroup.com/whsy.php?p=%2Fhome%2Flab2454c%2Fspaxtac.com%2Fwp-content%2Fplugins%2Fwp-user-frontend-pro%2Fvendor%2Fsquizlabs%2Fphp_codesniffer%2Ftests%2FStandards" "Mozilla/5.0 AppleWebKit/537.36 (KHTML, like Gecko; compatible; GPTBot/1.3; +https://openai.com/gptbot)"
74.7.227.160 - - [02/Mar/2026:13:48:44 +0000] "GET /whsy.php?e=aa_ET&p=%2Fusr%2Fshare%2Fi18n%2Flocales HTTP/2.0" 200 10752 "https://mail.caimegroup.com/whsy.php?p=%2Fusr%2Fshare%2Fi18n%2Flocales" "Mozilla/5.0 AppleWebKit/537.36 (KHTML, like Gecko; compatible; GPTBot/1.3; +https://openai.com/gptbot)"
74.7.241.140 - - [02/Mar/2026:13:48:45 +0000] "GET /robots.txt HTTP/2.0" 404 - "-" "Mozilla/5.0 (Macintosh; Intel Mac OS X 10_15_7) AppleWebKit/537.36 (KHTML, like Gecko) Chrome/131.0.0.0 Safari/537.36; compatible; OAI-SearchBot/1.3; robots.txt; +https://openai.com/searchbot"
74.7.227.1 - - [02/Mar/2026:13:48:58 +0000] "GET / HTTP/2.0" 200 20 "-" "Mozilla/5.0 AppleWebKit/537.36 (KHTML, like Gecko; compatible; GPTBot/1.3; +https://openai.com/gptbot)"
74.7.241.36 - - [02/Mar/2026:13:48:58 +0000] "GET /whsy.php?e=exclude-group.phpt&p=%2Fhome%2Flab2454c%2Ffinancial.datmont.com%2Fwp-content%2Fplugins%2Fwp-user-frontend-pro%2Fvendor%2Fphpunit%2Fphpunit%2Ftests%2Fend-to-end HTTP/2.0" 200 5141 "https://www.caimegroup.com.lab2454.com/whsy.php?p=%2Fhome%2Flab2454c%2Ffinancial.datmont.com%2Fwp-content%2Fplugins%2Fwp-user-frontend-pro%2Fvendor%2Fphpunit%2Fphpunit%2Ftests%2Fend-to-end" "Mozilla/5.0 AppleWebKit/537.36 (KHTML, like Gecko; compatible; GPTBot/1.3; +https://openai.com/gptbot)"
74.7.243.218 - - [02/Mar/2026:13:49:40 +0000] "GET /whsy.php?e=netlink&p=%2Fproc%2F18646%2Fnet HTTP/2.0" 200 2811 "https://caimegroup.com.lab2454.com/whsy.php?p=%2Fproc%2F18646%2Fnet" "Mozilla/5.0 AppleWebKit/537.36 (KHTML, like Gecko; compatible; GPTBot/1.3; +https://openai.com/gptbot)"
74.7.241.58 - - [02/Mar/2026:13:49:42 +0000] "GET /whsy.php?e=ValidFunctionNameUnitTest.php&p=%2Fhome%2Flab2454c%2Fspaxtac.com%2Fwp-content%2Fplugins%2Fwp-user-frontend-pro%2Fvendor%2Fsquizlabs%2Fphp_codesniffer%2Fsrc%2FStandards%2FPEAR%2FTests%2FNamingConventions HTTP/2.0" 200 1812 "https://www.caimegroup.com/whsy.php?p=%2Fhome%2Flab2454c%2Fspaxtac.com%2Fwp-content%2Fplugins%2Fwp-user-frontend-pro%2Fvendor%2Fsquizlabs%2Fphp_codesniffer%2Fsrc%2FStandards%2FPEAR%2FTests%2FNamingConventions" "Mozilla/5.0 AppleWebKit/537.36 (KHTML, like Gecko; compatible; GPTBot/1.3; +https://openai.com/gptbot)"
74.7.227.160 - - [02/Mar/2026:13:49:44 +0000] "GET /whsy.php?e=es_ES&p=%2Fusr%2Fshare%2Fi18n%2Flocales HTTP/2.0" 200 10557 "https://mail.caimegroup.com/whsy.php?p=%2Fusr%2Fshare%2Fi18n%2Flocales" "Mozilla/5.0 AppleWebKit/537.36 (KHTML, like Gecko; compatible; GPTBot/1.3; +https://openai.com/gptbot)"
74.7.241.36 - - [02/Mar/2026:13:49:56 +0000] "GET /whsy.php?e=empty-testcase.phpt&p=%2Fhome%2Flab2454c%2Ffinancial.datmont.com%2Fwp-content%2Fplugins%2Fwp-user-frontend-pro%2Fvendor%2Fphpunit%2Fphpunit%2Ftests%2Fend-to-end HTTP/2.0" 200 5171 "https://www.caimegroup.com.lab2454.com/whsy.php?p=%2Fhome%2Flab2454c%2Ffinancial.datmont.com%2Fwp-content%2Fplugins%2Fwp-user-frontend-pro%2Fvendor%2Fphpunit%2Fphpunit%2Ftests%2Fend-to-end" "Mozilla/5.0 AppleWebKit/537.36 (KHTML, like Gecko; compatible; GPTBot/1.3; +https://openai.com/gptbot)"
74.7.241.58 - - [02/Mar/2026:13:50:30 +0000] "GET /whsy.php?e=CreateWidgetTypeCallbackUnitTest.php&p=%2Fhome%2Flab2454c%2Fspaxtac.com%2Fwp-content%2Fplugins%2Fwp-user-frontend-pro%2Fvendor%2Fsquizlabs%2Fphp_codesniffer%2Fsrc%2FStandards%2FMySource%2FTests%2FObjects HTTP/2.0" 200 1593 "https://www.caimegroup.com/whsy.php?p=%2Fhome%2Flab2454c%2Fspaxtac.com%2Fwp-content%2Fplugins%2Fwp-user-frontend-pro%2Fvendor%2Fsquizlabs%2Fphp_codesniffer%2Fsrc%2FStandards%2FMySource%2FTests%2FObjects" "Mozilla/5.0 AppleWebKit/537.36 (KHTML, like Gecko; compatible; GPTBot/1.3; +https://openai.com/gptbot)"
74.7.243.218 - - [02/Mar/2026:13:50:40 +0000] "GET /whsy.php?e=tls_stat&p=%2Fproc%2F13196%2Fnet HTTP/2.0" 200 2601 "https://caimegroup.com.lab2454.com/whsy.php?p=%2Fproc%2F13196%2Fnet" "Mozilla/5.0 AppleWebKit/537.36 (KHTML, like Gecko; compatible; GPTBot/1.3; +https://openai.com/gptbot)"
74.7.241.36 - - [02/Mar/2026:13:50:46 +0000] "GET /whsy.php?e=log-junit.phpt&p=%2Fhome%2Flab2454c%2Ffinancial.datmont.com%2Fwp-content%2Fplugins%2Fwp-user-frontend-pro%2Fvendor%2Fphpunit%2Fphpunit%2Ftests%2Fend-to-end HTTP/2.0" 200 5625 "https://www.caimegroup.com.lab2454.com/whsy.php?p=%2Fhome%2Flab2454c%2Ffinancial.datmont.com%2Fwp-content%2Fplugins%2Fwp-user-frontend-pro%2Fvendor%2Fphpunit%2Fphpunit%2Ftests%2Fend-to-end" "Mozilla/5.0 AppleWebKit/537.36 (KHTML, like Gecko; compatible; GPTBot/1.3; +https://openai.com/gptbot)"
74.7.227.160 - - [02/Mar/2026:13:50:50 +0000] "GET /whsy.php?e=ar_IN&p=%2Fusr%2Fshare%2Fi18n%2Flocales HTTP/2.0" 200 10542 "https://mail.caimegroup.com/whsy.php?p=%2Fusr%2Fshare%2Fi18n%2Flocales" "Mozilla/5.0 AppleWebKit/537.36 (KHTML, like Gecko; compatible; GPTBot/1.3; +https://openai.com/gptbot)"
74.7.230.35 - - [02/Mar/2026:13:50:51 +0000] "GET /robots.txt HTTP/2.0" 404 - "-" "Mozilla/5.0 (Macintosh; Intel Mac OS X 10_15_7) AppleWebKit/537.36 (KHTML, like Gecko) Chrome/131.0.0.0 Safari/537.36; compatible; OAI-SearchBot/1.3; robots.txt; +https://openai.com/searchbot"
74.7.241.58 - - [02/Mar/2026:13:51:12 +0000] "GET /whsy.php?e=ValidVariableNameUnitTest.php&p=%2Fhome%2Flab2454c%2Fspaxtac.com%2Fwp-content%2Fplugins%2Fwp-user-frontend-pro%2Fvendor%2Fsquizlabs%2Fphp_codesniffer%2Fsrc%2FStandards%2FPEAR%2FTests%2FNamingConventions HTTP/2.0" 200 1530 "https://www.caimegroup.com/whsy.php?p=%2Fhome%2Flab2454c%2Fspaxtac.com%2Fwp-content%2Fplugins%2Fwp-user-frontend-pro%2Fvendor%2Fsquizlabs%2Fphp_codesniffer%2Fsrc%2FStandards%2FPEAR%2FTests%2FNamingConventions" "Mozilla/5.0 AppleWebKit/537.36 (KHTML, like Gecko; compatible; GPTBot/1.3; +https://openai.com/gptbot)"
74.7.243.218 - - [02/Mar/2026:13:51:26 +0000] "GET /whsy.php?e=current&p=%2Fproc%2F16049%2Fattr HTTP/2.0" 200 1677 "https://caimegroup.com.lab2454.com/whsy.php?p=%2Fproc%2F16049%2Fattr" "Mozilla/5.0 AppleWebKit/537.36 (KHTML, like Gecko; compatible; GPTBot/1.3; +https://openai.com/gptbot)"
74.7.241.36 - - [02/Mar/2026:13:51:40 +0000] "GET /whsy.php?e=custom-printer-debug.phpt&p=%2Fhome%2Flab2454c%2Ffinancial.datmont.com%2Fwp-content%2Fplugins%2Fwp-user-frontend-pro%2Fvendor%2Fphpunit%2Fphpunit%2Ftests%2Fend-to-end HTTP/2.0" 200 5196 "https://www.caimegroup.com.lab2454.com/whsy.php?p=%2Fhome%2Flab2454c%2Ffinancial.datmont.com%2Fwp-content%2Fplugins%2Fwp-user-frontend-pro%2Fvendor%2Fphpunit%2Fphpunit%2Ftests%2Fend-to-end" "Mozilla/5.0 AppleWebKit/537.36 (KHTML, like Gecko; compatible; GPTBot/1.3; +https://openai.com/gptbot)"
74.7.241.146 - - [02/Mar/2026:13:51:41 +0000] "GET /robots.txt HTTP/2.0" 404 - "-" "Mozilla/5.0 (Macintosh; Intel Mac OS X 10_15_7) AppleWebKit/537.36 (KHTML, like Gecko) Chrome/131.0.0.0 Safari/537.36; compatible; OAI-SearchBot/1.3; robots.txt; +https://openai.com/searchbot"
74.7.227.160 - - [02/Mar/2026:13:51:42 +0000] "GET /whsy.php?e=es_CR&p=%2Fusr%2Fshare%2Fi18n%2Flocales HTTP/2.0" 200 10498 "https://mail.caimegroup.com/whsy.php?p=%2Fusr%2Fshare%2Fi18n%2Flocales" "Mozilla/5.0 AppleWebKit/537.36 (KHTML, like Gecko; compatible; GPTBot/1.3; +https://openai.com/gptbot)"
74.7.241.58 - - [02/Mar/2026:13:51:59 +0000] "GET /whsy.php?e=wpuf-form-builder-wpuf-forms-pro.js&p=%2Fhome%2Flab2454c%2Fspaxtac.com%2Fwp-content%2Fplugins%2Fwp-user-frontend-pro%2Fassets%2Fjs HTTP/2.0" 200 1652 "https://www.caimegroup.com/whsy.php?p=%2Fhome%2Flab2454c%2Fspaxtac.com%2Fwp-content%2Fplugins%2Fwp-user-frontend-pro%2Fassets%2Fjs" "Mozilla/5.0 AppleWebKit/537.36 (KHTML, like Gecko; compatible; GPTBot/1.3; +https://openai.com/gptbot)"
74.7.243.218 - - [02/Mar/2026:13:52:08 +0000] "GET /whsy.php?e=netlink&p=%2Fproc%2F10692%2Fnet HTTP/2.0" 200 2811 "https://caimegroup.com.lab2454.com/whsy.php?p=%2Fproc%2F10692%2Fnet" "Mozilla/5.0 AppleWebKit/537.36 (KHTML, like Gecko; compatible; GPTBot/1.3; +https://openai.com/gptbot)"
74.7.241.36 - - [02/Mar/2026:13:52:15 +0000] "GET /whsy.php?e=cache-result.phpt&p=%2Fhome%2Flab2454c%2Ffinancial.datmont.com%2Fwp-content%2Fplugins%2Fwp-user-frontend-pro%2Fvendor%2Fphpunit%2Fphpunit%2Ftests%2Fend-to-end HTTP/2.0" 200 5372 "https://www.caimegroup.com.lab2454.com/whsy.php?p=%2Fhome%2Flab2454c%2Ffinancial.datmont.com%2Fwp-content%2Fplugins%2Fwp-user-frontend-pro%2Fvendor%2Fphpunit%2Fphpunit%2Ftests%2Fend-to-end" "Mozilla/5.0 AppleWebKit/537.36 (KHTML, like Gecko; compatible; GPTBot/1.3; +https://openai.com/gptbot)"
74.7.227.160 - - [02/Mar/2026:13:52:25 +0000] "GET /whsy.php?e=ar_BH&p=%2Fusr%2Fshare%2Fi18n%2Flocales HTTP/2.0" 200 10673 "https://mail.caimegroup.com/whsy.php?p=%2Fusr%2Fshare%2Fi18n%2Flocales" "Mozilla/5.0 AppleWebKit/537.36 (KHTML, like Gecko; compatible; GPTBot/1.3; +https://openai.com/gptbot)"
74.7.241.58 - - [02/Mar/2026:13:52:47 +0000] "GET /whsy.php?e=phpunit.no_autoload.xml&p=%2Fhome%2Flab2454c%2Fspaxtac.com%2Fwp-content%2Fplugins%2Fwp-user-frontend-pro%2Fmodules%2Fstripe%2Flib%2Fstripe HTTP/2.0" 200 1325 "https://www.caimegroup.com/whsy.php?p=%2Fhome%2Flab2454c%2Fspaxtac.com%2Fwp-content%2Fplugins%2Fwp-user-frontend-pro%2Fmodules%2Fstripe%2Flib%2Fstripe" "Mozilla/5.0 AppleWebKit/537.36 (KHTML, like Gecko; compatible; GPTBot/1.3; +https://openai.com/gptbot)"
74.7.243.218 - - [02/Mar/2026:13:53:00 +0000] "GET /whsy.php?e=mcfilter&p=%2Fproc%2F11302%2Fnet HTTP/2.0" 200 2537 "https://caimegroup.com.lab2454.com/whsy.php?p=%2Fproc%2F11302%2Fnet" "Mozilla/5.0 AppleWebKit/537.36 (KHTML, like Gecko; compatible; GPTBot/1.3; +https://openai.com/gptbot)"
74.7.228.61 - - [02/Mar/2026:13:53:01 +0000] "GET /robots.txt HTTP/2.0" 404 - "-" "Mozilla/5.0 (Macintosh; Intel Mac OS X 10_15_7) AppleWebKit/537.36 (KHTML, like Gecko) Chrome/131.0.0.0 Safari/537.36; compatible; OAI-SearchBot/1.3; robots.txt; +https://openai.com/searchbot"
74.7.241.36 - - [02/Mar/2026:13:53:05 +0000] "GET /whsy.php?e=testdox-group.phpt&p=%2Fhome%2Flab2454c%2Ffinancial.datmont.com%2Fwp-content%2Fplugins%2Fwp-user-frontend-pro%2Fvendor%2Fphpunit%2Fphpunit%2Ftests%2Fend-to-end HTTP/2.0" 200 5164 "https://www.caimegroup.com.lab2454.com/whsy.php?p=%2Fhome%2Flab2454c%2Ffinancial.datmont.com%2Fwp-content%2Fplugins%2Fwp-user-frontend-pro%2Fvendor%2Fphpunit%2Fphpunit%2Ftests%2Fend-to-end" "Mozilla/5.0 AppleWebKit/537.36 (KHTML, like Gecko; compatible; GPTBot/1.3; +https://openai.com/gptbot)"
74.7.227.160 - - [02/Mar/2026:13:53:28 +0000] "GET /whsy.php?e=br_FR&p=%2Fusr%2Fshare%2Fi18n%2Flocales HTTP/2.0" 200 10339 "https://mail.caimegroup.com/whsy.php?p=%2Fusr%2Fshare%2Fi18n%2Flocales" "Mozilla/5.0 AppleWebKit/537.36 (KHTML, like Gecko; compatible; GPTBot/1.3; +https://openai.com/gptbot)"
74.7.241.58 - - [02/Mar/2026:13:53:37 +0000] "GET /whsy.php?e=TestSuite.php&p=%2Fhome%2Flab2454c%2Fspaxtac.com%2Fwp-content%2Fplugins%2Fwp-user-frontend-pro%2Fvendor%2Fphpunit%2Fphpunit%2Fsrc%2FFramework HTTP/2.0" 200 7338 "https://www.caimegroup.com/whsy.php?p=%2Fhome%2Flab2454c%2Fspaxtac.com%2Fwp-content%2Fplugins%2Fwp-user-frontend-pro%2Fvendor%2Fphpunit%2Fphpunit%2Fsrc%2FFramework" "Mozilla/5.0 AppleWebKit/537.36 (KHTML, like Gecko; compatible; GPTBot/1.3; +https://openai.com/gptbot)"
5.196.202.32 - - [02/Mar/2026:13:53:36 +0000] "POST /wp-login.php HTTP/1.1" 500 1004 "-" "Mozilla/5.0 (Windows NT 10.0; Win64; x64) AppleWebKit/537.36 (KHTML, like Gecko) Chrome/141.0.0.0 Safari/537.36"
74.7.243.218 - - [02/Mar/2026:13:53:50 +0000] "GET /whsy.php?e=netlink&p=%2Fproc%2F31060%2Fnet HTTP/2.0" 200 2810 "https://caimegroup.com.lab2454.com/whsy.php?p=%2Fproc%2F31060%2Fnet" "Mozilla/5.0 AppleWebKit/537.36 (KHTML, like Gecko; compatible; GPTBot/1.3; +https://openai.com/gptbot)"
74.7.241.36 - - [02/Mar/2026:13:53:53 +0000] "GET /whsy.php?e=phpt-xfail.phpt&p=%2Fhome%2Flab2454c%2Ffinancial.datmont.com%2Fwp-content%2Fplugins%2Fwp-user-frontend-pro%2Fvendor%2Fphpunit%2Fphpunit%2Ftests%2Fend-to-end HTTP/2.0" 200 5140 "https://www.caimegroup.com.lab2454.com/whsy.php?p=%2Fhome%2Flab2454c%2Ffinancial.datmont.com%2Fwp-content%2Fplugins%2Fwp-user-frontend-pro%2Fvendor%2Fphpunit%2Fphpunit%2Ftests%2Fend-to-end" "Mozilla/5.0 AppleWebKit/537.36 (KHTML, like Gecko; compatible; GPTBot/1.3; +https://openai.com/gptbot)"
74.7.241.58 - - [02/Mar/2026:13:54:31 +0000] "GET /whsy.php?e=Exception.php&p=%2Fhome%2Flab2454c%2Fspaxtac.com%2Fwp-content%2Fplugins%2Fwp-user-frontend-pro%2Fvendor%2Fphpunit%2Fphpunit%2Fsrc%2FFramework HTTP/2.0" 200 2900 "https://www.caimegroup.com/whsy.php?p=%2Fhome%2Flab2454c%2Fspaxtac.com%2Fwp-content%2Fplugins%2Fwp-user-frontend-pro%2Fvendor%2Fphpunit%2Fphpunit%2Fsrc%2FFramework" "Mozilla/5.0 AppleWebKit/537.36 (KHTML, like Gecko; compatible; GPTBot/1.3; +https://openai.com/gptbot)"
74.7.241.140 - - [02/Mar/2026:13:54:32 +0000] "GET /robots.txt HTTP/2.0" 404 - "-" "Mozilla/5.0 (Macintosh; Intel Mac OS X 10_15_7) AppleWebKit/537.36 (KHTML, like Gecko) Chrome/131.0.0.0 Safari/537.36; compatible; OAI-SearchBot/1.3; robots.txt; +https://openai.com/searchbot"
74.7.227.160 - - [02/Mar/2026:13:54:44 +0000] "GET /whsy.php?e=fr_FR&p=%2Fusr%2Fshare%2Fi18n%2Flocales HTTP/2.0" 200 10554 "https://mail.caimegroup.com/whsy.php?p=%2Fusr%2Fshare%2Fi18n%2Flocales" "Mozilla/5.0 AppleWebKit/537.36 (KHTML, like Gecko; compatible; GPTBot/1.3; +https://openai.com/gptbot)"
74.7.243.218 - - [02/Mar/2026:13:54:45 +0000] "GET /whsy.php?e=current&p=%2Fproc%2F14589%2Fattr HTTP/2.0" 200 849 "https://caimegroup.com.lab2454.com/whsy.php?p=%2Fproc%2F14589%2Fattr" "Mozilla/5.0 AppleWebKit/537.36 (KHTML, like Gecko; compatible; GPTBot/1.3; +https://openai.com/gptbot)"
74.7.241.36 - - [02/Mar/2026:13:54:48 +0000] "GET /whsy.php?e=test-suffix-multiple.phpt&p=%2Fhome%2Flab2454c%2Ffinancial.datmont.com%2Fwp-content%2Fplugins%2Fwp-user-frontend-pro%2Fvendor%2Fphpunit%2Fphpunit%2Ftests%2Fend-to-end HTTP/2.0" 200 5119 "https://www.caimegroup.com.lab2454.com/whsy.php?p=%2Fhome%2Flab2454c%2Ffinancial.datmont.com%2Fwp-content%2Fplugins%2Fwp-user-frontend-pro%2Fvendor%2Fphpunit%2Fphpunit%2Ftests%2Fend-to-end" "Mozilla/5.0 AppleWebKit/537.36 (KHTML, like Gecko; compatible; GPTBot/1.3; +https://openai.com/gptbot)"
74.7.241.58 - - [02/Mar/2026:13:55:23 +0000] "GET /whsy.php?e=TestCase.php&p=%2Fhome%2Flab2454c%2Fspaxtac.com%2Fwp-content%2Fplugins%2Fwp-user-frontend-pro%2Fvendor%2Fphpunit%2Fphpunit%2Fsrc%2FFramework HTTP/2.0" 200 13145 "https://www.caimegroup.com/whsy.php?p=%2Fhome%2Flab2454c%2Fspaxtac.com%2Fwp-content%2Fplugins%2Fwp-user-frontend-pro%2Fvendor%2Fphpunit%2Fphpunit%2Fsrc%2FFramework" "Mozilla/5.0 AppleWebKit/537.36 (KHTML, like Gecko; compatible; GPTBot/1.3; +https://openai.com/gptbot)"
74.7.227.160 - - [02/Mar/2026:13:55:49 +0000] "GET /whsy.php?e=se_NO&p=%2Fusr%2Fshare%2Fi18n%2Flocales HTTP/2.0" 200 11586 "https://mail.caimegroup.com/whsy.php?p=%2Fusr%2Fshare%2Fi18n%2Flocales" "Mozilla/5.0 AppleWebKit/537.36 (KHTML, like Gecko; compatible; GPTBot/1.3; +https://openai.com/gptbot)"
74.7.241.36 - - [02/Mar/2026:13:55:50 +0000] "GET /whsy.php?e=abstract-test-class.phpt&p=%2Fhome%2Flab2454c%2Ffinancial.datmont.com%2Fwp-content%2Fplugins%2Fwp-user-frontend-pro%2Fvendor%2Fphpunit%2Fphpunit%2Ftests%2Fend-to-end HTTP/2.0" 200 5160 "https://www.caimegroup.com.lab2454.com/whsy.php?p=%2Fhome%2Flab2454c%2Ffinancial.datmont.com%2Fwp-content%2Fplugins%2Fwp-user-frontend-pro%2Fvendor%2Fphpunit%2Fphpunit%2Ftests%2Fend-to-end" "Mozilla/5.0 AppleWebKit/537.36 (KHTML, like Gecko; compatible; GPTBot/1.3; +https://openai.com/gptbot)"
74.7.243.218 - - [02/Mar/2026:13:55:52 +0000] "GET /whsy.php?p=%2Fproc%2F3906%2Fmap_files HTTP/2.0" 200 1677 "https://caimegroup.com.lab2454.com/whsy.php?p=%2Fproc%2F3906" "Mozilla/5.0 AppleWebKit/537.36 (KHTML, like Gecko; compatible; GPTBot/1.3; +https://openai.com/gptbot)"
74.7.241.58 - - [02/Mar/2026:13:56:25 +0000] "GET /whsy.php?e=RiskyTest.php&p=%2Fhome%2Flab2454c%2Fspaxtac.com%2Fwp-content%2Fplugins%2Fwp-user-frontend-pro%2Fvendor%2Fphpunit%2Fphpunit%2Fsrc%2FFramework HTTP/2.0" 200 2083 "https://www.caimegroup.com/whsy.php?p=%2Fhome%2Flab2454c%2Fspaxtac.com%2Fwp-content%2Fplugins%2Fwp-user-frontend-pro%2Fvendor%2Fphpunit%2Fphpunit%2Fsrc%2FFramework" "Mozilla/5.0 AppleWebKit/537.36 (KHTML, like Gecko; compatible; GPTBot/1.3; +https://openai.com/gptbot)"
74.7.241.36 - - [02/Mar/2026:13:56:49 +0000] "GET /whsy.php?e=log-teamcity.phpt&p=%2Fhome%2Flab2454c%2Ffinancial.datmont.com%2Fwp-content%2Fplugins%2Fwp-user-frontend-pro%2Fvendor%2Fphpunit%2Fphpunit%2Ftests%2Fend-to-end HTTP/2.0" 200 5310 "https://www.caimegroup.com.lab2454.com/whsy.php?p=%2Fhome%2Flab2454c%2Ffinancial.datmont.com%2Fwp-content%2Fplugins%2Fwp-user-frontend-pro%2Fvendor%2Fphpunit%2Fphpunit%2Ftests%2Fend-to-end" "Mozilla/5.0 AppleWebKit/537.36 (KHTML, like Gecko; compatible; GPTBot/1.3; +https://openai.com/gptbot)"
74.7.241.146 - - [02/Mar/2026:13:56:50 +0000] "GET /robots.txt HTTP/2.0" 404 - "-" "Mozilla/5.0 (Macintosh; Intel Mac OS X 10_15_7) AppleWebKit/537.36 (KHTML, like Gecko) Chrome/131.0.0.0 Safari/537.36; compatible; OAI-SearchBot/1.3; robots.txt; +https://openai.com/searchbot"
74.7.227.160 - - [02/Mar/2026:13:56:51 +0000] "GET /whsy.php?e=ar_SD&p=%2Fusr%2Fshare%2Fi18n%2Flocales HTTP/2.0" 200 10656 "https://mail.caimegroup.com/whsy.php?p=%2Fusr%2Fshare%2Fi18n%2Flocales" "Mozilla/5.0 AppleWebKit/537.36 (KHTML, like Gecko; compatible; GPTBot/1.3; +https://openai.com/gptbot)"
74.7.230.35 - - [02/Mar/2026:13:56:52 +0000] "GET /robots.txt HTTP/2.0" 404 - "-" "Mozilla/5.0 (Macintosh; Intel Mac OS X 10_15_7) AppleWebKit/537.36 (KHTML, like Gecko) Chrome/131.0.0.0 Safari/537.36; compatible; OAI-SearchBot/1.3; robots.txt; +https://openai.com/searchbot"
74.7.243.218 - - [02/Mar/2026:13:56:57 +0000] "GET /whsy.php?e=mcfilter&p=%2Fproc%2F11197%2Fnet HTTP/2.0" 200 2537 "https://caimegroup.com.lab2454.com/whsy.php?p=%2Fproc%2F11197%2Fnet" "Mozilla/5.0 AppleWebKit/537.36 (KHTML, like Gecko; compatible; GPTBot/1.3; +https://openai.com/gptbot)"
74.7.241.58 - - [02/Mar/2026:13:57:16 +0000] "GET /whsy.php?e=TestResult.php&p=%2Fhome%2Flab2454c%2Fspaxtac.com%2Fwp-content%2Fplugins%2Fwp-user-frontend-pro%2Fvendor%2Fphpunit%2Fphpunit%2Fsrc%2FFramework HTTP/2.0" 200 6774 "https://www.caimegroup.com/whsy.php?p=%2Fhome%2Flab2454c%2Fspaxtac.com%2Fwp-content%2Fplugins%2Fwp-user-frontend-pro%2Fvendor%2Fphpunit%2Fphpunit%2Fsrc%2FFramework" "Mozilla/5.0 AppleWebKit/537.36 (KHTML, like Gecko; compatible; GPTBot/1.3; +https://openai.com/gptbot)"
74.7.241.36 - - [02/Mar/2026:13:57:45 +0000] "GET /whsy.php?e=test-suffix-single.phpt&p=%2Fhome%2Flab2454c%2Ffinancial.datmont.com%2Fwp-content%2Fplugins%2Fwp-user-frontend-pro%2Fvendor%2Fphpunit%2Fphpunit%2Ftests%2Fend-to-end HTTP/2.0" 200 5115 "https://www.caimegroup.com.lab2454.com/whsy.php?p=%2Fhome%2Flab2454c%2Ffinancial.datmont.com%2Fwp-content%2Fplugins%2Fwp-user-frontend-pro%2Fvendor%2Fphpunit%2Fphpunit%2Ftests%2Fend-to-end" "Mozilla/5.0 AppleWebKit/537.36 (KHTML, like Gecko; compatible; GPTBot/1.3; +https://openai.com/gptbot)"
74.7.227.160 - - [02/Mar/2026:13:57:51 +0000] "GET /whsy.php?e=hr_HR&p=%2Fusr%2Fshare%2Fi18n%2Flocales HTTP/2.0" 200 24129 "https://mail.caimegroup.com/whsy.php?p=%2Fusr%2Fshare%2Fi18n%2Flocales" "Mozilla/5.0 AppleWebKit/537.36 (KHTML, like Gecko; compatible; GPTBot/1.3; +https://openai.com/gptbot)"
74.7.243.218 - - [02/Mar/2026:13:57:57 +0000] "GET /whsy.php?e=mountstats&p=%2Fproc%2F11119 HTTP/2.0" 200 1677 "https://caimegroup.com.lab2454.com/whsy.php?p=%2Fproc%2F11119" "Mozilla/5.0 AppleWebKit/537.36 (KHTML, like Gecko; compatible; GPTBot/1.3; +https://openai.com/gptbot)"
74.7.241.58 - - [02/Mar/2026:13:58:14 +0000] "GET /whsy.php?e=Warning.php&p=%2Fhome%2Flab2454c%2Fspaxtac.com%2Fwp-content%2Fplugins%2Fwp-user-frontend-pro%2Fvendor%2Fphpunit%2Fphpunit%2Fsrc%2FFramework HTTP/2.0" 200 2205 "https://www.caimegroup.com/whsy.php?p=%2Fhome%2Flab2454c%2Fspaxtac.com%2Fwp-content%2Fplugins%2Fwp-user-frontend-pro%2Fvendor%2Fphpunit%2Fphpunit%2Fsrc%2FFramework" "Mozilla/5.0 AppleWebKit/537.36 (KHTML, like Gecko; compatible; GPTBot/1.3; +https://openai.com/gptbot)"
74.7.241.36 - - [02/Mar/2026:13:58:45 +0000] "GET /whsy.php?e=colors-always.phpt&p=%2Fhome%2Flab2454c%2Ffinancial.datmont.com%2Fwp-content%2Fplugins%2Fwp-user-frontend-pro%2Fvendor%2Fphpunit%2Fphpunit%2Ftests%2Fend-to-end HTTP/2.0" 200 5127 "https://www.caimegroup.com.lab2454.com/whsy.php?p=%2Fhome%2Flab2454c%2Ffinancial.datmont.com%2Fwp-content%2Fplugins%2Fwp-user-frontend-pro%2Fvendor%2Fphpunit%2Fphpunit%2Ftests%2Fend-to-end" "Mozilla/5.0 AppleWebKit/537.36 (KHTML, like Gecko; compatible; GPTBot/1.3; +https://openai.com/gptbot)"
74.7.227.160 - - [02/Mar/2026:13:58:47 +0000] "GET /whsy.php?e=marqueeHoriz.gif&p=%2Fhome%2Flab2454c%2Fcarbonbullion.com%2Fwp-includes%2Fjs%2Fcrop HTTP/2.0" 200 881 "https://mail.caimegroup.com/whsy.php?p=%2Fhome%2Flab2454c%2Fcarbonbullion.com%2Fwp-includes%2Fjs%2Fcrop" "Mozilla/5.0 AppleWebKit/537.36 (KHTML, like Gecko; compatible; GPTBot/1.3; +https://openai.com/gptbot)"
74.7.243.218 - - [02/Mar/2026:13:58:54 +0000] "GET /whsy.php?e=sessionid&p=%2Fproc%2F3906 HTTP/2.0" 200 1677 "https://caimegroup.com.lab2454.com/whsy.php?p=%2Fproc%2F3906" "Mozilla/5.0 AppleWebKit/537.36 (KHTML, like Gecko; compatible; GPTBot/1.3; +https://openai.com/gptbot)"
74.7.228.61 - - [02/Mar/2026:13:58:55 +0000] "GET /robots.txt HTTP/2.0" 404 - "-" "Mozilla/5.0 (Macintosh; Intel Mac OS X 10_15_7) AppleWebKit/537.36 (KHTML, like Gecko) Chrome/131.0.0.0 Safari/537.36; compatible; OAI-SearchBot/1.3; robots.txt; +https://openai.com/searchbot"
74.7.241.58 - - [02/Mar/2026:13:59:11 +0000] "GET /whsy.php?e=Assert.php&p=%2Fhome%2Flab2454c%2Fspaxtac.com%2Fwp-content%2Fplugins%2Fwp-user-frontend-pro%2Fvendor%2Fphpunit%2Fphpunit%2Fsrc%2FFramework HTTP/2.0" 200 9976 "https://www.caimegroup.com/whsy.php?p=%2Fhome%2Flab2454c%2Fspaxtac.com%2Fwp-content%2Fplugins%2Fwp-user-frontend-pro%2Fvendor%2Fphpunit%2Fphpunit%2Fsrc%2FFramework" "Mozilla/5.0 AppleWebKit/537.36 (KHTML, like Gecko; compatible; GPTBot/1.3; +https://openai.com/gptbot)"
74.7.241.36 - - [02/Mar/2026:13:59:41 +0000] "GET /whsy.php?e=ini-isolation.phpt&p=%2Fhome%2Flab2454c%2Ffinancial.datmont.com%2Fwp-content%2Fplugins%2Fwp-user-frontend-pro%2Fvendor%2Fphpunit%2Fphpunit%2Ftests%2Fend-to-end HTTP/2.0" 200 5144 "https://www.caimegroup.com.lab2454.com/whsy.php?p=%2Fhome%2Flab2454c%2Ffinancial.datmont.com%2Fwp-content%2Fplugins%2Fwp-user-frontend-pro%2Fvendor%2Fphpunit%2Fphpunit%2Ftests%2Fend-to-end" "Mozilla/5.0 AppleWebKit/537.36 (KHTML, like Gecko; compatible; GPTBot/1.3; +https://openai.com/gptbot)"
74.7.227.160 - - [02/Mar/2026:13:59:55 +0000] "GET /whsy.php?e=marqueeHoriz.gif&p=%2Fhome%2Flab2454c%2Felementalrock.com%2Fwp-includes%2Fjs%2Fcrop HTTP/2.0" 200 913 "https://mail.caimegroup.com/whsy.php?p=%2Fhome%2Flab2454c%2Felementalrock.com%2Fwp-includes%2Fjs%2Fcrop" "Mozilla/5.0 AppleWebKit/537.36 (KHTML, like Gecko; compatible; GPTBot/1.3; +https://openai.com/gptbot)"
74.7.243.218 - - [02/Mar/2026:13:59:57 +0000] "GET /whsy.php?e=autogroup&p=%2Fproc%2F3906 HTTP/2.0" 200 1677 "https://caimegroup.com.lab2454.com/whsy.php?p=%2Fproc%2F3906" "Mozilla/5.0 AppleWebKit/537.36 (KHTML, like Gecko; compatible; GPTBot/1.3; +https://openai.com/gptbot)"
74.7.241.58 - - [02/Mar/2026:14:00:13 +0000] "GET /whsy.php?e=WarningTestCase.php&p=%2Fhome%2Flab2454c%2Fspaxtac.com%2Fwp-content%2Fplugins%2Fwp-user-frontend-pro%2Fvendor%2Fphpunit%2Fphpunit%2Fsrc%2FFramework HTTP/2.0" 200 2363 "https://www.caimegroup.com/whsy.php?p=%2Fhome%2Flab2454c%2Fspaxtac.com%2Fwp-content%2Fplugins%2Fwp-user-frontend-pro%2Fvendor%2Fphpunit%2Fphpunit%2Fsrc%2FFramework" "Mozilla/5.0 AppleWebKit/537.36 (KHTML, like Gecko; compatible; GPTBot/1.3; +https://openai.com/gptbot)"
74.7.241.140 - - [02/Mar/2026:14:00:15 +0000] "GET /robots.txt HTTP/2.0" 404 - "-" "Mozilla/5.0 (Macintosh; Intel Mac OS X 10_15_7) AppleWebKit/537.36 (KHTML, like Gecko) Chrome/131.0.0.0 Safari/537.36; compatible; OAI-SearchBot/1.3; robots.txt; +https://openai.com/searchbot"
217.182.195.176 - - [02/Mar/2026:14:00:21 +0000] "GET /robots.txt HTTP/1.1" 404 - "-" "Mozilla/5.0 (compatible; MJ12bot/v1.4.8; http://mj12bot.com/)"
217.182.195.176 - - [02/Mar/2026:14:00:22 +0000] "GET /whsy.php?e=.htaccess&p=/home/lab2454c/omvstudioentertainment.com HTTP/1.1" 200 1327 "-" "Mozilla/5.0 (compatible; MJ12bot/v1.4.8; http://mj12bot.com/)"
217.182.195.176 - - [02/Mar/2026:14:00:25 +0000] "GET /whsy.php?e=buttons-rtl.css&p=/home/lab2454c/caimegroup.com/wp-includes_old/css HTTP/1.1" 200 4227 "-" "Mozilla/5.0 (compatible; MJ12bot/v1.4.8; http://mj12bot.com/)"
217.182.195.176 - - [02/Mar/2026:14:00:27 +0000] "GET /whsy.php?p=/home/lab2454c/cotexprotocol.com/cgi-bin HTTP/1.1" 200 841 "-" "Mozilla/5.0 (compatible; MJ12bot/v1.4.8; http://mj12bot.com/)"
217.182.195.176 - - [02/Mar/2026:14:00:29 +0000] "GET /whsy.php?p=/home/lab2454c/credityork.com/.. HTTP/1.1" 200 3804 "-" "Mozilla/5.0 (compatible; MJ12bot/v1.4.8; http://mj12bot.com/)"
74.7.241.36 - - [02/Mar/2026:14:00:29 +0000] "GET /whsy.php?e=phpt-args.phpt&p=%2Fhome%2Flab2454c%2Ffinancial.datmont.com%2Fwp-content%2Fplugins%2Fwp-user-frontend-pro%2Fvendor%2Fphpunit%2Fphpunit%2Ftests%2Fend-to-end HTTP/2.0" 200 4976 "https://www.caimegroup.com.lab2454.com/whsy.php?p=%2Fhome%2Flab2454c%2Ffinancial.datmont.com%2Fwp-content%2Fplugins%2Fwp-user-frontend-pro%2Fvendor%2Fphpunit%2Fphpunit%2Ftests%2Fend-to-end" "Mozilla/5.0 AppleWebKit/537.36 (KHTML, like Gecko; compatible; GPTBot/1.3; +https://openai.com/gptbot)"
217.182.195.176 - - [02/Mar/2026:14:00:32 +0000] "GET /whsy.php?p=/home/lab2454c/credityorkgroup.com/cgi-bin HTTP/1.1" 200 757 "-" "Mozilla/5.0 (compatible; MJ12bot/v1.4.8; http://mj12bot.com/)"
217.182.195.176 - - [02/Mar/2026:14:00:36 +0000] "GET /whsy.php?p=/home/lab2454c/credityorkgroup.com/config HTTP/1.1" 200 1282 "-" "Mozilla/5.0 (compatible; MJ12bot/v1.4.8; http://mj12bot.com/)"
217.182.195.176 - - [02/Mar/2026:14:00:40 +0000] "GET /whsy.php?p=/home/lab2454c/credityorkgroup.com/resources HTTP/1.1" 200 805 "-" "Mozilla/5.0 (compatible; MJ12bot/v1.4.8; http://mj12bot.com/)"
217.182.195.176 - - [02/Mar/2026:14:00:43 +0000] "GET /whsy.php?p=/home/lab2454c/credityorkgroup.com/routes HTTP/1.1" 200 899 "-" "Mozilla/5.0 (compatible; MJ12bot/v1.4.8; http://mj12bot.com/)"
74.7.243.218 - - [02/Mar/2026:14:00:45 +0000] "GET /whsy.php?e=schedstat&p=%2Fproc%2F3906 HTTP/2.0" 200 1677 "https://caimegroup.com.lab2454.com/whsy.php?p=%2Fproc%2F3906" "Mozilla/5.0 AppleWebKit/537.36 (KHTML, like Gecko; compatible; GPTBot/1.3; +https://openai.com/gptbot)"
217.182.195.176 - - [02/Mar/2026:14:00:47 +0000] "GET /whsy.php?p=/home/lab2454c/credityorkgroup.com/storage HTTP/1.1" 200 793 "-" "Mozilla/5.0 (compatible; MJ12bot/v1.4.8; http://mj12bot.com/)"
217.182.195.176 - - [02/Mar/2026:14:00:52 +0000] "GET /whsy.php?p=/home/lab2454c/credityorkgroup.com/tests HTTP/1.1" 200 854 "-" "Mozilla/5.0 (compatible; MJ12bot/v1.4.8; http://mj12bot.com/)"
74.7.227.160 - - [02/Mar/2026:14:00:53 +0000] "GET /whsy.php?e=AbstractSurrogateFragmentRenderer.php&p=%2Fhome%2Flab2454c%2Fnetxzero.com%2Fcarbon-credit%2Fvendor%2Fsymfony%2Fhttp-kernel%2FFragment HTTP/2.0" 200 2325 "https://mail.caimegroup.com/whsy.php?p=%2Fhome%2Flab2454c%2Fnetxzero.com%2Fcarbon-credit%2Fvendor%2Fsymfony%2Fhttp-kernel%2FFragment" "Mozilla/5.0 AppleWebKit/537.36 (KHTML, like Gecko; compatible; GPTBot/1.3; +https://openai.com/gptbot)"
217.182.195.176 - - [02/Mar/2026:14:00:55 +0000] "GET /whsy.php?p=/home/lab2454c/credityorkgroup.com/vendor HTTP/1.1" 200 1308 "-" "Mozilla/5.0 (compatible; MJ12bot/v1.4.8; http://mj12bot.com/)"
217.182.195.176 - - [02/Mar/2026:14:00:59 +0000] "GET /whsy.php?p=/home/lab2454c/crypthorize.com/.. HTTP/1.1" 200 3804 "-" "Mozilla/5.0 (compatible; MJ12bot/v1.4.8; http://mj12bot.com/)"
74.7.241.58 - - [02/Mar/2026:14:01:00 +0000] "GET /whsy.php?e=SelfDescribing.php&p=%2Fhome%2Flab2454c%2Fspaxtac.com%2Fwp-content%2Fplugins%2Fwp-user-frontend-pro%2Fvendor%2Fphpunit%2Fphpunit%2Fsrc%2FFramework HTTP/2.0" 200 2171 "https://www.caimegroup.com/whsy.php?p=%2Fhome%2Flab2454c%2Fspaxtac.com%2Fwp-content%2Fplugins%2Fwp-user-frontend-pro%2Fvendor%2Fphpunit%2Fphpunit%2Fsrc%2FFramework" "Mozilla/5.0 AppleWebKit/537.36 (KHTML, like Gecko; compatible; GPTBot/1.3; +https://openai.com/gptbot)"
217.182.195.176 - - [02/Mar/2026:14:01:03 +0000] "GET /whsy.php?p=/home/lab2454c/crypthorize.com/.well-known HTTP/1.1" 200 768 "-" "Mozilla/5.0 (compatible; MJ12bot/v1.4.8; http://mj12bot.com/)"
217.182.195.176 - - [02/Mar/2026:14:01:06 +0000] "GET /whsy.php?p=/home/lab2454c/crypthorize.net/.. HTTP/1.1" 200 3804 "-" "Mozilla/5.0 (compatible; MJ12bot/v1.4.8; http://mj12bot.com/)"
217.182.195.176 - - [02/Mar/2026:14:01:09 +0000] "GET /whsy.php?p=/home/lab2454c/crypto.keyreum.com/platform HTTP/1.1" 200 806 "-" "Mozilla/5.0 (compatible; MJ12bot/v1.4.8; http://mj12bot.com/)"
217.182.195.176 - - [02/Mar/2026:14:01:12 +0000] "GET /whsy.php?p=/home/lab2454c/crypto.keyreum.com/public HTTP/1.1" 200 997 "-" "Mozilla/5.0 (compatible; MJ12bot/v1.4.8; http://mj12bot.com/)"
217.182.195.176 - - [02/Mar/2026:14:01:15 +0000] "GET /whsy.php?p=/home/lab2454c/datmont.com/wp-includes HTTP/1.1" 200 8765 "-" "Mozilla/5.0 (compatible; MJ12bot/v1.4.8; http://mj12bot.com/)"
217.182.195.176 - - [02/Mar/2026:14:01:18 +0000] "GET /whsy.php?p=/home/lab2454c/invest.westernclear.com/wp-admin HTTP/1.1" 200 3525 "-" "Mozilla/5.0 (compatible; MJ12bot/v1.4.8; http://mj12bot.com/)"
217.182.195.176 - - [02/Mar/2026:14:01:21 +0000] "GET /whsy.php?p=/home/lab2454c/isaacdaniel.com/.. HTTP/1.1" 200 3804 "-" "Mozilla/5.0 (compatible; MJ12bot/v1.4.8; http://mj12bot.com/)"
217.182.195.176 - - [02/Mar/2026:14:01:24 +0000] "GET /whsy.php?p=/home/lab2454c/isaacdaniel.com/cgi-bin HTTP/1.1" 200 757 "-" "Mozilla/5.0 (compatible; MJ12bot/v1.4.8; http://mj12bot.com/)"
217.182.195.176 - - [02/Mar/2026:14:01:26 +0000] "GET /whsy.php?p=/home/lab2454c/isaaclondston.com/.. HTTP/1.1" 200 3804 "-" "Mozilla/5.0 (compatible; MJ12bot/v1.4.8; http://mj12bot.com/)"
74.7.241.36 - - [02/Mar/2026:14:01:27 +0000] "GET /whsy.php?e=phpt-parsing.phpt&p=%2Fhome%2Flab2454c%2Ffinancial.datmont.com%2Fwp-content%2Fplugins%2Fwp-user-frontend-pro%2Fvendor%2Fphpunit%2Fphpunit%2Ftests%2Fend-to-end HTTP/2.0" 200 5222 "https://www.caimegroup.com.lab2454.com/whsy.php?p=%2Fhome%2Flab2454c%2Ffinancial.datmont.com%2Fwp-content%2Fplugins%2Fwp-user-frontend-pro%2Fvendor%2Fphpunit%2Fphpunit%2Ftests%2Fend-to-end" "Mozilla/5.0 AppleWebKit/537.36 (KHTML, like Gecko; compatible; GPTBot/1.3; +https://openai.com/gptbot)"
217.182.195.176 - - [02/Mar/2026:14:01:29 +0000] "GET /whsy.php?p=/home/lab2454c/isaaclondston.com/.quarantine HTTP/1.1" 200 753 "-" "Mozilla/5.0 (compatible; MJ12bot/v1.4.8; http://mj12bot.com/)"
217.182.195.176 - - [02/Mar/2026:14:01:32 +0000] "GET /whsy.php?p=/home/lab2454c/isaaclondston.com/.tmb HTTP/1.1" 200 821 "-" "Mozilla/5.0 (compatible; MJ12bot/v1.4.8; http://mj12bot.com/)"
217.182.195.176 - - [02/Mar/2026:14:01:34 +0000] "GET /whsy.php?p=/home/lab2454c/isaaclondston.com/.well-known HTTP/1.1" 200 530 "-" "Mozilla/5.0 (compatible; MJ12bot/v1.4.8; http://mj12bot.com/)"
217.182.195.176 - - [02/Mar/2026:14:01:37 +0000] "GET /whsy.php?p=/home/lab2454c/isaaclondston.com/cgi-bin HTTP/1.1" 200 787 "-" "Mozilla/5.0 (compatible; MJ12bot/v1.4.8; http://mj12bot.com/)"
217.182.195.176 - - [02/Mar/2026:14:01:41 +0000] "GET /whsy.php?p=/home/lab2454c/isaaclondston.com/wordpress HTTP/1.1" 200 760 "-" "Mozilla/5.0 (compatible; MJ12bot/v1.4.8; http://mj12bot.com/)"
74.7.243.218 - - [02/Mar/2026:14:01:42 +0000] "GET /whsy.php?e=fib_trie&p=%2Fproc%2F31060%2Fnet HTTP/2.0" 200 2693 "https://caimegroup.com.lab2454.com/whsy.php?p=%2Fproc%2F31060%2Fnet" "Mozilla/5.0 AppleWebKit/537.36 (KHTML, like Gecko; compatible; GPTBot/1.3; +https://openai.com/gptbot)"
217.182.195.176 - - [02/Mar/2026:14:01:44 +0000] "GET /whsy.php?p=/home/lab2454c/isaaclondston.com/wp-admin HTTP/1.1" 200 3502 "-" "Mozilla/5.0 (compatible; MJ12bot/v1.4.8; http://mj12bot.com/)"
217.182.195.176 - - [02/Mar/2026:14:01:47 +0000] "GET /whsy.php?p=/home/lab2454c/isaaclondston.com/wp-content HTTP/1.1" 200 897 "-" "Mozilla/5.0 (compatible; MJ12bot/v1.4.8; http://mj12bot.com/)"
217.182.195.176 - - [02/Mar/2026:14:01:50 +0000] "GET /whsy.php?p=/home/lab2454c/isaaclondston.com/wp-includes HTTP/1.1" 200 8548 "-" "Mozilla/5.0 (compatible; MJ12bot/v1.4.8; http://mj12bot.com/)"
217.182.195.176 - - [02/Mar/2026:14:01:53 +0000] "GET /whsy.php?p=/home/lab2454c/keebchat.com/.. HTTP/1.1" 200 3804 "-" "Mozilla/5.0 (compatible; MJ12bot/v1.4.8; http://mj12bot.com/)"
217.182.195.176 - - [02/Mar/2026:14:01:56 +0000] "GET /whsy.php?p=/home/lab2454c/keebchat.com/.well-known HTTP/1.1" 200 526 "-" "Mozilla/5.0 (compatible; MJ12bot/v1.4.8; http://mj12bot.com/)"
217.182.195.176 - - [02/Mar/2026:14:01:58 +0000] "GET /whsy.php?p=/home/lab2454c/keebchat.com/api_docs HTTP/1.1" 200 954 "-" "Mozilla/5.0 (compatible; MJ12bot/v1.4.8; http://mj12bot.com/)"
74.7.227.160 - - [02/Mar/2026:14:02:00 +0000] "GET /whsy.php?e=block-i18n.json&p=%2Fhome%2Flab2454c%2Felementalmill.com%2Fwp-includes HTTP/2.0" 200 9078 "https://mail.caimegroup.com/whsy.php?p=%2Fhome%2Flab2454c%2Felementalmill.com%2Fwp-includes" "Mozilla/5.0 AppleWebKit/537.36 (KHTML, like Gecko; compatible; GPTBot/1.3; +https://openai.com/gptbot)"
74.7.230.35 - - [02/Mar/2026:14:02:01 +0000] "GET /robots.txt HTTP/2.0" 404 - "-" "Mozilla/5.0 (Macintosh; Intel Mac OS X 10_15_7) AppleWebKit/537.36 (KHTML, like Gecko) Chrome/131.0.0.0 Safari/537.36; compatible; OAI-SearchBot/1.3; robots.txt; +https://openai.com/searchbot"
217.182.195.176 - - [02/Mar/2026:14:02:01 +0000] "GET /whsy.php?p=/home/lab2454c/keebchat.com/apps HTTP/1.1" 200 767 "-" "Mozilla/5.0 (compatible; MJ12bot/v1.4.8; http://mj12bot.com/)"
74.7.241.58 - - [02/Mar/2026:14:02:02 +0000] "GET /whsy.php?e=SyntheticError.php&p=%2Fhome%2Flab2454c%2Fspaxtac.com%2Fwp-content%2Fplugins%2Fwp-user-frontend-pro%2Fvendor%2Fphpunit%2Fphpunit%2Fsrc%2FFramework HTTP/2.0" 200 2354 "https://www.caimegroup.com/whsy.php?p=%2Fhome%2Flab2454c%2Fspaxtac.com%2Fwp-content%2Fplugins%2Fwp-user-frontend-pro%2Fvendor%2Fphpunit%2Fphpunit%2Fsrc%2FFramework" "Mozilla/5.0 AppleWebKit/537.36 (KHTML, like Gecko; compatible; GPTBot/1.3; +https://openai.com/gptbot)"
217.182.195.176 - - [02/Mar/2026:14:02:04 +0000] "GET /whsy.php?p=/home/lab2454c/keebchat.com/cgi-bin HTTP/1.1" 200 755 "-" "Mozilla/5.0 (compatible; MJ12bot/v1.4.8; http://mj12bot.com/)"
217.182.195.176 - - [02/Mar/2026:14:02:06 +0000] "GET /whsy.php?p=/home/lab2454c/keebchat.com/core HTTP/1.1" 200 969 "-" "Mozilla/5.0 (compatible; MJ12bot/v1.4.8; http://mj12bot.com/)"
217.182.195.176 - - [02/Mar/2026:14:02:09 +0000] "GET /whsy.php?p=/home/lab2454c/keebchat.com/site_backups HTTP/1.1" 200 817 "-" "Mozilla/5.0 (compatible; MJ12bot/v1.4.8; http://mj12bot.com/)"
217.182.195.176 - - [02/Mar/2026:14:02:12 +0000] "GET /whsy.php?p=/home/lab2454c/keebchat.com/sitemap HTTP/1.1" 200 812 "-" "Mozilla/5.0 (compatible; MJ12bot/v1.4.8; http://mj12bot.com/)"
217.182.195.176 - - [02/Mar/2026:14:02:15 +0000] "GET /whsy.php?p=/home/lab2454c/keebchat.com/themes HTTP/1.1" 200 765 "-" "Mozilla/5.0 (compatible; MJ12bot/v1.4.8; http://mj12bot.com/)"
74.7.241.36 - - [02/Mar/2026:14:02:16 +0000] "GET /whsy.php?e=phpt-external.phpt&p=%2Fhome%2Flab2454c%2Ffinancial.datmont.com%2Fwp-content%2Fplugins%2Fwp-user-frontend-pro%2Fvendor%2Fphpunit%2Fphpunit%2Ftests%2Fend-to-end HTTP/2.0" 200 4944 "https://www.caimegroup.com.lab2454.com/whsy.php?p=%2Fhome%2Flab2454c%2Ffinancial.datmont.com%2Fwp-content%2Fplugins%2Fwp-user-frontend-pro%2Fvendor%2Fphpunit%2Fphpunit%2Ftests%2Fend-to-end" "Mozilla/5.0 AppleWebKit/537.36 (KHTML, like Gecko; compatible; GPTBot/1.3; +https://openai.com/gptbot)"
74.7.241.146 - - [02/Mar/2026:14:02:17 +0000] "GET /robots.txt HTTP/2.0" 404 - "-" "Mozilla/5.0 (Macintosh; Intel Mac OS X 10_15_7) AppleWebKit/537.36 (KHTML, like Gecko) Chrome/131.0.0.0 Safari/537.36; compatible; OAI-SearchBot/1.3; robots.txt; +https://openai.com/searchbot"
217.182.195.176 - - [02/Mar/2026:14:02:18 +0000] "GET /whsy.php?p=/home/lab2454c/keebchat.com/upload HTTP/1.1" 200 850 "-" "Mozilla/5.0 (compatible; MJ12bot/v1.4.8; http://mj12bot.com/)"
217.182.195.176 - - [02/Mar/2026:14:02:20 +0000] "GET /whsy.php?p=/home/lab2454c/keebchat.com/vendor HTTP/1.1" 200 837 "-" "Mozilla/5.0 (compatible; MJ12bot/v1.4.8; http://mj12bot.com/)"
217.182.195.176 - - [02/Mar/2026:14:02:23 +0000] "GET /whsy.php?p=/home/lab2454c/keyreum.com/.well-known HTTP/1.1" 200 857 "-" "Mozilla/5.0 (compatible; MJ12bot/v1.4.8; http://mj12bot.com/)"
217.182.195.176 - - [02/Mar/2026:14:02:25 +0000] "GET /whsy.php?p=/home/lab2454c/keyreum.com/.wp-cli HTTP/1.1" 200 842 "-" "Mozilla/5.0 (compatible; MJ12bot/v1.4.8; http://mj12bot.com/)"
217.182.195.176 - - [02/Mar/2026:14:02:28 +0000] "GET /whsy.php?p=/home/lab2454c/keyreum.com/KNVqb0 HTTP/1.1" 200 860 "-" "Mozilla/5.0 (compatible; MJ12bot/v1.4.8; http://mj12bot.com/)"
74.7.243.218 - - [02/Mar/2026:14:02:30 +0000] "GET /whsy.php?e=fib_trie&p=%2Fproc%2F31066%2Fnet HTTP/2.0" 200 2693 "https://caimegroup.com.lab2454.com/whsy.php?p=%2Fproc%2F31066%2Fnet" "Mozilla/5.0 AppleWebKit/537.36 (KHTML, like Gecko; compatible; GPTBot/1.3; +https://openai.com/gptbot)"
217.182.195.176 - - [02/Mar/2026:14:02:30 +0000] "GET /whsy.php?p=/home/lab2454c/keyreum.com/V656yh HTTP/1.1" 200 855 "-" "Mozilla/5.0 (compatible; MJ12bot/v1.4.8; http://mj12bot.com/)"
217.182.195.176 - - [02/Mar/2026:14:02:33 +0000] "GET /whsy.php?p=/home/lab2454c/keyreum.com/compat HTTP/1.1" 200 868 "-" "Mozilla/5.0 (compatible; MJ12bot/v1.4.8; http://mj12bot.com/)"
217.182.195.176 - - [02/Mar/2026:14:02:35 +0000] "GET /whsy.php?p=/home/lab2454c/keyreum.com/p5DVDV HTTP/1.1" 200 800 "-" "Mozilla/5.0 (compatible; MJ12bot/v1.4.8; http://mj12bot.com/)"
217.182.195.176 - - [02/Mar/2026:14:02:38 +0000] "GET /whsy.php?p=/home/lab2454c/keyreum.net/.. HTTP/1.1" 200 3804 "-" "Mozilla/5.0 (compatible; MJ12bot/v1.4.8; http://mj12bot.com/)"
217.182.195.176 - - [02/Mar/2026:14:02:40 +0000] "GET /whsy.php?p=/home/lab2454c/keyreum.net/.well-known HTTP/1.1" 200 803 "-" "Mozilla/5.0 (compatible; MJ12bot/v1.4.8; http://mj12bot.com/)"
217.182.195.176 - - [02/Mar/2026:14:02:43 +0000] "GET /whsy.php?p=/home/lab2454c/keyreum.org/.. HTTP/1.1" 200 3804 "-" "Mozilla/5.0 (compatible; MJ12bot/v1.4.8; http://mj12bot.com/)"
217.182.195.176 - - [02/Mar/2026:14:02:45 +0000] "GET /whsy.php?p=/home/lab2454c/keyreum.org/.well-known HTTP/1.1" 200 735 "-" "Mozilla/5.0 (compatible; MJ12bot/v1.4.8; http://mj12bot.com/)"
217.182.195.176 - - [02/Mar/2026:14:02:48 +0000] "GET /whsy.php?p=/home/lab2454c/keyreum.org/cgi-bin HTTP/1.1" 200 845 "-" "Mozilla/5.0 (compatible; MJ12bot/v1.4.8; http://mj12bot.com/)"
74.7.241.58 - - [02/Mar/2026:14:02:49 +0000] "GET /whsy.php?e=RiskyTestError.php&p=%2Fhome%2Flab2454c%2Fspaxtac.com%2Fwp-content%2Fplugins%2Fwp-user-frontend-pro%2Fvendor%2Fphpunit%2Fphpunit%2Fsrc%2FFramework HTTP/2.0" 200 2097 "https://www.caimegroup.com/whsy.php?p=%2Fhome%2Flab2454c%2Fspaxtac.com%2Fwp-content%2Fplugins%2Fwp-user-frontend-pro%2Fvendor%2Fphpunit%2Fphpunit%2Fsrc%2FFramework" "Mozilla/5.0 AppleWebKit/537.36 (KHTML, like Gecko; compatible; GPTBot/1.3; +https://openai.com/gptbot)"
74.7.227.160 - - [02/Mar/2026:14:02:51 +0000] "GET /whsy.php?e=changelog.txt&p=%2Fhome%2Flab2454c%2Finvest.credityork.com%2Fwp-content%2Fplugins%2Fwp-user-frontend-pro%2Fmodules%2Fstripe HTTP/2.0" 200 942 "https://mail.caimegroup.com/whsy.php?p=%2Fhome%2Flab2454c%2Finvest.credityork.com%2Fwp-content%2Fplugins%2Fwp-user-frontend-pro%2Fmodules%2Fstripe" "Mozilla/5.0 AppleWebKit/537.36 (KHTML, like Gecko; compatible; GPTBot/1.3; +https://openai.com/gptbot)"
217.182.195.176 - - [02/Mar/2026:14:02:50 +0000] "GET /whsy.php?p=/home/lab2454c/kyotounit.com/.. HTTP/1.1" 200 3804 "-" "Mozilla/5.0 (compatible; MJ12bot/v1.4.8; http://mj12bot.com/)"
217.182.195.176 - - [02/Mar/2026:14:02:53 +0000] "GET /whsy.php?p=/home/lab2454c/kyotounit.com/.well-known HTTP/1.1" 200 752 "-" "Mozilla/5.0 (compatible; MJ12bot/v1.4.8; http://mj12bot.com/)"
