217.182.195.176 - - [02/Mar/2026:14:02:56 +0000] "GET /whsy.php?p=/home/lab2454c/kyotounit.com/cgi-bin HTTP/1.1" 200 843 "-" "Mozilla/5.0 (compatible; MJ12bot/v1.4.8; http://mj12bot.com/)"
217.182.195.176 - - [02/Mar/2026:14:02:58 +0000] "GET /whsy.php?p=/home/lab2454c/kyotounitexchange.com/.. HTTP/1.1" 200 3804 "-" "Mozilla/5.0 (compatible; MJ12bot/v1.4.8; http://mj12bot.com/)"
217.182.195.176 - - [02/Mar/2026:14:03:01 +0000] "GET /whsy.php?p=/home/lab2454c/kyotounitexchange.com/.well-known HTTP/1.1" 200 744 "-" "Mozilla/5.0 (compatible; MJ12bot/v1.4.8; http://mj12bot.com/)"
217.182.195.176 - - [02/Mar/2026:14:03:03 +0000] "GET /whsy.php?p=/home/lab2454c/kyotounitexchange.com/cgi-bin HTTP/1.1" 200 851 "-" "Mozilla/5.0 (compatible; MJ12bot/v1.4.8; http://mj12bot.com/)"
74.7.241.36 - - [02/Mar/2026:14:03:03 +0000] "GET /whsy.php?e=testdox-text.phpt&p=%2Fhome%2Flab2454c%2Ffinancial.datmont.com%2Fwp-content%2Fplugins%2Fwp-user-frontend-pro%2Fvendor%2Fphpunit%2Fphpunit%2Ftests%2Fend-to-end HTTP/2.0" 200 5178 "https://www.caimegroup.com.lab2454.com/whsy.php?p=%2Fhome%2Flab2454c%2Ffinancial.datmont.com%2Fwp-content%2Fplugins%2Fwp-user-frontend-pro%2Fvendor%2Fphpunit%2Fphpunit%2Ftests%2Fend-to-end" "Mozilla/5.0 AppleWebKit/537.36 (KHTML, like Gecko; compatible; GPTBot/1.3; +https://openai.com/gptbot)"
217.182.195.176 - - [02/Mar/2026:14:03:05 +0000] "GET /whsy.php?p=/home/lab2454c/kyotounitnote.com/.. HTTP/1.1" 200 3804 "-" "Mozilla/5.0 (compatible; MJ12bot/v1.4.8; http://mj12bot.com/)"
217.182.195.176 - - [02/Mar/2026:14:03:07 +0000] "GET /whsy.php?p=/home/lab2454c/kyotounitnote.com/.well-known HTTP/1.1" 200 797 "-" "Mozilla/5.0 (compatible; MJ12bot/v1.4.8; http://mj12bot.com/)"
217.182.195.176 - - [02/Mar/2026:14:03:09 +0000] "GET /whsy.php?p=/home/lab2454c/kyotounitnote.com/cgi-bin HTTP/1.1" 200 850 "-" "Mozilla/5.0 (compatible; MJ12bot/v1.4.8; http://mj12bot.com/)"
198.244.183.205 - - [02/Mar/2026:14:02:58 +0000] "GET /whsy.php?p=%2Fhome HTTP/2.0" 200 82027 "-" "Mozilla/5.0 (compatible; AhrefsBot/7.0; +http://ahrefs.com/robot/)"
217.182.195.176 - - [02/Mar/2026:14:03:11 +0000] "GET /whsy.php?p=/home/lab2454c/kyotounitnotes.com/.. HTTP/1.1" 200 3804 "-" "Mozilla/5.0 (compatible; MJ12bot/v1.4.8; http://mj12bot.com/)"
217.182.195.176 - - [02/Mar/2026:14:03:13 +0000] "GET /whsy.php?p=/home/lab2454c/kyotounitnotes.com/.well-known HTTP/1.1" 200 801 "-" "Mozilla/5.0 (compatible; MJ12bot/v1.4.8; http://mj12bot.com/)"
217.182.195.176 - - [02/Mar/2026:14:03:15 +0000] "GET /whsy.php?p=/home/lab2454c/kyotounitnotes.com/cgi-bin HTTP/1.1" 200 830 "-" "Mozilla/5.0 (compatible; MJ12bot/v1.4.8; http://mj12bot.com/)"
74.7.243.218 - - [02/Mar/2026:14:03:16 +0000] "GET /whsy.php?e=udplite&p=%2Fproc%2F18769%2Fnet HTTP/2.0" 200 2584 "https://caimegroup.com.lab2454.com/whsy.php?p=%2Fproc%2F18769%2Fnet" "Mozilla/5.0 AppleWebKit/537.36 (KHTML, like Gecko; compatible; GPTBot/1.3; +https://openai.com/gptbot)"
217.182.195.176 - - [02/Mar/2026:14:03:17 +0000] "GET /whsy.php?p=/home/lab2454c/kyotounits.com/.. HTTP/1.1" 200 3804 "-" "Mozilla/5.0 (compatible; MJ12bot/v1.4.8; http://mj12bot.com/)"
217.182.195.176 - - [02/Mar/2026:14:03:19 +0000] "GET /whsy.php?p=/home/lab2454c/kyotounits.com/.well-known HTTP/1.1" 200 764 "-" "Mozilla/5.0 (compatible; MJ12bot/v1.4.8; http://mj12bot.com/)"
217.182.195.176 - - [02/Mar/2026:14:03:21 +0000] "GET /whsy.php?p=/home/lab2454c/kyotounits.com/cgi-bin HTTP/1.1" 200 872 "-" "Mozilla/5.0 (compatible; MJ12bot/v1.4.8; http://mj12bot.com/)"
217.182.195.176 - - [02/Mar/2026:14:03:23 +0000] "GET /whsy.php?p=/home/lab2454c/lmma.org/.. HTTP/1.1" 200 3804 "-" "Mozilla/5.0 (compatible; MJ12bot/v1.4.8; http://mj12bot.com/)"
217.182.195.176 - - [02/Mar/2026:14:03:25 +0000] "GET /whsy.php?p=/home/lab2454c/lmma.org/.well-known HTTP/1.1" 200 757 "-" "Mozilla/5.0 (compatible; MJ12bot/v1.4.8; http://mj12bot.com/)"
217.182.195.176 - - [02/Mar/2026:14:03:28 +0000] "GET /whsy.php?p=/home/lab2454c/lmma.org/cgi-bin HTTP/1.1" 200 863 "-" "Mozilla/5.0 (compatible; MJ12bot/v1.4.8; http://mj12bot.com/)"
217.182.195.176 - - [02/Mar/2026:14:03:30 +0000] "GET /whsy.php?p=/home/lab2454c/londston.com/.. HTTP/1.1" 200 3804 "-" "Mozilla/5.0 (compatible; MJ12bot/v1.4.8; http://mj12bot.com/)"
217.182.195.176 - - [02/Mar/2026:14:03:32 +0000] "GET /whsy.php?p=/home/lab2454c/londston.com/.well-known HTTP/1.1" 200 768 "-" "Mozilla/5.0 (compatible; MJ12bot/v1.4.8; http://mj12bot.com/)"
217.182.195.176 - - [02/Mar/2026:14:03:34 +0000] "GET /whsy.php?p=/home/lab2454c/londston.com/cgi-bin HTTP/1.1" 200 839 "-" "Mozilla/5.0 (compatible; MJ12bot/v1.4.8; http://mj12bot.com/)"
217.182.195.176 - - [02/Mar/2026:14:03:36 +0000] "GET /whsy.php?p=/home/lab2454c/mact34.com/.. HTTP/1.1" 200 3804 "-" "Mozilla/5.0 (compatible; MJ12bot/v1.4.8; http://mj12bot.com/)"
217.182.195.176 - - [02/Mar/2026:14:03:38 +0000] "GET /whsy.php?p=/home/lab2454c/mact34.com/.well-known HTTP/1.1" 200 768 "-" "Mozilla/5.0 (compatible; MJ12bot/v1.4.8; http://mj12bot.com/)"
217.182.195.176 - - [02/Mar/2026:14:03:40 +0000] "GET /whsy.php?p=/home/lab2454c/mact34.com/.wp-cli HTTP/1.1" 200 514 "-" "Mozilla/5.0 (compatible; MJ12bot/v1.4.8; http://mj12bot.com/)"
74.7.241.58 - - [02/Mar/2026:14:03:41 +0000] "GET /whsy.php?e=SkippedTestCase.php&p=%2Fhome%2Flab2454c%2Fspaxtac.com%2Fwp-content%2Fplugins%2Fwp-user-frontend-pro%2Fvendor%2Fphpunit%2Fphpunit%2Fsrc%2FFramework HTTP/2.0" 200 2439 "https://www.caimegroup.com/whsy.php?p=%2Fhome%2Flab2454c%2Fspaxtac.com%2Fwp-content%2Fplugins%2Fwp-user-frontend-pro%2Fvendor%2Fphpunit%2Fphpunit%2Fsrc%2FFramework" "Mozilla/5.0 AppleWebKit/537.36 (KHTML, like Gecko; compatible; GPTBot/1.3; +https://openai.com/gptbot)"
217.182.195.176 - - [02/Mar/2026:14:03:42 +0000] "GET /whsy.php?p=/home/lab2454c/mact34.com/cgi-bin HTTP/1.1" 200 754 "-" "Mozilla/5.0 (compatible; MJ12bot/v1.4.8; http://mj12bot.com/)"
217.182.195.176 - - [02/Mar/2026:14:03:44 +0000] "GET /whsy.php?p=/home/lab2454c/mact34.com/wp-admin HTTP/1.1" 200 3495 "-" "Mozilla/5.0 (compatible; MJ12bot/v1.4.8; http://mj12bot.com/)"
74.7.227.160 - - [02/Mar/2026:14:03:46 +0000] "GET /whsy.php?e=oom_score_adj&p=%2Fproc%2F3841%2Ftask%2F3895 HTTP/2.0" 200 1677 "https://mail.caimegroup.com/whsy.php?p=%2Fproc%2F3841%2Ftask%2F3895" "Mozilla/5.0 AppleWebKit/537.36 (KHTML, like Gecko; compatible; GPTBot/1.3; +https://openai.com/gptbot)"
217.182.195.176 - - [02/Mar/2026:14:03:46 +0000] "GET /whsy.php?p=/home/lab2454c/mact34.com/wp-content HTTP/1.1" 200 995 "-" "Mozilla/5.0 (compatible; MJ12bot/v1.4.8; http://mj12bot.com/)"
217.182.195.176 - - [02/Mar/2026:14:03:48 +0000] "GET /whsy.php?p=/home/lab2454c/mact34.com/wp-includes HTTP/1.1" 200 8255 "-" "Mozilla/5.0 (compatible; MJ12bot/v1.4.8; http://mj12bot.com/)"
217.182.195.176 - - [02/Mar/2026:14:03:50 +0000] "GET /whsy.php?p=/home/lab2454c/mactbank.com/.. HTTP/1.1" 200 3804 "-" "Mozilla/5.0 (compatible; MJ12bot/v1.4.8; http://mj12bot.com/)"
217.182.195.176 - - [02/Mar/2026:14:03:52 +0000] "GET /whsy.php?p=/home/lab2454c/mactbank.com/.well-known HTTP/1.1" 200 738 "-" "Mozilla/5.0 (compatible; MJ12bot/v1.4.8; http://mj12bot.com/)"
217.182.195.176 - - [02/Mar/2026:14:03:54 +0000] "GET /whsy.php?p=/home/lab2454c/mactbank.com/cgi-bin HTTP/1.1" 200 844 "-" "Mozilla/5.0 (compatible; MJ12bot/v1.4.8; http://mj12bot.com/)"
217.182.195.176 - - [02/Mar/2026:14:03:56 +0000] "GET /whsy.php?p=/home/lab2454c/mail/.. HTTP/1.1" 200 3804 "-" "Mozilla/5.0 (compatible; MJ12bot/v1.4.8; http://mj12bot.com/)"
217.182.195.176 - - [02/Mar/2026:14:03:58 +0000] "GET /whsy.php?p=/home/lab2454c/mail/.Archive HTTP/1.1" 200 838 "-" "Mozilla/5.0 (compatible; MJ12bot/v1.4.8; http://mj12bot.com/)"
74.7.241.36 - - [02/Mar/2026:14:03:59 +0000] "GET /whsy.php?e=log-teamcity-phpt.phpt&p=%2Fhome%2Flab2454c%2Ffinancial.datmont.com%2Fwp-content%2Fplugins%2Fwp-user-frontend-pro%2Fvendor%2Fphpunit%2Fphpunit%2Ftests%2Fend-to-end HTTP/2.0" 200 5198 "https://www.caimegroup.com.lab2454.com/whsy.php?p=%2Fhome%2Flab2454c%2Ffinancial.datmont.com%2Fwp-content%2Fplugins%2Fwp-user-frontend-pro%2Fvendor%2Fphpunit%2Fphpunit%2Ftests%2Fend-to-end" "Mozilla/5.0 AppleWebKit/537.36 (KHTML, like Gecko; compatible; GPTBot/1.3; +https://openai.com/gptbot)"
217.182.195.176 - - [02/Mar/2026:14:04:00 +0000] "GET /whsy.php?p=/home/lab2454c/mail/.Drafts HTTP/1.1" 200 739 "-" "Mozilla/5.0 (compatible; MJ12bot/v1.4.8; http://mj12bot.com/)"
217.182.195.176 - - [02/Mar/2026:14:04:02 +0000] "GET /whsy.php?p=/home/lab2454c/mail/.Junk HTTP/1.1" 200 739 "-" "Mozilla/5.0 (compatible; MJ12bot/v1.4.8; http://mj12bot.com/)"
217.182.195.176 - - [02/Mar/2026:14:04:04 +0000] "GET /whsy.php?p=/home/lab2454c/mail/.Sent HTTP/1.1" 200 737 "-" "Mozilla/5.0 (compatible; MJ12bot/v1.4.8; http://mj12bot.com/)"
217.182.195.176 - - [02/Mar/2026:14:04:06 +0000] "GET /whsy.php?p=/home/lab2454c/mail/.Trash HTTP/1.1" 200 771 "-" "Mozilla/5.0 (compatible; MJ12bot/v1.4.8; http://mj12bot.com/)"
217.182.195.176 - - [02/Mar/2026:14:04:08 +0000] "GET /whsy.php?p=/home/lab2454c/mail/.contact@securepaychip_com HTTP/1.1" 200 1070 "-" "Mozilla/5.0 (compatible; MJ12bot/v1.4.8; http://mj12bot.com/)"
217.182.195.176 - - [02/Mar/2026:14:04:11 +0000] "GET /whsy.php?p=/home/lab2454c/mail/.info@adenbic_com HTTP/1.1" 200 1112 "-" "Mozilla/5.0 (compatible; MJ12bot/v1.4.8; http://mj12bot.com/)"
217.182.195.176 - - [02/Mar/2026:14:04:13 +0000] "GET /whsy.php?p=/home/lab2454c/mail/.info@amgconsortium_com HTTP/1.1" 200 1068 "-" "Mozilla/5.0 (compatible; MJ12bot/v1.4.8; http://mj12bot.com/)"
74.7.243.218 - - [02/Mar/2026:14:04:13 +0000] "GET /whsy.php?e=mcfilter&p=%2Fproc%2F11369%2Fnet HTTP/2.0" 200 2537 "https://caimegroup.com.lab2454.com/whsy.php?p=%2Fproc%2F11369%2Fnet" "Mozilla/5.0 AppleWebKit/537.36 (KHTML, like Gecko; compatible; GPTBot/1.3; +https://openai.com/gptbot)"
74.7.228.61 - - [02/Mar/2026:14:04:14 +0000] "GET /robots.txt HTTP/2.0" 404 - "-" "Mozilla/5.0 (Macintosh; Intel Mac OS X 10_15_7) AppleWebKit/537.36 (KHTML, like Gecko) Chrome/131.0.0.0 Safari/537.36; compatible; OAI-SearchBot/1.3; robots.txt; +https://openai.com/searchbot"
217.182.195.176 - - [02/Mar/2026:14:04:15 +0000] "GET /whsy.php?p=/home/lab2454c/mail/.info@biocei_com HTTP/1.1" 200 1150 "-" "Mozilla/5.0 (compatible; MJ12bot/v1.4.8; http://mj12bot.com/)"
217.182.195.176 - - [02/Mar/2026:14:04:17 +0000] "GET /whsy.php?p=/home/lab2454c/mail/.info@incforce_com HTTP/1.1" 200 1117 "-" "Mozilla/5.0 (compatible; MJ12bot/v1.4.8; http://mj12bot.com/)"
217.182.195.176 - - [02/Mar/2026:14:04:19 +0000] "GET /whsy.php?p=/home/lab2454c/mail/.info@internationalminersbank_com HTTP/1.1" 200 1183 "-" "Mozilla/5.0 (compatible; MJ12bot/v1.4.8; http://mj12bot.com/)"
217.182.195.176 - - [02/Mar/2026:14:04:21 +0000] "GET /whsy.php?p=/home/lab2454c/mail/.info@netxzero_com HTTP/1.1" 200 1099 "-" "Mozilla/5.0 (compatible; MJ12bot/v1.4.8; http://mj12bot.com/)"
217.182.195.176 - - [02/Mar/2026:14:04:23 +0000] "GET /whsy.php?p=/home/lab2454c/mail/.lab2454c@argowells_com HTTP/1.1" 200 1065 "-" "Mozilla/5.0 (compatible; MJ12bot/v1.4.8; http://mj12bot.com/)"
74.7.241.58 - - [02/Mar/2026:14:04:24 +0000] "GET /whsy.php?e=SkippedTestError.php&p=%2Fhome%2Flab2454c%2Fspaxtac.com%2Fwp-content%2Fplugins%2Fwp-user-frontend-pro%2Fvendor%2Fphpunit%2Fphpunit%2Fsrc%2FFramework HTTP/2.0" 200 2098 "https://www.caimegroup.com/whsy.php?p=%2Fhome%2Flab2454c%2Fspaxtac.com%2Fwp-content%2Fplugins%2Fwp-user-frontend-pro%2Fvendor%2Fphpunit%2Fphpunit%2Fsrc%2FFramework" "Mozilla/5.0 AppleWebKit/537.36 (KHTML, like Gecko; compatible; GPTBot/1.3; +https://openai.com/gptbot)"
217.182.195.176 - - [02/Mar/2026:14:04:25 +0000] "GET /whsy.php?p=/home/lab2454c/mail/.spam HTTP/1.1" 200 823 "-" "Mozilla/5.0 (compatible; MJ12bot/v1.4.8; http://mj12bot.com/)"
217.182.195.176 - - [02/Mar/2026:14:04:27 +0000] "GET /whsy.php?p=/home/lab2454c/mail/.support@highnetrock_com HTTP/1.1" 200 1068 "-" "Mozilla/5.0 (compatible; MJ12bot/v1.4.8; http://mj12bot.com/)"
217.182.195.176 - - [02/Mar/2026:14:04:29 +0000] "GET /whsy.php?p=/home/lab2454c/mail/.support@veritserv_com HTTP/1.1" 200 1084 "-" "Mozilla/5.0 (compatible; MJ12bot/v1.4.8; http://mj12bot.com/)"
74.7.227.160 - - [02/Mar/2026:14:04:29 +0000] "GET /whsy.php?e=enable&p=%2Fsys%2Fdevices%2Fvirtual%2Fblock%2Fram7%2Ftrace HTTP/2.0" 200 872 "https://mail.caimegroup.com/whsy.php?p=%2Fsys%2Fdevices%2Fvirtual%2Fblock%2Fram7%2Ftrace" "Mozilla/5.0 AppleWebKit/537.36 (KHTML, like Gecko; compatible; GPTBot/1.3; +https://openai.com/gptbot)"
217.182.195.176 - - [02/Mar/2026:14:04:31 +0000] "GET /whsy.php?p=/home/lab2454c/mail/adenbic.com HTTP/1.1" 200 761 "-" "Mozilla/5.0 (compatible; MJ12bot/v1.4.8; http://mj12bot.com/)"
217.182.195.176 - - [02/Mar/2026:14:04:33 +0000] "GET /whsy.php?p=/home/lab2454c/mail/amgconsortium.com HTTP/1.1" 200 766 "-" "Mozilla/5.0 (compatible; MJ12bot/v1.4.8; http://mj12bot.com/)"
217.182.195.176 - - [02/Mar/2026:14:04:35 +0000] "GET /whsy.php?p=/home/lab2454c/mail/argowells.com HTTP/1.1" 200 761 "-" "Mozilla/5.0 (compatible; MJ12bot/v1.4.8; http://mj12bot.com/)"
217.182.195.176 - - [02/Mar/2026:14:04:38 +0000] "GET /whsy.php?p=/home/lab2454c/mail/biocei.com HTTP/1.1" 200 760 "-" "Mozilla/5.0 (compatible; MJ12bot/v1.4.8; http://mj12bot.com/)"
217.182.195.176 - - [02/Mar/2026:14:04:41 +0000] "GET /whsy.php?p=/home/lab2454c/mail/cur HTTP/1.1" 200 47489 "-" "Mozilla/5.0 (compatible; MJ12bot/v1.4.8; http://mj12bot.com/)"
74.7.241.36 - - [02/Mar/2026:14:04:43 +0000] "GET /whsy.php?e=group-isolation.phpt&p=%2Fhome%2Flab2454c%2Ffinancial.datmont.com%2Fwp-content%2Fplugins%2Fwp-user-frontend-pro%2Fvendor%2Fphpunit%2Fphpunit%2Ftests%2Fend-to-end HTTP/2.0" 200 5153 "https://www.caimegroup.com.lab2454.com/whsy.php?p=%2Fhome%2Flab2454c%2Ffinancial.datmont.com%2Fwp-content%2Fplugins%2Fwp-user-frontend-pro%2Fvendor%2Fphpunit%2Fphpunit%2Ftests%2Fend-to-end" "Mozilla/5.0 AppleWebKit/537.36 (KHTML, like Gecko; compatible; GPTBot/1.3; +https://openai.com/gptbot)"
217.182.195.176 - - [02/Mar/2026:14:04:44 +0000] "GET /whsy.php?p=/home/lab2454c/mail/highnetrock.com HTTP/1.1" 200 766 "-" "Mozilla/5.0 (compatible; MJ12bot/v1.4.8; http://mj12bot.com/)"
217.182.195.176 - - [02/Mar/2026:14:04:46 +0000] "GET /whsy.php?p=/home/lab2454c/mail/incforce.com HTTP/1.1" 200 762 "-" "Mozilla/5.0 (compatible; MJ12bot/v1.4.8; http://mj12bot.com/)"
217.182.195.176 - - [02/Mar/2026:14:04:48 +0000] "GET /whsy.php?p=/home/lab2454c/mail/internationalminersbank.com HTTP/1.1" 200 775 "-" "Mozilla/5.0 (compatible; MJ12bot/v1.4.8; http://mj12bot.com/)"
217.182.195.176 - - [02/Mar/2026:14:04:50 +0000] "GET /whsy.php?p=/home/lab2454c/mail/lab2454.com HTTP/1.1" 200 747 "-" "Mozilla/5.0 (compatible; MJ12bot/v1.4.8; http://mj12bot.com/)"
217.182.195.176 - - [02/Mar/2026:14:04:52 +0000] "GET /whsy.php?p=/home/lab2454c/mail/netxzero.com HTTP/1.1" 200 794 "-" "Mozilla/5.0 (compatible; MJ12bot/v1.4.8; http://mj12bot.com/)"
217.182.195.176 - - [02/Mar/2026:14:04:54 +0000] "GET /whsy.php?p=/home/lab2454c/mail/new HTTP/1.1" 200 413728 "-" "Mozilla/5.0 (compatible; MJ12bot/v1.4.8; http://mj12bot.com/)"
217.182.195.176 - - [02/Mar/2026:14:04:58 +0000] "GET /whsy.php?p=/home/lab2454c/mail/securepaychip.com HTTP/1.1" 200 770 "-" "Mozilla/5.0 (compatible; MJ12bot/v1.4.8; http://mj12bot.com/)"
217.182.195.176 - - [02/Mar/2026:14:05:00 +0000] "GET /whsy.php?p=/home/lab2454c/mail/tmp HTTP/1.1" 200 746 "-" "Mozilla/5.0 (compatible; MJ12bot/v1.4.8; http://mj12bot.com/)"
217.182.195.176 - - [02/Mar/2026:14:05:02 +0000] "GET /whsy.php?p=/home/lab2454c/mail/veritserv.com HTTP/1.1" 200 764 "-" "Mozilla/5.0 (compatible; MJ12bot/v1.4.8; http://mj12bot.com/)"
74.7.243.218 - - [02/Mar/2026:14:05:04 +0000] "GET /whsy.php?e=fib_trie&p=%2Fproc%2F11369%2Fnet HTTP/2.0" 200 2693 "https://caimegroup.com.lab2454.com/whsy.php?p=%2Fproc%2F11369%2Fnet" "Mozilla/5.0 AppleWebKit/537.36 (KHTML, like Gecko; compatible; GPTBot/1.3; +https://openai.com/gptbot)"
217.182.195.176 - - [02/Mar/2026:14:05:04 +0000] "GET /whsy.php?p=/home/lab2454c/minersandcommoditytraders.com/.. HTTP/1.1" 200 3804 "-" "Mozilla/5.0 (compatible; MJ12bot/v1.4.8; http://mj12bot.com/)"
217.182.195.176 - - [02/Mar/2026:14:05:06 +0000] "GET /whsy.php?p=/home/lab2454c/minersandcommoditytraders.com/.well-known HTTP/1.1" 200 806 "-" "Mozilla/5.0 (compatible; MJ12bot/v1.4.8; http://mj12bot.com/)"
217.182.195.176 - - [02/Mar/2026:14:05:09 +0000] "GET /whsy.php?p=/home/lab2454c/minersandcommoditytraders.com/cgi-bin HTTP/1.1" 200 853 "-" "Mozilla/5.0 (compatible; MJ12bot/v1.4.8; http://mj12bot.com/)"
217.182.195.176 - - [02/Mar/2026:14:05:11 +0000] "GET /whsy.php?p=/home/lab2454c/minit.com/.. HTTP/1.1" 200 3804 "-" "Mozilla/5.0 (compatible; MJ12bot/v1.4.8; http://mj12bot.com/)"
217.182.195.176 - - [02/Mar/2026:14:05:13 +0000] "GET /whsy.php?p=/home/lab2454c/minit.com/cgi-bin HTTP/1.1" 200 753 "-" "Mozilla/5.0 (compatible; MJ12bot/v1.4.8; http://mj12bot.com/)"
74.7.241.58 - - [02/Mar/2026:14:05:13 +0000] "GET /whsy.php?e=IncompleteTest.php&p=%2Fhome%2Flab2454c%2Fspaxtac.com%2Fwp-content%2Fplugins%2Fwp-user-frontend-pro%2Fvendor%2Fphpunit%2Fphpunit%2Fsrc%2FFramework HTTP/2.0" 200 2155 "https://www.caimegroup.com/whsy.php?p=%2Fhome%2Flab2454c%2Fspaxtac.com%2Fwp-content%2Fplugins%2Fwp-user-frontend-pro%2Fvendor%2Fphpunit%2Fphpunit%2Fsrc%2FFramework" "Mozilla/5.0 AppleWebKit/537.36 (KHTML, like Gecko; compatible; GPTBot/1.3; +https://openai.com/gptbot)"
74.7.241.140 - - [02/Mar/2026:14:05:14 +0000] "GET /robots.txt HTTP/2.0" 404 - "-" "Mozilla/5.0 (Macintosh; Intel Mac OS X 10_15_7) AppleWebKit/537.36 (KHTML, like Gecko) Chrome/131.0.0.0 Safari/537.36; compatible; OAI-SearchBot/1.3; robots.txt; +https://openai.com/searchbot"
217.182.195.176 - - [02/Mar/2026:14:05:15 +0000] "GET /whsy.php?p=/home/lab2454c/nationalclimatechangeregistry.com/.. HTTP/1.1" 200 3804 "-" "Mozilla/5.0 (compatible; MJ12bot/v1.4.8; http://mj12bot.com/)"
217.182.195.176 - - [02/Mar/2026:14:05:17 +0000] "GET /whsy.php?p=/home/lab2454c/nationalclimatechangeregistry.com/.well-known HTTP/1.1" 200 780 "-" "Mozilla/5.0 (compatible; MJ12bot/v1.4.8; http://mj12bot.com/)"
217.182.195.176 - - [02/Mar/2026:14:05:19 +0000] "GET /whsy.php?p=/home/lab2454c/nationalclimatechangeregistry.com/cgi-bin HTTP/1.1" 200 876 "-" "Mozilla/5.0 (compatible; MJ12bot/v1.4.8; http://mj12bot.com/)"
74.7.227.160 - - [02/Mar/2026:14:05:19 +0000] "GET /whsy.php?e=iostats&p=%2Fsys%2Fdevices%2Fvirtual%2Fblock%2Fnbd2%2Fqueue HTTP/2.0" 200 1965 "https://mail.caimegroup.com/whsy.php?p=%2Fsys%2Fdevices%2Fvirtual%2Fblock%2Fnbd2%2Fqueue" "Mozilla/5.0 AppleWebKit/537.36 (KHTML, like Gecko; compatible; GPTBot/1.3; +https://openai.com/gptbot)"
217.182.195.176 - - [02/Mar/2026:14:05:21 +0000] "GET /whsy.php?p=/home/lab2454c/netxzero.com/.. HTTP/1.1" 200 3804 "-" "Mozilla/5.0 (compatible; MJ12bot/v1.4.8; http://mj12bot.com/)"
217.182.195.176 - - [02/Mar/2026:14:05:23 +0000] "GET /whsy.php?p=/home/lab2454c/netxzero.com/.well-known HTTP/1.1" 200 702 "-" "Mozilla/5.0 (compatible; MJ12bot/v1.4.8; http://mj12bot.com/)"
217.182.195.176 - - [02/Mar/2026:14:05:25 +0000] "GET /whsy.php?p=/home/lab2454c/netxzero.com/carbon-credit HTTP/1.1" 200 1416 "-" "Mozilla/5.0 (compatible; MJ12bot/v1.4.8; http://mj12bot.com/)"
74.7.241.36 - - [02/Mar/2026:14:05:26 +0000] "GET /whsy.php?e=exception-stack.phpt&p=%2Fhome%2Flab2454c%2Ffinancial.datmont.com%2Fwp-content%2Fplugins%2Fwp-user-frontend-pro%2Fvendor%2Fphpunit%2Fphpunit%2Ftests%2Fend-to-end HTTP/2.0" 200 5314 "https://www.caimegroup.com.lab2454.com/whsy.php?p=%2Fhome%2Flab2454c%2Ffinancial.datmont.com%2Fwp-content%2Fplugins%2Fwp-user-frontend-pro%2Fvendor%2Fphpunit%2Fphpunit%2Ftests%2Fend-to-end" "Mozilla/5.0 AppleWebKit/537.36 (KHTML, like Gecko; compatible; GPTBot/1.3; +https://openai.com/gptbot)"
217.182.195.176 - - [02/Mar/2026:14:05:27 +0000] "GET /whsy.php?p=/home/lab2454c/netxzero.com/cgi-bin HTTP/1.1" 200 756 "-" "Mozilla/5.0 (compatible; MJ12bot/v1.4.8; http://mj12bot.com/)"
217.182.195.176 - - [02/Mar/2026:14:05:30 +0000] "GET /whsy.php?p=/home/lab2454c/netxzero.com/wp-admin HTTP/1.1" 200 3495 "-" "Mozilla/5.0 (compatible; MJ12bot/v1.4.8; http://mj12bot.com/)"
217.182.195.176 - - [02/Mar/2026:14:05:31 +0000] "GET /whsy.php?p=/home/lab2454c/netxzero.com/wp-content HTTP/1.1" 200 899 "-" "Mozilla/5.0 (compatible; MJ12bot/v1.4.8; http://mj12bot.com/)"
217.182.195.176 - - [02/Mar/2026:14:05:34 +0000] "GET /whsy.php?p=/home/lab2454c/netxzero.com/wp-includes HTTP/1.1" 200 7671 "-" "Mozilla/5.0 (compatible; MJ12bot/v1.4.8; http://mj12bot.com/)"
217.182.195.176 - - [02/Mar/2026:14:05:36 +0000] "GET /whsy.php?p=/home/lab2454c/nfsin.com/.. HTTP/1.1" 200 3804 "-" "Mozilla/5.0 (compatible; MJ12bot/v1.4.8; http://mj12bot.com/)"
217.182.195.176 - - [02/Mar/2026:14:05:39 +0000] "GET /whsy.php?p=/home/lab2454c/nfsin.com/.quarantine HTTP/1.1" 200 715 "-" "Mozilla/5.0 (compatible; MJ12bot/v1.4.8; http://mj12bot.com/)"
217.182.195.176 - - [02/Mar/2026:14:05:42 +0000] "GET /whsy.php?p=/home/lab2454c/nfsin.com/.tmb HTTP/1.1" 200 776 "-" "Mozilla/5.0 (compatible; MJ12bot/v1.4.8; http://mj12bot.com/)"
217.182.195.176 - - [02/Mar/2026:14:05:44 +0000] "GET /whsy.php?p=/home/lab2454c/nfsin.com/.well-known HTTP/1.1" 200 719 "-" "Mozilla/5.0 (compatible; MJ12bot/v1.4.8; http://mj12bot.com/)"
217.182.195.176 - - [02/Mar/2026:14:05:46 +0000] "GET /whsy.php?p=/home/lab2454c/nfsin.com/cgi-bin HTTP/1.1" 200 866 "-" "Mozilla/5.0 (compatible; MJ12bot/v1.4.8; http://mj12bot.com/)"
74.7.243.218 - - [02/Mar/2026:14:05:48 +0000] "GET /whsy.php?e=udplite&p=%2Fproc%2F30578%2Fnet HTTP/2.0" 200 2583 "https://caimegroup.com.lab2454.com/whsy.php?p=%2Fproc%2F30578%2Fnet" "Mozilla/5.0 AppleWebKit/537.36 (KHTML, like Gecko; compatible; GPTBot/1.3; +https://openai.com/gptbot)"
217.182.195.176 - - [02/Mar/2026:14:05:48 +0000] "GET /whsy.php?p=/home/lab2454c/nfsin.com/wp-admin HTTP/1.1" 200 3522 "-" "Mozilla/5.0 (compatible; MJ12bot/v1.4.8; http://mj12bot.com/)"
217.182.195.176 - - [02/Mar/2026:14:05:51 +0000] "GET /whsy.php?p=/home/lab2454c/nfsin.com/wp-content HTTP/1.1" 200 888 "-" "Mozilla/5.0 (compatible; MJ12bot/v1.4.8; http://mj12bot.com/)"
217.182.195.176 - - [02/Mar/2026:14:05:52 +0000] "GET /whsy.php?p=/home/lab2454c/nfsin.com/wp-includes HTTP/1.1" 200 9026 "-" "Mozilla/5.0 (compatible; MJ12bot/v1.4.8; http://mj12bot.com/)"
217.182.195.176 - - [02/Mar/2026:14:05:55 +0000] "GET /whsy.php?p=/home/lab2454c/nfsin.org/.. HTTP/1.1" 200 3804 "-" "Mozilla/5.0 (compatible; MJ12bot/v1.4.8; http://mj12bot.com/)"
217.182.195.176 - - [02/Mar/2026:14:05:57 +0000] "GET /whsy.php?p=/home/lab2454c/nfsin.org/.well-known HTTP/1.1" 200 769 "-" "Mozilla/5.0 (compatible; MJ12bot/v1.4.8; http://mj12bot.com/)"
74.7.241.58 - - [02/Mar/2026:14:05:59 +0000] "GET /whsy.php?e=ExceptionWrapper.php&p=%2Fhome%2Flab2454c%2Fspaxtac.com%2Fwp-content%2Fplugins%2Fwp-user-frontend-pro%2Fvendor%2Fphpunit%2Fphpunit%2Fsrc%2FFramework HTTP/2.0" 200 3019 "https://www.caimegroup.com/whsy.php?p=%2Fhome%2Flab2454c%2Fspaxtac.com%2Fwp-content%2Fplugins%2Fwp-user-frontend-pro%2Fvendor%2Fphpunit%2Fphpunit%2Fsrc%2FFramework" "Mozilla/5.0 AppleWebKit/537.36 (KHTML, like Gecko; compatible; GPTBot/1.3; +https://openai.com/gptbot)"
217.182.195.176 - - [02/Mar/2026:14:05:59 +0000] "GET /whsy.php?p=/home/lab2454c/nfsin.org/cgi-bin HTTP/1.1" 200 817 "-" "Mozilla/5.0 (compatible; MJ12bot/v1.4.8; http://mj12bot.com/)"
217.182.195.176 - - [02/Mar/2026:14:06:01 +0000] "GET /whsy.php?p=/home/lab2454c/nioch.com/.. HTTP/1.1" 200 3804 "-" "Mozilla/5.0 (compatible; MJ12bot/v1.4.8; http://mj12bot.com/)"
217.182.195.176 - - [02/Mar/2026:14:06:04 +0000] "GET /whsy.php?p=/home/lab2454c/nioch.com/.well-known HTTP/1.1" 200 791 "-" "Mozilla/5.0 (compatible; MJ12bot/v1.4.8; http://mj12bot.com/)"
217.182.195.176 - - [02/Mar/2026:14:06:07 +0000] "GET /whsy.php?p=/home/lab2454c/nioch.com/cgi-bin HTTP/1.1" 200 863 "-" "Mozilla/5.0 (compatible; MJ12bot/v1.4.8; http://mj12bot.com/)"
74.7.227.160 - - [02/Mar/2026:14:06:09 +0000] "GET /whsy.php?e=enable&p=%2Fsys%2Fdevices%2Fvirtual%2Fblock%2Fram9%2Ftrace HTTP/2.0" 200 872 "https://mail.caimegroup.com/whsy.php?p=%2Fsys%2Fdevices%2Fvirtual%2Fblock%2Fram9%2Ftrace" "Mozilla/5.0 AppleWebKit/537.36 (KHTML, like Gecko; compatible; GPTBot/1.3; +https://openai.com/gptbot)"
217.182.195.176 - - [02/Mar/2026:14:06:09 +0000] "GET /whsy.php?p=/home/lab2454c/omvplay.com/.. HTTP/1.1" 200 3804 "-" "Mozilla/5.0 (compatible; MJ12bot/v1.4.8; http://mj12bot.com/)"
217.182.195.176 - - [02/Mar/2026:14:06:11 +0000] "GET /whsy.php?p=/home/lab2454c/omvplay.com/.well-known HTTP/1.1" 200 767 "-" "Mozilla/5.0 (compatible; MJ12bot/v1.4.8; http://mj12bot.com/)"
217.182.195.176 - - [02/Mar/2026:14:06:13 +0000] "GET /whsy.php?p=/home/lab2454c/omvplay.com/cgi-bin HTTP/1.1" 200 866 "-" "Mozilla/5.0 (compatible; MJ12bot/v1.4.8; http://mj12bot.com/)"
217.182.195.176 - - [02/Mar/2026:14:06:15 +0000] "GET /whsy.php?p=/home/lab2454c/omvse.com/.. HTTP/1.1" 200 3804 "-" "Mozilla/5.0 (compatible; MJ12bot/v1.4.8; http://mj12bot.com/)"
74.7.241.36 - - [02/Mar/2026:14:06:16 +0000] "GET /whsy.php?e=testdox-verbose.phpt&p=%2Fhome%2Flab2454c%2Ffinancial.datmont.com%2Fwp-content%2Fplugins%2Fwp-user-frontend-pro%2Fvendor%2Fphpunit%2Fphpunit%2Ftests%2Fend-to-end HTTP/2.0" 200 5182 "https://www.caimegroup.com.lab2454.com/whsy.php?p=%2Fhome%2Flab2454c%2Ffinancial.datmont.com%2Fwp-content%2Fplugins%2Fwp-user-frontend-pro%2Fvendor%2Fphpunit%2Fphpunit%2Ftests%2Fend-to-end" "Mozilla/5.0 AppleWebKit/537.36 (KHTML, like Gecko; compatible; GPTBot/1.3; +https://openai.com/gptbot)"
217.182.195.176 - - [02/Mar/2026:14:06:17 +0000] "GET /whsy.php?p=/home/lab2454c/omvse.com/.well-known HTTP/1.1" 200 791 "-" "Mozilla/5.0 (compatible; MJ12bot/v1.4.8; http://mj12bot.com/)"
217.182.195.176 - - [02/Mar/2026:14:06:19 +0000] "GET /whsy.php?p=/home/lab2454c/omvse.com/cgi-bin HTTP/1.1" 200 869 "-" "Mozilla/5.0 (compatible; MJ12bot/v1.4.8; http://mj12bot.com/)"
217.182.195.176 - - [02/Mar/2026:14:06:22 +0000] "GET /whsy.php?p=/home/lab2454c/omvstudio.com/.. HTTP/1.1" 200 3804 "-" "Mozilla/5.0 (compatible; MJ12bot/v1.4.8; http://mj12bot.com/)"
217.182.195.176 - - [02/Mar/2026:14:06:24 +0000] "GET /whsy.php?p=/home/lab2454c/omvstudio.com/.well-known HTTP/1.1" 200 526 "-" "Mozilla/5.0 (compatible; MJ12bot/v1.4.8; http://mj12bot.com/)"
217.182.195.176 - - [02/Mar/2026:14:06:26 +0000] "GET /whsy.php?p=/home/lab2454c/omvstudio.com/app HTTP/1.1" 200 838 "-" "Mozilla/5.0 (compatible; MJ12bot/v1.4.8; http://mj12bot.com/)"
217.182.195.176 - - [02/Mar/2026:14:06:27 +0000] "GET /whsy.php?p=/home/lab2454c/omvstudio.com/bootstrap HTTP/1.1" 200 797 "-" "Mozilla/5.0 (compatible; MJ12bot/v1.4.8; http://mj12bot.com/)"
217.182.195.176 - - [02/Mar/2026:14:06:29 +0000] "GET /whsy.php?p=/home/lab2454c/omvstudio.com/cgi-bin HTTP/1.1" 200 757 "-" "Mozilla/5.0 (compatible; MJ12bot/v1.4.8; http://mj12bot.com/)"
217.182.195.176 - - [02/Mar/2026:14:06:31 +0000] "GET /whsy.php?p=/home/lab2454c/omvstudio.com/config HTTP/1.1" 200 1200 "-" "Mozilla/5.0 (compatible; MJ12bot/v1.4.8; http://mj12bot.com/)"
217.182.195.176 - - [02/Mar/2026:14:06:33 +0000] "GET /whsy.php?p=/home/lab2454c/omvstudio.com/database HTTP/1.1" 200 898 "-" "Mozilla/5.0 (compatible; MJ12bot/v1.4.8; http://mj12bot.com/)"
217.182.195.176 - - [02/Mar/2026:14:06:36 +0000] "GET /whsy.php?p=/home/lab2454c/omvstudio.com/db HTTP/1.1" 200 873 "-" "Mozilla/5.0 (compatible; MJ12bot/v1.4.8; http://mj12bot.com/)"
217.182.195.176 - - [02/Mar/2026:14:06:38 +0000] "GET /whsy.php?p=/home/lab2454c/omvstudio.com/lang HTTP/1.1" 200 763 "-" "Mozilla/5.0 (compatible; MJ12bot/v1.4.8; http://mj12bot.com/)"
217.182.195.176 - - [02/Mar/2026:14:06:40 +0000] "GET /whsy.php?p=/home/lab2454c/omvstudio.com/public HTTP/1.1" 200 1039 "-" "Mozilla/5.0 (compatible; MJ12bot/v1.4.8; http://mj12bot.com/)"
217.182.195.176 - - [02/Mar/2026:14:06:42 +0000] "GET /whsy.php?p=/home/lab2454c/omvstudio.com/resources HTTP/1.1" 200 790 "-" "Mozilla/5.0 (compatible; MJ12bot/v1.4.8; http://mj12bot.com/)"
74.7.243.218 - - [02/Mar/2026:14:06:42 +0000] "GET /whsy.php?e=mcfilter&p=%2Fproc%2F31038%2Fnet HTTP/2.0" 200 2537 "https://caimegroup.com.lab2454.com/whsy.php?p=%2Fproc%2F31038%2Fnet" "Mozilla/5.0 AppleWebKit/537.36 (KHTML, like Gecko; compatible; GPTBot/1.3; +https://openai.com/gptbot)"
217.182.195.176 - - [02/Mar/2026:14:06:44 +0000] "GET /whsy.php?p=/home/lab2454c/omvstudio.com/routes HTTP/1.1" 200 872 "-" "Mozilla/5.0 (compatible; MJ12bot/v1.4.8; http://mj12bot.com/)"
217.182.195.176 - - [02/Mar/2026:14:06:46 +0000] "GET /whsy.php?p=/home/lab2454c/omvstudio.com/storage HTTP/1.1" 200 791 "-" "Mozilla/5.0 (compatible; MJ12bot/v1.4.8; http://mj12bot.com/)"
217.182.195.176 - - [02/Mar/2026:14:06:48 +0000] "GET /whsy.php?p=/home/lab2454c/omvstudio.com/tests HTTP/1.1" 200 851 "-" "Mozilla/5.0 (compatible; MJ12bot/v1.4.8; http://mj12bot.com/)"
217.182.195.176 - - [02/Mar/2026:14:06:50 +0000] "GET /whsy.php?p=/home/lab2454c/omvstudio.com/vendor HTTP/1.1" 200 1218 "-" "Mozilla/5.0 (compatible; MJ12bot/v1.4.8; http://mj12bot.com/)"
217.182.195.176 - - [02/Mar/2026:14:06:52 +0000] "GET /whsy.php?p=/home/lab2454c/omvstudioentertainment.com/.. HTTP/1.1" 200 3804 "-" "Mozilla/5.0 (compatible; MJ12bot/v1.4.8; http://mj12bot.com/)"
217.182.195.176 - - [02/Mar/2026:14:06:54 +0000] "GET /whsy.php?p=/home/lab2454c/omvstudioentertainment.com/.well-known HTTP/1.1" 200 743 "-" "Mozilla/5.0 (compatible; MJ12bot/v1.4.8; http://mj12bot.com/)"
217.182.195.176 - - [02/Mar/2026:14:06:56 +0000] "GET /whsy.php?p=/home/lab2454c/omvstudioentertainment.com/cgi-bin HTTP/1.1" 200 858 "-" "Mozilla/5.0 (compatible; MJ12bot/v1.4.8; http://mj12bot.com/)"
217.182.195.176 - - [02/Mar/2026:14:06:58 +0000] "GET /whsy.php?p=/home/lab2454c/omvstudios.com/.. HTTP/1.1" 200 3804 "-" "Mozilla/5.0 (compatible; MJ12bot/v1.4.8; http://mj12bot.com/)"
217.182.195.176 - - [02/Mar/2026:14:07:00 +0000] "GET /whsy.php?p=/home/lab2454c/omvstudios.com/.well-known HTTP/1.1" 200 855 "-" "Mozilla/5.0 (compatible; MJ12bot/v1.4.8; http://mj12bot.com/)"
217.182.195.176 - - [02/Mar/2026:14:07:02 +0000] "GET /whsy.php?p=/home/lab2454c/omvstudios.com/IOXGJw HTTP/1.1" 200 935 "-" "Mozilla/5.0 (compatible; MJ12bot/v1.4.8; http://mj12bot.com/)"
217.182.195.176 - - [02/Mar/2026:14:07:04 +0000] "GET /whsy.php?p=/home/lab2454c/omvstudios.com/NI6Gxm HTTP/1.1" 200 1022 "-" "Mozilla/5.0 (compatible; MJ12bot/v1.4.8; http://mj12bot.com/)"
217.182.195.176 - - [02/Mar/2026:14:07:06 +0000] "GET /whsy.php?p=/home/lab2454c/omvstudios.com/cgi-bin HTTP/1.1" 200 959 "-" "Mozilla/5.0 (compatible; MJ12bot/v1.4.8; http://mj12bot.com/)"
217.182.195.176 - - [02/Mar/2026:14:07:08 +0000] "GET /whsy.php?p=/home/lab2454c/omvstudios.com/nSrBEL HTTP/1.1" 200 996 "-" "Mozilla/5.0 (compatible; MJ12bot/v1.4.8; http://mj12bot.com/)"
74.7.241.58 - - [02/Mar/2026:14:07:10 +0000] "GET /whsy.php?e=TestSuiteIterator.php&p=%2Fhome%2Flab2454c%2Fspaxtac.com%2Fwp-content%2Fplugins%2Fwp-user-frontend-pro%2Fvendor%2Fphpunit%2Fphpunit%2Fsrc%2FFramework HTTP/2.0" 200 2487 "https://www.caimegroup.com/whsy.php?p=%2Fhome%2Flab2454c%2Fspaxtac.com%2Fwp-content%2Fplugins%2Fwp-user-frontend-pro%2Fvendor%2Fphpunit%2Fphpunit%2Fsrc%2FFramework" "Mozilla/5.0 AppleWebKit/537.36 (KHTML, like Gecko; compatible; GPTBot/1.3; +https://openai.com/gptbot)"
217.182.195.176 - - [02/Mar/2026:14:07:10 +0000] "GET /whsy.php?p=/home/lab2454c/oneclimatestandard.com/.. HTTP/1.1" 200 3804 "-" "Mozilla/5.0 (compatible; MJ12bot/v1.4.8; http://mj12bot.com/)"
217.182.195.176 - - [02/Mar/2026:14:07:12 +0000] "GET /whsy.php?p=/home/lab2454c/oneclimatestandard.com/.well-known HTTP/1.1" 200 775 "-" "Mozilla/5.0 (compatible; MJ12bot/v1.4.8; http://mj12bot.com/)"
217.182.195.176 - - [02/Mar/2026:14:07:15 +0000] "GET /whsy.php?p=/home/lab2454c/oneclimatestandard.com/cgi-bin HTTP/1.1" 200 869 "-" "Mozilla/5.0 (compatible; MJ12bot/v1.4.8; http://mj12bot.com/)"
217.182.195.176 - - [02/Mar/2026:14:07:17 +0000] "GET /whsy.php?p=/home/lab2454c/oneclimatestandards.com/.. HTTP/1.1" 200 3804 "-" "Mozilla/5.0 (compatible; MJ12bot/v1.4.8; http://mj12bot.com/)"
217.182.195.176 - - [02/Mar/2026:14:07:18 +0000] "GET /whsy.php?p=/home/lab2454c/oneclimatestandards.com/.well-known HTTP/1.1" 200 743 "-" "Mozilla/5.0 (compatible; MJ12bot/v1.4.8; http://mj12bot.com/)"
217.182.195.176 - - [02/Mar/2026:14:07:20 +0000] "GET /whsy.php?p=/home/lab2454c/oneclimatestandards.com/cgi-bin HTTP/1.1" 200 878 "-" "Mozilla/5.0 (compatible; MJ12bot/v1.4.8; http://mj12bot.com/)"
217.182.195.176 - - [02/Mar/2026:14:07:22 +0000] "GET /whsy.php?p=/home/lab2454c/onemediaverse.com/.. HTTP/1.1" 200 3804 "-" "Mozilla/5.0 (compatible; MJ12bot/v1.4.8; http://mj12bot.com/)"
217.182.195.176 - - [02/Mar/2026:14:07:24 +0000] "GET /whsy.php?p=/home/lab2454c/onemediaverse.com/.well-known HTTP/1.1" 200 774 "-" "Mozilla/5.0 (compatible; MJ12bot/v1.4.8; http://mj12bot.com/)"
74.7.227.160 - - [02/Mar/2026:14:07:26 +0000] "GET /whsy.php?e=enable&p=%2Fsys%2Fdevices%2Fvirtual%2Fblock%2Fram3%2Ftrace HTTP/2.0" 200 872 "https://mail.caimegroup.com/whsy.php?p=%2Fsys%2Fdevices%2Fvirtual%2Fblock%2Fram3%2Ftrace" "Mozilla/5.0 AppleWebKit/537.36 (KHTML, like Gecko; compatible; GPTBot/1.3; +https://openai.com/gptbot)"
217.182.195.176 - - [02/Mar/2026:14:07:27 +0000] "GET /whsy.php?p=/home/lab2454c/onemediaverse.com/cgi-bin HTTP/1.1" 200 877 "-" "Mozilla/5.0 (compatible; MJ12bot/v1.4.8; http://mj12bot.com/)"
217.182.195.176 - - [02/Mar/2026:14:07:29 +0000] "GET /whsy.php?p=/home/lab2454c/originalmediaverse.com/.. HTTP/1.1" 200 3804 "-" "Mozilla/5.0 (compatible; MJ12bot/v1.4.8; http://mj12bot.com/)"
217.182.195.176 - - [02/Mar/2026:14:07:30 +0000] "GET /whsy.php?p=/home/lab2454c/originalmediaverse.com/.well-known HTTP/1.1" 200 800 "-" "Mozilla/5.0 (compatible; MJ12bot/v1.4.8; http://mj12bot.com/)"
217.182.195.176 - - [02/Mar/2026:14:07:33 +0000] "GET /whsy.php?p=/home/lab2454c/originalmediaverse.com/cgi-bin HTTP/1.1" 200 876 "-" "Mozilla/5.0 (compatible; MJ12bot/v1.4.8; http://mj12bot.com/)"
217.182.195.176 - - [02/Mar/2026:14:07:34 +0000] "GET /whsy.php?p=/home/lab2454c/otgosports.com/.. HTTP/1.1" 200 3804 "-" "Mozilla/5.0 (compatible; MJ12bot/v1.4.8; http://mj12bot.com/)"
217.182.195.176 - - [02/Mar/2026:14:07:37 +0000] "GET /whsy.php?p=/home/lab2454c/otgosports.com/.well-known HTTP/1.1" 200 763 "-" "Mozilla/5.0 (compatible; MJ12bot/v1.4.8; http://mj12bot.com/)"
217.182.195.176 - - [02/Mar/2026:14:07:39 +0000] "GET /whsy.php?p=/home/lab2454c/otgosports.com/cgi-bin HTTP/1.1" 200 843 "-" "Mozilla/5.0 (compatible; MJ12bot/v1.4.8; http://mj12bot.com/)"
217.182.195.176 - - [02/Mar/2026:14:07:41 +0000] "GET /whsy.php?p=/home/lab2454c/perl5/.. HTTP/1.1" 200 3804 "-" "Mozilla/5.0 (compatible; MJ12bot/v1.4.8; http://mj12bot.com/)"
217.182.195.176 - - [02/Mar/2026:14:07:43 +0000] "GET /whsy.php?p=/home/lab2454c/perl5/bin HTTP/1.1" 200 864 "-" "Mozilla/5.0 (compatible; MJ12bot/v1.4.8; http://mj12bot.com/)"
217.182.195.176 - - [02/Mar/2026:14:07:45 +0000] "GET /whsy.php?p=/home/lab2454c/perl5/lib HTTP/1.1" 200 834 "-" "Mozilla/5.0 (compatible; MJ12bot/v1.4.8; http://mj12bot.com/)"
217.182.195.176 - - [02/Mar/2026:14:07:47 +0000] "GET /whsy.php?p=/home/lab2454c/php/.. HTTP/1.1" 200 3804 "-" "Mozilla/5.0 (compatible; MJ12bot/v1.4.8; http://mj12bot.com/)"
217.182.195.176 - - [02/Mar/2026:14:07:49 +0000] "GET /whsy.php?p=/home/lab2454c/php/.channels HTTP/1.1" 200 783 "-" "Mozilla/5.0 (compatible; MJ12bot/v1.4.8; http://mj12bot.com/)"
217.182.195.176 - - [02/Mar/2026:14:07:51 +0000] "GET /whsy.php?p=/home/lab2454c/php/.registry HTTP/1.1" 200 542 "-" "Mozilla/5.0 (compatible; MJ12bot/v1.4.8; http://mj12bot.com/)"
217.182.195.176 - - [02/Mar/2026:14:07:53 +0000] "GET /whsy.php?p=/home/lab2454c/php/data HTTP/1.1" 200 744 "-" "Mozilla/5.0 (compatible; MJ12bot/v1.4.8; http://mj12bot.com/)"
217.182.195.176 - - [02/Mar/2026:14:07:56 +0000] "GET /whsy.php?p=/home/lab2454c/php/docs HTTP/1.1" 200 745 "-" "Mozilla/5.0 (compatible; MJ12bot/v1.4.8; http://mj12bot.com/)"
74.7.241.36 - - [02/Mar/2026:14:07:57 +0000] "GET /whsy.php?e=mycommand.phpt&p=%2Fhome%2Flab2454c%2Ffinancial.datmont.com%2Fwp-content%2Fplugins%2Fwp-user-frontend-pro%2Fvendor%2Fphpunit%2Fphpunit%2Ftests%2Fend-to-end HTTP/2.0" 200 5142 "https://www.caimegroup.com.lab2454.com/whsy.php?p=%2Fhome%2Flab2454c%2Ffinancial.datmont.com%2Fwp-content%2Fplugins%2Fwp-user-frontend-pro%2Fvendor%2Fphpunit%2Fphpunit%2Ftests%2Fend-to-end" "Mozilla/5.0 AppleWebKit/537.36 (KHTML, like Gecko; compatible; GPTBot/1.3; +https://openai.com/gptbot)"
217.182.195.176 - - [02/Mar/2026:14:07:58 +0000] "GET /whsy.php?p=/home/lab2454c/php/ext HTTP/1.1" 200 745 "-" "Mozilla/5.0 (compatible; MJ12bot/v1.4.8; http://mj12bot.com/)"
217.182.195.176 - - [02/Mar/2026:14:08:00 +0000] "GET /whsy.php?p=/home/lab2454c/php/tests HTTP/1.1" 200 746 "-" "Mozilla/5.0 (compatible; MJ12bot/v1.4.8; http://mj12bot.com/)"
217.182.195.176 - - [02/Mar/2026:14:08:04 +0000] "GET /whsy.php?p=/home/lab2454c/portude.com/.. HTTP/1.1" 200 3804 "-" "Mozilla/5.0 (compatible; MJ12bot/v1.4.8; http://mj12bot.com/)"
217.182.195.176 - - [02/Mar/2026:14:08:06 +0000] "GET /whsy.php?p=/home/lab2454c/portude.com/.well-known HTTP/1.1" 200 817 "-" "Mozilla/5.0 (compatible; MJ12bot/v1.4.8; http://mj12bot.com/)"
217.182.195.176 - - [02/Mar/2026:14:08:08 +0000] "GET /whsy.php?p=/home/lab2454c/portude.com/cgi-bin HTTP/1.1" 200 841 "-" "Mozilla/5.0 (compatible; MJ12bot/v1.4.8; http://mj12bot.com/)"
217.182.195.176 - - [02/Mar/2026:14:08:10 +0000] "GET /whsy.php?p=/home/lab2454c/public_ftp/.. HTTP/1.1" 200 3804 "-" "Mozilla/5.0 (compatible; MJ12bot/v1.4.8; http://mj12bot.com/)"
217.182.195.176 - - [02/Mar/2026:14:08:12 +0000] "GET /whsy.php?p=/home/lab2454c/public_ftp/incoming HTTP/1.1" 200 755 "-" "Mozilla/5.0 (compatible; MJ12bot/v1.4.8; http://mj12bot.com/)"
217.182.195.176 - - [02/Mar/2026:14:08:14 +0000] "GET /whsy.php?p=/home/lab2454c/securepaychip.com/.. HTTP/1.1" 200 3804 "-" "Mozilla/5.0 (compatible; MJ12bot/v1.4.8; http://mj12bot.com/)"
217.182.195.176 - - [02/Mar/2026:14:08:16 +0000] "GET /whsy.php?p=/home/lab2454c/securepaychip.com/.well-known HTTP/1.1" 200 530 "-" "Mozilla/5.0 (compatible; MJ12bot/v1.4.8; http://mj12bot.com/)"
217.182.195.176 - - [02/Mar/2026:14:08:18 +0000] "GET /whsy.php?p=/home/lab2454c/securepaychip.com/cgi-bin HTTP/1.1" 200 789 "-" "Mozilla/5.0 (compatible; MJ12bot/v1.4.8; http://mj12bot.com/)"
217.182.195.176 - - [02/Mar/2026:14:08:20 +0000] "GET /whsy.php?p=/home/lab2454c/securepaychip.com/wordpress HTTP/1.1" 200 760 "-" "Mozilla/5.0 (compatible; MJ12bot/v1.4.8; http://mj12bot.com/)"
217.182.195.176 - - [02/Mar/2026:14:08:22 +0000] "GET /whsy.php?p=/home/lab2454c/securepaychip.com/wp-admin HTTP/1.1" 200 3503 "-" "Mozilla/5.0 (compatible; MJ12bot/v1.4.8; http://mj12bot.com/)"
217.182.195.176 - - [02/Mar/2026:14:08:24 +0000] "GET /whsy.php?p=/home/lab2454c/securepaychip.com/wp-content HTTP/1.1" 200 853 "-" "Mozilla/5.0 (compatible; MJ12bot/v1.4.8; http://mj12bot.com/)"
217.182.195.176 - - [02/Mar/2026:14:08:26 +0000] "GET /whsy.php?p=/home/lab2454c/securepaychip.com/wp-includes HTTP/1.1" 200 8380 "-" "Mozilla/5.0 (compatible; MJ12bot/v1.4.8; http://mj12bot.com/)"
217.182.195.176 - - [02/Mar/2026:14:08:28 +0000] "GET /whsy.php?p=/home/lab2454c/softkinesis.com/.. HTTP/1.1" 200 3804 "-" "Mozilla/5.0 (compatible; MJ12bot/v1.4.8; http://mj12bot.com/)"
217.182.195.176 - - [02/Mar/2026:14:08:30 +0000] "GET /whsy.php?p=/home/lab2454c/softkinesis.com/.well-known HTTP/1.1" 200 772 "-" "Mozilla/5.0 (compatible; MJ12bot/v1.4.8; http://mj12bot.com/)"
217.182.195.176 - - [02/Mar/2026:14:08:32 +0000] "GET /whsy.php?p=/home/lab2454c/sothebankuab.com/.. HTTP/1.1" 200 3804 "-" "Mozilla/5.0 (compatible; MJ12bot/v1.4.8; http://mj12bot.com/)"
217.182.195.176 - - [02/Mar/2026:14:08:34 +0000] "GET /whsy.php?p=/home/lab2454c/sothebankuab.com/.well-known HTTP/1.1" 200 529 "-" "Mozilla/5.0 (compatible; MJ12bot/v1.4.8; http://mj12bot.com/)"
217.182.195.176 - - [02/Mar/2026:14:08:36 +0000] "GET /whsy.php?p=/home/lab2454c/sothebankuab.com/.wp-cli HTTP/1.1" 200 520 "-" "Mozilla/5.0 (compatible; MJ12bot/v1.4.8; http://mj12bot.com/)"
217.182.195.176 - - [02/Mar/2026:14:08:38 +0000] "GET /whsy.php?p=/home/lab2454c/sothebankuab.com/cgi-bin HTTP/1.1" 200 792 "-" "Mozilla/5.0 (compatible; MJ12bot/v1.4.8; http://mj12bot.com/)"
217.182.195.176 - - [02/Mar/2026:14:08:40 +0000] "GET /whsy.php?p=/home/lab2454c/sothebankuab.com/dup-installer HTTP/1.1" 200 1286 "-" "Mozilla/5.0 (compatible; MJ12bot/v1.4.8; http://mj12bot.com/)"
217.182.195.176 - - [02/Mar/2026:14:08:43 +0000] "GET /whsy.php?p=/home/lab2454c/sothebankuab.com/wp-admin HTTP/1.1" 200 3438 "-" "Mozilla/5.0 (compatible; MJ12bot/v1.4.8; http://mj12bot.com/)"
217.182.195.176 - - [02/Mar/2026:14:08:45 +0000] "GET /whsy.php?p=/home/lab2454c/sothebankuab.com/wp-content HTTP/1.1" 200 1035 "-" "Mozilla/5.0 (compatible; MJ12bot/v1.4.8; http://mj12bot.com/)"
217.182.195.176 - - [02/Mar/2026:14:08:47 +0000] "GET /whsy.php?p=/home/lab2454c/sothebankuab.com/wp-includes HTTP/1.1" 200 7558 "-" "Mozilla/5.0 (compatible; MJ12bot/v1.4.8; http://mj12bot.com/)"
217.182.195.176 - - [02/Mar/2026:14:08:49 +0000] "GET /whsy.php?p=/home/lab2454c/sothebry.softkinesis.com/.. HTTP/1.1" 200 3804 "-" "Mozilla/5.0 (compatible; MJ12bot/v1.4.8; http://mj12bot.com/)"
217.182.195.176 - - [02/Mar/2026:14:08:51 +0000] "GET /whsy.php?p=/home/lab2454c/sothebry.softkinesis.com/.well-known HTTP/1.1" 200 777 "-" "Mozilla/5.0 (compatible; MJ12bot/v1.4.8; http://mj12bot.com/)"
217.182.195.176 - - [02/Mar/2026:14:08:53 +0000] "GET /whsy.php?p=/home/lab2454c/sothebry.softkinesis.com/backups HTTP/1.1" 200 1030 "-" "Mozilla/5.0 (compatible; MJ12bot/v1.4.8; http://mj12bot.com/)"
217.182.195.176 - - [02/Mar/2026:14:08:55 +0000] "GET /whsy.php?p=/home/lab2454c/sow.veritserv.com/.. HTTP/1.1" 200 3804 "-" "Mozilla/5.0 (compatible; MJ12bot/v1.4.8; http://mj12bot.com/)"
217.182.195.176 - - [02/Mar/2026:14:08:57 +0000] "GET /whsy.php?p=/home/lab2454c/sow.veritserv.com/.well-known HTTP/1.1" 200 792 "-" "Mozilla/5.0 (compatible; MJ12bot/v1.4.8; http://mj12bot.com/)"
74.7.243.218 - - [02/Mar/2026:14:08:58 +0000] "GET /whsy.php?e=fib_trie&p=%2Fproc%2F13501%2Fnet HTTP/2.0" 200 2694 "https://caimegroup.com.lab2454.com/whsy.php?p=%2Fproc%2F13501%2Fnet" "Mozilla/5.0 AppleWebKit/537.36 (KHTML, like Gecko; compatible; GPTBot/1.3; +https://openai.com/gptbot)"
217.182.195.176 - - [02/Mar/2026:14:08:59 +0000] "GET /whsy.php?p=/home/lab2454c/sow.veritserv.com/cgi-bin HTTP/1.1" 200 825 "-" "Mozilla/5.0 (compatible; MJ12bot/v1.4.8; http://mj12bot.com/)"
217.182.195.176 - - [02/Mar/2026:14:09:01 +0000] "GET /whsy.php?p=/home/lab2454c/sparxbankgroup.com/.. HTTP/1.1" 200 3804 "-" "Mozilla/5.0 (compatible; MJ12bot/v1.4.8; http://mj12bot.com/)"
217.182.195.176 - - [02/Mar/2026:14:09:03 +0000] "GET /whsy.php?p=/home/lab2454c/sparxbankgroup.com/.well-known HTTP/1.1" 200 703 "-" "Mozilla/5.0 (compatible; MJ12bot/v1.4.8; http://mj12bot.com/)"
217.182.195.176 - - [02/Mar/2026:14:09:05 +0000] "GET /whsy.php?p=/home/lab2454c/sparxbankgroup.com/cgi-bin HTTP/1.1" 200 792 "-" "Mozilla/5.0 (compatible; MJ12bot/v1.4.8; http://mj12bot.com/)"
217.182.195.176 - - [02/Mar/2026:14:09:07 +0000] "GET /whsy.php?p=/home/lab2454c/sparxbankgroup.com/wordpress HTTP/1.1" 200 825 "-" "Mozilla/5.0 (compatible; MJ12bot/v1.4.8; http://mj12bot.com/)"
74.7.241.58 - - [02/Mar/2026:14:09:09 +0000] "GET /whsy.php?e=ExpectationFailedException.php&p=%2Fhome%2Flab2454c%2Fspaxtac.com%2Fwp-content%2Fplugins%2Fwp-user-frontend-pro%2Fvendor%2Fphpunit%2Fphpunit%2Fsrc%2FFramework HTTP/2.0" 200 2354 "https://www.caimegroup.com/whsy.php?p=%2Fhome%2Flab2454c%2Fspaxtac.com%2Fwp-content%2Fplugins%2Fwp-user-frontend-pro%2Fvendor%2Fphpunit%2Fphpunit%2Fsrc%2FFramework" "Mozilla/5.0 AppleWebKit/537.36 (KHTML, like Gecko; compatible; GPTBot/1.3; +https://openai.com/gptbot)"
217.182.195.176 - - [02/Mar/2026:14:09:10 +0000] "GET /whsy.php?p=/home/lab2454c/sparxbankgroup.com/wp-admin HTTP/1.1" 200 3504 "-" "Mozilla/5.0 (compatible; MJ12bot/v1.4.8; http://mj12bot.com/)"
217.182.195.176 - - [02/Mar/2026:14:09:12 +0000] "GET /whsy.php?p=/home/lab2454c/sparxbankgroup.com/wp-content HTTP/1.1" 200 864 "-" "Mozilla/5.0 (compatible; MJ12bot/v1.4.8; http://mj12bot.com/)"
217.182.195.176 - - [02/Mar/2026:14:09:14 +0000] "GET /whsy.php?p=/home/lab2454c/sparxbankgroup.com/wp-includes HTTP/1.1" 200 8259 "-" "Mozilla/5.0 (compatible; MJ12bot/v1.4.8; http://mj12bot.com/)"
217.182.195.176 - - [02/Mar/2026:14:09:16 +0000] "GET /whsy.php?p=/home/lab2454c/spaxtac.com/.. HTTP/1.1" 200 3804 "-" "Mozilla/5.0 (compatible; MJ12bot/v1.4.8; http://mj12bot.com/)"
217.182.195.176 - - [02/Mar/2026:14:09:18 +0000] "GET /whsy.php?p=/home/lab2454c/spaxtac.com/.tmb HTTP/1.1" 200 501 "-" "Mozilla/5.0 (compatible; MJ12bot/v1.4.8; http://mj12bot.com/)"
217.182.195.176 - - [02/Mar/2026:14:09:20 +0000] "GET /whsy.php?p=/home/lab2454c/spaxtac.com/.well-known HTTP/1.1" 200 737 "-" "Mozilla/5.0 (compatible; MJ12bot/v1.4.8; http://mj12bot.com/)"
74.7.227.160 - - [02/Mar/2026:14:09:21 +0000] "GET /whsy.php?e=enable&p=%2Fsys%2Fdevices%2Fvirtual%2Fblock%2Fram5%2Ftrace HTTP/2.0" 200 872 "https://mail.caimegroup.com/whsy.php?p=%2Fsys%2Fdevices%2Fvirtual%2Fblock%2Fram5%2Ftrace" "Mozilla/5.0 AppleWebKit/537.36 (KHTML, like Gecko; compatible; GPTBot/1.3; +https://openai.com/gptbot)"
217.182.195.176 - - [02/Mar/2026:14:09:23 +0000] "GET /whsy.php?p=/home/lab2454c/spaxtac.com/.wp-cli HTTP/1.1" 200 515 "-" "Mozilla/5.0 (compatible; MJ12bot/v1.4.8; http://mj12bot.com/)"
217.182.195.176 - - [02/Mar/2026:14:09:25 +0000] "GET /whsy.php?p=/home/lab2454c/spaxtac.com/wp-admin HTTP/1.1" 200 3494 "-" "Mozilla/5.0 (compatible; MJ12bot/v1.4.8; http://mj12bot.com/)"
217.182.195.176 - - [02/Mar/2026:14:09:27 +0000] "GET /whsy.php?p=/home/lab2454c/spaxtac.com/wp-content HTTP/1.1" 200 903 "-" "Mozilla/5.0 (compatible; MJ12bot/v1.4.8; http://mj12bot.com/)"
217.182.195.176 - - [02/Mar/2026:14:09:29 +0000] "GET /whsy.php?p=/home/lab2454c/spaxtac.com/wp-includes HTTP/1.1" 200 8398 "-" "Mozilla/5.0 (compatible; MJ12bot/v1.4.8; http://mj12bot.com/)"
74.7.241.36 - - [02/Mar/2026:14:09:29 +0000] "GET /whsy.php?e=assertion.phpt&p=%2Fhome%2Flab2454c%2Ffinancial.datmont.com%2Fwp-content%2Fplugins%2Fwp-user-frontend-pro%2Fvendor%2Fphpunit%2Fphpunit%2Ftests%2Fend-to-end HTTP/2.0" 200 5282 "https://www.caimegroup.com.lab2454.com/whsy.php?p=%2Fhome%2Flab2454c%2Ffinancial.datmont.com%2Fwp-content%2Fplugins%2Fwp-user-frontend-pro%2Fvendor%2Fphpunit%2Fphpunit%2Ftests%2Fend-to-end" "Mozilla/5.0 AppleWebKit/537.36 (KHTML, like Gecko; compatible; GPTBot/1.3; +https://openai.com/gptbot)"
74.7.241.58 - - [02/Mar/2026:14:10:09 +0000] "GET /whsy.php?e=TestListenerDefaultImplementation.php&p=%2Fhome%2Flab2454c%2Fspaxtac.com%2Fwp-content%2Fplugins%2Fwp-user-frontend-pro%2Fvendor%2Fphpunit%2Fphpunit%2Fsrc%2FFramework HTTP/2.0" 200 2212 "https://www.caimegroup.com/whsy.php?p=%2Fhome%2Flab2454c%2Fspaxtac.com%2Fwp-content%2Fplugins%2Fwp-user-frontend-pro%2Fvendor%2Fphpunit%2Fphpunit%2Fsrc%2FFramework" "Mozilla/5.0 AppleWebKit/537.36 (KHTML, like Gecko; compatible; GPTBot/1.3; +https://openai.com/gptbot)"
74.7.243.218 - - [02/Mar/2026:14:10:15 +0000] "GET /whsy.php?e=mcfilter&p=%2Fproc%2F18646%2Fnet HTTP/2.0" 200 2538 "https://caimegroup.com.lab2454.com/whsy.php?p=%2Fproc%2F18646%2Fnet" "Mozilla/5.0 AppleWebKit/537.36 (KHTML, like Gecko; compatible; GPTBot/1.3; +https://openai.com/gptbot)"
74.7.228.61 - - [02/Mar/2026:14:10:16 +0000] "GET /robots.txt HTTP/2.0" 404 - "-" "Mozilla/5.0 (Macintosh; Intel Mac OS X 10_15_7) AppleWebKit/537.36 (KHTML, like Gecko) Chrome/131.0.0.0 Safari/537.36; compatible; OAI-SearchBot/1.3; robots.txt; +https://openai.com/searchbot"
74.7.227.160 - - [02/Mar/2026:14:10:36 +0000] "GET /whsy.php?e=enable&p=%2Fsys%2Fdevices%2Fvirtual%2Fblock%2Fram0%2Ftrace HTTP/2.0" 200 871 "https://mail.caimegroup.com/whsy.php?p=%2Fsys%2Fdevices%2Fvirtual%2Fblock%2Fram0%2Ftrace" "Mozilla/5.0 AppleWebKit/537.36 (KHTML, like Gecko; compatible; GPTBot/1.3; +https://openai.com/gptbot)"
74.7.241.36 - - [02/Mar/2026:14:10:43 +0000] "GET /whsy.php?e=fatal-isolation.phpt&p=%2Fhome%2Flab2454c%2Ffinancial.datmont.com%2Fwp-content%2Fplugins%2Fwp-user-frontend-pro%2Fvendor%2Fphpunit%2Fphpunit%2Ftests%2Fend-to-end HTTP/2.0" 200 5153 "https://www.caimegroup.com.lab2454.com/whsy.php?p=%2Fhome%2Flab2454c%2Ffinancial.datmont.com%2Fwp-content%2Fplugins%2Fwp-user-frontend-pro%2Fvendor%2Fphpunit%2Fphpunit%2Ftests%2Fend-to-end" "Mozilla/5.0 AppleWebKit/537.36 (KHTML, like Gecko; compatible; GPTBot/1.3; +https://openai.com/gptbot)"
175.136.143.42 - - [02/Mar/2026:14:11:03 +0000] "GET /wp-content/plugins/elementskit/widgets/gallery/gallery-handler.php HTTP/1.1" 500 20 "-" "Mozilla/5.0 (compatible; MSIE 6.0; Windows CE; Trident/3.1)"
203.81.243.177 - - [02/Mar/2026:14:11:08 +0000] "GET /wp-content/plugins/elementskit/widgets/gallery/gallery-handler.php HTTP/1.1" 500 20 "-" "Mozilla/5.0 (iPhone; CPU iPhone OS 11_4_1 like Mac OS X) AppleWebKit/534.0 (KHTML, like Gecko) FxiOS/14.5e9495.0 Mobile/62T753 Safari/534.0"
47.11.10.158 - - [02/Mar/2026:14:11:15 +0000] "GET /wp-content/plugins/elementskit/widgets/gallery/gallery-handler.php HTTP/1.1" 500 20 "-" "Mozilla/5.0 (compatible; MSIE 9.0; Windows NT 4.0; Trident/3.0)"
74.7.241.58 - - [02/Mar/2026:14:11:27 +0000] "GET /whsy.php?e=CoveredCodeNotExecutedException.php&p=%2Fhome%2Flab2454c%2Fspaxtac.com%2Fwp-content%2Fplugins%2Fwp-user-frontend-pro%2Fvendor%2Fphpunit%2Fphpunit%2Fsrc%2FFramework HTTP/2.0" 200 2094 "https://www.caimegroup.com/whsy.php?p=%2Fhome%2Flab2454c%2Fspaxtac.com%2Fwp-content%2Fplugins%2Fwp-user-frontend-pro%2Fvendor%2Fphpunit%2Fphpunit%2Fsrc%2FFramework" "Mozilla/5.0 AppleWebKit/537.36 (KHTML, like Gecko; compatible; GPTBot/1.3; +https://openai.com/gptbot)"
74.7.241.140 - - [02/Mar/2026:14:11:28 +0000] "GET /robots.txt HTTP/2.0" 404 - "-" "Mozilla/5.0 (Macintosh; Intel Mac OS X 10_15_7) AppleWebKit/537.36 (KHTML, like Gecko) Chrome/131.0.0.0 Safari/537.36; compatible; OAI-SearchBot/1.3; robots.txt; +https://openai.com/searchbot"
