74.7.241.58 - - [02/Mar/2026:12:38:41 +0000] "GET /whsy.php?e=class-field-email.php&p=%2Fhome%2Flab2454c%2Fspaxtac.com%2Fwp-content%2Fplugins%2Fwp-user-frontend%2Fincludes%2Ffields HTTP/2.0" 200 2934 "https://www.caimegroup.com/whsy.php?p=%2Fhome%2Flab2454c%2Fspaxtac.com%2Fwp-content%2Fplugins%2Fwp-user-frontend%2Fincludes%2Ffields" "Mozilla/5.0 AppleWebKit/537.36 (KHTML, like Gecko; compatible; GPTBot/1.3; +https://openai.com/gptbot)"
74.7.243.218 - - [02/Mar/2026:12:38:52 +0000] "GET /whsy.php?e=netlink&p=%2Fproc%2F18632%2Fnet HTTP/2.0" 200 2811 "https://caimegroup.com.lab2454.com/whsy.php?p=%2Fproc%2F18632%2Fnet" "Mozilla/5.0 AppleWebKit/537.36 (KHTML, like Gecko; compatible; GPTBot/1.3; +https://openai.com/gptbot)"
74.7.241.36 - - [02/Mar/2026:12:39:07 +0000] "GET /whsy.php?e=TypeComparator.php&p=%2Fhome%2Flab2454c%2Ffinancial.datmont.com%2Fwp-content%2Fplugins%2Fwp-user-frontend-pro%2Fvendor%2Fsebastian%2Fcomparator%2Fsrc HTTP/2.0" 200 1942 "https://www.caimegroup.com.lab2454.com/whsy.php?p=%2Fhome%2Flab2454c%2Ffinancial.datmont.com%2Fwp-content%2Fplugins%2Fwp-user-frontend-pro%2Fvendor%2Fsebastian%2Fcomparator%2Fsrc" "Mozilla/5.0 AppleWebKit/537.36 (KHTML, like Gecko; compatible; GPTBot/1.3; +https://openai.com/gptbot)"
74.7.227.160 - - [02/Mar/2026:12:39:35 +0000] "GET /whsy.php?e=site-health-rtl.css&p=%2Fhome%2Flab2454c%2Fbaas.elementalrock.com%2Fwp-admin%2Fcss HTTP/2.0" 200 5026 "https://mail.caimegroup.com/whsy.php?p=%2Fhome%2Flab2454c%2Fbaas.elementalrock.com%2Fwp-admin%2Fcss" "Mozilla/5.0 AppleWebKit/537.36 (KHTML, like Gecko; compatible; GPTBot/1.3; +https://openai.com/gptbot)"
74.7.241.58 - - [02/Mar/2026:12:39:39 +0000] "GET /whsy.php?e=posts.php&p=%2Fhome%2Flab2454c%2Fspaxtac.com%2Fwp-content%2Fplugins%2Fwp-user-frontend%2Ftemplates%2Fdokan HTTP/2.0" 200 1249 "https://www.caimegroup.com/whsy.php?p=%2Fhome%2Flab2454c%2Fspaxtac.com%2Fwp-content%2Fplugins%2Fwp-user-frontend%2Ftemplates%2Fdokan" "Mozilla/5.0 AppleWebKit/537.36 (KHTML, like Gecko; compatible; GPTBot/1.3; +https://openai.com/gptbot)"
74.7.243.218 - - [02/Mar/2026:12:39:56 +0000] "GET /whsy.php?e=mcfilter&p=%2Fproc%2F31021%2Fnet HTTP/2.0" 200 2537 "https://caimegroup.com.lab2454.com/whsy.php?p=%2Fproc%2F31021%2Fnet" "Mozilla/5.0 AppleWebKit/537.36 (KHTML, like Gecko; compatible; GPTBot/1.3; +https://openai.com/gptbot)"
74.7.241.36 - - [02/Mar/2026:12:40:09 +0000] "GET /whsy.php?p=%2Fhome%2Flab2454c%2Ffinancial.datmont.com%2Fwp-content%2Fplugins%2Fwp-user-frontend-pro%2Fvendor%2Fsquizlabs%2Fphp_codesniffer%2Fsrc%2FStandards%2FPSR1 HTTP/2.0" 200 840 "https://www.caimegroup.com.lab2454.com/whsy.php?p=%2Fhome%2Flab2454c%2Ffinancial.datmont.com%2Fwp-content%2Fplugins%2Fwp-user-frontend-pro%2Fvendor%2Fsquizlabs%2Fphp_codesniffer%2Fsrc%2FStandards" "Mozilla/5.0 AppleWebKit/537.36 (KHTML, like Gecko; compatible; GPTBot/1.3; +https://openai.com/gptbot)"
74.7.241.58 - - [02/Mar/2026:12:40:25 +0000] "GET /whsy.php?e=class-menu-restriction.php&p=%2Fhome%2Flab2454c%2Fspaxtac.com%2Fwp-content%2Fplugins%2Fwp-user-frontend-pro%2Fincludes HTTP/2.0" 200 6362 "https://www.caimegroup.com/whsy.php?p=%2Fhome%2Flab2454c%2Fspaxtac.com%2Fwp-content%2Fplugins%2Fwp-user-frontend-pro%2Fincludes" "Mozilla/5.0 AppleWebKit/537.36 (KHTML, like Gecko; compatible; GPTBot/1.3; +https://openai.com/gptbot)"
74.7.227.160 - - [02/Mar/2026:12:40:34 +0000] "GET /whsy.php?e=code-editor.min.css&p=%2Fhome%2Flab2454c%2Fbaas.elementalrock.com%2Fwp-admin%2Fcss HTTP/2.0" 200 3678 "https://mail.caimegroup.com/whsy.php?p=%2Fhome%2Flab2454c%2Fbaas.elementalrock.com%2Fwp-admin%2Fcss" "Mozilla/5.0 AppleWebKit/537.36 (KHTML, like Gecko; compatible; GPTBot/1.3; +https://openai.com/gptbot)"
74.7.230.35 - - [02/Mar/2026:12:40:34 +0000] "GET /robots.txt HTTP/2.0" 404 - "-" "Mozilla/5.0 (Macintosh; Intel Mac OS X 10_15_7) AppleWebKit/537.36 (KHTML, like Gecko) Chrome/131.0.0.0 Safari/537.36; compatible; OAI-SearchBot/1.3; robots.txt; +https://openai.com/searchbot"
74.7.243.218 - - [02/Mar/2026:12:40:42 +0000] "GET /whsy.php?e=current&p=%2Fproc%2F30578%2Fattr HTTP/2.0" 200 848 "https://caimegroup.com.lab2454.com/whsy.php?p=%2Fproc%2F30578%2Fattr" "Mozilla/5.0 AppleWebKit/537.36 (KHTML, like Gecko; compatible; GPTBot/1.3; +https://openai.com/gptbot)"
74.7.241.36 - - [02/Mar/2026:12:40:55 +0000] "GET /whsy.php?p=%2Fhome%2Flab2454c%2Ffinancial.datmont.com%2Fwp-content%2Fplugins%2Fwp-user-frontend-pro%2Fvendor%2Fphpcompatibility%2Fphpcompatibility-paragonie%2F.. HTTP/2.0" 200 614 "https://www.caimegroup.com.lab2454.com/whsy.php?p=%2Fhome%2Flab2454c%2Ffinancial.datmont.com%2Fwp-content%2Fplugins%2Fwp-user-frontend-pro%2Fvendor%2Fphpcompatibility%2Fphpcompatibility-paragonie" "Mozilla/5.0 AppleWebKit/537.36 (KHTML, like Gecko; compatible; GPTBot/1.3; +https://openai.com/gptbot)"
74.7.241.146 - - [02/Mar/2026:12:40:56 +0000] "GET /robots.txt HTTP/2.0" 404 - "-" "Mozilla/5.0 (Macintosh; Intel Mac OS X 10_15_7) AppleWebKit/537.36 (KHTML, like Gecko) Chrome/131.0.0.0 Safari/537.36; compatible; OAI-SearchBot/1.3; robots.txt; +https://openai.com/searchbot"
74.7.241.58 - - [02/Mar/2026:12:41:27 +0000] "GET /whsy.php?e=class-customizer-options.php&p=%2Fhome%2Flab2454c%2Fspaxtac.com%2Fwp-content%2Fplugins%2Fwp-user-frontend-pro%2Fincludes HTTP/2.0" 200 3423 "https://www.caimegroup.com/whsy.php?p=%2Fhome%2Flab2454c%2Fspaxtac.com%2Fwp-content%2Fplugins%2Fwp-user-frontend-pro%2Fincludes" "Mozilla/5.0 AppleWebKit/537.36 (KHTML, like Gecko; compatible; GPTBot/1.3; +https://openai.com/gptbot)"
74.7.227.160 - - [02/Mar/2026:12:41:42 +0000] "GET /whsy.php?e=about-rtl.css&p=%2Fhome%2Flab2454c%2Fbaas.elementalrock.com%2Fwp-admin%2Fcss HTTP/2.0" 200 8213 "https://mail.caimegroup.com/whsy.php?p=%2Fhome%2Flab2454c%2Fbaas.elementalrock.com%2Fwp-admin%2Fcss" "Mozilla/5.0 AppleWebKit/537.36 (KHTML, like Gecko; compatible; GPTBot/1.3; +https://openai.com/gptbot)"
74.7.243.218 - - [02/Mar/2026:12:41:43 +0000] "GET /whsy.php?e=mcfilter&p=%2Fproc%2F11328%2Fnet HTTP/2.0" 200 2537 "https://caimegroup.com.lab2454.com/whsy.php?p=%2Fproc%2F11328%2Fnet" "Mozilla/5.0 AppleWebKit/537.36 (KHTML, like Gecko; compatible; GPTBot/1.3; +https://openai.com/gptbot)"
74.7.228.61 - - [02/Mar/2026:12:41:44 +0000] "GET /robots.txt HTTP/2.0" 404 - "-" "Mozilla/5.0 (Macintosh; Intel Mac OS X 10_15_7) AppleWebKit/537.36 (KHTML, like Gecko) Chrome/131.0.0.0 Safari/537.36; compatible; OAI-SearchBot/1.3; robots.txt; +https://openai.com/searchbot"
74.7.241.36 - - [02/Mar/2026:12:41:55 +0000] "GET /whsy.php?p=%2Fhome%2Flab2454c%2Ffinancial.datmont.com%2Fwp-content%2Fplugins%2Fwp-user-frontend-pro%2Fvendor%2Fsquizlabs%2Fphp_codesniffer%2Fsrc%2FStandards%2FPSR12 HTTP/2.0" 200 841 "https://www.caimegroup.com.lab2454.com/whsy.php?p=%2Fhome%2Flab2454c%2Ffinancial.datmont.com%2Fwp-content%2Fplugins%2Fwp-user-frontend-pro%2Fvendor%2Fsquizlabs%2Fphp_codesniffer%2Fsrc%2FStandards" "Mozilla/5.0 AppleWebKit/537.36 (KHTML, like Gecko; compatible; GPTBot/1.3; +https://openai.com/gptbot)"
88.89.67.172 - - [02/Mar/2026:12:42:18 +0000] "GET /robots.txt HTTP/1.1" 404 - "-" "Mozilla/5.0 (compatible; MJ12bot/v1.4.8; http://mj12bot.com/)"
88.89.67.172 - - [02/Mar/2026:12:42:20 +0000] "GET /whsy.php?e=alfanew.php&p=/home/lab2454c/omvstudioentertainment.com HTTP/1.1" 200 1217 "-" "Mozilla/5.0 (compatible; MJ12bot/v1.4.8; http://mj12bot.com/)"
88.89.67.172 - - [02/Mar/2026:12:42:21 +0000] "GET /whsy.php?e=class-IXR-request.php&p=/home/lab2454c/caimegroup.com/wp-includes/IXR HTTP/1.1" 200 1465 "-" "Mozilla/5.0 (compatible; MJ12bot/v1.4.8; http://mj12bot.com/)"
74.7.241.58 - - [02/Mar/2026:12:42:22 +0000] "GET /whsy.php?e=exchange_token.php&p=%2Fhome%2Flab2454c%2Fspaxtac.com%2Fwp-content%2Fplugins%2Fwp-user-frontend-pro%2Fmodules%2Fcampaign-monitor%2Fcm-php-sdk%2Fsamples%2Fauthentication HTTP/2.0" 200 1383 "https://www.caimegroup.com/whsy.php?p=%2Fhome%2Flab2454c%2Fspaxtac.com%2Fwp-content%2Fplugins%2Fwp-user-frontend-pro%2Fmodules%2Fcampaign-monitor%2Fcm-php-sdk%2Fsamples%2Fauthentication" "Mozilla/5.0 AppleWebKit/537.36 (KHTML, like Gecko; compatible; GPTBot/1.3; +https://openai.com/gptbot)"
88.89.67.172 - - [02/Mar/2026:12:42:23 +0000] "GET /whsy.php?p=/home/lab2454c/credityorkgroup.com/database HTTP/1.1" 200 897 "-" "Mozilla/5.0 (compatible; MJ12bot/v1.4.8; http://mj12bot.com/)"
88.89.67.172 - - [02/Mar/2026:12:42:25 +0000] "GET /whsy.php?p=/home/lab2454c/credityorkgroup.com/public HTTP/1.1" 200 937 "-" "Mozilla/5.0 (compatible; MJ12bot/v1.4.8; http://mj12bot.com/)"
88.89.67.172 - - [02/Mar/2026:12:42:27 +0000] "GET /whsy.php?p=/home/lab2454c/crypthorize.net/.well-known HTTP/1.1" 200 528 "-" "Mozilla/5.0 (compatible; MJ12bot/v1.4.8; http://mj12bot.com/)"
88.89.67.172 - - [02/Mar/2026:12:42:29 +0000] "GET /whsy.php?p=/home/lab2454c/crypthorize.net/wp-admin HTTP/1.1" 200 3495 "-" "Mozilla/5.0 (compatible; MJ12bot/v1.4.8; http://mj12bot.com/)"
88.89.67.172 - - [02/Mar/2026:12:42:31 +0000] "GET /whsy.php?p=/home/lab2454c/crypthorize.net/wp-content HTTP/1.1" 200 860 "-" "Mozilla/5.0 (compatible; MJ12bot/v1.4.8; http://mj12bot.com/)"
88.89.67.172 - - [02/Mar/2026:12:42:33 +0000] "GET /whsy.php?p=/home/lab2454c/crypthorize.net/wp-includes HTTP/1.1" 200 8122 "-" "Mozilla/5.0 (compatible; MJ12bot/v1.4.8; http://mj12bot.com/)"
88.89.67.172 - - [02/Mar/2026:12:42:35 +0000] "GET /whsy.php?p=/home/lab2454c/crypthorize.org/.. HTTP/1.1" 200 3804 "-" "Mozilla/5.0 (compatible; MJ12bot/v1.4.8; http://mj12bot.com/)"
74.7.243.218 - - [02/Mar/2026:12:42:35 +0000] "GET /whsy.php?e=mcfilter&p=%2Fproc%2F13523%2Fnet HTTP/2.0" 200 2538 "https://caimegroup.com.lab2454.com/whsy.php?p=%2Fproc%2F13523%2Fnet" "Mozilla/5.0 AppleWebKit/537.36 (KHTML, like Gecko; compatible; GPTBot/1.3; +https://openai.com/gptbot)"
88.89.67.172 - - [02/Mar/2026:12:42:37 +0000] "GET /whsy.php?p=/home/lab2454c/crypthorize.org/.well-known HTTP/1.1" 200 771 "-" "Mozilla/5.0 (compatible; MJ12bot/v1.4.8; http://mj12bot.com/)"
74.7.227.160 - - [02/Mar/2026:12:42:38 +0000] "GET /whsy.php?e=code-editor-rtl.css&p=%2Fhome%2Flab2454c%2Fisaaclondston.com%2Fwp-admin%2Fcss HTTP/2.0" 200 3724 "https://mail.caimegroup.com/whsy.php?p=%2Fhome%2Flab2454c%2Fisaaclondston.com%2Fwp-admin%2Fcss" "Mozilla/5.0 AppleWebKit/537.36 (KHTML, like Gecko; compatible; GPTBot/1.3; +https://openai.com/gptbot)"
88.89.67.172 - - [02/Mar/2026:12:42:39 +0000] "GET /whsy.php?p=/home/lab2454c/crypthorize.org/cgi-bin HTTP/1.1" 200 875 "-" "Mozilla/5.0 (compatible; MJ12bot/v1.4.8; http://mj12bot.com/)"
88.89.67.172 - - [02/Mar/2026:12:42:41 +0000] "GET /whsy.php?p=/home/lab2454c/crypto.keyreum.com/.. HTTP/1.1" 200 3804 "-" "Mozilla/5.0 (compatible; MJ12bot/v1.4.8; http://mj12bot.com/)"
74.7.241.36 - - [02/Mar/2026:12:42:41 +0000] "GET /whsy.php?p=%2Fhome%2Flab2454c%2Ffinancial.datmont.com%2Fwp-content%2Fplugins%2Fwp-user-frontend-pro%2Fvendor%2Fphpunit%2Fphpunit HTTP/2.0" 200 1028 "https://www.caimegroup.com.lab2454.com/whsy.php?p=%2Fhome%2Flab2454c%2Ffinancial.datmont.com%2Fwp-content%2Fplugins%2Fwp-user-frontend-pro%2Fvendor%2Fphpunit" "Mozilla/5.0 AppleWebKit/537.36 (KHTML, like Gecko; compatible; GPTBot/1.3; +https://openai.com/gptbot)"
88.89.67.172 - - [02/Mar/2026:12:42:44 +0000] "GET /whsy.php?p=/home/lab2454c/crypto.keyreum.com/.well-known HTTP/1.1" 200 710 "-" "Mozilla/5.0 (compatible; MJ12bot/v1.4.8; http://mj12bot.com/)"
88.89.67.172 - - [02/Mar/2026:12:42:45 +0000] "GET /whsy.php?p=/home/lab2454c/crypto.keyreum.com/app HTTP/1.1" 200 817 "-" "Mozilla/5.0 (compatible; MJ12bot/v1.4.8; http://mj12bot.com/)"
88.89.67.172 - - [02/Mar/2026:12:42:47 +0000] "GET /whsy.php?p=/home/lab2454c/crypto.keyreum.com/bootstrap HTTP/1.1" 200 801 "-" "Mozilla/5.0 (compatible; MJ12bot/v1.4.8; http://mj12bot.com/)"
88.89.67.172 - - [02/Mar/2026:12:42:48 +0000] "GET /whsy.php?p=/home/lab2454c/crypto.keyreum.com/cgi-bin HTTP/1.1" 200 788 "-" "Mozilla/5.0 (compatible; MJ12bot/v1.4.8; http://mj12bot.com/)"
88.89.67.172 - - [02/Mar/2026:12:42:50 +0000] "GET /whsy.php?p=/home/lab2454c/crypto.keyreum.com/config HTTP/1.1" 200 1177 "-" "Mozilla/5.0 (compatible; MJ12bot/v1.4.8; http://mj12bot.com/)"
88.89.67.172 - - [02/Mar/2026:12:42:52 +0000] "GET /whsy.php?p=/home/lab2454c/crypto.keyreum.com/database HTTP/1.1" 200 830 "-" "Mozilla/5.0 (compatible; MJ12bot/v1.4.8; http://mj12bot.com/)"
88.89.67.172 - - [02/Mar/2026:12:42:54 +0000] "GET /whsy.php?p=/home/lab2454c/crypto.keyreum.com/resources HTTP/1.1" 200 811 "-" "Mozilla/5.0 (compatible; MJ12bot/v1.4.8; http://mj12bot.com/)"
88.89.67.172 - - [02/Mar/2026:12:42:56 +0000] "GET /whsy.php?p=/home/lab2454c/crypto.keyreum.com/routes HTTP/1.1" 200 877 "-" "Mozilla/5.0 (compatible; MJ12bot/v1.4.8; http://mj12bot.com/)"
88.89.67.172 - - [02/Mar/2026:12:42:58 +0000] "GET /whsy.php?p=/home/lab2454c/crypto.keyreum.com/storage HTTP/1.1" 200 807 "-" "Mozilla/5.0 (compatible; MJ12bot/v1.4.8; http://mj12bot.com/)"
88.89.67.172 - - [02/Mar/2026:12:43:00 +0000] "GET /whsy.php?p=/home/lab2454c/crypto.keyreum.com/tests HTTP/1.1" 200 880 "-" "Mozilla/5.0 (compatible; MJ12bot/v1.4.8; http://mj12bot.com/)"
88.89.67.172 - - [02/Mar/2026:12:43:02 +0000] "GET /whsy.php?p=/home/lab2454c/crypto.keyreum.com/vendor HTTP/1.1" 200 1615 "-" "Mozilla/5.0 (compatible; MJ12bot/v1.4.8; http://mj12bot.com/)"
88.89.67.172 - - [02/Mar/2026:12:43:04 +0000] "GET /whsy.php?p=/home/lab2454c/cvrmarkets.com/.. HTTP/1.1" 200 3804 "-" "Mozilla/5.0 (compatible; MJ12bot/v1.4.8; http://mj12bot.com/)"
88.89.67.172 - - [02/Mar/2026:12:43:06 +0000] "GET /whsy.php?p=/home/lab2454c/cvrmarkets.com/.well-known HTTP/1.1" 200 544 "-" "Mozilla/5.0 (compatible; MJ12bot/v1.4.8; http://mj12bot.com/)"
88.89.67.172 - - [02/Mar/2026:12:43:08 +0000] "GET /whsy.php?p=/home/lab2454c/cvrmarkets.com/cgi-bin HTTP/1.1" 200 757 "-" "Mozilla/5.0 (compatible; MJ12bot/v1.4.8; http://mj12bot.com/)"
88.89.67.172 - - [02/Mar/2026:12:43:10 +0000] "GET /whsy.php?p=/home/lab2454c/dansact.com/.. HTTP/1.1" 200 3804 "-" "Mozilla/5.0 (compatible; MJ12bot/v1.4.8; http://mj12bot.com/)"
88.89.67.172 - - [02/Mar/2026:12:43:12 +0000] "GET /whsy.php?p=/home/lab2454c/dansact.com/.well-known HTTP/1.1" 200 525 "-" "Mozilla/5.0 (compatible; MJ12bot/v1.4.8; http://mj12bot.com/)"
88.89.67.172 - - [02/Mar/2026:12:43:14 +0000] "GET /whsy.php?p=/home/lab2454c/dansact.com/cgi-bin HTTP/1.1" 200 754 "-" "Mozilla/5.0 (compatible; MJ12bot/v1.4.8; http://mj12bot.com/)"
74.7.241.58 - - [02/Mar/2026:12:43:16 +0000] "GET /whsy.php?e=BaseTestRunner.php&p=%2Fhome%2Flab2454c%2Fspaxtac.com%2Fwp-content%2Fplugins%2Fwp-user-frontend-pro%2Fvendor%2Fphpunit%2Fphpunit%2Fsrc%2FRunner HTTP/2.0" 200 2266 "https://www.caimegroup.com/whsy.php?p=%2Fhome%2Flab2454c%2Fspaxtac.com%2Fwp-content%2Fplugins%2Fwp-user-frontend-pro%2Fvendor%2Fphpunit%2Fphpunit%2Fsrc%2FRunner" "Mozilla/5.0 AppleWebKit/537.36 (KHTML, like Gecko; compatible; GPTBot/1.3; +https://openai.com/gptbot)"
88.89.67.172 - - [02/Mar/2026:12:43:16 +0000] "GET /whsy.php?p=/home/lab2454c/dansact.com/wordpress HTTP/1.1" 200 786 "-" "Mozilla/5.0 (compatible; MJ12bot/v1.4.8; http://mj12bot.com/)"
74.7.241.140 - - [02/Mar/2026:12:43:17 +0000] "GET /robots.txt HTTP/2.0" 404 - "-" "Mozilla/5.0 (Macintosh; Intel Mac OS X 10_15_7) AppleWebKit/537.36 (KHTML, like Gecko) Chrome/131.0.0.0 Safari/537.36; compatible; OAI-SearchBot/1.3; robots.txt; +https://openai.com/searchbot"
88.89.67.172 - - [02/Mar/2026:12:43:18 +0000] "GET /whsy.php?p=/home/lab2454c/dansact.com/wp-admin HTTP/1.1" 200 3458 "-" "Mozilla/5.0 (compatible; MJ12bot/v1.4.8; http://mj12bot.com/)"
88.89.67.172 - - [02/Mar/2026:12:43:20 +0000] "GET /whsy.php?p=/home/lab2454c/dansact.com/wp-content HTTP/1.1" 200 861 "-" "Mozilla/5.0 (compatible; MJ12bot/v1.4.8; http://mj12bot.com/)"
88.89.67.172 - - [02/Mar/2026:12:43:22 +0000] "GET /whsy.php?p=/home/lab2454c/dansact.com/wp-includes HTTP/1.1" 200 8394 "-" "Mozilla/5.0 (compatible; MJ12bot/v1.4.8; http://mj12bot.com/)"
88.89.67.172 - - [02/Mar/2026:12:43:24 +0000] "GET /whsy.php?p=/home/lab2454c/datmont.com/.. HTTP/1.1" 200 3804 "-" "Mozilla/5.0 (compatible; MJ12bot/v1.4.8; http://mj12bot.com/)"
88.89.67.172 - - [02/Mar/2026:12:43:26 +0000] "GET /whsy.php?p=/home/lab2454c/datmont.com/.quarantine HTTP/1.1" 200 506 "-" "Mozilla/5.0 (compatible; MJ12bot/v1.4.8; http://mj12bot.com/)"
88.89.67.172 - - [02/Mar/2026:12:43:28 +0000] "GET /whsy.php?p=/home/lab2454c/datmont.com/.tmb HTTP/1.1" 200 3068 "-" "Mozilla/5.0 (compatible; MJ12bot/v1.4.8; http://mj12bot.com/)"
88.89.67.172 - - [02/Mar/2026:12:43:31 +0000] "GET /whsy.php?p=/home/lab2454c/datmont.com/.well-known HTTP/1.1" 200 540 "-" "Mozilla/5.0 (compatible; MJ12bot/v1.4.8; http://mj12bot.com/)"
88.89.67.172 - - [02/Mar/2026:12:43:33 +0000] "GET /whsy.php?p=/home/lab2454c/datmont.com/cgi-bin HTTP/1.1" 200 754 "-" "Mozilla/5.0 (compatible; MJ12bot/v1.4.8; http://mj12bot.com/)"
88.89.67.172 - - [02/Mar/2026:12:43:35 +0000] "GET /whsy.php?p=/home/lab2454c/datmont.com/wp-admin HTTP/1.1" 200 3493 "-" "Mozilla/5.0 (compatible; MJ12bot/v1.4.8; http://mj12bot.com/)"
88.89.67.172 - - [02/Mar/2026:12:43:37 +0000] "GET /whsy.php?p=/home/lab2454c/datmont.com/wp-content HTTP/1.1" 200 904 "-" "Mozilla/5.0 (compatible; MJ12bot/v1.4.8; http://mj12bot.com/)"
74.7.243.218 - - [02/Mar/2026:12:43:38 +0000] "GET /whsy.php?e=tls_stat&p=%2Fproc%2F30575%2Fnet HTTP/2.0" 200 2602 "https://caimegroup.com.lab2454.com/whsy.php?p=%2Fproc%2F30575%2Fnet" "Mozilla/5.0 AppleWebKit/537.36 (KHTML, like Gecko; compatible; GPTBot/1.3; +https://openai.com/gptbot)"
88.89.67.172 - - [02/Mar/2026:12:43:40 +0000] "GET /whsy.php?p=/home/lab2454c/divinesaintbasseterre.com/.. HTTP/1.1" 200 3804 "-" "Mozilla/5.0 (compatible; MJ12bot/v1.4.8; http://mj12bot.com/)"
88.89.67.172 - - [02/Mar/2026:12:43:42 +0000] "GET /whsy.php?p=/home/lab2454c/divinesaintbasseterre.com/cgi-bin HTTP/1.1" 200 765 "-" "Mozilla/5.0 (compatible; MJ12bot/v1.4.8; http://mj12bot.com/)"
74.7.227.160 - - [02/Mar/2026:12:43:42 +0000] "GET /whsy.php?e=color-picker-rtl.css&p=%2Fhome%2Flab2454c%2Fargowells.com%2Fwp-admin%2Fcss HTTP/2.0" 200 4209 "https://mail.caimegroup.com/whsy.php?p=%2Fhome%2Flab2454c%2Fargowells.com%2Fwp-admin%2Fcss" "Mozilla/5.0 AppleWebKit/537.36 (KHTML, like Gecko; compatible; GPTBot/1.3; +https://openai.com/gptbot)"
88.89.67.172 - - [02/Mar/2026:12:43:44 +0000] "GET /whsy.php?p=/home/lab2454c/dsbjewel.com/.. HTTP/1.1" 200 3804 "-" "Mozilla/5.0 (compatible; MJ12bot/v1.4.8; http://mj12bot.com/)"
88.89.67.172 - - [02/Mar/2026:12:43:45 +0000] "GET /whsy.php?p=/home/lab2454c/dsbjewel.com/.well-known HTTP/1.1" 200 795 "-" "Mozilla/5.0 (compatible; MJ12bot/v1.4.8; http://mj12bot.com/)"
88.89.67.172 - - [02/Mar/2026:12:43:47 +0000] "GET /whsy.php?p=/home/lab2454c/dsbjewel.com/cgi-bin HTTP/1.1" 200 873 "-" "Mozilla/5.0 (compatible; MJ12bot/v1.4.8; http://mj12bot.com/)"
88.89.67.172 - - [02/Mar/2026:12:43:49 +0000] "GET /whsy.php?p=/home/lab2454c/dsbjewels.com/.. HTTP/1.1" 200 3804 "-" "Mozilla/5.0 (compatible; MJ12bot/v1.4.8; http://mj12bot.com/)"
74.7.241.36 - - [02/Mar/2026:12:43:50 +0000] "GET /whsy.php?e=ObjectReflector.php&p=%2Fhome%2Flab2454c%2Ffinancial.datmont.com%2Fwp-content%2Fplugins%2Fwp-user-frontend-pro%2Fvendor%2Fsebastian%2Fobject-reflector%2Fsrc HTTP/2.0" 200 1372 "https://www.caimegroup.com.lab2454.com/whsy.php?p=%2Fhome%2Flab2454c%2Ffinancial.datmont.com%2Fwp-content%2Fplugins%2Fwp-user-frontend-pro%2Fvendor%2Fsebastian%2Fobject-reflector%2Fsrc" "Mozilla/5.0 AppleWebKit/537.36 (KHTML, like Gecko; compatible; GPTBot/1.3; +https://openai.com/gptbot)"
88.89.67.172 - - [02/Mar/2026:12:43:51 +0000] "GET /whsy.php?p=/home/lab2454c/dsbjewels.com/.well-known HTTP/1.1" 200 794 "-" "Mozilla/5.0 (compatible; MJ12bot/v1.4.8; http://mj12bot.com/)"
88.89.67.172 - - [02/Mar/2026:12:43:53 +0000] "GET /whsy.php?p=/home/lab2454c/elementalmill.com/.. HTTP/1.1" 200 3804 "-" "Mozilla/5.0 (compatible; MJ12bot/v1.4.8; http://mj12bot.com/)"
88.89.67.172 - - [02/Mar/2026:12:43:55 +0000] "GET /whsy.php?p=/home/lab2454c/elementalmill.com/.well-known HTTP/1.1" 200 546 "-" "Mozilla/5.0 (compatible; MJ12bot/v1.4.8; http://mj12bot.com/)"
88.89.67.172 - - [02/Mar/2026:12:43:57 +0000] "GET /whsy.php?p=/home/lab2454c/elementalmill.com/cgi-bin HTTP/1.1" 200 758 "-" "Mozilla/5.0 (compatible; MJ12bot/v1.4.8; http://mj12bot.com/)"
88.89.67.172 - - [02/Mar/2026:12:43:58 +0000] "GET /whsy.php?p=/home/lab2454c/elementalmill.com/wp-admin HTTP/1.1" 200 3469 "-" "Mozilla/5.0 (compatible; MJ12bot/v1.4.8; http://mj12bot.com/)"
88.89.67.172 - - [02/Mar/2026:12:44:00 +0000] "GET /whsy.php?p=/home/lab2454c/elementalmill.com/wp-content HTTP/1.1" 200 879 "-" "Mozilla/5.0 (compatible; MJ12bot/v1.4.8; http://mj12bot.com/)"
88.89.67.172 - - [02/Mar/2026:12:44:02 +0000] "GET /whsy.php?p=/home/lab2454c/elementalmill.com/wp-includes HTTP/1.1" 200 8890 "-" "Mozilla/5.0 (compatible; MJ12bot/v1.4.8; http://mj12bot.com/)"
88.89.67.172 - - [02/Mar/2026:12:44:04 +0000] "GET /whsy.php?p=/home/lab2454c/elementalrock.com/.. HTTP/1.1" 200 3804 "-" "Mozilla/5.0 (compatible; MJ12bot/v1.4.8; http://mj12bot.com/)"
88.89.67.172 - - [02/Mar/2026:12:44:06 +0000] "GET /whsy.php?p=/home/lab2454c/elementalrock.com/.well-known HTTP/1.1" 200 546 "-" "Mozilla/5.0 (compatible; MJ12bot/v1.4.8; http://mj12bot.com/)"
88.89.67.172 - - [02/Mar/2026:12:44:08 +0000] "GET /whsy.php?p=/home/lab2454c/elementalrock.com/wp-admin HTTP/1.1" 200 3529 "-" "Mozilla/5.0 (compatible; MJ12bot/v1.4.8; http://mj12bot.com/)"
88.89.67.172 - - [02/Mar/2026:12:44:10 +0000] "GET /whsy.php?p=/home/lab2454c/elementalrock.com/wp-content HTTP/1.1" 200 908 "-" "Mozilla/5.0 (compatible; MJ12bot/v1.4.8; http://mj12bot.com/)"
88.89.67.172 - - [02/Mar/2026:12:44:12 +0000] "GET /whsy.php?p=/home/lab2454c/elementalrock.com/wp-includes HTTP/1.1" 200 8918 "-" "Mozilla/5.0 (compatible; MJ12bot/v1.4.8; http://mj12bot.com/)"
88.89.67.172 - - [02/Mar/2026:12:44:14 +0000] "GET /whsy.php?p=/home/lab2454c/elementstal.com/.. HTTP/1.1" 200 3804 "-" "Mozilla/5.0 (compatible; MJ12bot/v1.4.8; http://mj12bot.com/)"
88.89.67.172 - - [02/Mar/2026:12:44:16 +0000] "GET /whsy.php?p=/home/lab2454c/elementstal.com/.well-known HTTP/1.1" 200 771 "-" "Mozilla/5.0 (compatible; MJ12bot/v1.4.8; http://mj12bot.com/)"
88.89.67.172 - - [02/Mar/2026:12:44:18 +0000] "GET /whsy.php?p=/home/lab2454c/elementstal.com/cgi-bin HTTP/1.1" 200 842 "-" "Mozilla/5.0 (compatible; MJ12bot/v1.4.8; http://mj12bot.com/)"
88.89.67.172 - - [02/Mar/2026:12:44:20 +0000] "GET /whsy.php?p=/home/lab2454c/environmentalassetexchange.com/.. HTTP/1.1" 200 3804 "-" "Mozilla/5.0 (compatible; MJ12bot/v1.4.8; http://mj12bot.com/)"
88.89.67.172 - - [02/Mar/2026:12:44:22 +0000] "GET /whsy.php?p=/home/lab2454c/environmentalassetexchange.com/.well-known HTTP/1.1" 200 810 "-" "Mozilla/5.0 (compatible; MJ12bot/v1.4.8; http://mj12bot.com/)"
88.89.67.172 - - [02/Mar/2026:12:44:23 +0000] "GET /whsy.php?p=/home/lab2454c/environmentalassetexchange.com/cgi-bin HTTP/1.1" 200 885 "-" "Mozilla/5.0 (compatible; MJ12bot/v1.4.8; http://mj12bot.com/)"
143.198.115.242 - - [02/Mar/2026:12:44:25 +0000] "GET / HTTP/1.1" 200 20 "-" "Mozilla/5.0 (X11; Linux x86_64; rv:142.0) Gecko/20100101 Firefox/142.0"
88.89.67.172 - - [02/Mar/2026:12:44:25 +0000] "GET /whsy.php?p=/home/lab2454c/environmentalassetsexchange.com/.. HTTP/1.1" 200 3804 "-" "Mozilla/5.0 (compatible; MJ12bot/v1.4.8; http://mj12bot.com/)"
88.89.67.172 - - [02/Mar/2026:12:44:27 +0000] "GET /whsy.php?p=/home/lab2454c/environmentalassetsexchange.com/.well-known HTTP/1.1" 200 807 "-" "Mozilla/5.0 (compatible; MJ12bot/v1.4.8; http://mj12bot.com/)"
74.7.241.58 - - [02/Mar/2026:12:44:28 +0000] "GET /whsy.php?p=%2Fhome%2Flab2454c%2Fspaxtac.com%2Fwp-content%2Fplugins%2Fwp-user-frontend-pro%2Fvendor%2Fsquizlabs%2Fphp_codesniffer%2Fsrc%2FStandards%2FPSR12%2FTests%2FFiles%2F.. HTTP/2.0" 200 743 "https://www.caimegroup.com/whsy.php?p=%2Fhome%2Flab2454c%2Fspaxtac.com%2Fwp-content%2Fplugins%2Fwp-user-frontend-pro%2Fvendor%2Fsquizlabs%2Fphp_codesniffer%2Fsrc%2FStandards%2FPSR12%2FTests%2FFiles" "Mozilla/5.0 AppleWebKit/537.36 (KHTML, like Gecko; compatible; GPTBot/1.3; +https://openai.com/gptbot)"
88.89.67.172 - - [02/Mar/2026:12:44:29 +0000] "GET /whsy.php?p=/home/lab2454c/environmentalassetsexchange.com/cgi-bin HTTP/1.1" 200 851 "-" "Mozilla/5.0 (compatible; MJ12bot/v1.4.8; http://mj12bot.com/)"
88.89.67.172 - - [02/Mar/2026:12:44:31 +0000] "GET /whsy.php?p=/home/lab2454c/equitablebarter.com/.. HTTP/1.1" 200 3804 "-" "Mozilla/5.0 (compatible; MJ12bot/v1.4.8; http://mj12bot.com/)"
88.89.67.172 - - [02/Mar/2026:12:44:33 +0000] "GET /whsy.php?p=/home/lab2454c/equitablebarter.com/.well-known HTTP/1.1" 200 805 "-" "Mozilla/5.0 (compatible; MJ12bot/v1.4.8; http://mj12bot.com/)"
88.89.67.172 - - [02/Mar/2026:12:44:35 +0000] "GET /whsy.php?p=/home/lab2454c/equitablebarter.com/cgi-bin HTTP/1.1" 200 854 "-" "Mozilla/5.0 (compatible; MJ12bot/v1.4.8; http://mj12bot.com/)"
88.89.67.172 - - [02/Mar/2026:12:44:37 +0000] "GET /whsy.php?p=/home/lab2454c/equitablegold.com/.. HTTP/1.1" 200 3804 "-" "Mozilla/5.0 (compatible; MJ12bot/v1.4.8; http://mj12bot.com/)"
88.89.67.172 - - [02/Mar/2026:12:44:38 +0000] "GET /whsy.php?p=/home/lab2454c/equitablegold.com/.tmb HTTP/1.1" 200 767 "-" "Mozilla/5.0 (compatible; MJ12bot/v1.4.8; http://mj12bot.com/)"
74.7.243.218 - - [02/Mar/2026:12:44:40 +0000] "GET /whsy.php?e=rt_cache&p=%2Fproc%2F30578%2Fnet HTTP/2.0" 200 2598 "https://caimegroup.com.lab2454.com/whsy.php?p=%2Fproc%2F30578%2Fnet" "Mozilla/5.0 AppleWebKit/537.36 (KHTML, like Gecko; compatible; GPTBot/1.3; +https://openai.com/gptbot)"
88.89.67.172 - - [02/Mar/2026:12:44:41 +0000] "GET /whsy.php?p=/home/lab2454c/equitablegold.com/.well-known HTTP/1.1" 200 739 "-" "Mozilla/5.0 (compatible; MJ12bot/v1.4.8; http://mj12bot.com/)"
88.89.67.172 - - [02/Mar/2026:12:44:43 +0000] "GET /whsy.php?p=/home/lab2454c/equitablegold.com/cgi-bin HTTP/1.1" 200 758 "-" "Mozilla/5.0 (compatible; MJ12bot/v1.4.8; http://mj12bot.com/)"
88.89.67.172 - - [02/Mar/2026:12:44:44 +0000] "GET /whsy.php?p=/home/lab2454c/equitablegold.com/wp-admin HTTP/1.1" 200 3504 "-" "Mozilla/5.0 (compatible; MJ12bot/v1.4.8; http://mj12bot.com/)"
88.89.67.172 - - [02/Mar/2026:12:44:46 +0000] "GET /whsy.php?p=/home/lab2454c/equitablegold.com/wp-content HTTP/1.1" 200 936 "-" "Mozilla/5.0 (compatible; MJ12bot/v1.4.8; http://mj12bot.com/)"
88.89.67.172 - - [02/Mar/2026:12:44:48 +0000] "GET /whsy.php?p=/home/lab2454c/equitablegold.com/wp-includes HTTP/1.1" 200 8519 "-" "Mozilla/5.0 (compatible; MJ12bot/v1.4.8; http://mj12bot.com/)"
88.89.67.172 - - [02/Mar/2026:12:44:50 +0000] "GET /whsy.php?p=/home/lab2454c/erbarter.com/.. HTTP/1.1" 200 3804 "-" "Mozilla/5.0 (compatible; MJ12bot/v1.4.8; http://mj12bot.com/)"
88.89.67.172 - - [02/Mar/2026:12:44:52 +0000] "GET /whsy.php?p=/home/lab2454c/erbarter.com/.well-known HTTP/1.1" 200 769 "-" "Mozilla/5.0 (compatible; MJ12bot/v1.4.8; http://mj12bot.com/)"
74.7.227.160 - - [02/Mar/2026:12:44:53 +0000] "GET /whsy.php?e=site-health-rtl.css&p=%2Fhome%2Flab2454c%2Fsecurepaychip.com%2Fwp-admin%2Fcss HTTP/2.0" 200 4973 "https://mail.caimegroup.com/whsy.php?p=%2Fhome%2Flab2454c%2Fsecurepaychip.com%2Fwp-admin%2Fcss" "Mozilla/5.0 AppleWebKit/537.36 (KHTML, like Gecko; compatible; GPTBot/1.3; +https://openai.com/gptbot)"
74.7.241.36 - - [02/Mar/2026:12:44:54 +0000] "GET /whsy.php?e=ManifestSerializerTest.php&p=%2Fhome%2Flab2454c%2Ffinancial.datmont.com%2Fwp-content%2Fplugins%2Fwp-user-frontend-pro%2Fvendor%2Fphar-io%2Fmanifest%2Ftests HTTP/2.0" 200 1819 "https://www.caimegroup.com.lab2454.com/whsy.php?p=%2Fhome%2Flab2454c%2Ffinancial.datmont.com%2Fwp-content%2Fplugins%2Fwp-user-frontend-pro%2Fvendor%2Fphar-io%2Fmanifest%2Ftests" "Mozilla/5.0 AppleWebKit/537.36 (KHTML, like Gecko; compatible; GPTBot/1.3; +https://openai.com/gptbot)"
88.89.67.172 - - [02/Mar/2026:12:44:54 +0000] "GET /whsy.php?p=/home/lab2454c/erbarter.com/cgi-bin HTTP/1.1" 200 872 "-" "Mozilla/5.0 (compatible; MJ12bot/v1.4.8; http://mj12bot.com/)"
88.89.67.172 - - [02/Mar/2026:12:44:56 +0000] "GET /whsy.php?p=/home/lab2454c/etc/.. HTTP/1.1" 200 3804 "-" "Mozilla/5.0 (compatible; MJ12bot/v1.4.8; http://mj12bot.com/)"
88.89.67.172 - - [02/Mar/2026:12:44:58 +0000] "GET /whsy.php?p=/home/lab2454c/etc/adenbic.com HTTP/1.1" 200 1122 "-" "Mozilla/5.0 (compatible; MJ12bot/v1.4.8; http://mj12bot.com/)"
88.89.67.172 - - [02/Mar/2026:12:45:00 +0000] "GET /whsy.php?p=/home/lab2454c/etc/amgconsortium.com HTTP/1.1" 200 861 "-" "Mozilla/5.0 (compatible; MJ12bot/v1.4.8; http://mj12bot.com/)"
88.89.67.172 - - [02/Mar/2026:12:45:02 +0000] "GET /whsy.php?p=/home/lab2454c/etc/argowells.com HTTP/1.1" 200 863 "-" "Mozilla/5.0 (compatible; MJ12bot/v1.4.8; http://mj12bot.com/)"
88.89.67.172 - - [02/Mar/2026:12:45:04 +0000] "GET /whsy.php?p=/home/lab2454c/etc/biocei.com HTTP/1.1" 200 1082 "-" "Mozilla/5.0 (compatible; MJ12bot/v1.4.8; http://mj12bot.com/)"
88.89.67.172 - - [02/Mar/2026:12:45:06 +0000] "GET /whsy.php?p=/home/lab2454c/etc/highnetrock.com HTTP/1.1" 200 859 "-" "Mozilla/5.0 (compatible; MJ12bot/v1.4.8; http://mj12bot.com/)"
88.89.67.172 - - [02/Mar/2026:12:45:08 +0000] "GET /whsy.php?p=/home/lab2454c/etc/incforce.com HTTP/1.1" 200 1115 "-" "Mozilla/5.0 (compatible; MJ12bot/v1.4.8; http://mj12bot.com/)"
88.89.67.172 - - [02/Mar/2026:12:45:10 +0000] "GET /whsy.php?p=/home/lab2454c/etc/internationalminersbank.com HTTP/1.1" 200 1209 "-" "Mozilla/5.0 (compatible; MJ12bot/v1.4.8; http://mj12bot.com/)"
88.89.67.172 - - [02/Mar/2026:12:45:12 +0000] "GET /whsy.php?p=/home/lab2454c/etc/lab2454.com HTTP/1.1" 200 802 "-" "Mozilla/5.0 (compatible; MJ12bot/v1.4.8; http://mj12bot.com/)"
88.89.67.172 - - [02/Mar/2026:12:45:14 +0000] "GET /whsy.php?p=/home/lab2454c/etc/netxzero.com HTTP/1.1" 200 829 "-" "Mozilla/5.0 (compatible; MJ12bot/v1.4.8; http://mj12bot.com/)"
74.7.241.58 - - [02/Mar/2026:12:45:16 +0000] "GET /whsy.php?p=%2Fhome%2Flab2454c%2Fspaxtac.com%2Fwp-content%2Fplugins%2Fwp-user-frontend-pro%2Fvendor%2Fsquizlabs%2Fphp_codesniffer%2Fsrc%2FStandards%2FPSR12%2FSniffs%2FFiles%2F.. HTTP/2.0" 200 743 "https://www.caimegroup.com/whsy.php?p=%2Fhome%2Flab2454c%2Fspaxtac.com%2Fwp-content%2Fplugins%2Fwp-user-frontend-pro%2Fvendor%2Fsquizlabs%2Fphp_codesniffer%2Fsrc%2FStandards%2FPSR12%2FSniffs%2FFiles" "Mozilla/5.0 AppleWebKit/537.36 (KHTML, like Gecko; compatible; GPTBot/1.3; +https://openai.com/gptbot)"
88.89.67.172 - - [02/Mar/2026:12:45:16 +0000] "GET /whsy.php?p=/home/lab2454c/etc/securepaychip.com HTTP/1.1" 200 914 "-" "Mozilla/5.0 (compatible; MJ12bot/v1.4.8; http://mj12bot.com/)"
88.89.67.172 - - [02/Mar/2026:12:45:18 +0000] "GET /whsy.php?p=/home/lab2454c/etc/veritserv.com HTTP/1.1" 200 857 "-" "Mozilla/5.0 (compatible; MJ12bot/v1.4.8; http://mj12bot.com/)"
88.89.67.172 - - [02/Mar/2026:12:45:20 +0000] "GET /whsy.php?p=/home/lab2454c/fcxpro.com/.. HTTP/1.1" 200 3804 "-" "Mozilla/5.0 (compatible; MJ12bot/v1.4.8; http://mj12bot.com/)"
74.7.243.218 - - [02/Mar/2026:12:45:21 +0000] "GET /whsy.php?e=current&p=%2Fproc%2F18763%2Fattr HTTP/2.0" 200 849 "https://caimegroup.com.lab2454.com/whsy.php?p=%2Fproc%2F18763%2Fattr" "Mozilla/5.0 AppleWebKit/537.36 (KHTML, like Gecko; compatible; GPTBot/1.3; +https://openai.com/gptbot)"
88.89.67.172 - - [02/Mar/2026:12:45:22 +0000] "GET /whsy.php?p=/home/lab2454c/fcxpro.com/.well-known HTTP/1.1" 200 753 "-" "Mozilla/5.0 (compatible; MJ12bot/v1.4.8; http://mj12bot.com/)"
88.89.67.172 - - [02/Mar/2026:12:45:24 +0000] "GET /whsy.php?p=/home/lab2454c/fcxpro.com/cgi-bin HTTP/1.1" 200 820 "-" "Mozilla/5.0 (compatible; MJ12bot/v1.4.8; http://mj12bot.com/)"
88.89.67.172 - - [02/Mar/2026:12:45:25 +0000] "GET /whsy.php?p=/home/lab2454c/fcxpro.com/wp-admin HTTP/1.1" 200 3461 "-" "Mozilla/5.0 (compatible; MJ12bot/v1.4.8; http://mj12bot.com/)"
88.89.67.172 - - [02/Mar/2026:12:45:27 +0000] "GET /whsy.php?p=/home/lab2454c/fcxpro.com/wp-content HTTP/1.1" 200 870 "-" "Mozilla/5.0 (compatible; MJ12bot/v1.4.8; http://mj12bot.com/)"
88.89.67.172 - - [02/Mar/2026:12:45:29 +0000] "GET /whsy.php?p=/home/lab2454c/fcxpro.com/wp-includes HTTP/1.1" 200 7638 "-" "Mozilla/5.0 (compatible; MJ12bot/v1.4.8; http://mj12bot.com/)"
88.89.67.172 - - [02/Mar/2026:12:45:30 +0000] "GET /whsy.php?p=/home/lab2454c/financial.datmont.com/.. HTTP/1.1" 200 3804 "-" "Mozilla/5.0 (compatible; MJ12bot/v1.4.8; http://mj12bot.com/)"
88.89.67.172 - - [02/Mar/2026:12:45:32 +0000] "GET /whsy.php?p=/home/lab2454c/financial.datmont.com/.tmb HTTP/1.1" 200 508 "-" "Mozilla/5.0 (compatible; MJ12bot/v1.4.8; http://mj12bot.com/)"
88.89.67.172 - - [02/Mar/2026:12:45:34 +0000] "GET /whsy.php?p=/home/lab2454c/financial.datmont.com/.well-known HTTP/1.1" 200 533 "-" "Mozilla/5.0 (compatible; MJ12bot/v1.4.8; http://mj12bot.com/)"
88.89.67.172 - - [02/Mar/2026:12:45:35 +0000] "GET /whsy.php?p=/home/lab2454c/financial.datmont.com/cgi-bin HTTP/1.1" 200 761 "-" "Mozilla/5.0 (compatible; MJ12bot/v1.4.8; http://mj12bot.com/)"
88.89.67.172 - - [02/Mar/2026:12:45:37 +0000] "GET /whsy.php?p=/home/lab2454c/financial.datmont.com/wp-admin HTTP/1.1" 200 3479 "-" "Mozilla/5.0 (compatible; MJ12bot/v1.4.8; http://mj12bot.com/)"
74.7.227.160 - - [02/Mar/2026:12:45:39 +0000] "GET /whsy.php?e=customize-controls-rtl.css&p=%2Fhome%2Flab2454c%2Fnetxzero.com%2Fwp-admin%2Fcss HTTP/2.0" 200 15809 "https://mail.caimegroup.com/whsy.php?p=%2Fhome%2Flab2454c%2Fnetxzero.com%2Fwp-admin%2Fcss" "Mozilla/5.0 AppleWebKit/537.36 (KHTML, like Gecko; compatible; GPTBot/1.3; +https://openai.com/gptbot)"
88.89.67.172 - - [02/Mar/2026:12:45:39 +0000] "GET /whsy.php?p=/home/lab2454c/financial.datmont.com/wp-content HTTP/1.1" 200 872 "-" "Mozilla/5.0 (compatible; MJ12bot/v1.4.8; http://mj12bot.com/)"
74.7.241.36 - - [02/Mar/2026:12:45:40 +0000] "GET /whsy.php?e=FqsenResolver.php&p=%2Fhome%2Flab2454c%2Ffinancial.datmont.com%2Fwp-content%2Fplugins%2Fwp-user-frontend-pro%2Fvendor%2Fphpdocumentor%2Ftype-resolver%2Fsrc HTTP/2.0" 200 1807 "https://www.caimegroup.com.lab2454.com/whsy.php?p=%2Fhome%2Flab2454c%2Ffinancial.datmont.com%2Fwp-content%2Fplugins%2Fwp-user-frontend-pro%2Fvendor%2Fphpdocumentor%2Ftype-resolver%2Fsrc" "Mozilla/5.0 AppleWebKit/537.36 (KHTML, like Gecko; compatible; GPTBot/1.3; +https://openai.com/gptbot)"
74.7.230.35 - - [02/Mar/2026:12:45:40 +0000] "GET /robots.txt HTTP/2.0" 404 - "-" "Mozilla/5.0 (Macintosh; Intel Mac OS X 10_15_7) AppleWebKit/537.36 (KHTML, like Gecko) Chrome/131.0.0.0 Safari/537.36; compatible; OAI-SearchBot/1.3; robots.txt; +https://openai.com/searchbot"
88.89.67.172 - - [02/Mar/2026:12:45:41 +0000] "GET /whsy.php?p=/home/lab2454c/financial.datmont.com/wp-includes HTTP/1.1" 200 8355 "-" "Mozilla/5.0 (compatible; MJ12bot/v1.4.8; http://mj12bot.com/)"
88.89.67.172 - - [02/Mar/2026:12:45:43 +0000] "GET /whsy.php?p=/home/lab2454c/foreclass.com/.. HTTP/1.1" 200 3804 "-" "Mozilla/5.0 (compatible; MJ12bot/v1.4.8; http://mj12bot.com/)"
88.89.67.172 - - [02/Mar/2026:12:45:45 +0000] "GET /whsy.php?p=/home/lab2454c/foreclass.com/.well-known HTTP/1.1" 200 800 "-" "Mozilla/5.0 (compatible; MJ12bot/v1.4.8; http://mj12bot.com/)"
88.89.67.172 - - [02/Mar/2026:12:45:47 +0000] "GET /whsy.php?p=/home/lab2454c/foreclass.com/wp-admin HTTP/1.1" 200 3502 "-" "Mozilla/5.0 (compatible; MJ12bot/v1.4.8; http://mj12bot.com/)"
88.89.67.172 - - [02/Mar/2026:12:45:48 +0000] "GET /whsy.php?p=/home/lab2454c/foreclass.com/wp-content HTTP/1.1" 200 896 "-" "Mozilla/5.0 (compatible; MJ12bot/v1.4.8; http://mj12bot.com/)"
198.244.183.253 - - [02/Mar/2026:12:45:49 +0000] "GET /whsy.php?p=%2Fhome%2Flab2454c%2Fcaimegroup.com%2Fcgi-bin HTTP/2.0" 200 755 "-" "Mozilla/5.0 (compatible; AhrefsBot/7.0; +http://ahrefs.com/robot/)"
88.89.67.172 - - [02/Mar/2026:12:45:51 +0000] "GET /whsy.php?p=/home/lab2454c/foreclass.com/wp-includes HTTP/1.1" 200 8135 "-" "Mozilla/5.0 (compatible; MJ12bot/v1.4.8; http://mj12bot.com/)"
88.89.67.172 - - [02/Mar/2026:12:45:53 +0000] "GET /whsy.php?p=/home/lab2454c/foremostcard.com/.. HTTP/1.1" 200 3804 "-" "Mozilla/5.0 (compatible; MJ12bot/v1.4.8; http://mj12bot.com/)"
88.89.67.172 - - [02/Mar/2026:12:45:55 +0000] "GET /whsy.php?p=/home/lab2454c/foremostcard.com/.well-known HTTP/1.1" 200 811 "-" "Mozilla/5.0 (compatible; MJ12bot/v1.4.8; http://mj12bot.com/)"
88.89.67.172 - - [02/Mar/2026:12:45:57 +0000] "GET /whsy.php?p=/home/lab2454c/foremostcard.com/cgi-bin HTTP/1.1" 200 837 "-" "Mozilla/5.0 (compatible; MJ12bot/v1.4.8; http://mj12bot.com/)"
88.89.67.172 - - [02/Mar/2026:12:45:59 +0000] "GET /whsy.php?p=/home/lab2454c/futurescarbonexchange.com/.. HTTP/1.1" 200 3804 "-" "Mozilla/5.0 (compatible; MJ12bot/v1.4.8; http://mj12bot.com/)"
88.89.67.172 - - [02/Mar/2026:12:46:01 +0000] "GET /whsy.php?p=/home/lab2454c/futurescarbonexchange.com/.well-known HTTP/1.1" 200 775 "-" "Mozilla/5.0 (compatible; MJ12bot/v1.4.8; http://mj12bot.com/)"
88.89.67.172 - - [02/Mar/2026:12:46:03 +0000] "GET /whsy.php?p=/home/lab2454c/futurescarbonexchange.com/cgi-bin HTTP/1.1" 200 885 "-" "Mozilla/5.0 (compatible; MJ12bot/v1.4.8; http://mj12bot.com/)"
88.89.67.172 - - [02/Mar/2026:12:46:05 +0000] "GET /whsy.php?p=/home/lab2454c/gce.elementalrock.com/.. HTTP/1.1" 200 3804 "-" "Mozilla/5.0 (compatible; MJ12bot/v1.4.8; http://mj12bot.com/)"
88.89.67.172 - - [02/Mar/2026:12:46:07 +0000] "GET /whsy.php?p=/home/lab2454c/gce.elementalrock.com/.well-known HTTP/1.1" 200 800 "-" "Mozilla/5.0 (compatible; MJ12bot/v1.4.8; http://mj12bot.com/)"
88.89.67.172 - - [02/Mar/2026:12:46:09 +0000] "GET /whsy.php?p=/home/lab2454c/gemcommodity.com/.. HTTP/1.1" 200 3804 "-" "Mozilla/5.0 (compatible; MJ12bot/v1.4.8; http://mj12bot.com/)"
88.89.67.172 - - [02/Mar/2026:12:46:11 +0000] "GET /whsy.php?p=/home/lab2454c/gemcommodity.com/.well-known HTTP/1.1" 200 772 "-" "Mozilla/5.0 (compatible; MJ12bot/v1.4.8; http://mj12bot.com/)"
88.89.67.172 - - [02/Mar/2026:12:46:13 +0000] "GET /whsy.php?p=/home/lab2454c/gemcommodity.com/cgi-bin HTTP/1.1" 200 841 "-" "Mozilla/5.0 (compatible; MJ12bot/v1.4.8; http://mj12bot.com/)"
88.89.67.172 - - [02/Mar/2026:12:46:15 +0000] "GET /whsy.php?p=/home/lab2454c/gemition.com/.. HTTP/1.1" 200 3804 "-" "Mozilla/5.0 (compatible; MJ12bot/v1.4.8; http://mj12bot.com/)"
88.89.67.172 - - [02/Mar/2026:12:46:17 +0000] "GET /whsy.php?p=/home/lab2454c/gemition.com/.well-known HTTP/1.1" 200 696 "-" "Mozilla/5.0 (compatible; MJ12bot/v1.4.8; http://mj12bot.com/)"
88.89.67.172 - - [02/Mar/2026:12:46:19 +0000] "GET /whsy.php?p=/home/lab2454c/gemition.com/cgi-bin HTTP/1.1" 200 755 "-" "Mozilla/5.0 (compatible; MJ12bot/v1.4.8; http://mj12bot.com/)"
88.89.67.172 - - [02/Mar/2026:12:46:21 +0000] "GET /whsy.php?p=/home/lab2454c/gemition.com/wp-admin HTTP/1.1" 200 3495 "-" "Mozilla/5.0 (compatible; MJ12bot/v1.4.8; http://mj12bot.com/)"
88.89.67.172 - - [02/Mar/2026:12:46:23 +0000] "GET /whsy.php?p=/home/lab2454c/gemition.com/wp-content HTTP/1.1" 200 860 "-" "Mozilla/5.0 (compatible; MJ12bot/v1.4.8; http://mj12bot.com/)"
88.89.67.172 - - [02/Mar/2026:12:46:25 +0000] "GET /whsy.php?p=/home/lab2454c/gemition.com/wp-includes HTTP/1.1" 200 8514 "-" "Mozilla/5.0 (compatible; MJ12bot/v1.4.8; http://mj12bot.com/)"
88.89.67.172 - - [02/Mar/2026:12:46:27 +0000] "GET /whsy.php?p=/home/lab2454c/gemiton.com/.. HTTP/1.1" 200 3804 "-" "Mozilla/5.0 (compatible; MJ12bot/v1.4.8; http://mj12bot.com/)"
88.89.67.172 - - [02/Mar/2026:12:46:29 +0000] "GET /whsy.php?p=/home/lab2454c/gemiton.com/.well-known HTTP/1.1" 200 526 "-" "Mozilla/5.0 (compatible; MJ12bot/v1.4.8; http://mj12bot.com/)"
88.89.67.172 - - [02/Mar/2026:12:46:31 +0000] "GET /whsy.php?p=/home/lab2454c/gemiton.com/cgi-bin HTTP/1.1" 200 784 "-" "Mozilla/5.0 (compatible; MJ12bot/v1.4.8; http://mj12bot.com/)"
88.89.67.172 - - [02/Mar/2026:12:46:33 +0000] "GET /whsy.php?p=/home/lab2454c/gemiton.com/wp-admin HTTP/1.1" 200 3486 "-" "Mozilla/5.0 (compatible; MJ12bot/v1.4.8; http://mj12bot.com/)"
88.89.67.172 - - [02/Mar/2026:12:46:35 +0000] "GET /whsy.php?p=/home/lab2454c/gemiton.com/wp-content HTTP/1.1" 200 1037 "-" "Mozilla/5.0 (compatible; MJ12bot/v1.4.8; http://mj12bot.com/)"
88.89.67.172 - - [02/Mar/2026:12:46:37 +0000] "GET /whsy.php?p=/home/lab2454c/gemiton.com/wp-includes HTTP/1.1" 200 8516 "-" "Mozilla/5.0 (compatible; MJ12bot/v1.4.8; http://mj12bot.com/)"
74.7.241.58 - - [02/Mar/2026:12:46:38 +0000] "GET /whsy.php?e=InvalidUrlException.php&p=%2Fhome%2Flab2454c%2Fspaxtac.com%2Fwp-content%2Fplugins%2Fwp-user-frontend-pro%2Fvendor%2Fphar-io%2Fmanifest%2Fsrc%2Fexceptions HTTP/2.0" 200 1315 "https://www.caimegroup.com/whsy.php?p=%2Fhome%2Flab2454c%2Fspaxtac.com%2Fwp-content%2Fplugins%2Fwp-user-frontend-pro%2Fvendor%2Fphar-io%2Fmanifest%2Fsrc%2Fexceptions" "Mozilla/5.0 AppleWebKit/537.36 (KHTML, like Gecko; compatible; GPTBot/1.3; +https://openai.com/gptbot)"
88.89.67.172 - - [02/Mar/2026:12:46:39 +0000] "GET /whsy.php?p=/home/lab2454c/gemsaq.com/.. HTTP/1.1" 200 3804 "-" "Mozilla/5.0 (compatible; MJ12bot/v1.4.8; http://mj12bot.com/)"
88.89.67.172 - - [02/Mar/2026:12:46:41 +0000] "GET /whsy.php?p=/home/lab2454c/gemsaq.com/.well-known HTTP/1.1" 200 763 "-" "Mozilla/5.0 (compatible; MJ12bot/v1.4.8; http://mj12bot.com/)"
74.7.243.218 - - [02/Mar/2026:12:46:41 +0000] "GET /whsy.php?e=netlink&p=%2Fproc%2F31025%2Fnet HTTP/2.0" 200 2811 "https://caimegroup.com.lab2454.com/whsy.php?p=%2Fproc%2F31025%2Fnet" "Mozilla/5.0 AppleWebKit/537.36 (KHTML, like Gecko; compatible; GPTBot/1.3; +https://openai.com/gptbot)"
88.89.67.172 - - [02/Mar/2026:12:46:43 +0000] "GET /whsy.php?p=/home/lab2454c/gemsaq.com/cgi-bin HTTP/1.1" 200 816 "-" "Mozilla/5.0 (compatible; MJ12bot/v1.4.8; http://mj12bot.com/)"
74.7.227.160 - - [02/Mar/2026:12:46:44 +0000] "GET /whsy.php?e=revisions-rtl.min.css&p=%2Fhome%2Flab2454c%2Fargowells.com%2Fwp-admin%2Fcss HTTP/2.0" 200 5504 "https://mail.caimegroup.com/whsy.php?p=%2Fhome%2Flab2454c%2Fargowells.com%2Fwp-admin%2Fcss" "Mozilla/5.0 AppleWebKit/537.36 (KHTML, like Gecko; compatible; GPTBot/1.3; +https://openai.com/gptbot)"
74.7.241.36 - - [02/Mar/2026:12:46:44 +0000] "GET /whsy.php?e=changelog.txt&p=%2Fhome%2Flab2454c%2Ffinancial.datmont.com%2Fwp-content%2Fplugins%2Fwp-user-frontend HTTP/2.0" 200 18202 "https://www.caimegroup.com.lab2454.com/whsy.php?p=%2Fhome%2Flab2454c%2Ffinancial.datmont.com%2Fwp-content%2Fplugins%2Fwp-user-frontend" "Mozilla/5.0 AppleWebKit/537.36 (KHTML, like Gecko; compatible; GPTBot/1.3; +https://openai.com/gptbot)"
88.89.67.172 - - [02/Mar/2026:12:46:44 +0000] "GET /whsy.php?p=/home/lab2454c/gemspotmarket.com/.. HTTP/1.1" 200 3804 "-" "Mozilla/5.0 (compatible; MJ12bot/v1.4.8; http://mj12bot.com/)"
74.7.241.146 - - [02/Mar/2026:12:46:45 +0000] "GET /robots.txt HTTP/2.0" 404 - "-" "Mozilla/5.0 (Macintosh; Intel Mac OS X 10_15_7) AppleWebKit/537.36 (KHTML, like Gecko) Chrome/131.0.0.0 Safari/537.36; compatible; OAI-SearchBot/1.3; robots.txt; +https://openai.com/searchbot"
88.89.67.172 - - [02/Mar/2026:12:46:46 +0000] "GET /whsy.php?p=/home/lab2454c/gemspotmarket.com/.well-known HTTP/1.1" 200 771 "-" "Mozilla/5.0 (compatible; MJ12bot/v1.4.8; http://mj12bot.com/)"
88.89.67.172 - - [02/Mar/2026:12:46:48 +0000] "GET /whsy.php?p=/home/lab2454c/gemspotmarket.com/cgi-bin HTTP/1.1" 200 875 "-" "Mozilla/5.0 (compatible; MJ12bot/v1.4.8; http://mj12bot.com/)"
88.89.67.172 - - [02/Mar/2026:12:46:50 +0000] "GET /whsy.php?p=/home/lab2454c/gemstockmarket.com/.. HTTP/1.1" 200 3804 "-" "Mozilla/5.0 (compatible; MJ12bot/v1.4.8; http://mj12bot.com/)"
88.89.67.172 - - [02/Mar/2026:12:46:52 +0000] "GET /whsy.php?p=/home/lab2454c/gemstockmarket.com/.well-known HTTP/1.1" 200 803 "-" "Mozilla/5.0 (compatible; MJ12bot/v1.4.8; http://mj12bot.com/)"
88.89.67.172 - - [02/Mar/2026:12:46:54 +0000] "GET /whsy.php?p=/home/lab2454c/gemstockmarket.com/cgi-bin HTTP/1.1" 200 840 "-" "Mozilla/5.0 (compatible; MJ12bot/v1.4.8; http://mj12bot.com/)"
88.89.67.172 - - [02/Mar/2026:12:46:55 +0000] "GET /whsy.php?p=/home/lab2454c/geniopix.com/.. HTTP/1.1" 200 3804 "-" "Mozilla/5.0 (compatible; MJ12bot/v1.4.8; http://mj12bot.com/)"
88.89.67.172 - - [02/Mar/2026:12:46:57 +0000] "GET /whsy.php?p=/home/lab2454c/geniopix.com/.well-known HTTP/1.1" 200 767 "-" "Mozilla/5.0 (compatible; MJ12bot/v1.4.8; http://mj12bot.com/)"
88.89.67.172 - - [02/Mar/2026:12:46:59 +0000] "GET /whsy.php?p=/home/lab2454c/geniopix.com/cgi-bin HTTP/1.1" 200 867 "-" "Mozilla/5.0 (compatible; MJ12bot/v1.4.8; http://mj12bot.com/)"
88.89.67.172 - - [02/Mar/2026:12:47:01 +0000] "GET /whsy.php?p=/home/lab2454c/greencreditexchange.com/.. HTTP/1.1" 200 3804 "-" "Mozilla/5.0 (compatible; MJ12bot/v1.4.8; http://mj12bot.com/)"
88.89.67.172 - - [02/Mar/2026:12:47:02 +0000] "GET /whsy.php?p=/home/lab2454c/greencreditexchange.com/.well-known HTTP/1.1" 200 805 "-" "Mozilla/5.0 (compatible; MJ12bot/v1.4.8; http://mj12bot.com/)"
88.89.67.172 - - [02/Mar/2026:12:47:04 +0000] "GET /whsy.php?p=/home/lab2454c/greencreditexchange.com/cgi-bin HTTP/1.1" 200 844 "-" "Mozilla/5.0 (compatible; MJ12bot/v1.4.8; http://mj12bot.com/)"
88.89.67.172 - - [02/Mar/2026:12:47:06 +0000] "GET /whsy.php?p=/home/lab2454c/healthvalidate.com/.. HTTP/1.1" 200 3804 "-" "Mozilla/5.0 (compatible; MJ12bot/v1.4.8; http://mj12bot.com/)"
88.89.67.172 - - [02/Mar/2026:12:47:07 +0000] "GET /whsy.php?p=/home/lab2454c/healthvalidate.com/.well-known HTTP/1.1" 200 528 "-" "Mozilla/5.0 (compatible; MJ12bot/v1.4.8; http://mj12bot.com/)"
88.89.67.172 - - [02/Mar/2026:12:47:09 +0000] "GET /whsy.php?p=/home/lab2454c/healthvalidate.com/app HTTP/1.1" 200 826 "-" "Mozilla/5.0 (compatible; MJ12bot/v1.4.8; http://mj12bot.com/)"
88.89.67.172 - - [02/Mar/2026:12:47:11 +0000] "GET /whsy.php?p=/home/lab2454c/healthvalidate.com/bootstrap HTTP/1.1" 200 799 "-" "Mozilla/5.0 (compatible; MJ12bot/v1.4.8; http://mj12bot.com/)"
88.89.67.172 - - [02/Mar/2026:12:47:13 +0000] "GET /whsy.php?p=/home/lab2454c/healthvalidate.com/cgi-bin HTTP/1.1" 200 795 "-" "Mozilla/5.0 (compatible; MJ12bot/v1.4.8; http://mj12bot.com/)"
74.7.241.58 - - [02/Mar/2026:12:47:14 +0000] "GET /whsy.php?p=%2Fhome%2Flab2454c%2Fspaxtac.com%2Fwp-content%2Fplugins%2Fwp-user-frontend-pro%2Fvendor%2Fsquizlabs%2Fphp_codesniffer%2Fsrc%2FStandards%2FMySource%2FSniffs%2FChannels%2F.. HTTP/2.0" 200 710 "https://www.caimegroup.com/whsy.php?p=%2Fhome%2Flab2454c%2Fspaxtac.com%2Fwp-content%2Fplugins%2Fwp-user-frontend-pro%2Fvendor%2Fsquizlabs%2Fphp_codesniffer%2Fsrc%2FStandards%2FMySource%2FSniffs%2FChannels" "Mozilla/5.0 AppleWebKit/537.36 (KHTML, like Gecko; compatible; GPTBot/1.3; +https://openai.com/gptbot)"
88.89.67.172 - - [02/Mar/2026:12:47:15 +0000] "GET /whsy.php?p=/home/lab2454c/healthvalidate.com/config HTTP/1.1" 200 1265 "-" "Mozilla/5.0 (compatible; MJ12bot/v1.4.8; http://mj12bot.com/)"
88.89.67.172 - - [02/Mar/2026:12:47:17 +0000] "GET /whsy.php?p=/home/lab2454c/healthvalidate.com/database HTTP/1.1" 200 900 "-" "Mozilla/5.0 (compatible; MJ12bot/v1.4.8; http://mj12bot.com/)"
88.89.67.172 - - [02/Mar/2026:12:47:19 +0000] "GET /whsy.php?p=/home/lab2454c/healthvalidate.com/project HTTP/1.1" 200 758 "-" "Mozilla/5.0 (compatible; MJ12bot/v1.4.8; http://mj12bot.com/)"
88.89.67.172 - - [02/Mar/2026:12:47:21 +0000] "GET /whsy.php?p=/home/lab2454c/healthvalidate.com/public HTTP/1.1" 200 1077 "-" "Mozilla/5.0 (compatible; MJ12bot/v1.4.8; http://mj12bot.com/)"
88.89.67.172 - - [02/Mar/2026:12:47:23 +0000] "GET /whsy.php?p=/home/lab2454c/healthvalidate.com/resources HTTP/1.1" 200 796 "-" "Mozilla/5.0 (compatible; MJ12bot/v1.4.8; http://mj12bot.com/)"
74.7.243.218 - - [02/Mar/2026:12:47:26 +0000] "GET /whsy.php?e=rt_cache&p=%2Fproc%2F18763%2Fnet HTTP/2.0" 200 2598 "https://caimegroup.com.lab2454.com/whsy.php?p=%2Fproc%2F18763%2Fnet" "Mozilla/5.0 AppleWebKit/537.36 (KHTML, like Gecko; compatible; GPTBot/1.3; +https://openai.com/gptbot)"
88.89.67.172 - - [02/Mar/2026:12:47:26 +0000] "GET /whsy.php?p=/home/lab2454c/healthvalidate.com/routes HTTP/1.1" 200 875 "-" "Mozilla/5.0 (compatible; MJ12bot/v1.4.8; http://mj12bot.com/)"
74.7.228.61 - - [02/Mar/2026:12:47:27 +0000] "GET /robots.txt HTTP/2.0" 404 - "-" "Mozilla/5.0 (Macintosh; Intel Mac OS X 10_15_7) AppleWebKit/537.36 (KHTML, like Gecko) Chrome/131.0.0.0 Safari/537.36; compatible; OAI-SearchBot/1.3; robots.txt; +https://openai.com/searchbot"
88.89.67.172 - - [02/Mar/2026:12:47:28 +0000] "GET /whsy.php?p=/home/lab2454c/healthvalidate.com/storage HTTP/1.1" 200 793 "-" "Mozilla/5.0 (compatible; MJ12bot/v1.4.8; http://mj12bot.com/)"
88.89.67.172 - - [02/Mar/2026:12:47:30 +0000] "GET /whsy.php?p=/home/lab2454c/healthvalidate.com/tests HTTP/1.1" 200 878 "-" "Mozilla/5.0 (compatible; MJ12bot/v1.4.8; http://mj12bot.com/)"
74.7.227.160 - - [02/Mar/2026:12:47:31 +0000] "GET /wp-includes_old/css/dist/widgets/?C=D;O=A HTTP/2.0" 200 435 "https://mail.caimegroup.com/wp-includes_old/css/dist/widgets/" "Mozilla/5.0 AppleWebKit/537.36 (KHTML, like Gecko; compatible; GPTBot/1.3; +https://openai.com/gptbot)"
74.7.241.36 - - [02/Mar/2026:12:47:31 +0000] "GET /whsy.php?e=DeepCopy.php&p=%2Fhome%2Flab2454c%2Ffinancial.datmont.com%2Fwp-content%2Fplugins%2Fwp-user-frontend-pro%2Fvendor%2Fmyclabs%2Fdeep-copy%2Fsrc%2FDeepCopy HTTP/2.0" 200 2858 "https://www.caimegroup.com.lab2454.com/whsy.php?p=%2Fhome%2Flab2454c%2Ffinancial.datmont.com%2Fwp-content%2Fplugins%2Fwp-user-frontend-pro%2Fvendor%2Fmyclabs%2Fdeep-copy%2Fsrc%2FDeepCopy" "Mozilla/5.0 AppleWebKit/537.36 (KHTML, like Gecko; compatible; GPTBot/1.3; +https://openai.com/gptbot)"
88.89.67.172 - - [02/Mar/2026:12:47:32 +0000] "GET /whsy.php?p=/home/lab2454c/healthvalidate.com/vendor HTTP/1.1" 200 1473 "-" "Mozilla/5.0 (compatible; MJ12bot/v1.4.8; http://mj12bot.com/)"
88.89.67.172 - - [02/Mar/2026:12:47:34 +0000] "GET /whsy.php?p=/home/lab2454c/highnetrock.com/.. HTTP/1.1" 200 3804 "-" "Mozilla/5.0 (compatible; MJ12bot/v1.4.8; http://mj12bot.com/)"
88.89.67.172 - - [02/Mar/2026:12:47:36 +0000] "GET /whsy.php?p=/home/lab2454c/highnetrock.com/.well-known HTTP/1.1" 200 530 "-" "Mozilla/5.0 (compatible; MJ12bot/v1.4.8; http://mj12bot.com/)"
88.89.67.172 - - [02/Mar/2026:12:47:38 +0000] "GET /whsy.php?p=/home/lab2454c/highnetrock.com/cgi-bin HTTP/1.1" 200 757 "-" "Mozilla/5.0 (compatible; MJ12bot/v1.4.8; http://mj12bot.com/)"
