PATH:
var
/
log
/
apache2
/
domlogs
/
lab2454c
74.7.242.54 - - [02/Mar/2026:12:13:59 +0000] "GET /whsy.php?e=upgrade.php&p=%2Fvar%2Fsoftaculous%2Fwp49 HTTP/1.1" 200 11607 "http://bespoketrading.com/whsy.php?p=%2Fvar%2Fsoftaculous%2Fwp49" "Mozilla/5.0 AppleWebKit/537.36 (KHTML, like Gecko; compatible; GPTBot/1.3; +https://openai.com/gptbot)"
74.7.242.54 - - [02/Mar/2026:12:14:37 +0000] "GET /whsy.php?e=upgrade.php&p=%2Fvar%2Fsoftaculous%2Fwp50 HTTP/1.1" 200 11925 "http://bespoketrading.com/whsy.php?p=%2Fvar%2Fsoftaculous%2Fwp50" "Mozilla/5.0 AppleWebKit/537.36 (KHTML, like Gecko; compatible; GPTBot/1.3; +https://openai.com/gptbot)"
74.7.242.54 - - [02/Mar/2026:12:17:23 +0000] "GET /whsy.php?e=upgrade.php&p=%2Fvar%2Fsoftaculous%2Fwp63 HTTP/1.1" 200 12372 "http://bespoketrading.com/whsy.php?p=%2Fvar%2Fsoftaculous%2Fwp63" "Mozilla/5.0 AppleWebKit/537.36 (KHTML, like Gecko; compatible; GPTBot/1.3; +https://openai.com/gptbot)"
74.7.242.54 - - [02/Mar/2026:12:18:20 +0000] "GET /whsy.php?e=clone.php&p=%2Fvar%2Fsoftaculous%2Ftiki22 HTTP/1.1" 200 6522 "http://bespoketrading.com/whsy.php?p=%2Fvar%2Fsoftaculous%2Ftiki22" "Mozilla/5.0 AppleWebKit/537.36 (KHTML, like Gecko; compatible; GPTBot/1.3; +https://openai.com/gptbot)"
74.7.242.54 - - [02/Mar/2026:12:22:08 +0000] "GET /whsy.php?p=%2Fsys%2Fdevices%2Fvirtual%2Fmem%2Fport%2Fsubsystem HTTP/1.1" 200 539 "http://bespoketrading.com/whsy.php?p=%2Fsys%2Fdevices%2Fvirtual%2Fmem%2Fport" "Mozilla/5.0 AppleWebKit/537.36 (KHTML, like Gecko; compatible; GPTBot/1.3; +https://openai.com/gptbot)"
74.7.230.33 - - [02/Mar/2026:12:22:09 +0000] "GET /robots.txt HTTP/1.1" 404 - "-" "Mozilla/5.0 (Macintosh; Intel Mac OS X 10_15_7) AppleWebKit/537.36 (KHTML, like Gecko) Chrome/131.0.0.0 Safari/537.36; compatible; OAI-SearchBot/1.3; robots.txt; +https://openai.com/searchbot"
74.7.242.54 - - [02/Mar/2026:12:22:57 +0000] "GET /whsy.php?p=%2Fsys%2Fdevices%2Fvirtual%2Ftty%2Fconsole%2Fpower HTTP/1.1" 200 835 "http://bespoketrading.com/whsy.php?p=%2Fsys%2Fclass%2Ftty%2Fconsole" "Mozilla/5.0 AppleWebKit/537.36 (KHTML, like Gecko; compatible; GPTBot/1.3; +https://openai.com/gptbot)"
74.7.242.54 - - [02/Mar/2026:12:24:33 +0000] "GET /whsy.php?p=%2Fsys%2Fdevices%2Fvirtual%2Fmem%2Fkmsg%2Fsubsystem HTTP/1.1" 200 539 "http://bespoketrading.com/whsy.php?p=%2Fsys%2Fdevices%2Fvirtual%2Fmem%2Fkmsg" "Mozilla/5.0 AppleWebKit/537.36 (KHTML, like Gecko; compatible; GPTBot/1.3; +https://openai.com/gptbot)"
74.7.242.54 - - [02/Mar/2026:12:25:30 +0000] "GET /whsy.php?p=%2Fsys%2Fdevices%2Fvirtual%2Fmem%2Ffull%2Fsubsystem HTTP/1.1" 200 539 "http://bespoketrading.com/whsy.php?p=%2Fsys%2Fdevices%2Fvirtual%2Fmem%2Ffull" "Mozilla/5.0 AppleWebKit/537.36 (KHTML, like Gecko; compatible; GPTBot/1.3; +https://openai.com/gptbot)"
74.7.230.33 - - [02/Mar/2026:12:29:45 +0000] "GET /robots.txt HTTP/1.1" 404 - "-" "Mozilla/5.0 (Macintosh; Intel Mac OS X 10_15_7) AppleWebKit/537.36 (KHTML, like Gecko) Chrome/131.0.0.0 Safari/537.36; compatible; OAI-SearchBot/1.3; robots.txt; +https://openai.com/searchbot"
74.7.242.54 - - [02/Mar/2026:12:31:44 +0000] "GET /whsy.php?p=%2Fsys%2Fclass%2Fmem%2Frandom HTTP/1.1" 200 731 "http://bespoketrading.com/whsy.php?p=%2Fsys%2Fdevices%2Fvirtual%2Fmem%2Fport%2Fsubsystem" "Mozilla/5.0 AppleWebKit/537.36 (KHTML, like Gecko; compatible; GPTBot/1.3; +https://openai.com/gptbot)"
74.7.242.54 - - [02/Mar/2026:12:32:31 +0000] "GET /whsy.php?p=%2Fsys%2Fdevices%2Fvirtual%2Ftty%2Fconsole%2Fpower%2F.. HTTP/1.1" 200 762 "http://bespoketrading.com/whsy.php?p=%2Fsys%2Fdevices%2Fvirtual%2Ftty%2Fconsole%2Fpower" "Mozilla/5.0 AppleWebKit/537.36 (KHTML, like Gecko; compatible; GPTBot/1.3; +https://openai.com/gptbot)"
74.7.242.54 - - [02/Mar/2026:12:33:23 +0000] "GET /whsy.php?p=%2Fsys%2Fclass%2Fmem%2Fnull HTTP/1.1" 200 728 "http://bespoketrading.com/whsy.php?p=%2Fsys%2Fdevices%2Fvirtual%2Fmem%2Fport%2Fsubsystem" "Mozilla/5.0 AppleWebKit/537.36 (KHTML, like Gecko; compatible; GPTBot/1.3; +https://openai.com/gptbot)"
74.7.230.33 - - [02/Mar/2026:12:35:13 +0000] "GET /robots.txt HTTP/1.1" 404 - "-" "Mozilla/5.0 (Macintosh; Intel Mac OS X 10_15_7) AppleWebKit/537.36 (KHTML, like Gecko) Chrome/131.0.0.0 Safari/537.36; compatible; OAI-SearchBot/1.3; robots.txt; +https://openai.com/searchbot"
74.7.242.54 - - [02/Mar/2026:12:39:09 +0000] "GET /whsy.php?p=%2Fsys%2Fclass%2Fmem%2Fport HTTP/1.1" 200 730 "http://bespoketrading.com/whsy.php?p=%2Fsys%2Fdevices%2Fvirtual%2Fmem%2Fport%2Fsubsystem" "Mozilla/5.0 AppleWebKit/537.36 (KHTML, like Gecko; compatible; GPTBot/1.3; +https://openai.com/gptbot)"
216.244.66.249 - - [02/Mar/2026:12:39:24 +0000] "GET /robots.txt HTTP/1.1" 404 - "-" "Mozilla/5.0 (compatible; DotBot/1.2; +https://opensiteexplorer.org/dotbot; help@moz.com)"
74.7.242.54 - - [02/Mar/2026:12:40:10 +0000] "GET /whsy.php?p=%2Fsys%2Fclass%2Fmem%2Fzero HTTP/1.1" 200 729 "http://bespoketrading.com/whsy.php?p=%2Fsys%2Fdevices%2Fvirtual%2Fmem%2Fport%2Fsubsystem" "Mozilla/5.0 AppleWebKit/537.36 (KHTML, like Gecko; compatible; GPTBot/1.3; +https://openai.com/gptbot)"
74.7.242.54 - - [02/Mar/2026:12:40:56 +0000] "GET /whsy.php?p=%2Fsys%2Fclass%2Fmem%2Ffull HTTP/1.1" 200 729 "http://bespoketrading.com/whsy.php?p=%2Fsys%2Fdevices%2Fvirtual%2Fmem%2Fport%2Fsubsystem" "Mozilla/5.0 AppleWebKit/537.36 (KHTML, like Gecko; compatible; GPTBot/1.3; +https://openai.com/gptbot)"
74.7.230.33 - - [02/Mar/2026:12:40:57 +0000] "GET /robots.txt HTTP/1.1" 404 - "-" "Mozilla/5.0 (Macintosh; Intel Mac OS X 10_15_7) AppleWebKit/537.36 (KHTML, like Gecko) Chrome/131.0.0.0 Safari/537.36; compatible; OAI-SearchBot/1.3; robots.txt; +https://openai.com/searchbot"
74.7.242.54 - - [02/Mar/2026:12:41:57 +0000] "GET /whsy.php?p=%2Fsys%2Fclass%2Fmem%2Fkmsg HTTP/1.1" 200 729 "http://bespoketrading.com/whsy.php?p=%2Fsys%2Fdevices%2Fvirtual%2Fmem%2Fport%2Fsubsystem" "Mozilla/5.0 AppleWebKit/537.36 (KHTML, like Gecko; compatible; GPTBot/1.3; +https://openai.com/gptbot)"
74.7.242.54 - - [02/Mar/2026:12:43:52 +0000] "GET /whsy.php?p=%2Fsys%2Fclass%2Fmem%2Furandom HTTP/1.1" 200 731 "http://bespoketrading.com/whsy.php?p=%2Fsys%2Fdevices%2Fvirtual%2Fmem%2Fport%2Fsubsystem" "Mozilla/5.0 AppleWebKit/537.36 (KHTML, like Gecko; compatible; GPTBot/1.3; +https://openai.com/gptbot)"
216.244.66.249 - - [02/Mar/2026:12:44:04 +0000] "GET /whsy.php?p=%2Fhome%2Flab2454c%2F.. HTTP/1.1" 200 2311772 "-" "Mozilla/5.0 (compatible; DotBot/1.2; +https://opensiteexplorer.org/dotbot; help@moz.com)"
74.7.242.54 - - [02/Mar/2026:12:44:55 +0000] "GET /whsy.php?p=%2Fsys%2Fclass%2Fmem HTTP/1.1" 200 539 "http://bespoketrading.com/whsy.php?p=%2Fsys%2Fdevices%2Fvirtual%2Fmem%2Fport%2Fsubsystem" "Mozilla/5.0 AppleWebKit/537.36 (KHTML, like Gecko; compatible; GPTBot/1.3; +https://openai.com/gptbot)"
49.51.204.74 - - [02/Mar/2026:12:46:18 +0000] "GET / HTTP/1.1" 200 495 "-" "Mozilla/5.0 (iPhone; CPU iPhone OS 13_2_3 like Mac OS X) AppleWebKit/605.1.15 (KHTML, like Gecko) Version/13.0.3 Mobile/15E148 Safari/604.1"
74.7.230.33 - - [02/Mar/2026:12:46:46 +0000] "GET /robots.txt HTTP/1.1" 404 - "-" "Mozilla/5.0 (Macintosh; Intel Mac OS X 10_15_7) AppleWebKit/537.36 (KHTML, like Gecko) Chrome/131.0.0.0 Safari/537.36; compatible; OAI-SearchBot/1.3; robots.txt; +https://openai.com/searchbot"
74.7.242.54 - - [02/Mar/2026:12:47:33 +0000] "GET /whsy.php?p=%2Fsys%2Fclass%2Fmem%2Fmem HTTP/1.1" 200 723 "http://bespoketrading.com/whsy.php?p=%2Fsys%2Fdevices%2Fvirtual%2Fmem%2Fport%2Fsubsystem" "Mozilla/5.0 AppleWebKit/537.36 (KHTML, like Gecko; compatible; GPTBot/1.3; +https://openai.com/gptbot)"
74.7.242.54 - - [02/Mar/2026:12:49:21 +0000] "GET /whsy.php?p=%2Fusr%2Flib%2Ffirmware%2Fnetronome%2Fflower HTTP/1.1" 200 1460 "http://bespoketrading.com/whsy.php?p=%2Fusr%2Flib%2Ffirmware%2Fnetronome" "Mozilla/5.0 AppleWebKit/537.36 (KHTML, like Gecko; compatible; GPTBot/1.3; +https://openai.com/gptbot)"
74.7.242.54 - - [02/Mar/2026:12:50:11 +0000] "GET /whsy.php?p=%2Fsys%2Fdevices%2Fplatform%2Fpcspkr%2Fdriver HTTP/1.1" 200 743 "http://bespoketrading.com/whsy.php?p=%2Fsys%2Fdevices%2Fplatform%2Fpcspkr" "Mozilla/5.0 AppleWebKit/537.36 (KHTML, like Gecko; compatible; GPTBot/1.3; +https://openai.com/gptbot)"
74.7.242.54 - - [02/Mar/2026:12:51:02 +0000] "GET /whsy.php?p=%2Fsys%2Fdevices%2Fvirtual%2Fmem%2Fnull%2Fsubsystem HTTP/1.1" 200 539 "http://bespoketrading.com/whsy.php?p=%2Fsys%2Fdevices%2Fvirtual%2Fmem%2Fnull" "Mozilla/5.0 AppleWebKit/537.36 (KHTML, like Gecko; compatible; GPTBot/1.3; +https://openai.com/gptbot)"
74.7.242.54 - - [02/Mar/2026:12:52:07 +0000] "GET /whsy.php?p=%2Fsys%2Fdevices%2Fvirtual%2Fmisc%2Fsnapshot HTTP/1.1" 200 735 "http://bespoketrading.com/whsy.php?p=%2Fsys%2Fdevices%2Fvirtual%2Fmisc" "Mozilla/5.0 AppleWebKit/537.36 (KHTML, like Gecko; compatible; GPTBot/1.3; +https://openai.com/gptbot)"
74.7.230.33 - - [02/Mar/2026:12:52:07 +0000] "GET /robots.txt HTTP/1.1" 404 - "-" "Mozilla/5.0 (Macintosh; Intel Mac OS X 10_15_7) AppleWebKit/537.36 (KHTML, like Gecko) Chrome/131.0.0.0 Safari/537.36; compatible; OAI-SearchBot/1.3; robots.txt; +https://openai.com/searchbot"
20.104.206.150 - - [02/Mar/2026:12:53:10 +0000] "GET /wp-content/plugins/hellopress/wp_filemanager.php HTTP/1.1" 404 - "-" "-"
20.104.206.150 - - [02/Mar/2026:12:53:10 +0000] "GET /signon.php?p= HTTP/1.1" 404 - "-" "-"
20.104.206.150 - - [02/Mar/2026:12:53:11 +0000] "GET /t00l.php HTTP/1.1" 404 - "-" "-"
20.104.206.150 - - [02/Mar/2026:12:53:11 +0000] "GET /function.php HTTP/1.1" 404 - "-" "-"
20.104.206.150 - - [02/Mar/2026:12:53:11 +0000] "GET /cjfuns.php HTTP/1.1" 404 - "-" "-"
20.104.206.150 - - [02/Mar/2026:12:53:11 +0000] "GET /new.php HTTP/1.1" 404 - "-" "-"
20.104.206.150 - - [02/Mar/2026:12:53:11 +0000] "GET /wp-xmlmp.php HTTP/1.1" 404 - "-" "-"
20.104.206.150 - - [02/Mar/2026:12:53:11 +0000] "GET /wp-config-sample.php HTTP/1.1" 404 - "-" "-"
20.104.206.150 - - [02/Mar/2026:12:53:12 +0000] "GET /wp-configssss.php HTTP/1.1" 404 - "-" "-"
20.104.206.150 - - [02/Mar/2026:12:53:12 +0000] "GET /wp-configss1.php HTTP/1.1" 404 - "-" "-"
20.104.206.150 - - [02/Mar/2026:12:53:12 +0000] "GET /ngif.php HTTP/1.1" 404 - "-" "-"
20.104.206.150 - - [02/Mar/2026:12:53:12 +0000] "GET /wp-configss.php HTTP/1.1" 404 - "-" "-"
20.104.206.150 - - [02/Mar/2026:12:53:12 +0000] "GET /yanz.php HTTP/1.1" 404 - "-" "-"
20.104.206.150 - - [02/Mar/2026:12:53:13 +0000] "GET /file.phpa HTTP/1.1" 404 - "-" "-"
20.104.206.150 - - [02/Mar/2026:12:53:13 +0000] "GET /defaults.php HTTP/1.1" 404 - "-" "-"
20.104.206.150 - - [02/Mar/2026:12:53:13 +0000] "GET /im.php HTTP/1.1" 404 - "-" "-"
20.104.206.150 - - [02/Mar/2026:12:53:13 +0000] "GET /wp-comments-post.php HTTP/1.1" 404 - "-" "-"
20.104.206.150 - - [02/Mar/2026:12:53:13 +0000] "GET /cache-compat.php HTTP/1.1" 404 - "-" "-"
20.104.206.150 - - [02/Mar/2026:12:53:13 +0000] "GET /fw.php HTTP/1.1" 404 - "-" "-"
20.104.206.150 - - [02/Mar/2026:12:53:14 +0000] "GET /berlin.php HTTP/1.1" 404 - "-" "-"
20.104.206.150 - - [02/Mar/2026:12:53:14 +0000] "GET /abe.php HTTP/1.1" 404 - "-" "-"
20.104.206.150 - - [02/Mar/2026:12:53:14 +0000] "GET /otuz1.php HTTP/1.1" 404 - "-" "-"
20.104.206.150 - - [02/Mar/2026:12:53:14 +0000] "GET /wp-files.php HTTP/1.1" 404 - "-" "-"
20.104.206.150 - - [02/Mar/2026:12:53:14 +0000] "GET /aj.php HTTP/1.1" 404 - "-" "-"
20.104.206.150 - - [02/Mar/2026:12:53:14 +0000] "GET /he.php HTTP/1.1" 404 - "-" "-"
20.104.206.150 - - [02/Mar/2026:12:53:15 +0000] "GET /cache.php HTTP/1.1" 404 - "-" "-"
20.104.206.150 - - [02/Mar/2026:12:53:15 +0000] "GET /tiny.php HTTP/1.1" 404 - "-" "-"
20.104.206.150 - - [02/Mar/2026:12:53:15 +0000] "GET /wp-load.php HTTP/1.1" 404 - "-" "-"
20.104.206.150 - - [02/Mar/2026:12:53:15 +0000] "GET /blog.php HTTP/1.1" 404 - "-" "-"
20.104.206.150 - - [02/Mar/2026:12:53:15 +0000] "GET /alfanew.php7 HTTP/1.1" 404 - "-" "-"
20.104.206.150 - - [02/Mar/2026:12:53:15 +0000] "GET /lufix.php HTTP/1.1" 404 - "-" "-"
20.104.206.150 - - [02/Mar/2026:12:53:16 +0000] "GET /ajax-actions.php HTTP/1.1" 404 - "-" "-"
20.104.206.150 - - [02/Mar/2026:12:53:16 +0000] "GET /alfa-rex.php7 HTTP/1.1" 404 - "-" "-"
20.104.206.150 - - [02/Mar/2026:12:53:16 +0000] "GET /cc.php HTTP/1.1" 404 - "-" "-"
20.104.206.150 - - [02/Mar/2026:12:53:16 +0000] "GET /bypass.php HTTP/1.1" 404 - "-" "-"
20.104.206.150 - - [02/Mar/2026:12:53:16 +0000] "GET /browse.php HTTP/1.1" 404 - "-" "-"
20.104.206.150 - - [02/Mar/2026:12:53:16 +0000] "GET /license.php HTTP/1.1" 404 - "-" "-"
20.104.206.150 - - [02/Mar/2026:12:53:17 +0000] "GET /contact.php HTTP/1.1" 404 - "-" "-"
20.104.206.150 - - [02/Mar/2026:12:53:17 +0000] "GET /minik.php HTTP/1.1" 404 - "-" "-"
20.104.206.150 - - [02/Mar/2026:12:53:17 +0000] "GET /st.php HTTP/1.1" 404 - "-" "-"
20.104.206.150 - - [02/Mar/2026:12:53:17 +0000] "GET /upgrade.php HTTP/1.1" 404 - "-" "-"
74.7.242.54 - - [02/Mar/2026:12:53:41 +0000] "GET /whsy.php?p=%2Fhome%2Flab2454c%2Fmact34.com%2Fwp-content%2Fplugins%2Fbdthemes-element-pack%2Fmodules%2Fbuddypress%2Fwidgets HTTP/1.1" 200 824 "http://bespoketrading.com/whsy.php?p=%2Fhome%2Flab2454c%2Fmact34.com%2Fwp-content%2Fplugins%2Fbdthemes-element-pack%2Fmodules%2Fbuddypress" "Mozilla/5.0 AppleWebKit/537.36 (KHTML, like Gecko; compatible; GPTBot/1.3; +https://openai.com/gptbot)"
74.7.242.54 - - [02/Mar/2026:12:55:24 +0000] "GET /whsy.php?p=%2Fhome%2Flab2454c%2Fmact34.com%2Fwp-content%2Fplugins%2Fbdthemes-element-pack%2Fmodules%2Fhoneycombs%2Fwidgets HTTP/1.1" 200 757 "http://bespoketrading.com/whsy.php?p=%2Fhome%2Flab2454c%2Fmact34.com%2Fwp-content%2Fplugins%2Fbdthemes-element-pack%2Fmodules%2Fhoneycombs" "Mozilla/5.0 AppleWebKit/537.36 (KHTML, like Gecko; compatible; GPTBot/1.3; +https://openai.com/gptbot)"
143.198.86.151 - - [02/Mar/2026:12:56:54 +0000] "GET / HTTP/1.1" 200 2088 "https://www.bespokentertainment.com//blog//wp-login.php" "Mozilla/5.0 (Windows NT 10.0; Win64; x64) AppleWebKit/537.36 (KHTML, like Gecko) Chrome/131.0.0.0 Safari/537.36"
143.198.86.151 - - [02/Mar/2026:12:56:55 +0000] "GET /xmlrpc.php?rsd HTTP/1.1" 404 - "https://www.bespokentertainment.com//blog//wp-login.php" "Mozilla/5.0 (Windows NT 10.0; Win64; x64) AppleWebKit/537.36 (KHTML, like Gecko) Chrome/131.0.0.0 Safari/537.36"
143.198.86.151 - - [02/Mar/2026:12:56:55 +0000] "GET /blog/robots.txt HTTP/1.1" 404 - "https://www.bespokentertainment.com//blog//wp-login.php" "Mozilla/5.0 (Windows NT 10.0; Win64; x64) AppleWebKit/537.36 (KHTML, like Gecko) Chrome/131.0.0.0 Safari/537.36"
143.198.86.151 - - [02/Mar/2026:12:56:55 +0000] "GET /blog/ HTTP/1.1" 404 - "https://www.bespokentertainment.com//blog//wp-login.php" "Mozilla/5.0 (Windows NT 10.0; Win64; x64) AppleWebKit/537.36 (KHTML, like Gecko) Chrome/131.0.0.0 Safari/537.36"
143.198.86.151 - - [02/Mar/2026:12:56:56 +0000] "GET /wordpress/ HTTP/1.1" 404 - "https://www.bespokentertainment.com//blog//wp-login.php" "Mozilla/5.0 (Windows NT 10.0; Win64; x64) AppleWebKit/537.36 (KHTML, like Gecko) Chrome/131.0.0.0 Safari/537.36"
143.198.86.151 - - [02/Mar/2026:12:56:56 +0000] "GET /wp/ HTTP/1.1" 404 - "https://www.bespokentertainment.com//blog//wp-login.php" "Mozilla/5.0 (Windows NT 10.0; Win64; x64) AppleWebKit/537.36 (KHTML, like Gecko) Chrome/131.0.0.0 Safari/537.36"
74.7.230.33 - - [02/Mar/2026:12:57:42 +0000] "GET /robots.txt HTTP/1.1" 404 - "-" "Mozilla/5.0 (Macintosh; Intel Mac OS X 10_15_7) AppleWebKit/537.36 (KHTML, like Gecko) Chrome/131.0.0.0 Safari/537.36; compatible; OAI-SearchBot/1.3; robots.txt; +https://openai.com/searchbot"
74.7.242.54 - - [02/Mar/2026:12:58:23 +0000] "GET /whsy.php?p=%2Fusr%2Flib%2Ffirmware%2Fnetronome%2Fflower%2F.. HTTP/1.1" 200 1069 "http://bespoketrading.com/whsy.php?p=%2Fusr%2Flib%2Ffirmware%2Fnetronome%2Fflower" "Mozilla/5.0 AppleWebKit/537.36 (KHTML, like Gecko; compatible; GPTBot/1.3; +https://openai.com/gptbot)"
74.7.242.54 - - [02/Mar/2026:12:58:58 +0000] "GET /whsy.php?p=%2Fhome%2Flab2454c%2Fcarbonbullionexchange.com%2Fwp-content%2Fplugins%2Fwoocommerce%2Fsrc%2FDatabase%2FMigrations%2F.. HTTP/1.1" 200 585 "http://bespoketrading.com/whsy.php?p=%2Fhome%2Flab2454c%2Fcarbonbullionexchange.com%2Fwp-content%2Fplugins%2Fwoocommerce%2Fsrc%2FDatabase%2FMigrations" "Mozilla/5.0 AppleWebKit/537.36 (KHTML, like Gecko; compatible; GPTBot/1.3; +https://openai.com/gptbot)"
74.7.242.54 - - [02/Mar/2026:12:59:44 +0000] "GET /whsy.php?p=%2Fhome%2Flab2454c%2Fcarbonbullionexchange.com%2Fwp-content%2Fplugins%2Fwoocommerce%2Fincludes%2Flibraries%2F.. HTTP/1.1" 200 4417 "http://bespoketrading.com/whsy.php?p=%2Fhome%2Flab2454c%2Fcarbonbullionexchange.com%2Fwp-content%2Fplugins%2Fwoocommerce%2Fincludes%2Flibraries" "Mozilla/5.0 AppleWebKit/537.36 (KHTML, like Gecko; compatible; GPTBot/1.3; +https://openai.com/gptbot)"
74.7.242.54 - - [02/Mar/2026:13:00:29 +0000] "GET /whsy.php?p=%2Fhome%2Flab2454c%2Fmact34.com%2Fwp-content%2Fplugins%2Fbdthemes-element-pack%2Fincludes%2Fcompatiblity%2Fwpml HTTP/1.1" 200 1856 "http://bespoketrading.com/whsy.php?p=%2Fhome%2Flab2454c%2Fmact34.com%2Fwp-content%2Fplugins%2Fbdthemes-element-pack%2Fincludes%2Fcompatiblity" "Mozilla/5.0 AppleWebKit/537.36 (KHTML, like Gecko; compatible; GPTBot/1.3; +https://openai.com/gptbot)"
74.7.242.54 - - [02/Mar/2026:13:01:51 +0000] "GET /whsy.php?p=%2Fhome%2Flab2454c%2Fmact34.com%2Fwp-content%2Fplugins%2Fgoogle-analytics-for-wordpress%2Fincludes%2Ffrontend%2Fevents HTTP/1.1" 200 837 "http://bespoketrading.com/whsy.php?p=%2Fhome%2Flab2454c%2Fmact34.com%2Fwp-content%2Fplugins%2Fgoogle-analytics-for-wordpress%2Fincludes%2Ffrontend" "Mozilla/5.0 AppleWebKit/537.36 (KHTML, like Gecko; compatible; GPTBot/1.3; +https://openai.com/gptbot)"
74.7.242.54 - - [02/Mar/2026:13:03:25 +0000] "GET /whsy.php?p=%2Fsys%2Fdevices%2Fsystem%2Fnode%2Fnode0 HTTP/1.1" 200 1807 "http://bespoketrading.com/whsy.php?p=%2Fsys%2Fdevices%2Fsystem%2Fnode" "Mozilla/5.0 AppleWebKit/537.36 (KHTML, like Gecko; compatible; GPTBot/1.3; +https://openai.com/gptbot)"
74.7.230.33 - - [02/Mar/2026:13:03:29 +0000] "GET /robots.txt HTTP/1.1" 404 - "-" "Mozilla/5.0 (Macintosh; Intel Mac OS X 10_15_7) AppleWebKit/537.36 (KHTML, like Gecko) Chrome/131.0.0.0 Safari/537.36; compatible; OAI-SearchBot/1.3; robots.txt; +https://openai.com/searchbot"
74.7.242.54 - - [02/Mar/2026:13:04:56 +0000] "GET /whsy.php?e=class-wc-notes-run-db-update.php&p=%2Fhome%2Flab2454c%2Fcarbonbullion.net%2Fwp-content%2Fplugins%2Fwoocommerce%2Fincludes%2Fadmin%2Fnotes HTTP/1.1" 200 4227 "http://bespoketrading.com/whsy.php?p=%2Fhome%2Flab2454c%2Fcarbonbullion.net%2Fwp-content%2Fplugins%2Fwoocommerce%2Fincludes%2Fadmin%2Fnotes" "Mozilla/5.0 AppleWebKit/537.36 (KHTML, like Gecko; compatible; GPTBot/1.3; +https://openai.com/gptbot)"
74.7.242.54 - - [02/Mar/2026:13:06:38 +0000] "GET /whsy.php?e=cbcei_Logo-web-1.png&p=%2Fhome%2Flab2454c%2Fcbcei.com%2Fwp-content%2Fuploads%2F2023%2F04 HTTP/1.1" 200 5216 "http://bespoketrading.com/whsy.php?p=%2Fhome%2Flab2454c%2Fcbcei.com%2Fwp-content%2Fuploads%2F2023%2F04" "Mozilla/5.0 AppleWebKit/537.36 (KHTML, like Gecko; compatible; GPTBot/1.3; +https://openai.com/gptbot)"
74.7.242.54 - - [02/Mar/2026:13:07:36 +0000] "GET /whsy.php?e=zigzag_2.svg&p=%2Fhome%2Flab2454c%2Fcrypthorize.net%2Fwp-content%2Fplugins%2Felementskit%2Fmodules%2Fparallax%2Fassets%2Fsvg HTTP/1.1" 200 1409 "http://bespoketrading.com/whsy.php?p=%2Fhome%2Flab2454c%2Fcrypthorize.net%2Fwp-content%2Fplugins%2Felementskit%2Fmodules%2Fparallax%2Fassets%2Fsvg" "Mozilla/5.0 AppleWebKit/537.36 (KHTML, like Gecko; compatible; GPTBot/1.3; +https://openai.com/gptbot)"
74.7.242.54 - - [02/Mar/2026:13:09:06 +0000] "GET /whsy.php?p=%2Fhome%2Flab2454c%2Ftmp%2Fanalog%2Fcostbloc.org.lab2454.com%2F.. HTTP/1.1" 200 3809 "http://bespoketrading.com/whsy.php?p=%2Fhome%2Flab2454c%2Ftmp%2Fanalog%2Fcostbloc.org.lab2454.com" "Mozilla/5.0 AppleWebKit/537.36 (KHTML, like Gecko; compatible; GPTBot/1.3; +https://openai.com/gptbot)"
74.7.230.33 - - [02/Mar/2026:13:09:06 +0000] "GET /robots.txt HTTP/1.1" 404 - "-" "Mozilla/5.0 (Macintosh; Intel Mac OS X 10_15_7) AppleWebKit/537.36 (KHTML, like Gecko) Chrome/131.0.0.0 Safari/537.36; compatible; OAI-SearchBot/1.3; robots.txt; +https://openai.com/searchbot"
74.7.242.54 - - [02/Mar/2026:13:10:42 +0000] "GET /whsy.php?p=%2Fhome%2Flab2454c%2Farchfort.com%2Fwp-content%2Fplugins%2Fwp-user-frontend-pro%2Fvendor%2Fphar-io%2Fversion%2Fsrc%2Fconstraints%2F.. HTTP/1.1" 200 939 "http://bespoketrading.com/whsy.php?p=%2Fhome%2Flab2454c%2Farchfort.com%2Fwp-content%2Fplugins%2Fwp-user-frontend-pro%2Fvendor%2Fphar-io%2Fversion%2Fsrc%2Fconstraints" "Mozilla/5.0 AppleWebKit/537.36 (KHTML, like Gecko; compatible; GPTBot/1.3; +https://openai.com/gptbot)"
74.7.242.54 - - [02/Mar/2026:13:13:32 +0000] "GET /whsy.php?p=%2Fsys%2Fdevices%2Fsystem%2Fnode%2Fnode0%2F.. HTTP/1.1" 200 875 "http://bespoketrading.com/whsy.php?p=%2Fsys%2Fdevices%2Fsystem%2Fnode%2Fnode0" "Mozilla/5.0 AppleWebKit/537.36 (KHTML, like Gecko; compatible; GPTBot/1.3; +https://openai.com/gptbot)"
74.7.242.54 - - [02/Mar/2026:13:14:18 +0000] "GET /whsy.php?p=%2Fsys%2Fdevices%2Fsystem%2Fnode%2Fnode0%2Fpower HTTP/1.1" 200 829 "http://bespoketrading.com/whsy.php?p=%2Fsys%2Fdevices%2Fsystem%2Fnode%2Fnode0" "Mozilla/5.0 AppleWebKit/537.36 (KHTML, like Gecko; compatible; GPTBot/1.3; +https://openai.com/gptbot)"
74.7.230.33 - - [02/Mar/2026:13:14:18 +0000] "GET /robots.txt HTTP/1.1" 404 - "-" "Mozilla/5.0 (Macintosh; Intel Mac OS X 10_15_7) AppleWebKit/537.36 (KHTML, like Gecko) Chrome/131.0.0.0 Safari/537.36; compatible; OAI-SearchBot/1.3; robots.txt; +https://openai.com/searchbot"
74.7.242.54 - - [02/Mar/2026:13:17:43 +0000] "GET /whsy.php?e=AM_Sample_Categories-300x140.png&p=%2Fhome%2Flab2454c%2Fnetxzero.com%2Fwp-content%2Fuploads%2F2021%2F12 HTTP/1.1" 200 8943 "http://bespoketrading.com/whsy.php?p=%2Fhome%2Flab2454c%2Fnetxzero.com%2Fwp-content%2Fuploads%2F2021%2F12" "Mozilla/5.0 AppleWebKit/537.36 (KHTML, like Gecko; compatible; GPTBot/1.3; +https://openai.com/gptbot)"
74.7.242.54 - - [02/Mar/2026:13:18:38 +0000] "GET /whsy.php?e=main.min.js&p=%2Fhome%2Flab2454c%2Fadenbic.com%2Fwp-content%2Fplugins%2Fone-click-demo-import%2Fassets%2Fjs HTTP/1.1" 200 3385 "http://bespoketrading.com/whsy.php?p=%2Fhome%2Flab2454c%2Fadenbic.com%2Fwp-content%2Fplugins%2Fone-click-demo-import%2Fassets%2Fjs" "Mozilla/5.0 AppleWebKit/537.36 (KHTML, like Gecko; compatible; GPTBot/1.3; +https://openai.com/gptbot)"
74.7.242.54 - - [02/Mar/2026:13:20:56 +0000] "GET /whsy.php?e=no-index.t&p=%2Fusr%2Fshare%2Fdoc%2Fperl-CPAN-Meta-2.120921%2Ft HTTP/1.1" 200 1805 "http://bespoketrading.com/whsy.php?p=%2Fusr%2Fshare%2Fdoc%2Fperl-CPAN-Meta-2.120921%2Ft" "Mozilla/5.0 AppleWebKit/537.36 (KHTML, like Gecko; compatible; GPTBot/1.3; +https://openai.com/gptbot)"
74.7.242.54 - - [02/Mar/2026:13:22:31 +0000] "GET /whsy.php?p=%2Fusr%2Fshare%2Fdoc%2Fcpanel-php81-mdb2-2.4.1%2Fdocs%2Fexamples HTTP/1.1" 200 779 "http://bespoketrading.com/whsy.php?p=%2Fusr%2Fshare%2Fdoc%2Fcpanel-php81-mdb2-2.4.1%2Fdocs" "Mozilla/5.0 AppleWebKit/537.36 (KHTML, like Gecko; compatible; GPTBot/1.3; +https://openai.com/gptbot)"
74.7.242.54 - - [02/Mar/2026:13:23:07 +0000] "GET /whsy.php?e=l_1_vp4.d56&p=%2Fusr%2Flib%2Ffirmware%2Fvx HTTP/1.1" 200 1090 "http://bespoketrading.com/whsy.php?p=%2Fusr%2Flib%2Ffirmware%2Fvx" "Mozilla/5.0 AppleWebKit/537.36 (KHTML, like Gecko; compatible; GPTBot/1.3; +https://openai.com/gptbot)"
74.7.242.54 - - [02/Mar/2026:13:24:16 +0000] "GET /whsy.php?p=%2Fhome%2Flab2454c%2Fcarbonbullionexchange.com%2Fwp-content%2Fplugins%2Fwoocommerce%2Fassets%2Fjs%2Fjquery-ui-touch-punch HTTP/1.1" 200 794 "http://bespoketrading.com/whsy.php?p=%2Fhome%2Flab2454c%2Fcarbonbullionexchange.com%2Fwp-content%2Fplugins%2Fwoocommerce%2Fassets%2Fjs" "Mozilla/5.0 AppleWebKit/537.36 (KHTML, like Gecko; compatible; GPTBot/1.3; +https://openai.com/gptbot)"
74.7.242.54 - - [02/Mar/2026:13:25:17 +0000] "GET /whsy.php?p=%2Fhome%2Flab2454c%2Fsothebankuab.com%2Fwp-content%2Fplugins%2Fbdthemes-element-pack-lite%2Fassets%2Fimages%2Fbackgrounds HTTP/1.1" 200 1066 "http://bespoketrading.com/whsy.php?p=%2Fhome%2Flab2454c%2Fsothebankuab.com%2Fwp-content%2Fplugins%2Fbdthemes-element-pack-lite%2Fassets%2Fimages" "Mozilla/5.0 AppleWebKit/537.36 (KHTML, like Gecko; compatible; GPTBot/1.3; +https://openai.com/gptbot)"
74.7.230.33 - - [02/Mar/2026:13:25:18 +0000] "GET /robots.txt HTTP/1.1" 404 - "-" "Mozilla/5.0 (Macintosh; Intel Mac OS X 10_15_7) AppleWebKit/537.36 (KHTML, like Gecko) Chrome/131.0.0.0 Safari/537.36; compatible; OAI-SearchBot/1.3; robots.txt; +https://openai.com/searchbot"
74.7.242.54 - - [02/Mar/2026:13:26:38 +0000] "GET /whsy.php?p=%2Fhome%2Flab2454c%2Fveritserv.net%2Fwp-includes%2Fjs%2Ftinymce%2Fskins HTTP/1.1" 200 571 "http://bespoketrading.com/whsy.php?p=%2Fhome%2Flab2454c%2Fveritserv.net%2Fwp-includes%2Fjs%2Ftinymce" "Mozilla/5.0 AppleWebKit/537.36 (KHTML, like Gecko; compatible; GPTBot/1.3; +https://openai.com/gptbot)"
74.7.242.54 - - [02/Mar/2026:13:27:50 +0000] "GET /whsy.php?p=%2Fhome%2Flab2454c%2Fveritserv.net%2Fwp-includes%2Fjs%2Ftinymce%2Futils HTTP/1.1" 200 821 "http://bespoketrading.com/whsy.php?p=%2Fhome%2Flab2454c%2Fveritserv.net%2Fwp-includes%2Fjs%2Ftinymce" "Mozilla/5.0 AppleWebKit/537.36 (KHTML, like Gecko; compatible; GPTBot/1.3; +https://openai.com/gptbot)"
74.7.242.54 - - [02/Mar/2026:13:28:29 +0000] "GET /whsy.php?p=%2Fhome%2Flab2454c%2Fveritserv.net%2Fwp-includes%2FText%2FDiff%2FEngine HTTP/1.1" 200 817 "http://bespoketrading.com/whsy.php?p=%2Fhome%2Flab2454c%2Fveritserv.net%2Fwp-includes%2FText%2FDiff" "Mozilla/5.0 AppleWebKit/537.36 (KHTML, like Gecko; compatible; GPTBot/1.3; +https://openai.com/gptbot)"
43.167.241.46 - - [02/Mar/2026:13:28:59 +0000] "GET / HTTP/1.1" 200 495 "-" "Mozilla/5.0 (iPhone; CPU iPhone OS 13_2_3 like Mac OS X) AppleWebKit/605.1.15 (KHTML, like Gecko) Version/13.0.3 Mobile/15E148 Safari/604.1"
74.7.242.54 - - [02/Mar/2026:13:31:15 +0000] "GET /whsy.php?p=%2Fopt%2Fcpanel%2Fea-php72%2Froot%2Fusr%2Fshare%2Fpear%2FPEAR%2FInstaller HTTP/1.1" 200 736 "http://bespoketrading.com/whsy.php?p=%2Fopt%2Fcpanel%2Fea-php72%2Froot%2Fusr%2Fshare%2Fpear%2FPEAR" "Mozilla/5.0 AppleWebKit/537.36 (KHTML, like Gecko; compatible; GPTBot/1.3; +https://openai.com/gptbot)"
74.7.230.33 - - [02/Mar/2026:13:31:35 +0000] "GET /robots.txt HTTP/1.1" 404 - "-" "Mozilla/5.0 (Macintosh; Intel Mac OS X 10_15_7) AppleWebKit/537.36 (KHTML, like Gecko) Chrome/131.0.0.0 Safari/537.36; compatible; OAI-SearchBot/1.3; robots.txt; +https://openai.com/searchbot"
74.7.242.54 - - [02/Mar/2026:13:31:59 +0000] "GET /whsy.php?p=%2Fopt%2Fcpanel%2Fea-php72%2Froot%2Fusr%2Finclude%2Fphp%2Fext%2Fsimplexml HTTP/1.1" 200 766 "http://bespoketrading.com/whsy.php?p=%2Fopt%2Fcpanel%2Fea-php72%2Froot%2Fusr%2Finclude%2Fphp%2Fext" "Mozilla/5.0 AppleWebKit/537.36 (KHTML, like Gecko; compatible; GPTBot/1.3; +https://openai.com/gptbot)"
74.7.242.54 - - [02/Mar/2026:13:33:29 +0000] "GET /whsy.php?p=%2Fhome%2Flab2454c%2Fveritserv.net%2Fwp-includes%2Fjs%2Ftinymce%2Fskins%2F.. HTTP/1.1" 200 894 "http://bespoketrading.com/whsy.php?p=%2Fhome%2Flab2454c%2Fveritserv.net%2Fwp-includes%2Fjs%2Ftinymce%2Fskins" "Mozilla/5.0 AppleWebKit/537.36 (KHTML, like Gecko; compatible; GPTBot/1.3; +https://openai.com/gptbot)"
74.7.242.54 - - [02/Mar/2026:13:34:54 +0000] "GET /whsy.php?e=form_utils.js&p=%2Fhome%2Flab2454c%2Fveritserv.net%2Fwp-includes%2Fjs%2Ftinymce%2Futils HTTP/1.1" 200 2978 "http://bespoketrading.com/whsy.php?p=%2Fhome%2Flab2454c%2Fveritserv.net%2Fwp-includes%2Fjs%2Ftinymce%2Futils" "Mozilla/5.0 AppleWebKit/537.36 (KHTML, like Gecko; compatible; GPTBot/1.3; +https://openai.com/gptbot)"
74.7.242.54 - - [02/Mar/2026:13:35:54 +0000] "GET /whsy.php?e=mctabs.js&p=%2Fhome%2Flab2454c%2Fveritserv.net%2Fwp-includes%2Fjs%2Ftinymce%2Futils HTTP/1.1" 200 2340 "http://bespoketrading.com/whsy.php?p=%2Fhome%2Flab2454c%2Fveritserv.net%2Fwp-includes%2Fjs%2Ftinymce%2Futils" "Mozilla/5.0 AppleWebKit/537.36 (KHTML, like Gecko; compatible; GPTBot/1.3; +https://openai.com/gptbot)"
74.7.242.54 - - [02/Mar/2026:13:38:07 +0000] "GET /whsy.php?e=editable_selects.js&p=%2Fhome%2Flab2454c%2Fveritserv.net%2Fwp-includes%2Fjs%2Ftinymce%2Futils HTTP/1.1" 200 1645 "http://bespoketrading.com/whsy.php?p=%2Fhome%2Flab2454c%2Fveritserv.net%2Fwp-includes%2Fjs%2Ftinymce%2Futils" "Mozilla/5.0 AppleWebKit/537.36 (KHTML, like Gecko; compatible; GPTBot/1.3; +https://openai.com/gptbot)"
74.7.230.33 - - [02/Mar/2026:13:40:59 +0000] "GET /robots.txt HTTP/1.1" 404 - "-" "Mozilla/5.0 (Macintosh; Intel Mac OS X 10_15_7) AppleWebKit/537.36 (KHTML, like Gecko) Chrome/131.0.0.0 Safari/537.36; compatible; OAI-SearchBot/1.3; robots.txt; +https://openai.com/searchbot"
74.7.230.33 - - [02/Mar/2026:13:46:20 +0000] "GET /robots.txt HTTP/1.1" 404 - "-" "Mozilla/5.0 (Macintosh; Intel Mac OS X 10_15_7) AppleWebKit/537.36 (KHTML, like Gecko) Chrome/131.0.0.0 Safari/537.36; compatible; OAI-SearchBot/1.3; robots.txt; +https://openai.com/searchbot"
74.7.242.54 - - [02/Mar/2026:13:50:09 +0000] "GET /whsy.php?e=validate.js&p=%2Fhome%2Flab2454c%2Fveritserv.net%2Fwp-includes%2Fjs%2Ftinymce%2Futils HTTP/1.1" 200 2765 "http://bespoketrading.com/whsy.php?p=%2Fhome%2Flab2454c%2Fveritserv.net%2Fwp-includes%2Fjs%2Ftinymce%2Futils" "Mozilla/5.0 AppleWebKit/537.36 (KHTML, like Gecko; compatible; GPTBot/1.3; +https://openai.com/gptbot)"
74.7.242.54 - - [02/Mar/2026:13:51:54 +0000] "GET /whsy.php?e=xdiff.php&p=%2Fhome%2Flab2454c%2Fveritserv.net%2Fwp-includes%2FText%2FDiff%2FEngine HTTP/1.1" 200 1779 "http://bespoketrading.com/whsy.php?p=%2Fhome%2Flab2454c%2Fveritserv.net%2Fwp-includes%2FText%2FDiff%2FEngine" "Mozilla/5.0 AppleWebKit/537.36 (KHTML, like Gecko; compatible; GPTBot/1.3; +https://openai.com/gptbot)"
74.7.230.33 - - [02/Mar/2026:13:51:55 +0000] "GET /robots.txt HTTP/1.1" 404 - "-" "Mozilla/5.0 (Macintosh; Intel Mac OS X 10_15_7) AppleWebKit/537.36 (KHTML, like Gecko) Chrome/131.0.0.0 Safari/537.36; compatible; OAI-SearchBot/1.3; robots.txt; +https://openai.com/searchbot"
74.7.242.54 - - [02/Mar/2026:13:53:27 +0000] "GET /whsy.php?e=shell.php&p=%2Fhome%2Flab2454c%2Fveritserv.net%2Fwp-includes%2FText%2FDiff%2FEngine HTTP/1.1" 200 2454 "http://bespoketrading.com/whsy.php?p=%2Fhome%2Flab2454c%2Fveritserv.net%2Fwp-includes%2FText%2FDiff%2FEngine" "Mozilla/5.0 AppleWebKit/537.36 (KHTML, like Gecko; compatible; GPTBot/1.3; +https://openai.com/gptbot)"
74.7.242.54 - - [02/Mar/2026:13:55:39 +0000] "GET /whsy.php?e=native.php&p=%2Fhome%2Flab2454c%2Fveritserv.net%2Fwp-includes%2FText%2FDiff%2FEngine HTTP/1.1" 200 5393 "http://bespoketrading.com/whsy.php?p=%2Fhome%2Flab2454c%2Fveritserv.net%2Fwp-includes%2FText%2FDiff%2FEngine" "Mozilla/5.0 AppleWebKit/537.36 (KHTML, like Gecko; compatible; GPTBot/1.3; +https://openai.com/gptbot)"
74.7.242.54 - - [02/Mar/2026:13:56:43 +0000] "GET /whsy.php?e=string.php&p=%2Fhome%2Flab2454c%2Fveritserv.net%2Fwp-includes%2FText%2FDiff%2FEngine HTTP/1.1" 200 2745 "http://bespoketrading.com/whsy.php?p=%2Fhome%2Flab2454c%2Fveritserv.net%2Fwp-includes%2FText%2FDiff%2FEngine" "Mozilla/5.0 AppleWebKit/537.36 (KHTML, like Gecko; compatible; GPTBot/1.3; +https://openai.com/gptbot)"
74.7.230.33 - - [02/Mar/2026:13:58:44 +0000] "GET /robots.txt HTTP/1.1" 404 - "-" "Mozilla/5.0 (Macintosh; Intel Mac OS X 10_15_7) AppleWebKit/537.36 (KHTML, like Gecko) Chrome/131.0.0.0 Safari/537.36; compatible; OAI-SearchBot/1.3; robots.txt; +https://openai.com/searchbot"
74.7.242.54 - - [02/Mar/2026:14:01:20 +0000] "GET /whsy.php?p=%2Fhome%2Flab2454c%2Fveritserv.net%2Fwp-includes%2FText%2FDiff%2FEngine%2F.. HTTP/1.1" 200 730 "http://bespoketrading.com/whsy.php?p=%2Fhome%2Flab2454c%2Fveritserv.net%2Fwp-includes%2FText%2FDiff%2FEngine" "Mozilla/5.0 AppleWebKit/537.36 (KHTML, like Gecko; compatible; GPTBot/1.3; +https://openai.com/gptbot)"
216.244.66.249 - - [02/Mar/2026:14:04:06 +0000] "GET /robots.txt HTTP/1.1" 404 - "-" "Mozilla/5.0 (compatible; DotBot/1.2; +https://opensiteexplorer.org/dotbot; help@moz.com)"
74.7.242.54 - - [02/Mar/2026:14:04:40 +0000] "GET /whsy.php?p=%2Fhome%2Flab2454c%2Fveritserv.net%2Fwp-includes%2Fjs%2Ftinymce%2Futils%2F.. HTTP/1.1" 200 894 "http://bespoketrading.com/whsy.php?p=%2Fhome%2Flab2454c%2Fveritserv.net%2Fwp-includes%2Fjs%2Ftinymce%2Futils" "Mozilla/5.0 AppleWebKit/537.36 (KHTML, like Gecko; compatible; GPTBot/1.3; +https://openai.com/gptbot)"
74.7.242.54 - - [02/Mar/2026:14:05:24 +0000] "GET /whsy.php?p=%2Fopt%2Fcpanel%2Fea-php72%2Froot%2Fusr%2Finclude%2Fphp%2Fext%2Fsimplexml%2F.. HTTP/1.1" 200 725 "http://bespoketrading.com/whsy.php?p=%2Fopt%2Fcpanel%2Fea-php72%2Froot%2Fusr%2Finclude%2Fphp%2Fext%2Fsimplexml" "Mozilla/5.0 AppleWebKit/537.36 (KHTML, like Gecko; compatible; GPTBot/1.3; +https://openai.com/gptbot)"
74.7.230.33 - - [02/Mar/2026:14:05:25 +0000] "GET /robots.txt HTTP/1.1" 404 - "-" "Mozilla/5.0 (Macintosh; Intel Mac OS X 10_15_7) AppleWebKit/537.36 (KHTML, like Gecko) Chrome/131.0.0.0 Safari/537.36; compatible; OAI-SearchBot/1.3; robots.txt; +https://openai.com/searchbot"
74.7.242.54 - - [02/Mar/2026:14:07:45 +0000] "GET /whsy.php?p=%2Fopt%2Fcpanel%2Fea-php72%2Froot%2Fusr%2Fshare%2Fpear%2FPEAR%2FInstaller%2F.. HTTP/1.1" 200 1385 "http://bespoketrading.com/whsy.php?p=%2Fopt%2Fcpanel%2Fea-php72%2Froot%2Fusr%2Fshare%2Fpear%2FPEAR%2FInstaller" "Mozilla/5.0 AppleWebKit/537.36 (KHTML, like Gecko; compatible; GPTBot/1.3; +https://openai.com/gptbot)"
216.244.66.249 - - [02/Mar/2026:14:08:42 +0000] "GET /whsy.php?p=%2Fhome%2Flab2454c%2Fdansact.com HTTP/1.1" 200 22727 "-" "Mozilla/5.0 (compatible; DotBot/1.2; +https://opensiteexplorer.org/dotbot; help@moz.com)"
216.244.66.249 - - [02/Mar/2026:14:08:47 +0000] "GET /whsy.php?p=%2Fhome%2Flab2454c%2Fworldcarboncapture.org HTTP/1.1" 200 11840 "-" "Mozilla/5.0 (compatible; DotBot/1.2; +https://opensiteexplorer.org/dotbot; help@moz.com)"
74.7.242.54 - - [02/Mar/2026:14:10:36 +0000] "GET /whsy.php?p=%2Fopt%2Fcpanel%2Fea-php72%2Froot%2Fusr%2Fshare%2Fpear%2FPEAR%2FInstaller%2FRole HTTP/1.1" 200 1245 "http://bespoketrading.com/whsy.php?p=%2Fopt%2Fcpanel%2Fea-php72%2Froot%2Fusr%2Fshare%2Fpear%2FPEAR%2FInstaller" "Mozilla/5.0 AppleWebKit/537.36 (KHTML, like Gecko; compatible; GPTBot/1.3; +https://openai.com/gptbot)"
74.7.230.33 - - [02/Mar/2026:14:10:37 +0000] "GET /robots.txt HTTP/1.1" 404 - "-" "Mozilla/5.0 (Macintosh; Intel Mac OS X 10_15_7) AppleWebKit/537.36 (KHTML, like Gecko) Chrome/131.0.0.0 Safari/537.36; compatible; OAI-SearchBot/1.3; robots.txt; +https://openai.com/searchbot"
74.7.242.54 - - [02/Mar/2026:14:14:04 +0000] "GET /whsy.php?e=Analyst-Downgrades-600x188.png&p=%2Fhome%2Flab2454c%2Figpma.com%2Fwp-content%2Fuploads%2F2022%2F11 HTTP/1.1" 200 8077 "http://bespoketrading.com/whsy.php?p=%2Fhome%2Flab2454c%2Figpma.com%2Fwp-content%2Fuploads%2F2022%2F11" "Mozilla/5.0 AppleWebKit/537.36 (KHTML, like Gecko; compatible; GPTBot/1.3; +https://openai.com/gptbot)"
74.7.242.54 - - [02/Mar/2026:14:16:29 +0000] "GET /whsy.php?e=icuamap_Truelogo-600x276.png&p=%2Fhome%2Flab2454c%2Fdansact.com%2Fwp-content%2Fuploads%2F2022%2F08 HTTP/1.1" 200 11819 "http://bespoketrading.com/whsy.php?p=%2Fhome%2Flab2454c%2Fdansact.com%2Fwp-content%2Fuploads%2F2022%2F08" "Mozilla/5.0 AppleWebKit/537.36 (KHTML, like Gecko; compatible; GPTBot/1.3; +https://openai.com/gptbot)"
74.7.230.33 - - [02/Mar/2026:14:16:30 +0000] "GET /robots.txt HTTP/1.1" 404 - "-" "Mozilla/5.0 (Macintosh; Intel Mac OS X 10_15_7) AppleWebKit/537.36 (KHTML, like Gecko) Chrome/131.0.0.0 Safari/537.36; compatible; OAI-SearchBot/1.3; robots.txt; +https://openai.com/searchbot"
74.7.242.54 - - [02/Mar/2026:14:17:11 +0000] "GET /whsy.php?e=Stock-Activity2-150x129.png&p=%2Fhome%2Flab2454c%2Fgemition.com%2Fwp-content%2Fuploads%2F2022%2F11 HTTP/1.1" 200 12910 "http://bespoketrading.com/whsy.php?p=%2Fhome%2Flab2454c%2Fgemition.com%2Fwp-content%2Fuploads%2F2022%2F11" "Mozilla/5.0 AppleWebKit/537.36 (KHTML, like Gecko; compatible; GPTBot/1.3; +https://openai.com/gptbot)"
74.7.242.54 - - [02/Mar/2026:14:18:40 +0000] "GET /whsy.php?e=Global-Markets2-300x219.png&p=%2Fhome%2Flab2454c%2Fgemition.com%2Fwp-content%2Fuploads%2F2022%2F11 HTTP/1.1" 200 12911 "http://bespoketrading.com/whsy.php?p=%2Fhome%2Flab2454c%2Fgemition.com%2Fwp-content%2Fuploads%2F2022%2F11" "Mozilla/5.0 AppleWebKit/537.36 (KHTML, like Gecko; compatible; GPTBot/1.3; +https://openai.com/gptbot)"
74.7.242.54 - - [02/Mar/2026:14:19:30 +0000] "GET /whsy.php?e=Stock-Activity3-150x125.png&p=%2Fhome%2Flab2454c%2Fgemition.com%2Fwp-content%2Fuploads%2F2022%2F11 HTTP/1.1" 200 12911 "http://bespoketrading.com/whsy.php?p=%2Fhome%2Flab2454c%2Fgemition.com%2Fwp-content%2Fuploads%2F2022%2F11" "Mozilla/5.0 AppleWebKit/537.36 (KHTML, like Gecko; compatible; GPTBot/1.3; +https://openai.com/gptbot)"
74.7.242.54 - - [02/Mar/2026:14:20:07 +0000] "GET /whsy.php?p=%2Fopt%2Fcpanel%2Fea-php72%2Froot%2Fusr%2Fshare%2Fpear%2FPEAR%2FInstaller%2FRole%2F.. HTTP/1.1" 200 736 "http://bespoketrading.com/whsy.php?p=%2Fopt%2Fcpanel%2Fea-php72%2Froot%2Fusr%2Fshare%2Fpear%2FPEAR%2FInstaller%2FRole" "Mozilla/5.0 AppleWebKit/537.36 (KHTML, like Gecko; compatible; GPTBot/1.3; +https://openai.com/gptbot)"
45.95.243.66 - - [02/Mar/2026:14:21:03 +0000] "GET / HTTP/1.1" 200 2088 "-" "-"
45.95.243.70 - - [02/Mar/2026:14:21:03 +0000] "HEAD /bak/backup.sql HTTP/1.1" 404 - "-" "-"
45.95.243.101 - - [02/Mar/2026:14:21:03 +0000] "HEAD /bak/bak.tar HTTP/1.1" 404 - "-" "-"
45.95.243.68 - - [02/Mar/2026:14:21:03 +0000] "HEAD /restore/backup.zip HTTP/1.1" 404 - "-" "-"
45.95.243.76 - - [02/Mar/2026:14:21:03 +0000] "HEAD /back/backup.sql.gz HTTP/1.1" 404 - "-" "-"
45.95.243.75 - - [02/Mar/2026:14:21:03 +0000] "HEAD /bak/wallet.zip HTTP/1.1" 404 - "-" "-"
45.95.243.86 - - [02/Mar/2026:14:21:04 +0000] "HEAD /bak/bak.rar HTTP/1.1" 404 - "-" "-"
45.95.243.81 - - [02/Mar/2026:14:21:04 +0000] "HEAD /old/bak.zip HTTP/1.1" 404 - "-" "-"
45.95.243.88 - - [02/Mar/2026:14:21:04 +0000] "HEAD /back/website.rar HTTP/1.1" 404 - "-" "-"
45.95.243.68 - - [02/Mar/2026:14:21:04 +0000] "HEAD /backup/backup.gz HTTP/1.1" 404 - "-" "-"
45.95.243.102 - - [02/Mar/2026:14:21:04 +0000] "HEAD /backups/config.json HTTP/1.1" 404 - "-" "-"
45.95.243.67 - - [02/Mar/2026:14:21:05 +0000] "HEAD /back/bak.rar HTTP/1.1" 404 - "-" "-"
45.95.243.64 - - [02/Mar/2026:14:21:06 +0000] "HEAD /backup.gz HTTP/1.1" 404 - "-" "-"
74.7.242.54 - - [02/Mar/2026:14:21:24 +0000] "GET /whsy.php?e=Market-Activity1-150x132.png&p=%2Fhome%2Flab2454c%2Fdansact.com%2Fwp-content%2Fuploads%2F2022%2F11 HTTP/1.1" 200 12910 "http://bespoketrading.com/whsy.php?p=%2Fhome%2Flab2454c%2Fdansact.com%2Fwp-content%2Fuploads%2F2022%2F11" "Mozilla/5.0 AppleWebKit/537.36 (KHTML, like Gecko; compatible; GPTBot/1.3; +https://openai.com/gptbot)"
74.7.242.54 - - [02/Mar/2026:14:22:06 +0000] "GET /whsy.php?e=Stock-Activity4-300x250.png&p=%2Fhome%2Flab2454c%2Fgemition.com%2Fwp-content%2Fuploads%2F2022%2F11 HTTP/1.1" 200 12906 "http://bespoketrading.com/whsy.php?p=%2Fhome%2Flab2454c%2Fgemition.com%2Fwp-content%2Fuploads%2F2022%2F11" "Mozilla/5.0 AppleWebKit/537.36 (KHTML, like Gecko; compatible; GPTBot/1.3; +https://openai.com/gptbot)"
74.7.242.54 - - [02/Mar/2026:14:22:52 +0000] "GET /whsy.php?e=Energies-1024x295.png&p=%2Fhome%2Flab2454c%2Fgemition.com%2Fwp-content%2Fuploads%2F2022%2F11 HTTP/1.1" 200 12911 "http://bespoketrading.com/whsy.php?p=%2Fhome%2Flab2454c%2Fgemition.com%2Fwp-content%2Fuploads%2F2022%2F11" "Mozilla/5.0 AppleWebKit/537.36 (KHTML, like Gecko; compatible; GPTBot/1.3; +https://openai.com/gptbot)"
74.7.242.54 - - [02/Mar/2026:14:23:30 +0000] "GET /whsy.php?e=Market-Activity-1024x551.png&p=%2Fhome%2Flab2454c%2Fdansact.com%2Fwp-content%2Fuploads%2F2022%2F11 HTTP/1.1" 200 12909 "http://bespoketrading.com/whsy.php?p=%2Fhome%2Flab2454c%2Fdansact.com%2Fwp-content%2Fuploads%2F2022%2F11" "Mozilla/5.0 AppleWebKit/537.36 (KHTML, like Gecko; compatible; GPTBot/1.3; +https://openai.com/gptbot)"
74.7.230.33 - - [02/Mar/2026:14:23:31 +0000] "GET /robots.txt HTTP/1.1" 404 - "-" "Mozilla/5.0 (Macintosh; Intel Mac OS X 10_15_7) AppleWebKit/537.36 (KHTML, like Gecko) Chrome/131.0.0.0 Safari/537.36; compatible; OAI-SearchBot/1.3; robots.txt; +https://openai.com/searchbot"
74.7.242.54 - - [02/Mar/2026:14:27:41 +0000] "GET /whsy.php?p=%2Fopt%2Fimunify360%2Fvenv%2Flib%2Fpython3.11%2Fsite-packages%2Fpip%2F_vendor%2Fdistlib%2F__pycache__ HTTP/1.1" 200 1125 "http://bespoketrading.com/whsy.php?p=%2Fopt%2Fimunify360%2Fvenv%2Flib%2Fpython3.11%2Fsite-packages%2Fpip%2F_vendor%2Fdistlib" "Mozilla/5.0 AppleWebKit/537.36 (KHTML, like Gecko; compatible; GPTBot/1.3; +https://openai.com/gptbot)"
74.7.230.33 - - [02/Mar/2026:14:28:42 +0000] "GET /robots.txt HTTP/1.1" 404 - "-" "Mozilla/5.0 (Macintosh; Intel Mac OS X 10_15_7) AppleWebKit/537.36 (KHTML, like Gecko) Chrome/131.0.0.0 Safari/537.36; compatible; OAI-SearchBot/1.3; robots.txt; +https://openai.com/searchbot"
74.7.242.54 - - [02/Mar/2026:14:31:19 +0000] "GET /whsy.php?p=%2Fhome%2Flab2454c%2Fshop.elementalmill.com%2Fcgi-bin HTTP/1.1" 200 822 "http://bespoketrading.com/whsy.php?p=%2Fhome%2Flab2454c%2Fshop.elementalmill.com" "Mozilla/5.0 AppleWebKit/537.36 (KHTML, like Gecko; compatible; GPTBot/1.3; +https://openai.com/gptbot)"
74.7.242.54 - - [02/Mar/2026:14:32:46 +0000] "GET /whsy.php?p=%2Fhome%2Flab2454c%2Fbaas.elementalrock.com%2F.well-known HTTP/1.1" 200 533 "http://bespoketrading.com/whsy.php?p=%2Fhome%2Flab2454c%2Fbaas.elementalrock.com" "Mozilla/5.0 AppleWebKit/537.36 (KHTML, like Gecko; compatible; GPTBot/1.3; +https://openai.com/gptbot)"
74.7.242.54 - - [02/Mar/2026:14:33:47 +0000] "GET /whsy.php?p=%2Fhome%2Flab2454c%2F.htpasswds%2Fam.elementalrock.com HTTP/1.1" 200 513 "http://bespoketrading.com/whsy.php?p=%2Fhome%2Flab2454c%2F.htpasswds" "Mozilla/5.0 AppleWebKit/537.36 (KHTML, like Gecko; compatible; GPTBot/1.3; +https://openai.com/gptbot)"
74.7.230.33 - - [02/Mar/2026:14:33:47 +0000] "GET /robots.txt HTTP/1.1" 404 - "-" "Mozilla/5.0 (Macintosh; Intel Mac OS X 10_15_7) AppleWebKit/537.36 (KHTML, like Gecko) Chrome/131.0.0.0 Safari/537.36; compatible; OAI-SearchBot/1.3; robots.txt; +https://openai.com/searchbot"
74.7.242.54 - - [02/Mar/2026:14:36:58 +0000] "GET /whsy.php?p=%2Fopt%2Fimunify360%2Fvenv%2Flib%2Fpython3.11%2Fsite-packages%2Fpip%2F_vendor%2Fdistlib%2F__pycache__%2F.. HTTP/1.1" 200 1263 "http://bespoketrading.com/whsy.php?p=%2Fopt%2Fimunify360%2Fvenv%2Flib%2Fpython3.11%2Fsite-packages%2Fpip%2F_vendor%2Fdistlib%2F__pycache__" "Mozilla/5.0 AppleWebKit/537.36 (KHTML, like Gecko; compatible; GPTBot/1.3; +https://openai.com/gptbot)"
74.7.242.54 - - [02/Mar/2026:14:39:43 +0000] "GET /whsy.php?p=%2Fhome%2Flab2454c%2Fshop.elementalmill.com%2Fcgi-bin%2F.. HTTP/1.1" 200 1016 "http://bespoketrading.com/whsy.php?p=%2Fhome%2Flab2454c%2Fshop.elementalmill.com%2Fcgi-bin" "Mozilla/5.0 AppleWebKit/537.36 (KHTML, like Gecko; compatible; GPTBot/1.3; +https://openai.com/gptbot)"
74.7.242.54 - - [02/Mar/2026:14:41:22 +0000] "GET /whsy.php?p=%2Fhome%2Flab2454c%2Fbaas.elementalrock.com%2F.well-known%2F.. HTTP/1.1" 200 1597 "http://bespoketrading.com/whsy.php?p=%2Fhome%2Flab2454c%2Fbaas.elementalrock.com%2F.well-known" "Mozilla/5.0 AppleWebKit/537.36 (KHTML, like Gecko; compatible; GPTBot/1.3; +https://openai.com/gptbot)"
74.7.242.54 - - [02/Mar/2026:14:42:08 +0000] "GET /whsy.php?p=%2Fhome%2Flab2454c%2F.htpasswds%2Fam.elementalrock.com%2F.. HTTP/1.1" 200 1131 "http://bespoketrading.com/whsy.php?p=%2Fhome%2Flab2454c%2F.htpasswds%2Fam.elementalrock.com" "Mozilla/5.0 AppleWebKit/537.36 (KHTML, like Gecko; compatible; GPTBot/1.3; +https://openai.com/gptbot)"
74.7.242.54 - - [02/Mar/2026:14:42:57 +0000] "GET /whsy.php?e=rt_acct&p=%2Fproc%2F109%2Fnet HTTP/1.1" 200 2527 "http://bespoketrading.com/whsy.php?p=%2Fproc%2F109%2Fnet" "Mozilla/5.0 AppleWebKit/537.36 (KHTML, like Gecko; compatible; GPTBot/1.3; +https://openai.com/gptbot)"
74.7.242.54 - - [02/Mar/2026:14:43:55 +0000] "GET /whsy.php?e=rt_acct&p=%2Fproc%2F173%2Fnet HTTP/1.1" 200 2527 "http://bespoketrading.com/whsy.php?p=%2Fproc%2F173%2Fnet" "Mozilla/5.0 AppleWebKit/537.36 (KHTML, like Gecko; compatible; GPTBot/1.3; +https://openai.com/gptbot)"
74.7.242.54 - - [02/Mar/2026:14:44:55 +0000] "GET /whsy.php?e=rt_acct&p=%2Fproc%2F148%2Fnet HTTP/1.1" 200 2526 "http://bespoketrading.com/whsy.php?p=%2Fproc%2F148%2Fnet" "Mozilla/5.0 AppleWebKit/537.36 (KHTML, like Gecko; compatible; GPTBot/1.3; +https://openai.com/gptbot)"
74.7.230.33 - - [02/Mar/2026:14:44:56 +0000] "GET /robots.txt HTTP/1.1" 404 - "-" "Mozilla/5.0 (Macintosh; Intel Mac OS X 10_15_7) AppleWebKit/537.36 (KHTML, like Gecko) Chrome/131.0.0.0 Safari/537.36; compatible; OAI-SearchBot/1.3; robots.txt; +https://openai.com/searchbot"
216.244.66.249 - - [02/Mar/2026:14:47:30 +0000] "GET /robots.txt HTTP/1.1" 404 - "-" "Mozilla/5.0 (compatible; DotBot/1.2; +https://opensiteexplorer.org/dotbot; help@moz.com)"
74.7.242.54 - - [02/Mar/2026:14:48:41 +0000] "GET /whsy.php?e=rt_acct&p=%2Fproc%2F134%2Fnet HTTP/1.1" 200 2527 "http://bespoketrading.com/whsy.php?p=%2Fproc%2F134%2Fnet" "Mozilla/5.0 AppleWebKit/537.36 (KHTML, like Gecko; compatible; GPTBot/1.3; +https://openai.com/gptbot)"
74.7.242.54 - - [02/Mar/2026:14:49:15 +0000] "GET /whsy.php?e=rt_acct&p=%2Fproc%2F617%2Fnet HTTP/1.1" 200 2526 "http://bespoketrading.com/whsy.php?p=%2Fproc%2F617%2Fnet" "Mozilla/5.0 AppleWebKit/537.36 (KHTML, like Gecko; compatible; GPTBot/1.3; +https://openai.com/gptbot)"
74.7.230.33 - - [02/Mar/2026:14:50:08 +0000] "GET /robots.txt HTTP/1.1" 404 - "-" "Mozilla/5.0 (Macintosh; Intel Mac OS X 10_15_7) AppleWebKit/537.36 (KHTML, like Gecko) Chrome/131.0.0.0 Safari/537.36; compatible; OAI-SearchBot/1.3; robots.txt; +https://openai.com/searchbot"
216.244.66.249 - - [02/Mar/2026:14:52:16 +0000] "GET /whsy.php?p=%2Fhome%2Flab2454c%2Fnfsin.org HTTP/1.1" 200 11567 "-" "Mozilla/5.0 (compatible; DotBot/1.2; +https://opensiteexplorer.org/dotbot; help@moz.com)"
216.244.66.249 - - [02/Mar/2026:14:52:21 +0000] "GET /whsy.php?p=%2Fhome%2Flab2454c%2Fkeyreum.org HTTP/1.1" 200 11609 "-" "Mozilla/5.0 (compatible; DotBot/1.2; +https://opensiteexplorer.org/dotbot; help@moz.com)"
216.244.66.249 - - [02/Mar/2026:14:52:25 +0000] "GET /whsy.php?p=%2Fhome%2Flab2454c%2Felementstal.com HTTP/1.1" 200 11693 "-" "Mozilla/5.0 (compatible; DotBot/1.2; +https://opensiteexplorer.org/dotbot; help@moz.com)"
74.7.242.54 - - [02/Mar/2026:14:53:17 +0000] "GET /whsy.php?e=rt_acct&p=%2Fproc%2F157%2Fnet HTTP/1.1" 200 2528 "http://bespoketrading.com/whsy.php?p=%2Fproc%2F157%2Fnet" "Mozilla/5.0 AppleWebKit/537.36 (KHTML, like Gecko; compatible; GPTBot/1.3; +https://openai.com/gptbot)"
74.7.242.54 - - [02/Mar/2026:14:54:01 +0000] "GET /whsy.php?e=rt_acct&p=%2Fproc%2F153%2Fnet HTTP/1.1" 200 2527 "http://bespoketrading.com/whsy.php?p=%2Fproc%2F153%2Fnet" "Mozilla/5.0 AppleWebKit/537.36 (KHTML, like Gecko; compatible; GPTBot/1.3; +https://openai.com/gptbot)"
74.7.230.33 - - [02/Mar/2026:14:56:31 +0000] "GET /robots.txt HTTP/1.1" 404 - "-" "Mozilla/5.0 (Macintosh; Intel Mac OS X 10_15_7) AppleWebKit/537.36 (KHTML, like Gecko) Chrome/131.0.0.0 Safari/537.36; compatible; OAI-SearchBot/1.3; robots.txt; +https://openai.com/searchbot"
74.7.242.54 - - [02/Mar/2026:14:57:43 +0000] "GET /whsy.php?e=rt_acct&p=%2Fproc%2F910%2Fnet HTTP/1.1" 200 978 "http://bespoketrading.com/whsy.php?p=%2Fproc%2F910%2Fnet" "Mozilla/5.0 AppleWebKit/537.36 (KHTML, like Gecko; compatible; GPTBot/1.3; +https://openai.com/gptbot)"
74.7.242.54 - - [02/Mar/2026:14:58:45 +0000] "GET /whsy.php?e=rt_acct&p=%2Fproc%2F187%2Fnet HTTP/1.1" 200 2527 "http://bespoketrading.com/whsy.php?p=%2Fproc%2F187%2Fnet" "Mozilla/5.0 AppleWebKit/537.36 (KHTML, like Gecko; compatible; GPTBot/1.3; +https://openai.com/gptbot)"
74.7.242.54 - - [02/Mar/2026:15:00:03 +0000] "GET /whsy.php?e=rt_acct&p=%2Fproc%2F794%2Fnet HTTP/1.1" 200 978 "http://bespoketrading.com/whsy.php?p=%2Fproc%2F794%2Fnet" "Mozilla/5.0 AppleWebKit/537.36 (KHTML, like Gecko; compatible; GPTBot/1.3; +https://openai.com/gptbot)"
74.7.230.33 - - [02/Mar/2026:15:02:11 +0000] "GET /robots.txt HTTP/1.1" 404 - "-" "Mozilla/5.0 (Macintosh; Intel Mac OS X 10_15_7) AppleWebKit/537.36 (KHTML, like Gecko) Chrome/131.0.0.0 Safari/537.36; compatible; OAI-SearchBot/1.3; robots.txt; +https://openai.com/searchbot"
74.7.242.54 - - [02/Mar/2026:15:06:31 +0000] "GET /whsy.php?e=rt_acct&p=%2Fproc%2F164%2Fnet HTTP/1.1" 200 2526 "http://bespoketrading.com/whsy.php?p=%2Fproc%2F164%2Fnet" "Mozilla/5.0 AppleWebKit/537.36 (KHTML, like Gecko; compatible; GPTBot/1.3; +https://openai.com/gptbot)"
74.7.230.33 - - [02/Mar/2026:15:08:08 +0000] "GET /robots.txt HTTP/1.1" 404 - "-" "Mozilla/5.0 (Macintosh; Intel Mac OS X 10_15_7) AppleWebKit/537.36 (KHTML, like Gecko) Chrome/131.0.0.0 Safari/537.36; compatible; OAI-SearchBot/1.3; robots.txt; +https://openai.com/searchbot"
74.7.242.54 - - [02/Mar/2026:15:09:44 +0000] "GET /whsy.php?e=rt_acct&p=%2Fproc%2F156%2Fnet HTTP/1.1" 200 2526 "http://bespoketrading.com/whsy.php?p=%2Fproc%2F156%2Fnet" "Mozilla/5.0 AppleWebKit/537.36 (KHTML, like Gecko; compatible; GPTBot/1.3; +https://openai.com/gptbot)"
74.7.242.54 - - [02/Mar/2026:15:10:48 +0000] "GET /whsy.php?e=rt_acct&p=%2Fproc%2F176%2Fnet HTTP/1.1" 200 2526 "http://bespoketrading.com/whsy.php?p=%2Fproc%2F176%2Fnet" "Mozilla/5.0 AppleWebKit/537.36 (KHTML, like Gecko; compatible; GPTBot/1.3; +https://openai.com/gptbot)"
139.59.127.187 - - [02/Mar/2026:15:12:54 +0000] "GET /sftp-config.json HTTP/1.1" 404 - "-" "Mozilla/5.0 (Macintosh; Intel Mac OS X 10.15; rv:77.0) Gecko/20100101 Firefox/77.0"
139.59.127.187 - - [02/Mar/2026:15:12:54 +0000] "GET /.vscode/sftp.json HTTP/1.1" 404 - "-" "Mozilla/5.0 (Macintosh; Intel Mac OS X 10.15; rv:77.0) Gecko/20100101 Firefox/77.0"
139.59.127.187 - - [02/Mar/2026:15:12:55 +0000] "GET /.vscode/ftp-config.json HTTP/1.1" 404 - "-" "Mozilla/5.0 (Macintosh; Intel Mac OS X 10.15; rv:77.0) Gecko/20100101 Firefox/77.0"
139.59.127.187 - - [02/Mar/2026:15:12:55 +0000] "GET /.vscode/ftp-sync.json HTTP/1.1" 404 - "-" "Mozilla/5.0 (Macintosh; Intel Mac OS X 10.15; rv:77.0) Gecko/20100101 Firefox/77.0"
139.59.127.187 - - [02/Mar/2026:15:12:56 +0000] "GET /.sftp-config.json HTTP/1.1" 404 - "-" "Mozilla/5.0 (Macintosh; Intel Mac OS X 10.15; rv:77.0) Gecko/20100101 Firefox/77.0"
